[INFO] fetching crate supernovas-sys 0.1.4...
[INFO] testing supernovas-sys-0.1.4 against 1.100.0-beta.1+cargoflags=--release for beta-release-1.100-2
[INFO] extracting crate supernovas-sys 0.1.4 into /workspace/builds/worker-0-tc2/source
[INFO] started tweaking crates.io crate supernovas-sys 0.1.4
[INFO] removed 0 missing examples
[INFO] finished tweaking crates.io crate supernovas-sys 0.1.4
[INFO] tweaked toml for crates.io crate supernovas-sys 0.1.4 written to /workspace/builds/worker-0-tc2/source/Cargo.toml
[INFO] validating manifest of crates.io crate supernovas-sys 0.1.4 on toolchain 1.100.0-beta.1
[INFO] running `Command { std: CARGO_HOME="/workspace/cargo-home" RUSTUP_HOME="/workspace/rustup-home" "/workspace/cargo-home/bin/cargo" "+1.100.0-beta.1" "metadata" "--manifest-path" "Cargo.toml" "--no-deps", kill_on_drop: false }`
[INFO] crate crates.io crate supernovas-sys 0.1.4 already has a lockfile, it will not be regenerated
[INFO] running `Command { std: CARGO_HOME="/workspace/cargo-home" RUSTUP_HOME="/workspace/rustup-home" "/workspace/cargo-home/bin/cargo" "+1.100.0-beta.1" "fetch" "--manifest-path" "Cargo.toml", kill_on_drop: false }`
[INFO] running `Command { std: "docker" "create" "-v" "/var/lib/crater-agent-workspace/builds/worker-0-tc2/source:/opt/rustwide/workdir:ro,Z" "-v" "/var/lib/crater-agent-workspace/builds/worker-0-tc2/target:/opt/rustwide/target:rw,Z" "-v" "/var/lib/crater-agent-workspace/cargo-home:/opt/rustwide/cargo-home:ro,Z" "-v" "/var/lib/crater-agent-workspace/rustup-home:/opt/rustwide/rustup-home:ro,Z" "-m" "1610612736" "--network" "none" "ghcr.io/rust-lang/crates-build-env/linux@sha256:77db811e55d90add9212f6832c23229e3de5f1c1f9905e8cb07319ea15df73ac" "sleep" "infinity", kill_on_drop: false }`
[INFO] [stdout] 11709cb7a39401d2cba9325c48e29788ed9901cc5cfeb04a145e48e52235b05f
[INFO] running `Command { std: "docker" "start" "11709cb7a39401d2cba9325c48e29788ed9901cc5cfeb04a145e48e52235b05f", kill_on_drop: false }`
[INFO] running `Command { std: "docker" "inspect" "11709cb7a39401d2cba9325c48e29788ed9901cc5cfeb04a145e48e52235b05f", kill_on_drop: false }`
[INFO] running `Command { std: "docker" "exec" "-e" "SOURCE_DIR=/opt/rustwide/workdir" "-e" "CARGO_HOME=/opt/rustwide/cargo-home" "-e" "RUSTUP_HOME=/opt/rustwide/rustup-home" "-e" "CARGO_TARGET_DIR=/opt/rustwide/target" "-w" "/opt/rustwide/workdir" "--user" "0:0" "11709cb7a39401d2cba9325c48e29788ed9901cc5cfeb04a145e48e52235b05f" "/opt/rustwide/cargo-home/bin/cargo" "+1.100.0-beta.1" "metadata" "--no-deps" "--format-version=1", kill_on_drop: false }`
[INFO] running `Command { std: "docker" "inspect" "11709cb7a39401d2cba9325c48e29788ed9901cc5cfeb04a145e48e52235b05f", kill_on_drop: false }`
[INFO] running `Command { std: "docker" "exec" "-e" "SOURCE_DIR=/opt/rustwide/workdir" "-e" "CARGO_HOME=/opt/rustwide/cargo-home" "-e" "RUSTUP_HOME=/opt/rustwide/rustup-home" "-e" "CARGO_TARGET_DIR=/opt/rustwide/target" "-e" "CARGO_INCREMENTAL=0" "-e" "RUST_BACKTRACE=full" "-e" "RUSTFLAGS=--cap-lints=warn" "-e" "RUSTDOCFLAGS=--cap-lints=warn" "-w" "/opt/rustwide/workdir" "--user" "0:0" "11709cb7a39401d2cba9325c48e29788ed9901cc5cfeb04a145e48e52235b05f" "/opt/rustwide/cargo-home/bin/cargo" "+1.100.0-beta.1" "build" "--frozen" "--message-format=json" "--release", kill_on_drop: false }`
[INFO] [stderr]    Compiling proc-macro2 v1.0.95
[INFO] [stderr]    Compiling glob v0.3.2
[INFO] [stderr]    Compiling unicode-ident v1.0.18
[INFO] [stderr]    Compiling prettyplease v0.2.35
[INFO] [stderr]    Compiling libc v0.2.174
[INFO] [stderr]    Compiling regex-syntax v0.8.5
[INFO] [stderr]    Compiling cfg-if v1.0.1
[INFO] [stderr]    Compiling minimal-lexical v0.2.1
[INFO] [stderr]    Compiling shlex v1.3.0
[INFO] [stderr]    Compiling memchr v2.7.5
[INFO] [stderr]    Compiling libloading v0.8.8
[INFO] [stderr]    Compiling bindgen v0.71.1
[INFO] [stderr]    Compiling either v1.15.0
[INFO] [stderr]    Compiling cc v1.2.27
[INFO] [stderr]    Compiling itertools v0.13.0
[INFO] [stderr]    Compiling clang-sys v1.8.1
[INFO] [stderr]    Compiling rustc-hash v2.1.1
[INFO] [stderr]    Compiling bitflags v2.9.1
[INFO] [stderr]    Compiling log v0.4.27
[INFO] [stderr]    Compiling nom v7.1.3
[INFO] [stderr]    Compiling quote v1.0.40
[INFO] [stderr]    Compiling syn v2.0.104
[INFO] [stderr]    Compiling cmake v0.1.54
[INFO] [stderr]    Compiling regex-automata v0.4.9
[INFO] [stderr]    Compiling cexpr v0.6.0
[INFO] [stderr]    Compiling regex v1.11.1
[INFO] [stderr]    Compiling libcspice-sys v0.1.4
[INFO] [stderr]    Compiling calceph-sys v0.1.4
[INFO] [stderr]    Compiling supernovas-sys v0.1.4 (/opt/rustwide/workdir)
[INFO] [stdout] warning: unused import: `fs`
[INFO] [stdout]  --> build.rs:2:16
[INFO] [stdout]   |
[INFO] [stdout] 2 | use std::{env, fs};
[INFO] [stdout]   |                ^^
[INFO] [stdout]   |
[INFO] [stdout]   = note: `#[warn(unused_imports)]` (part of `#[warn(unused)]`) on by default
[INFO] [stdout] 
[INFO] [stdout] 
[INFO] [stdout] warning: unused import: `std::process::Command`
[INFO] [stdout]  --> build.rs:3:5
[INFO] [stdout]   |
[INFO] [stdout] 3 | use std::process::Command;
[INFO] [stdout]   |     ^^^^^^^^^^^^^^^^^^^^^
[INFO] [stdout] 
[INFO] [stdout] 
[INFO] [stdout] warning: unused import: `cc::Build`
[INFO] [stdout]  --> build.rs:4:5
[INFO] [stdout]   |
[INFO] [stdout] 4 | use cc::Build;
[INFO] [stdout]   |     ^^^^^^^^^
[INFO] [stdout] 
[INFO] [stdout] 
[INFO] [stdout] warning: unused variable: `out_path`
[INFO] [stdout]   --> build.rs:11:9
[INFO] [stdout]    |
[INFO] [stdout] 11 |     let out_path = PathBuf::from(env::var("OUT_DIR").unwrap());
[INFO] [stdout]    |         ^^^^^^^^ help: if this is intentional, prefix it with an underscore: `_out_path`
[INFO] [stdout]    |
[INFO] [stdout]    = note: `#[warn(unused_variables)]` (part of `#[warn(unused)]`) on by default
[INFO] [stdout] 
[INFO] [stdout] 
[INFO] [stderr] warning: supernovas-sys@0.1.4: `supernovas_dir` does not point to a valid directory. Please set the SUPERNOVAS_DIR environment variable or use `novas-src` feature.
[INFO] [stdout] warning: suspicious definition of the runtime `malloc` symbol used by the standard library
[INFO] [stdout]  --> /opt/rustwide/target/release/build/supernovas-sys/368a8c6229426657/out/bindings.rs:3:108790
[INFO] [stdout]   |
[INFO] [stdout] 3 | ...afe extern "C" { pub fn malloc (__size : :: std :: os :: raw :: c_ulong) -> * mut :: std :: os :: raw :: c_void ; } unsafe extern ...
[INFO] [stdout]   |                     ^^^^^^^^^^^^^^^^^^^^^^^^^^^^^^^^^^^^^^^^^^^^^^^^^^^^^^^^^^^^^^^^^^^^^^^^^^^^^^^^^^^^^^^^^^^^^^^^
[INFO] [stdout]   |
[INFO] [stdout]   = note: expected `unsafe extern "C" fn(usize) -> *mut c_void` (for the current target)
[INFO] [stdout]           found    `unsafe extern "C" fn(u64) -> *mut c_void`
[INFO] [stdout]   = help: either fix the signature or remove any attributes like `#[unsafe(no_mangle)]`, `#[unsafe(export_name = "malloc")]`, or `#[link_name = "malloc"]`
[INFO] [stdout]   = help: allow this lint if the signature is compatible
[INFO] [stdout]   = note: `#[warn(suspicious_runtime_symbol_definitions)]` on by default
[INFO] [stdout] 
[INFO] [stdout] 
[INFO] [stdout] warning: suspicious definition of the runtime `realloc` symbol used by the standard library
[INFO] [stdout]  --> /opt/rustwide/target/release/build/supernovas-sys/368a8c6229426657/out/bindings.rs:3:109071
[INFO] [stdout]   |
[INFO] [stdout] 3 | ... { pub fn realloc (__ptr : * mut :: std :: os :: raw :: c_void , __size : :: std :: os :: raw :: c_ulong) -> * mut :: std :: os :: raw :: c_void ; } ...
[INFO] [stdout]   |       ^^^^^^^^^^^^^^^^^^^^^^^^^^^^^^^^^^^^^^^^^^^^^^^^^^^^^^^^^^^^^^^^^^^^^^^^^^^^^^^^^^^^^^^^^^^^^^^^^^^^^^^^^^^^^^^^^^^^^^^^^^^^^^^^^^^^^^^^^^^^^^^
[INFO] [stdout]   |
[INFO] [stdout]   = note: expected `unsafe extern "C" fn(*mut c_void, usize) -> *mut c_void` (for the current target)
[INFO] [stdout]           found    `unsafe extern "C" fn(*mut c_void, u64) -> *mut c_void`
[INFO] [stdout]   = help: either fix the signature or remove any attributes like `#[unsafe(no_mangle)]`, `#[unsafe(export_name = "realloc")]`, or `#[link_name = "realloc"]`
[INFO] [stdout]   = help: allow this lint if the signature is compatible
[INFO] [stdout] 
[INFO] [stdout] 
[INFO] [stderr] warning: unused dependency `calceph-sys`
[INFO] [stderr]   --> Cargo.toml:12:15
[INFO] [stderr]    |
[INFO] [stderr] 12 | [dependencies.calceph-sys]
[INFO] [stderr]    |               ^^^^^^^^^^^^
[INFO] [stderr]    |
[INFO] [stderr]    = note: `cargo::unused_dependencies` is set to `warn` by default
[INFO] [stderr] help: consider removing the dependency on `calceph-sys`
[INFO] [stderr] warning: unused dependency `libcspice-sys`
[INFO] [stderr]   --> Cargo.toml:16:15
[INFO] [stderr]    |
[INFO] [stderr] 16 | [dependencies.libcspice-sys]
[INFO] [stderr]    |               ^^^^^^^^^^^^^^
[INFO] [stderr]    |
[INFO] [stderr] help: consider removing the dependency on `libcspice-sys`
[INFO] [stderr] warning: `supernovas-sys` (manifest) generated 2 warnings
[INFO] [stderr]     Finished `release` profile [optimized] target(s) in 36.54s
[INFO] running `Command { std: "docker" "inspect" "11709cb7a39401d2cba9325c48e29788ed9901cc5cfeb04a145e48e52235b05f", kill_on_drop: false }`
[INFO] running `Command { std: "docker" "exec" "-e" "SOURCE_DIR=/opt/rustwide/workdir" "-e" "CARGO_HOME=/opt/rustwide/cargo-home" "-e" "RUSTUP_HOME=/opt/rustwide/rustup-home" "-e" "CARGO_TARGET_DIR=/opt/rustwide/target" "-e" "CARGO_INCREMENTAL=0" "-e" "RUST_BACKTRACE=full" "-e" "RUSTFLAGS=--cap-lints=warn" "-e" "RUSTDOCFLAGS=--cap-lints=warn" "-w" "/opt/rustwide/workdir" "--user" "0:0" "11709cb7a39401d2cba9325c48e29788ed9901cc5cfeb04a145e48e52235b05f" "/opt/rustwide/cargo-home/bin/cargo" "+1.100.0-beta.1" "test" "--frozen" "--no-run" "--message-format=json" "--release", kill_on_drop: false }`
[INFO] [stderr] warning: supernovas-sys@0.1.4: `supernovas_dir` does not point to a valid directory. Please set the SUPERNOVAS_DIR environment variable or use `novas-src` feature.
[INFO] [stdout] warning: unused import: `fs`
[INFO] [stdout]  --> build.rs:2:16
[INFO] [stdout]   |
[INFO] [stdout] 2 | use std::{env, fs};
[INFO] [stdout]   |                ^^
[INFO] [stdout]   |
[INFO] [stdout]   = note: `#[warn(unused_imports)]` (part of `#[warn(unused)]`) on by default
[INFO] [stdout] 
[INFO] [stdout] 
[INFO] [stdout] warning: unused import: `std::process::Command`
[INFO] [stdout]  --> build.rs:3:5
[INFO] [stdout]   |
[INFO] [stdout] 3 | use std::process::Command;
[INFO] [stdout]   |     ^^^^^^^^^^^^^^^^^^^^^
[INFO] [stdout] 
[INFO] [stdout] 
[INFO] [stdout] warning: unused import: `cc::Build`
[INFO] [stdout]  --> build.rs:4:5
[INFO] [stdout]   |
[INFO] [stdout] 4 | use cc::Build;
[INFO] [stdout]   |     ^^^^^^^^^
[INFO] [stdout] 
[INFO] [stdout] 
[INFO] [stdout] warning: unused variable: `out_path`
[INFO] [stdout]   --> build.rs:11:9
[INFO] [stdout]    |
[INFO] [stdout] 11 |     let out_path = PathBuf::from(env::var("OUT_DIR").unwrap());
[INFO] [stdout]    |         ^^^^^^^^ help: if this is intentional, prefix it with an underscore: `_out_path`
[INFO] [stdout]    |
[INFO] [stdout]    = note: `#[warn(unused_variables)]` (part of `#[warn(unused)]`) on by default
[INFO] [stdout] 
[INFO] [stdout] 
[INFO] [stdout] warning: suspicious definition of the runtime `malloc` symbol used by the standard library
[INFO] [stdout]  --> /opt/rustwide/target/release/build/supernovas-sys/368a8c6229426657/out/bindings.rs:3:108790
[INFO] [stdout]   |
[INFO] [stdout] 3 | ...afe extern "C" { pub fn malloc (__size : :: std :: os :: raw :: c_ulong) -> * mut :: std :: os :: raw :: c_void ; } unsafe extern ...
[INFO] [stdout]   |                     ^^^^^^^^^^^^^^^^^^^^^^^^^^^^^^^^^^^^^^^^^^^^^^^^^^^^^^^^^^^^^^^^^^^^^^^^^^^^^^^^^^^^^^^^^^^^^^^^
[INFO] [stdout]   |
[INFO] [stdout]   = note: expected `unsafe extern "C" fn(usize) -> *mut c_void` (for the current target)
[INFO] [stdout]           found    `unsafe extern "C" fn(u64) -> *mut c_void`
[INFO] [stdout]   = help: either fix the signature or remove any attributes like `#[unsafe(no_mangle)]`, `#[unsafe(export_name = "malloc")]`, or `#[link_name = "malloc"]`
[INFO] [stdout]   = help: allow this lint if the signature is compatible
[INFO] [stdout]   = note: `#[warn(suspicious_runtime_symbol_definitions)]` on by default
[INFO] [stdout] 
[INFO] [stdout] 
[INFO] [stderr]    Compiling supernovas-sys v0.1.4 (/opt/rustwide/workdir)
[INFO] [stdout] warning: suspicious definition of the runtime `realloc` symbol used by the standard library
[INFO] [stdout]  --> /opt/rustwide/target/release/build/supernovas-sys/368a8c6229426657/out/bindings.rs:3:109071
[INFO] [stdout]   |
[INFO] [stdout] 3 | ... { pub fn realloc (__ptr : * mut :: std :: os :: raw :: c_void , __size : :: std :: os :: raw :: c_ulong) -> * mut :: std :: os :: raw :: c_void ; } ...
[INFO] [stdout]   |       ^^^^^^^^^^^^^^^^^^^^^^^^^^^^^^^^^^^^^^^^^^^^^^^^^^^^^^^^^^^^^^^^^^^^^^^^^^^^^^^^^^^^^^^^^^^^^^^^^^^^^^^^^^^^^^^^^^^^^^^^^^^^^^^^^^^^^^^^^^^^^^^
[INFO] [stdout]   |
[INFO] [stdout]   = note: expected `unsafe extern "C" fn(*mut c_void, usize) -> *mut c_void` (for the current target)
[INFO] [stdout]           found    `unsafe extern "C" fn(*mut c_void, u64) -> *mut c_void`
[INFO] [stdout]   = help: either fix the signature or remove any attributes like `#[unsafe(no_mangle)]`, `#[unsafe(export_name = "realloc")]`, or `#[link_name = "realloc"]`
[INFO] [stdout]   = help: allow this lint if the signature is compatible
[INFO] [stdout] 
[INFO] [stdout] 
[INFO] [stdout] error[E0308]: mismatched types
[INFO] [stdout]   --> examples/high-z.rs:65:13
[INFO] [stdout]    |
[INFO] [stdout] 63 |         if sn::novas_set_unix_time(
[INFO] [stdout]    |            ----------------------- arguments to this function are incorrect
[INFO] [stdout] 64 |             unix_sec,
[INFO] [stdout] 65 |             unix_nsec,
[INFO] [stdout]    |             ^^^^^^^^^ expected `i64`, found `i32`
[INFO] [stdout]    |
[INFO] [stdout] note: function defined here
[INFO] [stdout]   --> /opt/rustwide/target/release/build/supernovas-sys/368a8c6229426657/out/bindings.rs:3:210752
[INFO] [stdout]    |
[INFO] [stdout]  3 | ...: raw :: c_long) -> f64 ; } unsafe extern "C" { pub fn novas_set_unix_time (unix_time : time_t , nanos : :: std :: os :: raw :: c...
[INFO] [stdout]    |                                                           ^^^^^^^^^^^^^^^^^^^
[INFO] [stdout] help: you can convert an `i32` to an `i64`
[INFO] [stdout]    |
[INFO] [stdout] 65 |             unix_nsec.into(),
[INFO] [stdout]    |                      +++++++
[INFO] [stdout] 
[INFO] [stdout] 
[INFO] [stdout] error[E0308]: mismatched types
[INFO] [stdout]   --> examples/calceph.rs:66:13
[INFO] [stdout]    |
[INFO] [stdout] 64 |         sn::novas_set_unix_time(
[INFO] [stdout]    |         ----------------------- arguments to this function are incorrect
[INFO] [stdout] 65 |             unix_sec,
[INFO] [stdout] 66 |             unix_nsec,
[INFO] [stdout]    |             ^^^^^^^^^ expected `i64`, found `i32`
[INFO] [stdout]    |
[INFO] [stdout] note: function defined here
[INFO] [stdout]   --> /opt/rustwide/target/release/build/supernovas-sys/368a8c6229426657/out/bindings.rs:3:210752
[INFO] [stdout]    |
[INFO] [stdout]  3 | ...: raw :: c_long) -> f64 ; } unsafe extern "C" { pub fn novas_set_unix_time (unix_time : time_t , nanos : :: std :: os :: raw :: c...
[INFO] [stdout]    |                                                           ^^^^^^^^^^^^^^^^^^^
[INFO] [stdout] help: you can convert an `i32` to an `i64`
[INFO] [stdout]    |
[INFO] [stdout] 66 |             unix_nsec.into(),
[INFO] [stdout]    |                      +++++++
[INFO] [stdout] 
[INFO] [stdout] 
[INFO] [stdout] For more information about this error, try `rustc --explain E0308`.
[INFO] [stdout] 
[INFO] [stdout] For more information about this error, try `rustc --explain E0308`.
[INFO] [stdout] 
[INFO] [stderr] warning: supernovas-sys@0.1.4: `supernovas_dir` does not point to a valid directory. Please set the SUPERNOVAS_DIR environment variable or use `novas-src` feature.
[INFO] [stderr] error: could not compile `supernovas-sys` (example "calceph") due to 1 previous error
[INFO] [stderr] warning: build failed, waiting for other jobs to finish...
[INFO] [stderr] warning: supernovas-sys@0.1.4: `supernovas_dir` does not point to a valid directory. Please set the SUPERNOVAS_DIR environment variable or use `novas-src` feature.
[INFO] [stderr] error: could not compile `supernovas-sys` (example "high-z") due to 1 previous error
[INFO] [stdout] error[E0308]: mismatched types
[INFO] [stdout]   --> examples/rise-set.rs:67:46
[INFO] [stdout]    |
[INFO] [stdout] 67 |         if sn::novas_set_unix_time(unix_sec, unix_nsec, LEAP_SECONDS, DUT1, &mut obs_time) != 0 {
[INFO] [stdout]    |            -----------------------           ^^^^^^^^^ expected `i64`, found `i32`
[INFO] [stdout]    |            |
[INFO] [stdout]    |            arguments to this function are incorrect
[INFO] [stdout]    |
[INFO] [stdout] note: function defined here
[INFO] [stdout]   --> /opt/rustwide/target/release/build/supernovas-sys/368a8c6229426657/out/bindings.rs:3:210752
[INFO] [stdout]    |
[INFO] [stdout]  3 | ...: raw :: c_long) -> f64 ; } unsafe extern "C" { pub fn novas_set_unix_time (unix_time : time_t , nanos : :: std :: os :: raw :: c...
[INFO] [stdout]    |                                                           ^^^^^^^^^^^^^^^^^^^
[INFO] [stdout] help: you can convert an `i32` to an `i64`
[INFO] [stdout]    |
[INFO] [stdout] 67 |         if sn::novas_set_unix_time(unix_sec, unix_nsec.into(), LEAP_SECONDS, DUT1, &mut obs_time) != 0 {
[INFO] [stdout]    |                                                       +++++++
[INFO] [stdout] 
[INFO] [stdout] 
[INFO] [stdout] For more information about this error, try `rustc --explain E0308`.
[INFO] [stdout] 
[INFO] [stderr] warning: supernovas-sys@0.1.4: `supernovas_dir` does not point to a valid directory. Please set the SUPERNOVAS_DIR environment variable or use `novas-src` feature.
[INFO] [stderr] error: could not compile `supernovas-sys` (example "rise-set") due to 1 previous error
[INFO] [stdout] error: linking with `cc` failed: exit status: 1
[INFO] [stdout]   |
[INFO] [stdout]   = note:  "cc" "-m64" "/opt/rustwide/target/release/build/supernovas-sys/b208ca0d6b003dee/out/rustcZmihE3/symbols.o" "<2 object files omitted>" "-Wl,--as-needed" "-Wl,-Bstatic" "/opt/rustwide/target/release/build/supernovas-sys/754e568e40aba0e9/out/libsupernovas_sys-754e568e40aba0e9.rlib" "<sysroot>/lib/rustlib/x86_64-unknown-linux-gnu/lib/{libstd-*,libpanic_unwind-*,libobject-*,libmemchr-*,libaddr2line-*,libgimli-*,libcfg_if-*,librustc_demangle-*,libstd_detect-*,libhashbrown-*,librustc_std_workspace_alloc-*,libminiz_oxide-*,libadler2-*,libunwind-*,liblibc-*,librustc_std_workspace_core-*,liballoc-*,libcore-*,libcompiler_builtins-*}.rlib" "-Wl,-Bdynamic" "-lgcc_s" "-lutil" "-lrt" "-lpthread" "-lm" "-ldl" "-lc" "-L" "/opt/rustwide/target/release/build/supernovas-sys/b208ca0d6b003dee/out/rustcZmihE3/raw-dylibs" "-B<sysroot>/lib/rustlib/x86_64-unknown-linux-gnu/bin/gcc-ld" "-fuse-ld=lld" "-Wl,--eh-frame-hdr" "-Wl,-z,noexecstack" "-L" "<sysroot>/lib/rustlib/x86_64-unknown-linux-gnu/lib" "-o" "/opt/rustwide/target/release/build/supernovas-sys/b208ca0d6b003dee/out/cspice" "-Wl,--gc-sections" "-pie" "-Wl,-z,relro,-z,now" "-Wl,-O1" "-Wl,--strip-debug" "-nodefaultlibs"
[INFO] [stdout]   = note: some arguments are omitted. use `--verbose` to show all linker arguments
[INFO] [stdout]   = note: rust-lld: error: undefined symbol: novas_debug
[INFO] [stdout]           >>> referenced by cspice.5bd93ae30e53d544-cgu.0
[INFO] [stdout]           >>>               /opt/rustwide/target/release/build/supernovas-sys/b208ca0d6b003dee/out/cspice.cspice.5bd93ae30e53d544-cgu.0.rcgu.o:(cspice::main)
[INFO] [stdout]           
[INFO] [stdout]           rust-lld: error: undefined symbol: cspice_add_kernel
[INFO] [stdout]           >>> referenced by cspice.5bd93ae30e53d544-cgu.0
[INFO] [stdout]           >>>               /opt/rustwide/target/release/build/supernovas-sys/b208ca0d6b003dee/out/cspice.cspice.5bd93ae30e53d544-cgu.0.rcgu.o:(cspice::main)
[INFO] [stdout]           
[INFO] [stdout]           rust-lld: error: undefined symbol: novas_use_cspice
[INFO] [stdout]           >>> referenced by cspice.5bd93ae30e53d544-cgu.0
[INFO] [stdout]           >>>               /opt/rustwide/target/release/build/supernovas-sys/b208ca0d6b003dee/out/cspice.cspice.5bd93ae30e53d544-cgu.0.rcgu.o:(cspice::main)
[INFO] [stdout]           
[INFO] [stdout]           rust-lld: error: undefined symbol: make_planet
[INFO] [stdout]           >>> referenced by cspice.5bd93ae30e53d544-cgu.0
[INFO] [stdout]           >>>               /opt/rustwide/target/release/build/supernovas-sys/b208ca0d6b003dee/out/cspice.cspice.5bd93ae30e53d544-cgu.0.rcgu.o:(cspice::main)
[INFO] [stdout]           
[INFO] [stdout]           rust-lld: error: undefined symbol: make_observer_on_surface
[INFO] [stdout]           >>> referenced by cspice.5bd93ae30e53d544-cgu.0
[INFO] [stdout]           >>>               /opt/rustwide/target/release/build/supernovas-sys/b208ca0d6b003dee/out/cspice.cspice.5bd93ae30e53d544-cgu.0.rcgu.o:(cspice::main)
[INFO] [stdout]           
[INFO] [stdout]           rust-lld: error: undefined symbol: novas_parse_iso_date
[INFO] [stdout]           >>> referenced by cspice.5bd93ae30e53d544-cgu.0
[INFO] [stdout]           >>>               /opt/rustwide/target/release/build/supernovas-sys/b208ca0d6b003dee/out/cspice.cspice.5bd93ae30e53d544-cgu.0.rcgu.o:(cspice::main)
[INFO] [stdout]           
[INFO] [stdout]           rust-lld: error: undefined symbol: novas_set_time
[INFO] [stdout]           >>> referenced by cspice.5bd93ae30e53d544-cgu.0
[INFO] [stdout]           >>>               /opt/rustwide/target/release/build/supernovas-sys/b208ca0d6b003dee/out/cspice.cspice.5bd93ae30e53d544-cgu.0.rcgu.o:(cspice::main)
[INFO] [stdout]           
[INFO] [stdout]           rust-lld: error: undefined symbol: novas_make_frame
[INFO] [stdout]           >>> referenced by cspice.5bd93ae30e53d544-cgu.0
[INFO] [stdout]           >>>               /opt/rustwide/target/release/build/supernovas-sys/b208ca0d6b003dee/out/cspice.cspice.5bd93ae30e53d544-cgu.0.rcgu.o:(cspice::main)
[INFO] [stdout]           
[INFO] [stdout]           rust-lld: error: undefined symbol: novas_sky_pos
[INFO] [stdout]           >>> referenced by cspice.5bd93ae30e53d544-cgu.0
[INFO] [stdout]           >>>               /opt/rustwide/target/release/build/supernovas-sys/b208ca0d6b003dee/out/cspice.cspice.5bd93ae30e53d544-cgu.0.rcgu.o:(cspice::main)
[INFO] [stdout]           >>> referenced by cspice.5bd93ae30e53d544-cgu.0
[INFO] [stdout]           >>>               /opt/rustwide/target/release/build/supernovas-sys/b208ca0d6b003dee/out/cspice.cspice.5bd93ae30e53d544-cgu.0.rcgu.o:(cspice::main)
[INFO] [stdout]           
[INFO] [stdout]           rust-lld: error: undefined symbol: novas_standard_refraction
[INFO] [stdout]           >>> referenced by cspice.5bd93ae30e53d544-cgu.0
[INFO] [stdout]           >>>               /opt/rustwide/target/release/build/supernovas-sys/b208ca0d6b003dee/out/cspice.cspice.5bd93ae30e53d544-cgu.0.rcgu.o:(cspice::main)
[INFO] [stdout]           
[INFO] [stdout]           rust-lld: error: undefined symbol: novas_app_to_hor
[INFO] [stdout]           >>> referenced by cspice.5bd93ae30e53d544-cgu.0
[INFO] [stdout]           >>>               /opt/rustwide/target/release/build/supernovas-sys/b208ca0d6b003dee/out/cspice.cspice.5bd93ae30e53d544-cgu.0.rcgu.o:(cspice::main)
[INFO] [stdout]           collect2: error: ld returned 1 exit status
[INFO] [stdout]           
[INFO] [stdout] 
[INFO] [stdout] 
[INFO] [stdout] error: linking with `cc` failed: exit status: 1
[INFO] [stdout]   |
[INFO] [stdout]   = note:  "cc" "-m64" "/opt/rustwide/target/release/build/supernovas-sys/60fb5177ec1c9000/out/rustcsFTZib/symbols.o" "<2 object files omitted>" "-Wl,--as-needed" "-Wl,-Bstatic" "/opt/rustwide/target/release/build/supernovas-sys/754e568e40aba0e9/out/libsupernovas_sys-754e568e40aba0e9.rlib" "<sysroot>/lib/rustlib/x86_64-unknown-linux-gnu/lib/{libstd-*,libpanic_unwind-*,libobject-*,libmemchr-*,libaddr2line-*,libgimli-*,libcfg_if-*,librustc_demangle-*,libstd_detect-*,libhashbrown-*,librustc_std_workspace_alloc-*,libminiz_oxide-*,libadler2-*,libunwind-*,liblibc-*,librustc_std_workspace_core-*,liballoc-*,libcore-*,libcompiler_builtins-*}.rlib" "-Wl,-Bdynamic" "-lgcc_s" "-lutil" "-lrt" "-lpthread" "-lm" "-ldl" "-lc" "-L" "/opt/rustwide/target/release/build/supernovas-sys/60fb5177ec1c9000/out/rustcsFTZib/raw-dylibs" "-B<sysroot>/lib/rustlib/x86_64-unknown-linux-gnu/bin/gcc-ld" "-fuse-ld=lld" "-Wl,--eh-frame-hdr" "-Wl,-z,noexecstack" "-L" "<sysroot>/lib/rustlib/x86_64-unknown-linux-gnu/lib" "-o" "/opt/rustwide/target/release/build/supernovas-sys/60fb5177ec1c9000/out/hello" "-Wl,--gc-sections" "-pie" "-Wl,-z,relro,-z,now" "-Wl,-O1" "-Wl,--strip-debug" "-nodefaultlibs"
[INFO] [stdout]   = note: some arguments are omitted. use `--verbose` to show all linker arguments
[INFO] [stdout]   = note: rust-lld: error: undefined symbol: novas_use_cspice
[INFO] [stdout]           >>> referenced by hello.15e4395ffea23943-cgu.0
[INFO] [stdout]           >>>               /opt/rustwide/target/release/build/supernovas-sys/60fb5177ec1c9000/out/hello.hello.15e4395ffea23943-cgu.0.rcgu.o:(hello::main)
[INFO] [stdout]           
[INFO] [stdout]           rust-lld: error: undefined symbol: cspice_add_kernel
[INFO] [stdout]           >>> referenced by hello.15e4395ffea23943-cgu.0
[INFO] [stdout]           >>>               /opt/rustwide/target/release/build/supernovas-sys/60fb5177ec1c9000/out/hello.hello.15e4395ffea23943-cgu.0.rcgu.o:(hello::main)
[INFO] [stdout]           collect2: error: ld returned 1 exit status
[INFO] [stdout]           
[INFO] [stdout] 
[INFO] [stdout] 
[INFO] [stderr] warning: supernovas-sys@0.1.4: `supernovas_dir` does not point to a valid directory. Please set the SUPERNOVAS_DIR environment variable or use `novas-src` feature.
[INFO] [stderr] error: could not compile `supernovas-sys` (example "cspice") due to 1 previous error
[INFO] [stderr] warning: supernovas-sys@0.1.4: `supernovas_dir` does not point to a valid directory. Please set the SUPERNOVAS_DIR environment variable or use `novas-src` feature.
[INFO] [stderr] error: could not compile `supernovas-sys` (example "hello") due to 1 previous error
[INFO] [stdout] error: linking with `cc` failed: exit status: 1
[INFO] [stdout]   |
[INFO] [stdout]   = note:  "cc" "-m64" "/opt/rustwide/target/release/build/supernovas-sys/a28c92614a2894c0/out/rustcFi1n3h/symbols.o" "<2 object files omitted>" "-Wl,--as-needed" "-Wl,-Bstatic" "/opt/rustwide/target/release/build/supernovas-sys/754e568e40aba0e9/out/libsupernovas_sys-754e568e40aba0e9.rlib" "<sysroot>/lib/rustlib/x86_64-unknown-linux-gnu/lib/{libstd-*,libpanic_unwind-*,libobject-*,libmemchr-*,libaddr2line-*,libgimli-*,libcfg_if-*,librustc_demangle-*,libstd_detect-*,libhashbrown-*,librustc_std_workspace_alloc-*,libminiz_oxide-*,libadler2-*,libunwind-*,liblibc-*,librustc_std_workspace_core-*,liballoc-*,libcore-*,libcompiler_builtins-*}.rlib" "-Wl,-Bdynamic" "-lgcc_s" "-lutil" "-lrt" "-lpthread" "-lm" "-ldl" "-lc" "-L" "/opt/rustwide/target/release/build/supernovas-sys/a28c92614a2894c0/out/rustcFi1n3h/raw-dylibs" "-B<sysroot>/lib/rustlib/x86_64-unknown-linux-gnu/bin/gcc-ld" "-fuse-ld=lld" "-Wl,--eh-frame-hdr" "-Wl,-z,noexecstack" "-L" "<sysroot>/lib/rustlib/x86_64-unknown-linux-gnu/lib" "-o" "/opt/rustwide/target/release/build/supernovas-sys/a28c92614a2894c0/out/rise_set_local" "-Wl,--gc-sections" "-pie" "-Wl,-z,relro,-z,now" "-Wl,-O1" "-Wl,--strip-debug" "-nodefaultlibs"
[INFO] [stdout]   = note: some arguments are omitted. use `--verbose` to show all linker arguments
[INFO] [stdout]   = note: rust-lld: error: undefined symbol: novas_str_degrees
[INFO] [stdout]           >>> referenced by rise_set_local.91a588c462c0327c-cgu.0
[INFO] [stdout]           >>>               /opt/rustwide/target/release/build/supernovas-sys/a28c92614a2894c0/out/rise_set_local.rise_set_local.91a588c462c0327c-cgu.0.rcgu.o:(rise_set_local::main)
[INFO] [stdout]           >>> referenced by rise_set_local.91a588c462c0327c-cgu.0
[INFO] [stdout]           >>>               /opt/rustwide/target/release/build/supernovas-sys/a28c92614a2894c0/out/rise_set_local.rise_set_local.91a588c462c0327c-cgu.0.rcgu.o:(rise_set_local::main)
[INFO] [stdout]           
[INFO] [stdout]           rust-lld: error: undefined symbol: novas_debug
[INFO] [stdout]           >>> referenced by rise_set_local.91a588c462c0327c-cgu.0
[INFO] [stdout]           >>>               /opt/rustwide/target/release/build/supernovas-sys/a28c92614a2894c0/out/rise_set_local.rise_set_local.91a588c462c0327c-cgu.0.rcgu.o:(rise_set_local::main)
[INFO] [stdout]           
[INFO] [stdout]           rust-lld: error: undefined symbol: cspice_add_kernel
[INFO] [stdout]           >>> referenced by rise_set_local.91a588c462c0327c-cgu.0
[INFO] [stdout]           >>>               /opt/rustwide/target/release/build/supernovas-sys/a28c92614a2894c0/out/rise_set_local.rise_set_local.91a588c462c0327c-cgu.0.rcgu.o:(rise_set_local::main)
[INFO] [stdout]           
[INFO] [stdout]           rust-lld: error: undefined symbol: novas_use_cspice
[INFO] [stdout]           >>> referenced by rise_set_local.91a588c462c0327c-cgu.0
[INFO] [stdout]           >>>               /opt/rustwide/target/release/build/supernovas-sys/a28c92614a2894c0/out/rise_set_local.rise_set_local.91a588c462c0327c-cgu.0.rcgu.o:(rise_set_local::main)
[INFO] [stdout]           
[INFO] [stdout]           rust-lld: error: undefined symbol: make_planet
[INFO] [stdout]           >>> referenced by rise_set_local.91a588c462c0327c-cgu.0
[INFO] [stdout]           >>>               /opt/rustwide/target/release/build/supernovas-sys/a28c92614a2894c0/out/rise_set_local.rise_set_local.91a588c462c0327c-cgu.0.rcgu.o:(rise_set_local::main)
[INFO] [stdout]           
[INFO] [stdout]           rust-lld: error: undefined symbol: make_observer_on_surface
[INFO] [stdout]           >>> referenced by rise_set_local.91a588c462c0327c-cgu.0
[INFO] [stdout]           >>>               /opt/rustwide/target/release/build/supernovas-sys/a28c92614a2894c0/out/rise_set_local.rise_set_local.91a588c462c0327c-cgu.0.rcgu.o:(rise_set_local::main)
[INFO] [stdout]           
[INFO] [stdout]           rust-lld: error: undefined symbol: novas_parse_iso_date
[INFO] [stdout]           >>> referenced by rise_set_local.91a588c462c0327c-cgu.0
[INFO] [stdout]           >>>               /opt/rustwide/target/release/build/supernovas-sys/a28c92614a2894c0/out/rise_set_local.rise_set_local.91a588c462c0327c-cgu.0.rcgu.o:(rise_set_local::main)
[INFO] [stdout]           
[INFO] [stdout]           rust-lld: error: undefined symbol: novas_set_time
[INFO] [stdout]           >>> referenced by rise_set_local.91a588c462c0327c-cgu.0
[INFO] [stdout]           >>>               /opt/rustwide/target/release/build/supernovas-sys/a28c92614a2894c0/out/rise_set_local.rise_set_local.91a588c462c0327c-cgu.0.rcgu.o:(rise_set_local::main)
[INFO] [stdout]           >>> referenced by rise_set_local.91a588c462c0327c-cgu.0
[INFO] [stdout]           >>>               /opt/rustwide/target/release/build/supernovas-sys/a28c92614a2894c0/out/rise_set_local.rise_set_local.91a588c462c0327c-cgu.0.rcgu.o:(rise_set_local::main)
[INFO] [stdout]           >>> referenced by rise_set_local.91a588c462c0327c-cgu.0
[INFO] [stdout]           >>>               /opt/rustwide/target/release/build/supernovas-sys/a28c92614a2894c0/out/rise_set_local.rise_set_local.91a588c462c0327c-cgu.0.rcgu.o:(rise_set_local::main)
[INFO] [stdout]           >>> referenced 1 more times
[INFO] [stdout]           
[INFO] [stdout]           rust-lld: error: undefined symbol: novas_make_frame
[INFO] [stdout]           >>> referenced by rise_set_local.91a588c462c0327c-cgu.0
[INFO] [stdout]           >>>               /opt/rustwide/target/release/build/supernovas-sys/a28c92614a2894c0/out/rise_set_local.rise_set_local.91a588c462c0327c-cgu.0.rcgu.o:(rise_set_local::main)
[INFO] [stdout]           
[INFO] [stdout]           rust-lld: error: undefined symbol: novas_standard_refraction
[INFO] [stdout]           >>> referenced by rise_set_local.91a588c462c0327c-cgu.0
[INFO] [stdout]           >>>               /opt/rustwide/target/release/build/supernovas-sys/a28c92614a2894c0/out/rise_set_local.rise_set_local.91a588c462c0327c-cgu.0.rcgu.o:(rise_set_local::main)
[INFO] [stdout]           >>> referenced by rise_set_local.91a588c462c0327c-cgu.0
[INFO] [stdout]           >>>               /opt/rustwide/target/release/build/supernovas-sys/a28c92614a2894c0/out/rise_set_local.rise_set_local.91a588c462c0327c-cgu.0.rcgu.o:(rise_set_local::main)
[INFO] [stdout]           
[INFO] [stdout]           rust-lld: error: undefined symbol: novas_rises_above
[INFO] [stdout]           >>> referenced by rise_set_local.91a588c462c0327c-cgu.0
[INFO] [stdout]           >>>               /opt/rustwide/target/release/build/supernovas-sys/a28c92614a2894c0/out/rise_set_local.rise_set_local.91a588c462c0327c-cgu.0.rcgu.o:(rise_set_local::main)
[INFO] [stdout]           
[INFO] [stdout]           rust-lld: error: undefined symbol: novas_iso_timestamp
[INFO] [stdout]           >>> referenced by rise_set_local.91a588c462c0327c-cgu.0
[INFO] [stdout]           >>>               /opt/rustwide/target/release/build/supernovas-sys/a28c92614a2894c0/out/rise_set_local.rise_set_local.91a588c462c0327c-cgu.0.rcgu.o:(rise_set_local::main)
[INFO] [stdout]           >>> referenced by rise_set_local.91a588c462c0327c-cgu.0
[INFO] [stdout]           >>>               /opt/rustwide/target/release/build/supernovas-sys/a28c92614a2894c0/out/rise_set_local.rise_set_local.91a588c462c0327c-cgu.0.rcgu.o:(rise_set_local::main)
[INFO] [stdout]           >>> referenced by rise_set_local.91a588c462c0327c-cgu.0
[INFO] [stdout]           >>>               /opt/rustwide/target/release/build/supernovas-sys/a28c92614a2894c0/out/rise_set_local.rise_set_local.91a588c462c0327c-cgu.0.rcgu.o:(rise_set_local::main)
[INFO] [stdout]           
[INFO] [stdout]           rust-lld: error: undefined symbol: novas_transit_time
[INFO] [stdout]           >>> referenced by rise_set_local.91a588c462c0327c-cgu.0
[INFO] [stdout]           >>>               /opt/rustwide/target/release/build/supernovas-sys/a28c92614a2894c0/out/rise_set_local.rise_set_local.91a588c462c0327c-cgu.0.rcgu.o:(rise_set_local::main)
[INFO] [stdout]           
[INFO] [stdout]           rust-lld: error: undefined symbol: novas_sets_below
[INFO] [stdout]           >>> referenced by rise_set_local.91a588c462c0327c-cgu.0
[INFO] [stdout]           >>>               /opt/rustwide/target/release/build/supernovas-sys/a28c92614a2894c0/out/rise_set_local.rise_set_local.91a588c462c0327c-cgu.0.rcgu.o:(rise_set_local::main)
[INFO] [stdout]           collect2: error: ld returned 1 exit status
[INFO] [stdout]           
[INFO] [stdout] 
[INFO] [stdout] 
[INFO] [stderr] warning: supernovas-sys@0.1.4: `supernovas_dir` does not point to a valid directory. Please set the SUPERNOVAS_DIR environment variable or use `novas-src` feature.
[INFO] [stderr] error: could not compile `supernovas-sys` (example "rise-set-local") due to 1 previous error
[INFO] [stdout] warning: suspicious definition of the runtime `malloc` symbol used by the standard library
[INFO] [stdout]  --> /opt/rustwide/target/release/build/supernovas-sys/368a8c6229426657/out/bindings.rs:3:108790
[INFO] [stdout]   |
[INFO] [stdout] 3 | ...afe extern "C" { pub fn malloc (__size : :: std :: os :: raw :: c_ulong) -> * mut :: std :: os :: raw :: c_void ; } unsafe extern ...
[INFO] [stdout]   |                     ^^^^^^^^^^^^^^^^^^^^^^^^^^^^^^^^^^^^^^^^^^^^^^^^^^^^^^^^^^^^^^^^^^^^^^^^^^^^^^^^^^^^^^^^^^^^^^^^
[INFO] [stdout]   |
[INFO] [stdout]   = note: expected `unsafe extern "C" fn(usize) -> *mut c_void` (for the current target)
[INFO] [stdout]           found    `unsafe extern "C" fn(u64) -> *mut c_void`
[INFO] [stdout]   = help: either fix the signature or remove any attributes like `#[unsafe(no_mangle)]`, `#[unsafe(export_name = "malloc")]`, or `#[link_name = "malloc"]`
[INFO] [stdout]   = help: allow this lint if the signature is compatible
[INFO] [stdout]   = note: `#[warn(suspicious_runtime_symbol_definitions)]` on by default
[INFO] [stdout] 
[INFO] [stdout] 
[INFO] [stdout] warning: suspicious definition of the runtime `realloc` symbol used by the standard library
[INFO] [stdout]  --> /opt/rustwide/target/release/build/supernovas-sys/368a8c6229426657/out/bindings.rs:3:109071
[INFO] [stdout]   |
[INFO] [stdout] 3 | ... { pub fn realloc (__ptr : * mut :: std :: os :: raw :: c_void , __size : :: std :: os :: raw :: c_ulong) -> * mut :: std :: os :: raw :: c_void ; } ...
[INFO] [stdout]   |       ^^^^^^^^^^^^^^^^^^^^^^^^^^^^^^^^^^^^^^^^^^^^^^^^^^^^^^^^^^^^^^^^^^^^^^^^^^^^^^^^^^^^^^^^^^^^^^^^^^^^^^^^^^^^^^^^^^^^^^^^^^^^^^^^^^^^^^^^^^^^^^^
[INFO] [stdout]   |
[INFO] [stdout]   = note: expected `unsafe extern "C" fn(*mut c_void, usize) -> *mut c_void` (for the current target)
[INFO] [stdout]           found    `unsafe extern "C" fn(*mut c_void, u64) -> *mut c_void`
[INFO] [stdout]   = help: either fix the signature or remove any attributes like `#[unsafe(no_mangle)]`, `#[unsafe(export_name = "realloc")]`, or `#[link_name = "realloc"]`
[INFO] [stdout]   = help: allow this lint if the signature is compatible
[INFO] [stdout] 
[INFO] [stdout] 
[INFO] [stderr] warning: unused dependency `calceph-sys`
[INFO] [stderr]   --> Cargo.toml:12:15
[INFO] [stderr]    |
[INFO] [stderr] 12 | [dependencies.calceph-sys]
[INFO] [stderr]    |               ^^^^^^^^^^^^
[INFO] [stderr]    |
[INFO] [stderr]    = note: `cargo::unused_dependencies` is set to `warn` by default
[INFO] [stderr] help: consider removing the dependency on `calceph-sys`
[INFO] [stderr] warning: unused dependency `libcspice-sys`
[INFO] [stderr]   --> Cargo.toml:16:15
[INFO] [stderr]    |
[INFO] [stderr] 16 | [dependencies.libcspice-sys]
[INFO] [stderr]    |               ^^^^^^^^^^^^^^
[INFO] [stderr]    |
[INFO] [stderr] help: consider removing the dependency on `libcspice-sys`
[INFO] [stderr] warning: `supernovas-sys` (manifest) generated 2 warnings
[INFO] running `Command { std: "docker" "inspect" "11709cb7a39401d2cba9325c48e29788ed9901cc5cfeb04a145e48e52235b05f", kill_on_drop: false }`
[INFO] running `Command { std: "docker" "rm" "-f" "11709cb7a39401d2cba9325c48e29788ed9901cc5cfeb04a145e48e52235b05f", kill_on_drop: false }`
[INFO] [stdout] 11709cb7a39401d2cba9325c48e29788ed9901cc5cfeb04a145e48e52235b05f
