[INFO] fetching crate sup-xml 1.3.0...
[INFO] testing sup-xml-1.3.0 against 1.99.0-beta.8+cargoflags=--release for beta-release-1.100-2
[INFO] extracting crate sup-xml 1.3.0 into /workspace/builds/worker-3-tc1/source
[INFO] started tweaking crates.io crate sup-xml 1.3.0
[INFO] removed 0 missing examples
[INFO] removed 0 missing tests
[INFO] finished tweaking crates.io crate sup-xml 1.3.0
[INFO] tweaked toml for crates.io crate sup-xml 1.3.0 written to /workspace/builds/worker-3-tc1/source/Cargo.toml
[INFO] validating manifest of crates.io crate sup-xml 1.3.0 on toolchain 1.99.0-beta.8
[INFO] running `Command { std: CARGO_HOME="/workspace/cargo-home" RUSTUP_HOME="/workspace/rustup-home" "/workspace/cargo-home/bin/cargo" "+1.99.0-beta.8" "metadata" "--manifest-path" "Cargo.toml" "--no-deps", kill_on_drop: false }`
[INFO] crate crates.io crate sup-xml 1.3.0 already has a lockfile, it will not be regenerated
[INFO] running `Command { std: CARGO_HOME="/workspace/cargo-home" RUSTUP_HOME="/workspace/rustup-home" "/workspace/cargo-home/bin/cargo" "+1.99.0-beta.8" "fetch" "--manifest-path" "Cargo.toml", kill_on_drop: false }`
[INFO] [stderr]     Updating crates.io index
[INFO] [stderr]  Downloading crates ...
[INFO] [stderr]   Downloaded supso-project v1.0.0
[INFO] [stderr]   Downloaded ml-dsa v0.1.0
[INFO] [stderr]   Downloaded sup-xml-tree v1.3.0
[INFO] [stderr]   Downloaded web_atoms v0.2.4
[INFO] [stderr]   Downloaded rust_decimal v1.42.0
[INFO] [stderr]   Downloaded tendril v0.5.0
[INFO] [stderr]   Downloaded sup-xml-xslt v1.3.0
[INFO] [stderr]   Downloaded sup-xml-core v1.3.0
[INFO] running `Command { std: "docker" "create" "-v" "/var/lib/crater-agent-workspace/builds/worker-3-tc1/source:/opt/rustwide/workdir:ro,Z" "-v" "/var/lib/crater-agent-workspace/builds/worker-3-tc1/target:/opt/rustwide/target:rw,Z" "-v" "/var/lib/crater-agent-workspace/cargo-home:/opt/rustwide/cargo-home:ro,Z" "-v" "/var/lib/crater-agent-workspace/rustup-home:/opt/rustwide/rustup-home:ro,Z" "-m" "1610612736" "--network" "none" "ghcr.io/rust-lang/crates-build-env/linux@sha256:77db811e55d90add9212f6832c23229e3de5f1c1f9905e8cb07319ea15df73ac" "sleep" "infinity", kill_on_drop: false }`
[INFO] [stdout] 69bcfd6e4d621335c3279f433fde49cce6925b9641f85baa1b5b29c8b2d2a98d
[INFO] running `Command { std: "docker" "start" "69bcfd6e4d621335c3279f433fde49cce6925b9641f85baa1b5b29c8b2d2a98d", kill_on_drop: false }`
[INFO] running `Command { std: "docker" "inspect" "69bcfd6e4d621335c3279f433fde49cce6925b9641f85baa1b5b29c8b2d2a98d", kill_on_drop: false }`
[INFO] running `Command { std: "docker" "exec" "-e" "SOURCE_DIR=/opt/rustwide/workdir" "-e" "CARGO_HOME=/opt/rustwide/cargo-home" "-e" "RUSTUP_HOME=/opt/rustwide/rustup-home" "-e" "CARGO_TARGET_DIR=/opt/rustwide/target" "-w" "/opt/rustwide/workdir" "--user" "0:0" "69bcfd6e4d621335c3279f433fde49cce6925b9641f85baa1b5b29c8b2d2a98d" "/opt/rustwide/cargo-home/bin/cargo" "+1.99.0-beta.8" "metadata" "--no-deps" "--format-version=1", kill_on_drop: false }`
[INFO] running `Command { std: "docker" "inspect" "69bcfd6e4d621335c3279f433fde49cce6925b9641f85baa1b5b29c8b2d2a98d", kill_on_drop: false }`
[INFO] running `Command { std: "docker" "exec" "-e" "SOURCE_DIR=/opt/rustwide/workdir" "-e" "CARGO_HOME=/opt/rustwide/cargo-home" "-e" "RUSTUP_HOME=/opt/rustwide/rustup-home" "-e" "CARGO_TARGET_DIR=/opt/rustwide/target" "-e" "CARGO_INCREMENTAL=0" "-e" "RUST_BACKTRACE=full" "-e" "RUSTFLAGS=--cap-lints=warn" "-e" "RUSTDOCFLAGS=--cap-lints=warn" "-w" "/opt/rustwide/workdir" "--user" "0:0" "69bcfd6e4d621335c3279f433fde49cce6925b9641f85baa1b5b29c8b2d2a98d" "/opt/rustwide/cargo-home/bin/cargo" "+1.99.0-beta.8" "build" "--frozen" "--message-format=json" "--release", kill_on_drop: false }`
[INFO] [stderr]    Compiling typenum v1.20.0
[INFO] [stderr]    Compiling cmov v0.5.3
[INFO] [stderr]    Compiling getrandom v0.4.2
[INFO] [stderr]    Compiling rand_core v0.10.1
[INFO] [stderr]    Compiling zeroize v1.8.2
[INFO] [stderr]    Compiling const-oid v0.10.2
[INFO] [stderr]    Compiling keccak v0.2.0
[INFO] [stderr]    Compiling curve25519-dalek v4.1.3
[INFO] [stderr]    Compiling serde v1.0.228
[INFO] [stderr]    Compiling serde_json v1.0.149
[INFO] [stderr]    Compiling rust_decimal v1.42.0
[INFO] [stderr]    Compiling stable_deref_trait v1.2.1
[INFO] [stderr]    Compiling curve25519-dalek-derive v0.1.1
[INFO] [stderr]    Compiling chrono v0.4.44
[INFO] [stderr]    Compiling regex-automata v0.4.14
[INFO] [stderr]    Compiling bumpalo v3.20.2
[INFO] [stderr]    Compiling base64 v0.22.1
[INFO] [stderr]    Compiling elsa v1.11.2
[INFO] [stderr]    Compiling unicode-properties v0.1.4
[INFO] [stderr]    Compiling simdutf8 v0.1.5
[INFO] [stderr]    Compiling ctutils v0.4.2
[INFO] [stderr]    Compiling sup-xml-tree v1.3.0
[INFO] [stderr]    Compiling generic-array v0.14.7
[INFO] [stderr]    Compiling hybrid-array v0.4.12
[INFO] [stderr]    Compiling block-buffer v0.10.4
[INFO] [stderr]    Compiling crypto-common v0.1.7
[INFO] [stderr]    Compiling digest v0.10.7
[INFO] [stderr]    Compiling crypto-common v0.2.2
[INFO] [stderr]    Compiling module-lattice v0.2.3
[INFO] [stderr]    Compiling sha2 v0.10.9
[INFO] [stderr]    Compiling digest v0.11.3
[INFO] [stderr]    Compiling signature v3.0.0
[INFO] [stderr]    Compiling shake v0.1.0
[INFO] [stderr]    Compiling ed25519-dalek v2.2.0
[INFO] [stderr]    Compiling regex v1.12.3
[INFO] [stderr]    Compiling der v0.8.0
[INFO] [stderr]    Compiling spki v0.8.0
[INFO] [stderr]    Compiling pkcs8 v0.11.0
[INFO] [stderr]    Compiling ml-dsa v0.1.0
[INFO] [stderr]    Compiling supso-project v1.0.0
[INFO] [stderr]    Compiling sup-xml-core v1.3.0
[INFO] [stderr]    Compiling sup-xml v1.3.0 (/opt/rustwide/workdir)
[INFO] [stderr]     Finished `release` profile [optimized] target(s) in 1m 01s
[INFO] running `Command { std: "docker" "inspect" "69bcfd6e4d621335c3279f433fde49cce6925b9641f85baa1b5b29c8b2d2a98d", kill_on_drop: false }`
[INFO] running `Command { std: "docker" "exec" "-e" "SOURCE_DIR=/opt/rustwide/workdir" "-e" "CARGO_HOME=/opt/rustwide/cargo-home" "-e" "RUSTUP_HOME=/opt/rustwide/rustup-home" "-e" "CARGO_TARGET_DIR=/opt/rustwide/target" "-e" "CARGO_INCREMENTAL=0" "-e" "RUST_BACKTRACE=full" "-e" "RUSTFLAGS=--cap-lints=warn" "-e" "RUSTDOCFLAGS=--cap-lints=warn" "-w" "/opt/rustwide/workdir" "--user" "0:0" "69bcfd6e4d621335c3279f433fde49cce6925b9641f85baa1b5b29c8b2d2a98d" "/opt/rustwide/cargo-home/bin/cargo" "+1.99.0-beta.8" "test" "--frozen" "--no-run" "--message-format=json" "--release", kill_on_drop: false }`
[INFO] [stderr]    Compiling serde v1.0.228
[INFO] [stderr]    Compiling tokio v1.52.3
[INFO] [stderr]    Compiling supso-project v1.0.0
[INFO] [stderr]    Compiling sup-xml-core v1.3.0
[INFO] [stderr]    Compiling sup-xml v1.3.0 (/opt/rustwide/workdir)
[INFO] [stdout] error: couldn't read `tests/../../../tests/assets/xml/transitions_tutorial.xml`: No such file or directory (os error 2)
[INFO] [stdout]   --> tests/encoding.rs:50:5
[INFO] [stdout]    |
[INFO] [stdout] 50 |     include_bytes!("../../../tests/assets/xml/transitions_tutorial.xml");
[INFO] [stdout]    |     ^^^^^^^^^^^^^^^^^^^^^^^^^^^^^^^^^^^^^^^^^^^^^^^^^^^^^^^^^^^^^^^^^^^^
[INFO] [stdout] 
[INFO] [stdout] 
[INFO] [stdout] error: couldn't read `/opt/rustwide/workdir/../../tests/fixtures/simple.xml`: No such file or directory (os error 2)
[INFO] [stdout]   --> tests/roundtrip.rs:13:9
[INFO] [stdout]    |
[INFO] [stdout] 13 |         include_str!(concat!(env!("CARGO_MANIFEST_DIR"), "/../../tests/fixtures/", $name))
[INFO] [stdout]    |         ^^^^^^^^^^^^^^^^^^^^^^^^^^^^^^^^^^^^^^^^^^^^^^^^^^^^^^^^^^^^^^^^^^^^^^^^^^^^^^^^^^
[INFO] [stdout] ...
[INFO] [stdout] 30 |     assert_roundtrip_stable("simple.xml", fixture!("simple.xml"));
[INFO] [stdout]    |                                           ---------------------- in this macro invocation
[INFO] [stdout]    |
[INFO] [stdout]    = note: this error originates in the macro `include_str` which comes from the expansion of the macro `fixture` (in Nightly builds, run with -Z macro-backtrace for more info)
[INFO] [stdout] 
[INFO] [stdout] 
[INFO] [stdout] error: couldn't read `/opt/rustwide/workdir/../../tests/fixtures/namespaces.xml`: No such file or directory (os error 2)
[INFO] [stdout]   --> tests/roundtrip.rs:13:9
[INFO] [stdout]    |
[INFO] [stdout] 13 |         include_str!(concat!(env!("CARGO_MANIFEST_DIR"), "/../../tests/fixtures/", $name))
[INFO] [stdout]    |         ^^^^^^^^^^^^^^^^^^^^^^^^^^^^^^^^^^^^^^^^^^^^^^^^^^^^^^^^^^^^^^^^^^^^^^^^^^^^^^^^^^
[INFO] [stdout] ...
[INFO] [stdout] 35 |     assert_roundtrip_stable("namespaces.xml", fixture!("namespaces.xml"));
[INFO] [stdout]    |                                               -------------------------- in this macro invocation
[INFO] [stdout]    |
[INFO] [stdout]    = note: this error originates in the macro `include_str` which comes from the expansion of the macro `fixture` (in Nightly builds, run with -Z macro-backtrace for more info)
[INFO] [stdout] 
[INFO] [stdout] 
[INFO] [stdout] error: couldn't read `/opt/rustwide/workdir/../../tests/fixtures/attributes.xml`: No such file or directory (os error 2)
[INFO] [stdout]   --> tests/roundtrip.rs:13:9
[INFO] [stdout]    |
[INFO] [stdout] 13 |         include_str!(concat!(env!("CARGO_MANIFEST_DIR"), "/../../tests/fixtures/", $name))
[INFO] [stdout]    |         ^^^^^^^^^^^^^^^^^^^^^^^^^^^^^^^^^^^^^^^^^^^^^^^^^^^^^^^^^^^^^^^^^^^^^^^^^^^^^^^^^^
[INFO] [stdout] ...
[INFO] [stdout] 40 |     assert_roundtrip_stable("attributes.xml", fixture!("attributes.xml"));
[INFO] [stdout]    |                                               -------------------------- in this macro invocation
[INFO] [stdout]    |
[INFO] [stdout]    = note: this error originates in the macro `include_str` which comes from the expansion of the macro `fixture` (in Nightly builds, run with -Z macro-backtrace for more info)
[INFO] [stdout] 
[INFO] [stdout] 
[INFO] [stdout] error: couldn't read `/opt/rustwide/workdir/../../tests/fixtures/unusual.xml`: No such file or directory (os error 2)
[INFO] [stdout]   --> tests/unusual.rs:6:9
[INFO] [stdout]    |
[INFO] [stdout]  6 |         include_str!(concat!(env!("CARGO_MANIFEST_DIR"), "/../../tests/fixtures/", $name))
[INFO] [stdout]    |         ^^^^^^^^^^^^^^^^^^^^^^^^^^^^^^^^^^^^^^^^^^^^^^^^^^^^^^^^^^^^^^^^^^^^^^^^^^^^^^^^^^
[INFO] [stdout] ...
[INFO] [stdout] 14 |     parse_str(fixture!("unusual.xml"), &ParseOptions::default())
[INFO] [stdout]    |               ----------------------- in this macro invocation
[INFO] [stdout]    |
[INFO] [stdout]    = note: this error originates in the macro `include_str` which comes from the expansion of the macro `fixture` (in Nightly builds, run with -Z macro-backtrace for more info)
[INFO] [stdout] 
[INFO] [stdout] 
[INFO] [stdout] error: couldn't read `/opt/rustwide/workdir/../../tests/fixtures/unusual.xml`: No such file or directory (os error 2)
[INFO] [stdout]   --> tests/unusual.rs:6:9
[INFO] [stdout]    |
[INFO] [stdout]  6 |         include_str!(concat!(env!("CARGO_MANIFEST_DIR"), "/../../tests/fixtures/", $name))
[INFO] [stdout]    |         ^^^^^^^^^^^^^^^^^^^^^^^^^^^^^^^^^^^^^^^^^^^^^^^^^^^^^^^^^^^^^^^^^^^^^^^^^^^^^^^^^^
[INFO] [stdout] ...
[INFO] [stdout] 20 |     let doc1 = parse_str(fixture!("unusual.xml"), &ParseOptions::default()).unwrap();
[INFO] [stdout]    |                          ----------------------- in this macro invocation
[INFO] [stdout]    |
[INFO] [stdout]    = note: this error originates in the macro `include_str` which comes from the expansion of the macro `fixture` (in Nightly builds, run with -Z macro-backtrace for more info)
[INFO] [stdout] 
[INFO] [stdout] 
[INFO] [stdout] error: couldn't read `/opt/rustwide/workdir/../../tests/fixtures/deep.xml`: No such file or directory (os error 2)
[INFO] [stdout]   --> tests/roundtrip.rs:13:9
[INFO] [stdout]    |
[INFO] [stdout] 13 |         include_str!(concat!(env!("CARGO_MANIFEST_DIR"), "/../../tests/fixtures/", $name))
[INFO] [stdout]    |         ^^^^^^^^^^^^^^^^^^^^^^^^^^^^^^^^^^^^^^^^^^^^^^^^^^^^^^^^^^^^^^^^^^^^^^^^^^^^^^^^^^
[INFO] [stdout] ...
[INFO] [stdout] 45 |     assert_roundtrip_stable("deep.xml", fixture!("deep.xml"));
[INFO] [stdout]    |                                         -------------------- in this macro invocation
[INFO] [stdout]    |
[INFO] [stdout]    = note: this error originates in the macro `include_str` which comes from the expansion of the macro `fixture` (in Nightly builds, run with -Z macro-backtrace for more info)
[INFO] [stdout] 
[INFO] [stdout] 
[INFO] [stdout] error: couldn't read `/opt/rustwide/workdir/../../tests/fixtures/cdata.xml`: No such file or directory (os error 2)
[INFO] [stdout]   --> tests/roundtrip.rs:13:9
[INFO] [stdout]    |
[INFO] [stdout] 13 |         include_str!(concat!(env!("CARGO_MANIFEST_DIR"), "/../../tests/fixtures/", $name))
[INFO] [stdout]    |         ^^^^^^^^^^^^^^^^^^^^^^^^^^^^^^^^^^^^^^^^^^^^^^^^^^^^^^^^^^^^^^^^^^^^^^^^^^^^^^^^^^
[INFO] [stdout] ...
[INFO] [stdout] 50 |     assert_roundtrip_stable("cdata.xml", fixture!("cdata.xml"));
[INFO] [stdout]    |                                          --------------------- in this macro invocation
[INFO] [stdout]    |
[INFO] [stdout]    = note: this error originates in the macro `include_str` which comes from the expansion of the macro `fixture` (in Nightly builds, run with -Z macro-backtrace for more info)
[INFO] [stdout] 
[INFO] [stdout] 
[INFO] [stdout] error: couldn't read `/opt/rustwide/workdir/../../tests/fixtures/unicode.xml`: No such file or directory (os error 2)
[INFO] [stdout]   --> tests/roundtrip.rs:13:9
[INFO] [stdout]    |
[INFO] [stdout] 13 |         include_str!(concat!(env!("CARGO_MANIFEST_DIR"), "/../../tests/fixtures/", $name))
[INFO] [stdout]    |         ^^^^^^^^^^^^^^^^^^^^^^^^^^^^^^^^^^^^^^^^^^^^^^^^^^^^^^^^^^^^^^^^^^^^^^^^^^^^^^^^^^
[INFO] [stdout] ...
[INFO] [stdout] 55 |     assert_roundtrip_stable("unicode.xml", fixture!("unicode.xml"));
[INFO] [stdout]    |                                            ----------------------- in this macro invocation
[INFO] [stdout]    |
[INFO] [stdout]    = note: this error originates in the macro `include_str` which comes from the expansion of the macro `fixture` (in Nightly builds, run with -Z macro-backtrace for more info)
[INFO] [stdout] 
[INFO] [stdout] 
[INFO] [stdout] error: couldn't read `/opt/rustwide/workdir/../../tests/fixtures/simple.xml`: No such file or directory (os error 2)
[INFO] [stdout]   --> tests/roundtrip.rs:13:9
[INFO] [stdout]    |
[INFO] [stdout] 13 |         include_str!(concat!(env!("CARGO_MANIFEST_DIR"), "/../../tests/fixtures/", $name))
[INFO] [stdout]    |         ^^^^^^^^^^^^^^^^^^^^^^^^^^^^^^^^^^^^^^^^^^^^^^^^^^^^^^^^^^^^^^^^^^^^^^^^^^^^^^^^^^
[INFO] [stdout] ...
[INFO] [stdout] 62 |     let doc = parse_str(fixture!("simple.xml"), &ParseOptions::default()).unwrap();
[INFO] [stdout]    |                         ---------------------- in this macro invocation
[INFO] [stdout]    |
[INFO] [stdout]    = note: this error originates in the macro `include_str` which comes from the expansion of the macro `fixture` (in Nightly builds, run with -Z macro-backtrace for more info)
[INFO] [stdout] 
[INFO] [stdout] 
[INFO] [stdout] error: couldn't read `/opt/rustwide/workdir/../../tests/fixtures/deep.xml`: No such file or directory (os error 2)
[INFO] [stdout]   --> tests/roundtrip.rs:13:9
[INFO] [stdout]    |
[INFO] [stdout] 13 |         include_str!(concat!(env!("CARGO_MANIFEST_DIR"), "/../../tests/fixtures/", $name))
[INFO] [stdout]    |         ^^^^^^^^^^^^^^^^^^^^^^^^^^^^^^^^^^^^^^^^^^^^^^^^^^^^^^^^^^^^^^^^^^^^^^^^^^^^^^^^^^
[INFO] [stdout] ...
[INFO] [stdout] 72 |     let doc = parse_str(fixture!("deep.xml"), &ParseOptions::default()).unwrap();
[INFO] [stdout]    |                         -------------------- in this macro invocation
[INFO] [stdout]    |
[INFO] [stdout]    = note: this error originates in the macro `include_str` which comes from the expansion of the macro `fixture` (in Nightly builds, run with -Z macro-backtrace for more info)
[INFO] [stdout] 
[INFO] [stdout] 
[INFO] [stdout] error: couldn't read `/opt/rustwide/workdir/../../tests/fixtures/cdata.xml`: No such file or directory (os error 2)
[INFO] [stdout]   --> tests/roundtrip.rs:13:9
[INFO] [stdout]    |
[INFO] [stdout] 13 |         include_str!(concat!(env!("CARGO_MANIFEST_DIR"), "/../../tests/fixtures/", $name))
[INFO] [stdout]    |         ^^^^^^^^^^^^^^^^^^^^^^^^^^^^^^^^^^^^^^^^^^^^^^^^^^^^^^^^^^^^^^^^^^^^^^^^^^^^^^^^^^
[INFO] [stdout] ...
[INFO] [stdout] 81 |     let doc = parse_str(fixture!("cdata.xml"), &ParseOptions::default()).unwrap();
[INFO] [stdout]    |                         --------------------- in this macro invocation
[INFO] [stdout]    |
[INFO] [stdout]    = note: this error originates in the macro `include_str` which comes from the expansion of the macro `fixture` (in Nightly builds, run with -Z macro-backtrace for more info)
[INFO] [stdout] 
[INFO] [stdout] 
[INFO] [stdout] error: couldn't read `/opt/rustwide/workdir/../../tests/fixtures/simple.xml`: No such file or directory (os error 2)
[INFO] [stdout]   --> tests/roundtrip.rs:13:9
[INFO] [stdout]    |
[INFO] [stdout] 13 |         include_str!(concat!(env!("CARGO_MANIFEST_DIR"), "/../../tests/fixtures/", $name))
[INFO] [stdout]    |         ^^^^^^^^^^^^^^^^^^^^^^^^^^^^^^^^^^^^^^^^^^^^^^^^^^^^^^^^^^^^^^^^^^^^^^^^^^^^^^^^^^
[INFO] [stdout] ...
[INFO] [stdout] 89 |     let doc1 = parse_str(fixture!("simple.xml"), &ParseOptions::default()).unwrap();
[INFO] [stdout]    |                          ---------------------- in this macro invocation
[INFO] [stdout]    |
[INFO] [stdout]    = note: this error originates in the macro `include_str` which comes from the expansion of the macro `fixture` (in Nightly builds, run with -Z macro-backtrace for more info)
[INFO] [stdout] 
[INFO] [stdout] 
[INFO] [stdout] error: couldn't read `/opt/rustwide/workdir/../../tests/fixtures/cve/billion_laughs.xml`: No such file or directory (os error 2)
[INFO] [stdout]   --> tests/dtd.rs:6:9
[INFO] [stdout]    |
[INFO] [stdout]  6 |         include_str!(concat!(env!("CARGO_MANIFEST_DIR"), "/../../tests/fixtures/", $name))
[INFO] [stdout]    |         ^^^^^^^^^^^^^^^^^^^^^^^^^^^^^^^^^^^^^^^^^^^^^^^^^^^^^^^^^^^^^^^^^^^^^^^^^^^^^^^^^^
[INFO] [stdout] ...
[INFO] [stdout] 99 |     let xml = fixture!("cve/billion_laughs.xml");
[INFO] [stdout]    |               ---------------------------------- in this macro invocation
[INFO] [stdout]    |
[INFO] [stdout]    = note: this error originates in the macro `include_str` which comes from the expansion of the macro `fixture` (in Nightly builds, run with -Z macro-backtrace for more info)
[INFO] [stdout] 
[INFO] [stdout] 
[INFO] [stdout] error: couldn't read `/opt/rustwide/workdir/../../tests/fixtures/namespaces.xml`: No such file or directory (os error 2)
[INFO] [stdout]   --> tests/namespace.rs:6:9
[INFO] [stdout]    |
[INFO] [stdout]  6 |         include_str!(concat!(env!("CARGO_MANIFEST_DIR"), "/../../tests/fixtures/", $name))
[INFO] [stdout]    |         ^^^^^^^^^^^^^^^^^^^^^^^^^^^^^^^^^^^^^^^^^^^^^^^^^^^^^^^^^^^^^^^^^^^^^^^^^^^^^^^^^^
[INFO] [stdout] ...
[INFO] [stdout] 20 |     let doc = parse_ns_str(fixture!("namespaces.xml"))
[INFO] [stdout]    |                            -------------------------- in this macro invocation
[INFO] [stdout]    |
[INFO] [stdout]    = note: this error originates in the macro `include_str` which comes from the expansion of the macro `fixture` (in Nightly builds, run with -Z macro-backtrace for more info)
[INFO] [stdout] 
[INFO] [stdout] 
[INFO] [stdout] error: couldn't read `/opt/rustwide/workdir/../../tests/fixtures/namespaces.xml`: No such file or directory (os error 2)
[INFO] [stdout]   --> tests/namespace.rs:6:9
[INFO] [stdout]    |
[INFO] [stdout]  6 |         include_str!(concat!(env!("CARGO_MANIFEST_DIR"), "/../../tests/fixtures/", $name))
[INFO] [stdout]    |         ^^^^^^^^^^^^^^^^^^^^^^^^^^^^^^^^^^^^^^^^^^^^^^^^^^^^^^^^^^^^^^^^^^^^^^^^^^^^^^^^^^
[INFO] [stdout] ...
[INFO] [stdout] 31 |     let doc = parse_ns_str(fixture!("namespaces.xml")).unwrap();
[INFO] [stdout]    |                            -------------------------- in this macro invocation
[INFO] [stdout]    |
[INFO] [stdout]    = note: this error originates in the macro `include_str` which comes from the expansion of the macro `fixture` (in Nightly builds, run with -Z macro-backtrace for more info)
[INFO] [stdout] 
[INFO] [stdout] 
[INFO] [stdout] error: couldn't read `/opt/rustwide/workdir/../../tests/fixtures/namespaces.xml`: No such file or directory (os error 2)
[INFO] [stdout]   --> tests/namespace.rs:6:9
[INFO] [stdout]    |
[INFO] [stdout]  6 |         include_str!(concat!(env!("CARGO_MANIFEST_DIR"), "/../../tests/fixtures/", $name))
[INFO] [stdout]    |         ^^^^^^^^^^^^^^^^^^^^^^^^^^^^^^^^^^^^^^^^^^^^^^^^^^^^^^^^^^^^^^^^^^^^^^^^^^^^^^^^^^
[INFO] [stdout] ...
[INFO] [stdout] 50 |     let doc = parse_ns_str(fixture!("namespaces.xml")).unwrap();
[INFO] [stdout]    |                            -------------------------- in this macro invocation
[INFO] [stdout]    |
[INFO] [stdout]    = note: this error originates in the macro `include_str` which comes from the expansion of the macro `fixture` (in Nightly builds, run with -Z macro-backtrace for more info)
[INFO] [stdout] 
[INFO] [stdout] 
[INFO] [stdout] error: couldn't read `/opt/rustwide/workdir/../../tests/fixtures/namespaces.xml`: No such file or directory (os error 2)
[INFO] [stdout]   --> tests/namespace.rs:6:9
[INFO] [stdout]    |
[INFO] [stdout]  6 |         include_str!(concat!(env!("CARGO_MANIFEST_DIR"), "/../../tests/fixtures/", $name))
[INFO] [stdout]    |         ^^^^^^^^^^^^^^^^^^^^^^^^^^^^^^^^^^^^^^^^^^^^^^^^^^^^^^^^^^^^^^^^^^^^^^^^^^^^^^^^^^
[INFO] [stdout] ...
[INFO] [stdout] 63 |     let doc = parse_ns_str(fixture!("namespaces.xml")).unwrap();
[INFO] [stdout]    |                            -------------------------- in this macro invocation
[INFO] [stdout]    |
[INFO] [stdout]    = note: this error originates in the macro `include_str` which comes from the expansion of the macro `fixture` (in Nightly builds, run with -Z macro-backtrace for more info)
[INFO] [stdout] 
[INFO] [stdout] 
[INFO] [stdout] error[E0433]: cannot find `xsd` in `sup_xml`
[INFO] [stdout]    --> examples/atto002_smoke.rs:4:20
[INFO] [stdout]     |
[INFO] [stdout]   4 |     match sup_xml::xsd::Schema::compile_str(&src) {
[INFO] [stdout]     |                    ^^^ could not find `xsd` in `sup_xml`
[INFO] [stdout]     |
[INFO] [stdout] note: found an item that was configured out
[INFO] [stdout]    --> src/lib.rs:226:9
[INFO] [stdout]     |
[INFO] [stdout] 225 | #[cfg(feature = "xsd")]
[INFO] [stdout]     |       --------------- the item is gated behind the `xsd` feature
[INFO] [stdout] 226 | pub mod xsd {
[INFO] [stdout]     |         ^^^
[INFO] [stdout] 
[INFO] [stdout] 
[INFO] [stderr] error: could not compile `sup-xml` (test "dtd") due to 1 previous error
[INFO] [stderr] warning: build failed, waiting for other jobs to finish...
[INFO] [stdout] For more information about this error, try `rustc --explain E0433`.
[INFO] [stdout] 
[INFO] [stderr] error: could not compile `sup-xml` (example "atto002_smoke") due to 1 previous error
[INFO] [stdout] error[E0433]: cannot find `xsd` in `sup_xml`
[INFO] [stdout]    --> examples/xsd_smoke.rs:9:29
[INFO] [stdout]     |
[INFO] [stdout]   9 |     let resolver = sup_xml::xsd::FsResolver::new(dir);
[INFO] [stdout]     |                             ^^^ could not find `xsd` in `sup_xml`
[INFO] [stdout]     |
[INFO] [stdout] note: found an item that was configured out
[INFO] [stdout]    --> src/lib.rs:226:9
[INFO] [stdout]     |
[INFO] [stdout] 225 | #[cfg(feature = "xsd")]
[INFO] [stdout]     |       --------------- the item is gated behind the `xsd` feature
[INFO] [stdout] 226 | pub mod xsd {
[INFO] [stdout]     |         ^^^
[INFO] [stdout] 
[INFO] [stdout] 
[INFO] [stderr] error: could not compile `sup-xml` (test "namespace") due to 4 previous errors
[INFO] [stderr] error: could not compile `sup-xml` (test "encoding") due to 1 previous error
[INFO] [stderr] error: could not compile `sup-xml` (test "roundtrip") due to 10 previous errors
[INFO] [stdout] error[E0433]: cannot find `xsd` in `sup_xml`
[INFO] [stdout]    --> examples/xsd_smoke.rs:10:33
[INFO] [stdout]     |
[INFO] [stdout]  10 |     let schema = match sup_xml::xsd::Schema::compile_with(&src, resolver) {
[INFO] [stdout]     |                                 ^^^ could not find `xsd` in `sup_xml`
[INFO] [stdout]     |
[INFO] [stdout] note: found an item that was configured out
[INFO] [stdout]    --> src/lib.rs:226:9
[INFO] [stdout]     |
[INFO] [stdout] 225 | #[cfg(feature = "xsd")]
[INFO] [stdout]     |       --------------- the item is gated behind the `xsd` feature
[INFO] [stdout] 226 | pub mod xsd {
[INFO] [stdout]     |         ^^^
[INFO] [stdout] 
[INFO] [stdout] 
[INFO] [stdout] warning: method call on a diverging inference variable
[INFO] [stdout]   --> examples/xsd_smoke.rs:16:22
[INFO] [stdout]    |
[INFO] [stdout] 16 |         match schema.validate_str(&inst) {
[INFO] [stdout]    |                      ^^^^^^^^^^^^
[INFO] [stdout]    |
[INFO] [stdout]    = help: consider providing a type annotation
[INFO] [stdout]    = warning: this was previously accepted by the compiler but is being phased out; it will become a hard error in a future release!
[INFO] [stdout]    = note: for more information, see issue #156047 <https://github.com/rust-lang/rust/issues/156047>
[INFO] [stdout]    = note: `#[warn(method_call_on_diverging_infer_var)]` (part of `#[warn(future_incompatible)]`) on by default
[INFO] [stdout] 
[INFO] [stdout] 
[INFO] [stderr] error: could not compile `sup-xml` (example "xsd_smoke") due to 3 previous errors; 2 warnings emitted
[INFO] [stdout] error[E0599]: no method named `validate_str` found for type `!` in the current scope
[INFO] [stdout]   --> examples/xsd_smoke.rs:16:22
[INFO] [stdout]    |
[INFO] [stdout] 16 |         match schema.validate_str(&inst) {
[INFO] [stdout]    |                      ^^^^^^^^^^^^ method not found in `!`
[INFO] [stdout] 
[INFO] [stdout] 
[INFO] [stderr] error: could not compile `sup-xml` (test "unusual") due to 2 previous errors
[INFO] [stdout] Some errors have detailed explanations: E0433, E0599.
[INFO] [stdout] 
[INFO] [stdout] For more information about an error, try `rustc --explain E0433`.
[INFO] [stdout] 
[INFO] running `Command { std: "docker" "inspect" "69bcfd6e4d621335c3279f433fde49cce6925b9641f85baa1b5b29c8b2d2a98d", kill_on_drop: false }`
[INFO] running `Command { std: "docker" "rm" "-f" "69bcfd6e4d621335c3279f433fde49cce6925b9641f85baa1b5b29c8b2d2a98d", kill_on_drop: false }`
[INFO] [stdout] 69bcfd6e4d621335c3279f433fde49cce6925b9641f85baa1b5b29c8b2d2a98d
