[INFO] fetching crate sunburn 0.2.0...
[INFO] testing sunburn-0.2.0 against 1.100.0-beta.1+cargoflags=--release for beta-release-1.100-2
[INFO] extracting crate sunburn 0.2.0 into /workspace/builds/worker-5-tc2/source
[INFO] started tweaking crates.io crate sunburn 0.2.0
[INFO] finished tweaking crates.io crate sunburn 0.2.0
[INFO] tweaked toml for crates.io crate sunburn 0.2.0 written to /workspace/builds/worker-5-tc2/source/Cargo.toml
[INFO] validating manifest of crates.io crate sunburn 0.2.0 on toolchain 1.100.0-beta.1
[INFO] running `Command { std: CARGO_HOME="/workspace/cargo-home" RUSTUP_HOME="/workspace/rustup-home" "/workspace/cargo-home/bin/cargo" "+1.100.0-beta.1" "metadata" "--manifest-path" "Cargo.toml" "--no-deps", kill_on_drop: false }`
[INFO] running `Command { std: CARGO_HOME="/workspace/cargo-home" RUSTUP_HOME="/workspace/rustup-home" "/workspace/cargo-home/bin/cargo" "+1.100.0-beta.1" "generate-lockfile" "--manifest-path" "Cargo.toml", kill_on_drop: false }`
[INFO] [stderr]     Updating crates.io index
[INFO] [stderr]      Locking 503 packages to highest compatible versions
[INFO] [stderr]       Adding generic-array v0.14.7 (available: v0.14.9)
[INFO] [stderr]       Adding hyper v0.14.29 (available: v0.14.32)
[INFO] [stderr]       Adding reqwest v0.11.17 (available: v0.11.27)
[INFO] [stderr]       Adding solana-account-decoder v1.10.41 (available: v1.18.26)
[INFO] [stderr]       Adding solana-address-lookup-table-program v1.10.41 (available: v1.18.26)
[INFO] [stderr]       Adding solana-banks-client v1.10.41 (available: v1.18.26)
[INFO] [stderr]       Adding solana-banks-interface v1.10.41 (available: v1.18.26)
[INFO] [stderr]       Adding solana-banks-server v1.10.41 (available: v1.18.26)
[INFO] [stderr]       Adding solana-bpf-loader-program v1.10.41 (available: v1.18.26)
[INFO] [stderr]       Adding solana-bucket-map v1.10.41 (available: v1.18.26)
[INFO] [stderr]       Adding solana-clap-utils v1.10.41 (available: v1.18.26)
[INFO] [stderr]       Adding solana-cli-config v1.10.41 (available: v1.18.26)
[INFO] [stderr]       Adding solana-client v1.10.41 (available: v1.18.26)
[INFO] [stderr]       Adding solana-compute-budget-program v1.10.41 (available: v1.18.26)
[INFO] [stderr]       Adding solana-config-program v1.10.41 (available: v1.18.26)
[INFO] [stderr]       Adding solana-faucet v1.10.41 (available: v1.18.26)
[INFO] [stderr]       Adding solana-frozen-abi v1.10.41 (available: v1.18.26)
[INFO] [stderr]       Adding solana-frozen-abi-macro v1.10.41 (available: v1.18.26)
[INFO] [stderr]       Adding solana-logger v1.10.41 (available: v1.18.26)
[INFO] [stderr]       Adding solana-measure v1.10.41 (available: v1.18.26)
[INFO] [stderr]       Adding solana-metrics v1.10.41 (available: v1.18.26)
[INFO] [stderr]       Adding solana-net-utils v1.10.41 (available: v1.18.26)
[INFO] [stderr]       Adding solana-perf v1.10.41 (available: v1.18.26)
[INFO] [stderr]       Adding solana-program v1.10.41 (available: v1.18.26)
[INFO] [stderr]       Adding solana-program-runtime v1.10.41 (available: v1.18.26)
[INFO] [stderr]       Adding solana-program-test v1.10.41 (available: v1.18.26)
[INFO] [stderr]       Adding solana-rayon-threadlimit v1.10.41 (available: v1.18.26)
[INFO] [stderr]       Adding solana-remote-wallet v1.10.41 (available: v1.18.26)
[INFO] [stderr]       Adding solana-runtime v1.10.41 (available: v1.18.26)
[INFO] [stderr]       Adding solana-sdk v1.10.41 (available: v1.18.26)
[INFO] [stderr]       Adding solana-sdk-macro v1.10.41 (available: v1.18.26)
[INFO] [stderr]       Adding solana-send-transaction-service v1.10.41 (available: v1.18.26)
[INFO] [stderr]       Adding solana-stake-program v1.10.41 (available: v1.18.26)
[INFO] [stderr]       Adding solana-streamer v1.10.41 (available: v1.18.26)
[INFO] [stderr]       Adding solana-transaction-status v1.10.41 (available: v1.18.26)
[INFO] [stderr]       Adding solana-version v1.10.41 (available: v1.18.26)
[INFO] [stderr]       Adding solana-vote-program v1.10.41 (available: v1.18.26)
[INFO] [stderr]       Adding solana-zk-token-proof-program v1.10.41 (available: v1.18.26)
[INFO] [stderr]       Adding solana-zk-token-sdk v1.10.41 (available: v1.18.26)
[INFO] [stderr]       Adding solana_rbpf v0.2.24 (available: v0.2.40)
[INFO] [stderr]       Adding spl-associated-token-account v1.1.1 (available: v1.1.3)
[INFO] [stderr]       Adding spl-token v3.5.0 (available: v9.0.0)
[INFO] [stderr]       Adding spl-token-2022 v0.4.2 (available: v0.4.3)
[INFO] [stderr]       Adding subtle v2.4.1 (available: v2.6.1)
[INFO] [stderr]       Adding thiserror v1.0.69 (available: v2.0.21)
[INFO] [stderr]       Adding tokio v1.14.1 (available: v1.53.3)
[INFO] [stderr]       Adding tokio-stream v0.1.12 (available: v0.1.19)
[INFO] [stderr]       Adding tokio-util v0.7.2 (available: v0.7.20)
[INFO] [stderr]       Adding wasi v0.10.0+wasi-snapshot-preview1 (available: v0.10.2+wasi-snapshot-preview1)
[INFO] [stderr]       Adding zeroize v1.3.0 (available: v1.9.1)
[INFO] running `Command { std: CARGO_HOME="/workspace/cargo-home" RUSTUP_HOME="/workspace/rustup-home" "/workspace/cargo-home/bin/cargo" "+1.100.0-beta.1" "fetch" "--manifest-path" "Cargo.toml", kill_on_drop: false }`
[INFO] running `Command { std: "docker" "create" "-v" "/var/lib/crater-agent-workspace/builds/worker-5-tc2/source:/opt/rustwide/workdir:ro,Z" "-v" "/var/lib/crater-agent-workspace/builds/worker-5-tc2/target:/opt/rustwide/target:rw,Z" "-v" "/var/lib/crater-agent-workspace/cargo-home:/opt/rustwide/cargo-home:ro,Z" "-v" "/var/lib/crater-agent-workspace/rustup-home:/opt/rustwide/rustup-home:ro,Z" "-m" "1610612736" "--network" "none" "ghcr.io/rust-lang/crates-build-env/linux@sha256:77db811e55d90add9212f6832c23229e3de5f1c1f9905e8cb07319ea15df73ac" "sleep" "infinity", kill_on_drop: false }`
[INFO] [stdout] f967e8fb929d1568bbe8d00b83c56c03f5c0ced1a8bff0a28749a50449abb4d1
[INFO] running `Command { std: "docker" "start" "f967e8fb929d1568bbe8d00b83c56c03f5c0ced1a8bff0a28749a50449abb4d1", kill_on_drop: false }`
[INFO] running `Command { std: "docker" "inspect" "f967e8fb929d1568bbe8d00b83c56c03f5c0ced1a8bff0a28749a50449abb4d1", kill_on_drop: false }`
[INFO] running `Command { std: "docker" "exec" "-e" "SOURCE_DIR=/opt/rustwide/workdir" "-e" "CARGO_HOME=/opt/rustwide/cargo-home" "-e" "RUSTUP_HOME=/opt/rustwide/rustup-home" "-e" "CARGO_TARGET_DIR=/opt/rustwide/target" "-w" "/opt/rustwide/workdir" "--user" "0:0" "f967e8fb929d1568bbe8d00b83c56c03f5c0ced1a8bff0a28749a50449abb4d1" "/opt/rustwide/cargo-home/bin/cargo" "+1.100.0-beta.1" "metadata" "--no-deps" "--format-version=1", kill_on_drop: false }`
[INFO] running `Command { std: "docker" "inspect" "f967e8fb929d1568bbe8d00b83c56c03f5c0ced1a8bff0a28749a50449abb4d1", kill_on_drop: false }`
[INFO] running `Command { std: "docker" "exec" "-e" "SOURCE_DIR=/opt/rustwide/workdir" "-e" "CARGO_HOME=/opt/rustwide/cargo-home" "-e" "RUSTUP_HOME=/opt/rustwide/rustup-home" "-e" "CARGO_TARGET_DIR=/opt/rustwide/target" "-e" "CARGO_INCREMENTAL=0" "-e" "RUST_BACKTRACE=full" "-e" "RUSTFLAGS=--cap-lints=warn" "-e" "RUSTDOCFLAGS=--cap-lints=warn" "-w" "/opt/rustwide/workdir" "--user" "0:0" "f967e8fb929d1568bbe8d00b83c56c03f5c0ced1a8bff0a28749a50449abb4d1" "/opt/rustwide/cargo-home/bin/cargo" "+1.100.0-beta.1" "build" "--frozen" "--message-format=json" "--release", kill_on_drop: false }`
[INFO] [stderr]    Compiling generic-array v0.14.7
[INFO] [stderr]    Compiling syn v1.0.109
[INFO] [stderr]    Compiling syn v2.0.119
[INFO] [stderr]    Compiling serde v1.0.229
[INFO] [stderr]    Compiling subtle v2.4.1
[INFO] [stderr]    Compiling getrandom v0.1.16
[INFO] [stderr]    Compiling typenum v1.20.1
[INFO] [stderr]    Compiling ahash v0.7.8
[INFO] [stderr]    Compiling crunchy v0.2.4
[INFO] [stderr]    Compiling solana-frozen-abi-macro v1.10.41
[INFO] [stderr]    Compiling bitmaps v2.1.0
[INFO] [stderr]    Compiling rand_core v0.5.1
[INFO] [stderr]    Compiling im v15.1.0
[INFO] [stderr]    Compiling rand_chacha v0.2.2
[INFO] [stderr]    Compiling rand_pcg v0.2.1
[INFO] [stderr]    Compiling wasm-bindgen-macro-support v0.2.129
[INFO] [stderr]    Compiling rand v0.7.3
[INFO] [stderr]    Compiling toml v0.5.11
[INFO] [stderr]    Compiling sized-chunks v0.6.5
[INFO] [stderr]    Compiling digest v0.9.0
[INFO] [stderr]    Compiling libsecp256k1-core v0.2.2
[INFO] [stderr]    Compiling bincode v1.3.3
[INFO] [stderr]    Compiling crypto-common v0.1.7
[INFO] [stderr]    Compiling block-buffer v0.10.4
[INFO] [stderr]    Compiling digest v0.10.7
[INFO] [stderr]    Compiling block-buffer v0.9.0
[INFO] [stderr]    Compiling crypto-mac v0.8.0
[INFO] [stderr]    Compiling sha2 v0.9.9
[INFO] [stderr]    Compiling hmac v0.8.1
[INFO] [stderr]    Compiling libsecp256k1-gen-genmult v0.2.1
[INFO] [stderr]    Compiling libsecp256k1-gen-ecmult v0.2.1
[INFO] [stderr]    Compiling sha2 v0.10.9
[INFO] [stderr]    Compiling proc-macro-crate v0.1.5
[INFO] [stderr]    Compiling libsecp256k1 v0.6.0
[INFO] [stderr]    Compiling rand_xoshiro v0.6.0
[INFO] [stderr]    Compiling solana-frozen-abi v1.10.41
[INFO] [stderr]    Compiling bv v0.11.1
[INFO] [stderr]    Compiling borsh-schema-derive-internal v0.9.3
[INFO] [stderr]    Compiling borsh-derive-internal v0.9.3
[INFO] [stderr]    Compiling hmac-drbg v0.3.0
[INFO] [stderr]    Compiling hashbrown v0.11.2
[INFO] [stderr]    Compiling solana-program v1.10.41
[INFO] [stderr]    Compiling bytemuck_derive v1.12.1
[INFO] [stderr]    Compiling memmap2 v0.5.10
[INFO] [stderr]    Compiling arrayvec v0.7.8
[INFO] [stderr]    Compiling blake3 v1.8.7
[INFO] [stderr]    Compiling sha3 v0.10.9
[INFO] [stderr]    Compiling atty v0.2.14
[INFO] [stderr]    Compiling num_cpus v1.17.0
[INFO] [stderr]    Compiling parking_lot_core v0.8.6
[INFO] [stderr]    Compiling displaydoc v0.2.7
[INFO] [stderr]    Compiling bytemuck v1.25.2
[INFO] [stderr]    Compiling errno v0.3.14
[INFO] [stderr]    Compiling borsh-derive v0.9.3
[INFO] [stderr]    Compiling thiserror-impl v1.0.69
[INFO] [stderr]    Compiling zeroize_derive v1.5.0
[INFO] [stderr]    Compiling num-derive v0.3.3
[INFO] [stderr]    Compiling borsh v0.9.3
[INFO] [stderr]    Compiling solana-sdk-macro v1.10.41
[INFO] [stderr]    Compiling zeroize v1.3.0
[INFO] [stderr]    Compiling env_logger v0.9.3
[INFO] [stderr]    Compiling curve25519-dalek v3.2.1
[INFO] [stderr]    Compiling chrono v0.4.45
[INFO] [stderr]    Compiling signal-hook-registry v1.4.8
[INFO] [stderr]    Compiling wasm-bindgen-macro v0.2.129
[INFO] [stderr]    Compiling thiserror v1.0.69
[INFO] [stderr]    Compiling wasm-bindgen v0.2.129
[INFO] [stderr]    Compiling tokio-macros v1.8.2
[INFO] [stderr]    Compiling ed25519-dalek v1.0.1
[INFO] [stderr]    Compiling parking_lot v0.11.2
[INFO] [stderr]    Compiling hmac v0.12.1
[INFO] [stderr]    Compiling solana-sdk v1.10.41
[INFO] [stderr]    Compiling mio v0.7.14
[INFO] [stderr]    Compiling derivation-path v0.2.0
[INFO] [stderr]    Compiling tokio v1.14.1
[INFO] [stderr]    Compiling ed25519-dalek-bip32 v0.2.0
[INFO] [stderr]    Compiling yoke v0.8.3
[INFO] [stderr]    Compiling solana-logger v1.10.41
[INFO] [stderr]    Compiling pbkdf2 v0.10.1
[INFO] [stderr]    Compiling futures-macro v0.3.34
[INFO] [stderr]    Compiling zerovec v0.11.8
[INFO] [stderr]    Compiling tracing-attributes v0.1.31
[INFO] [stderr]    Compiling ring v0.16.20
[INFO] [stderr]    Compiling ring v0.17.14
[INFO] [stderr]    Compiling futures-util v0.3.34
[INFO] [stderr]    Compiling tinystr v0.8.4
[INFO] [stderr]    Compiling icu_locale_core v2.3.0
[INFO] [stderr]    Compiling tracing v0.1.44
[INFO] [stderr]    Compiling potential_utf v0.1.6
[INFO] [stderr]    Compiling zerotrie v0.2.5
[INFO] [stderr]    Compiling rustls v0.20.9
[INFO] [stderr]    Compiling icu_collections v2.3.0
[INFO] [stderr]    Compiling icu_provider v2.3.1
[INFO] [stderr]    Compiling webpki v0.22.4
[INFO] [stderr]    Compiling sct v0.7.1
[INFO] [stderr]    Compiling icu_properties v2.3.0
[INFO] [stderr]    Compiling icu_normalizer v2.3.0
[INFO] [stderr]    Compiling enum-iterator-derive v0.7.0
[INFO] [stderr]    Compiling solana-program-runtime v1.10.41
[INFO] [stderr]    Compiling idna_adapter v1.2.2
[INFO] [stderr]    Compiling alloc-no-stdlib v2.0.4
[INFO] [stderr]    Compiling idna v1.1.0
[INFO] [stderr]    Compiling alloc-stdlib v0.2.4
[INFO] [stderr]    Compiling enum-iterator v0.7.0
[INFO] [stderr]    Compiling tokio-util v0.7.2
[INFO] [stderr]    Compiling brotli-decompressor v2.5.1
[INFO] [stderr]    Compiling url v2.5.8
[INFO] [stderr]    Compiling h2 v0.3.27
[INFO] [stderr]    Compiling webpki-roots v0.22.6
[INFO] [stderr]    Compiling socket2 v0.5.10
[INFO] [stderr]    Compiling brotli v3.5.0
[INFO] [stderr]    Compiling serde_urlencoded v0.7.1
[INFO] [stderr]    Compiling gethostname v0.2.3
[INFO] [stderr]    Compiling cipher v0.3.0
[INFO] [stderr]    Compiling solana-vote-program v1.10.41
[INFO] [stderr]    Compiling proc-macro2 v0.4.30
[INFO] [stderr]    Compiling universal-hash v0.4.1
[INFO] [stderr]    Compiling unicode-xid v0.1.0
[INFO] [stderr]    Compiling polyval v0.5.3
[INFO] [stderr]    Compiling ctr v0.8.0
[INFO] [stderr]    Compiling aes v0.7.5
[INFO] [stderr]    Compiling aead v0.4.3
[INFO] [stderr]    Compiling inout v0.1.4
[INFO] [stderr]    Compiling num-integer v0.1.47
[INFO] [stderr]    Compiling tokio-rustls v0.23.4
[INFO] [stderr]    Compiling memoffset v0.6.5
[INFO] [stderr]    Compiling tinyvec v1.13.3
[INFO] [stderr]    Compiling syn v0.15.44
[INFO] [stderr]    Compiling async-compression v0.3.15
[INFO] [stderr]    Compiling time-core v0.1.9
[INFO] [stderr]    Compiling num-conv v0.2.2
[INFO] [stderr]    Compiling hyper v0.14.29
[INFO] [stderr]    Compiling time-macros v0.2.32
[INFO] [stderr]    Compiling cipher v0.4.4
[INFO] [stderr]    Compiling aes-gcm-siv v0.10.3
[INFO] [stderr]    Compiling getrandom v0.4.3
[INFO] [stderr]    Compiling quote v0.6.13
[INFO] [stderr]    Compiling zstd-sys v2.1.2+zstd.1.5.7
[INFO] [stderr]    Compiling merlin v3.0.0
[INFO] [stderr]    Compiling sha3 v0.9.1
[INFO] [stderr]    Compiling deranged v0.5.9
[INFO] [stderr]    Compiling powerfmt v0.2.1
[INFO] [stderr]    Compiling tempfile v3.27.0
[INFO] [stderr]    Compiling futures-executor v0.3.34
[INFO] [stderr]    Compiling time v0.3.55
[INFO] [stderr]    Compiling nom v7.1.3
[INFO] [stderr]    Compiling dlopen_derive v0.1.4
[INFO] [stderr]    Compiling synstructure v0.12.6
[INFO] [stderr]    Compiling hyper-rustls v0.23.2
[INFO] [stderr]    Compiling reqwest v0.11.17
[INFO] [stderr]    Compiling futures v0.3.34
[INFO] [stderr]    Compiling num_enum_derive v0.5.11
[INFO] [stderr]    Compiling nix v0.23.2
[INFO] [stderr]    Compiling solana-rayon-threadlimit v1.10.41
[INFO] [stderr]    Compiling hashbrown v0.12.3
[INFO] [stderr]    Compiling indexmap v1.9.3
[INFO] [stderr]    Compiling num-bigint v0.2.6
[INFO] [stderr]    Compiling semver v1.0.28
[INFO] [stderr]    Compiling solana-perf v1.10.41
[INFO] [stderr]    Compiling zstd-safe v5.0.2+zstd.1.5.2
[INFO] [stderr]    Compiling console v0.15.11
[INFO] [stderr]    Compiling num_enum v0.5.11
[INFO] [stderr]    Compiling rusticata-macros v4.1.0
[INFO] [stderr]    Compiling asn1-rs-derive v0.4.0
[INFO] [stderr]    Compiling dlopen v0.1.8
[INFO] [stderr]    Compiling spl-memo v3.0.1
[INFO] [stderr]    Compiling parking_lot_core v0.9.12
[INFO] [stderr]    Compiling pin-project-internal v1.1.13
[INFO] [stderr]    Compiling asn1-rs-impl v0.1.0
[INFO] [stderr]    Compiling async-trait v0.1.92
[INFO] [stderr]    Compiling caps v0.5.6
[INFO] [stderr]    Compiling num-complex v0.2.4
[INFO] [stderr]    Compiling num-rational v0.2.4
[INFO] [stderr]    Compiling ansi_term v0.12.1
[INFO] [stderr]    Compiling strsim v0.8.0
[INFO] [stderr]    Compiling vec_map v0.8.2
[INFO] [stderr]    Compiling shell-words v1.1.1
[INFO] [stderr]    Compiling rustls-native-certs v0.6.3
[INFO] [stderr]    Compiling dialoguer v0.10.4
[INFO] [stderr]    Compiling clap v2.34.0
[INFO] [stderr]    Compiling pin-project v1.1.13
[INFO] [stderr]    Compiling parking_lot v0.12.5
[INFO] [stderr]    Compiling asn1-rs v0.5.2
[INFO] [stderr]    Compiling spl-token v3.5.0
[INFO] [stderr]    Compiling unicode-normalization v0.1.26
[INFO] [stderr]    Compiling pbkdf2 v0.4.0
[INFO] [stderr]    Compiling rustls-pemfile v0.2.1
[INFO] [stderr]    Compiling fxhash v0.2.1
[INFO] [stderr]    Compiling solana-version v1.10.41
[INFO] [stderr]    Compiling solana-measure v1.10.41
[INFO] [stderr]    Compiling solana-metrics v1.10.41
[INFO] [stderr]    Compiling solana-zk-token-sdk v1.10.41
[INFO] [stderr]    Compiling solana-config-program v1.10.41
[INFO] [stderr]    Compiling socket2 v0.4.10
[INFO] [stderr]    Compiling oid-registry v0.6.1
[INFO] [stderr]    Compiling linked-hash-map v0.5.6
[INFO] [stderr]    Compiling const-oid v0.7.1
[INFO] [stderr]    Compiling rustc-hash v1.1.0
[INFO] [stderr]    Compiling tiny-bip39 v0.8.2
[INFO] [stderr]    Compiling yaml-rust v0.4.5
[INFO] [stderr]    Compiling der v0.5.1
[INFO] [stderr]    Compiling solana-remote-wallet v1.10.41
[INFO] [stderr]    Compiling quinn-proto v0.8.4
[INFO] [stderr]    Compiling enum-ordinalize v3.1.15
[INFO] [stderr]    Compiling proc-macro-error-attr v1.0.4
[INFO] [stderr]    Compiling num-bigint v0.4.8
[INFO] [stderr]    Compiling num-iter v0.1.46
[INFO] [stderr]    Compiling rpassword v6.0.1
[INFO] [stderr]    Compiling spl-token-2022 v0.4.2
[INFO] [stderr]    Compiling lz4-sys v1.11.1+lz4-1.10.0
[INFO] [stderr]    Compiling dirs-sys-next v0.1.2
[INFO] [stderr]    Compiling spki v0.5.4
[INFO] [stderr]    Compiling dirs-next v2.0.0
[INFO] [stderr]    Compiling num v0.2.1
[INFO] [stderr]    Compiling solana-clap-utils v1.10.41
[INFO] [stderr]    Compiling quinn-udp v0.1.4
[INFO] [stderr]    Compiling der-parser v8.2.0
[INFO] [stderr]    Compiling proc-macro-error v1.0.4
[INFO] [stderr]    Compiling educe v0.4.23
[INFO] [stderr]    Compiling serde_yaml v0.8.26
[INFO] [stderr]    Compiling opentelemetry v0.16.0
[INFO] [stderr]    Compiling yasna v0.5.2
[INFO] [stderr]    Compiling modular-bitfield-impl v0.11.2
[INFO] [stderr]    Compiling Inflector v0.11.4
[INFO] [stderr]    Compiling sha-1 v0.10.1
[INFO] [stderr]    Compiling pem v1.1.1
[INFO] [stderr]    Compiling solana-stake-program v1.10.41
[INFO] [stderr]    Compiling solana-address-lookup-table-program v1.10.41
[INFO] [stderr]    Compiling heck v0.4.1
[INFO] [stderr]    Compiling utf-8 v0.7.6
[INFO] [stderr]    Compiling tungstenite v0.17.3
[INFO] [stderr]    Compiling strum_macros v0.24.3
[INFO] [stderr]    Compiling x509-parser v0.14.0
[INFO] [stderr]    Compiling ouroboros_macro v0.14.2
[INFO] [stderr]    Compiling rcgen v0.9.3
[INFO] [stderr]    Compiling tracing-opentelemetry v0.15.0
[INFO] [stderr]    Compiling modular-bitfield v0.11.2
[INFO] [stderr]    Compiling solana-cli-config v1.10.41
[INFO] [stderr]    Compiling tokio-serde v0.8.0
[INFO] [stderr]    Compiling spl-associated-token-account v1.1.1
[INFO] [stderr]    Compiling quinn v0.8.5
[INFO] [stderr]    Compiling percentage v0.1.0
[INFO] [stderr]    Compiling pkcs8 v0.8.0
[INFO] [stderr]    Compiling tokio-util v0.6.10
[INFO] [stderr]    Compiling tarpc-plugins v0.12.0
[INFO] [stderr]    Compiling scroll_derive v0.10.5
[INFO] [stderr]    Compiling solana-runtime v1.10.41
[INFO] [stderr]    Compiling filetime v0.2.29
[INFO] [stderr]    Compiling number_prefix v0.4.0
[INFO] [stderr]    Compiling histogram v0.6.9
[INFO] [stderr]    Compiling console v0.16.6
[INFO] [stderr]    Compiling indicatif v0.16.2
[INFO] [stderr]    Compiling solana-streamer v1.10.41
[INFO] [stdout] error[E0432]: unresolved import `console::Term`
[INFO] [stdout]   --> /opt/rustwide/cargo-home/registry/src/index.crates.io-1949cf8c6b5b557f/indicatif-0.16.2/src/state.rs:10:5
[INFO] [stdout]    |
[INFO] [stdout] 10 | use console::Term;
[INFO] [stdout]    |     ^^^^^^^^^----
[INFO] [stdout]    |              |
[INFO] [stdout]    |              no `Term` in the root
[INFO] [stdout]    |
[INFO] [stdout] note: found an item that was configured out
[INFO] [stdout]   --> /opt/rustwide/cargo-home/registry/src/index.crates.io-1949cf8c6b5b557f/console-0.16.6/src/lib.rs:92:51
[INFO] [stdout]    |
[INFO] [stdout] 90 | #[cfg(feature = "std")]
[INFO] [stdout]    |       --------------- the item is gated behind the `std` feature
[INFO] [stdout] 91 | pub use crate::term::{
[INFO] [stdout] 92 |     is_dumb, user_attended, user_attended_stderr, Term, TermFamily, TermFeatures, TermTarget,
[INFO] [stdout]    |                                                   ^^^^
[INFO] [stdout] help: consider importing this variant instead
[INFO] [stdout]    |
[INFO] [stdout] 10 - use console::Term;
[INFO] [stdout] 10 + use crate::state::ProgressDrawTargetKind::Term;
[INFO] [stdout]    |
[INFO] [stdout] 
[INFO] [stdout] 
[INFO] [stdout] error[E0432]: unresolved imports `console::measure_text_width`, `console::Style`
[INFO] [stdout]   --> /opt/rustwide/cargo-home/registry/src/index.crates.io-1949cf8c6b5b557f/indicatif-0.16.2/src/style.rs:1:15
[INFO] [stdout]    |
[INFO] [stdout]  1 | use console::{measure_text_width, Style};
[INFO] [stdout]    |               ^^^^^^^^^^^^^^^^^^  ^^^^^ no `Style` in the root
[INFO] [stdout]    |               |
[INFO] [stdout]    |               no `measure_text_width` in the root
[INFO] [stdout]    |
[INFO] [stdout] note: found an item that was configured out
[INFO] [stdout]   --> /opt/rustwide/cargo-home/registry/src/index.crates.io-1949cf8c6b5b557f/console-0.16.6/src/lib.rs:96:44
[INFO] [stdout]    |
[INFO] [stdout] 94 | #[cfg(feature = "std")]
[INFO] [stdout]    |       --------------- the item is gated behind the `std` feature
[INFO] [stdout] 95 | pub use crate::utils::{
[INFO] [stdout] 96 |     colors_enabled, colors_enabled_stderr, measure_text_width, pad_str, pad_str_with,
[INFO] [stdout]    |                                            ^^^^^^^^^^^^^^^^^^
[INFO] [stdout] note: found an item that was configured out
[INFO] [stdout]   --> /opt/rustwide/cargo-home/registry/src/index.crates.io-1949cf8c6b5b557f/console-0.16.6/src/lib.rs:99:55
[INFO] [stdout]    |
[INFO] [stdout] 94 | #[cfg(feature = "std")]
[INFO] [stdout]    |       --------------- the item is gated behind the `std` feature
[INFO] [stdout] ...
[INFO] [stdout] 99 |     truncate_str, Alignment, Attribute, Color, Emoji, Style, StyledObject,
[INFO] [stdout]    |                                                       ^^^^^
[INFO] [stdout] 
[INFO] [stdout] 
[INFO] [stdout] error[E0432]: unresolved imports `console::measure_text_width`, `console::Style`
[INFO] [stdout]   --> /opt/rustwide/cargo-home/registry/src/index.crates.io-1949cf8c6b5b557f/indicatif-0.16.2/src/utils.rs:7:15
[INFO] [stdout]    |
[INFO] [stdout]  7 | use console::{measure_text_width, Style};
[INFO] [stdout]    |               ^^^^^^^^^^^^^^^^^^  ^^^^^ no `Style` in the root
[INFO] [stdout]    |               |
[INFO] [stdout]    |               no `measure_text_width` in the root
[INFO] [stdout]    |
[INFO] [stdout] note: found an item that was configured out
[INFO] [stdout]   --> /opt/rustwide/cargo-home/registry/src/index.crates.io-1949cf8c6b5b557f/console-0.16.6/src/lib.rs:96:44
[INFO] [stdout]    |
[INFO] [stdout] 94 | #[cfg(feature = "std")]
[INFO] [stdout]    |       --------------- the item is gated behind the `std` feature
[INFO] [stdout] 95 | pub use crate::utils::{
[INFO] [stdout] 96 |     colors_enabled, colors_enabled_stderr, measure_text_width, pad_str, pad_str_with,
[INFO] [stdout]    |                                            ^^^^^^^^^^^^^^^^^^
[INFO] [stdout] note: found an item that was configured out
[INFO] [stdout]   --> /opt/rustwide/cargo-home/registry/src/index.crates.io-1949cf8c6b5b557f/console-0.16.6/src/lib.rs:99:55
[INFO] [stdout]    |
[INFO] [stdout] 94 | #[cfg(feature = "std")]
[INFO] [stdout]    |       --------------- the item is gated behind the `std` feature
[INFO] [stdout] ...
[INFO] [stdout] 99 |     truncate_str, Alignment, Attribute, Color, Emoji, Style, StyledObject,
[INFO] [stdout]    |                                                       ^^^^^
[INFO] [stdout] 
[INFO] [stdout] 
[INFO] [stderr]    Compiling tar v0.4.46
[INFO] [stdout] For more information about this error, try `rustc --explain E0432`.
[INFO] [stdout] 
[INFO] [stderr] error: could not compile `indicatif` (lib) due to 3 previous errors
[INFO] [stderr] warning: build failed, waiting for other jobs to finish...
[INFO] running `Command { std: "docker" "inspect" "f967e8fb929d1568bbe8d00b83c56c03f5c0ced1a8bff0a28749a50449abb4d1", kill_on_drop: false }`
[INFO] running `Command { std: "docker" "rm" "-f" "f967e8fb929d1568bbe8d00b83c56c03f5c0ced1a8bff0a28749a50449abb4d1", kill_on_drop: false }`
[INFO] [stdout] f967e8fb929d1568bbe8d00b83c56c03f5c0ced1a8bff0a28749a50449abb4d1
