[INFO] fetching crate suma_ulsa 0.1.0...
[INFO] testing suma_ulsa-0.1.0 against 1.99.0-beta.8+cargoflags=--release for beta-release-1.100-2
[INFO] extracting crate suma_ulsa 0.1.0 into /workspace/builds/worker-6-tc1/source
[INFO] started tweaking crates.io crate suma_ulsa 0.1.0
[INFO] finished tweaking crates.io crate suma_ulsa 0.1.0
[INFO] tweaked toml for crates.io crate suma_ulsa 0.1.0 written to /workspace/builds/worker-6-tc1/source/Cargo.toml
[INFO] validating manifest of crates.io crate suma_ulsa 0.1.0 on toolchain 1.99.0-beta.8
[INFO] running `Command { std: CARGO_HOME="/workspace/cargo-home" RUSTUP_HOME="/workspace/rustup-home" "/workspace/cargo-home/bin/cargo" "+1.99.0-beta.8" "metadata" "--manifest-path" "Cargo.toml" "--no-deps", kill_on_drop: false }`
[INFO] crate crates.io crate suma_ulsa 0.1.0 already has a lockfile, it will not be regenerated
[INFO] running `Command { std: CARGO_HOME="/workspace/cargo-home" RUSTUP_HOME="/workspace/rustup-home" "/workspace/cargo-home/bin/cargo" "+1.99.0-beta.8" "fetch" "--manifest-path" "Cargo.toml", kill_on_drop: false }`
[INFO] [stderr]     Updating crates.io index
[INFO] [stderr]  Downloading crates ...
[INFO] [stderr]   Downloaded zopfli v0.8.2
[INFO] [stderr]   Downloaded memmap2 v0.9.8
[INFO] [stderr]   Downloaded serde_stacker v0.1.14
[INFO] [stderr]   Downloaded psm v0.1.27
[INFO] [stderr]   Downloaded unindent v0.2.4
[INFO] [stderr]   Downloaded pyo3-macros v0.26.0
[INFO] [stderr]   Downloaded polars-utils v0.51.0
[INFO] [stderr]   Downloaded polars-arrow-format v0.2.1
[INFO] [stderr]   Downloaded target-lexicon v0.13.3
[INFO] [stderr]   Downloaded wasm-bindgen-futures v0.4.54
[INFO] [stderr]   Downloaded polars-dtype v0.51.0
[INFO] [stderr]   Downloaded stacker v0.1.22
[INFO] [stderr]   Downloaded polars-error v0.51.0
[INFO] [stderr]   Downloaded polars-schema v0.51.0
[INFO] [stderr]   Downloaded polars-row v0.51.0
[INFO] [stderr]   Downloaded indoc v2.0.6
[INFO] [stderr]   Downloaded find-msvc-tools v0.1.3
[INFO] [stderr]   Downloaded litrs v0.4.2
[INFO] [stderr]   Downloaded pyo3-build-config v0.26.0
[INFO] [stderr]   Downloaded polars-mem-engine v0.51.0
[INFO] [stderr]   Downloaded flate2 v1.1.4
[INFO] [stderr]   Downloaded pyo3-macros-backend v0.26.0
[INFO] [stderr]   Downloaded polars-time v0.51.0
[INFO] [stderr]   Downloaded comfy-table v7.2.1
[INFO] [stderr]   Downloaded polars-lazy v0.51.0
[INFO] [stderr]   Downloaded polars-expr v0.51.0
[INFO] [stderr]   Downloaded pyo3-ffi v0.26.0
[INFO] [stderr]   Downloaded cc v1.2.40
[INFO] [stderr]   Downloaded object_store v0.12.4
[INFO] [stderr]   Downloaded rustls-webpki v0.103.7
[INFO] [stderr]   Downloaded polars-compute v0.51.0
[INFO] [stderr]   Downloaded polars-sql v0.51.0
[INFO] [stderr]   Downloaded polars v0.51.0
[INFO] [stderr]   Downloaded quick-xml v0.38.3
[INFO] [stderr]   Downloaded polars-io v0.51.0
[INFO] [stderr]   Downloaded polars-ops v0.51.0
[INFO] [stderr]   Downloaded polars-parquet v0.51.0
[INFO] [stderr]   Downloaded polars-stream v0.51.0
[INFO] [stderr]   Downloaded polars-arrow v0.51.0
[INFO] [stderr]   Downloaded pyo3 v0.26.0
[INFO] [stderr]   Downloaded rustls v0.23.33
[INFO] [stderr]   Downloaded polars-plan v0.51.0
[INFO] [stderr]   Downloaded polars-core v0.51.0
[INFO] [stderr]   Downloaded web-sys v0.3.81
[INFO] [stderr]   Downloaded rust_xlsxwriter v0.74.0
[INFO] running `Command { std: "docker" "create" "-v" "/var/lib/crater-agent-workspace/builds/worker-6-tc1/source:/opt/rustwide/workdir:ro,Z" "-v" "/var/lib/crater-agent-workspace/builds/worker-6-tc1/target:/opt/rustwide/target:rw,Z" "-v" "/var/lib/crater-agent-workspace/cargo-home:/opt/rustwide/cargo-home:ro,Z" "-v" "/var/lib/crater-agent-workspace/rustup-home:/opt/rustwide/rustup-home:ro,Z" "-m" "1610612736" "--network" "none" "ghcr.io/rust-lang/crates-build-env/linux@sha256:77db811e55d90add9212f6832c23229e3de5f1c1f9905e8cb07319ea15df73ac" "sleep" "infinity", kill_on_drop: false }`
[INFO] [stdout] 4daae577c4a272869abf112f71719952ebcda20d1b1cdd3bd65f92a96e8ce6c3
[INFO] running `Command { std: "docker" "start" "4daae577c4a272869abf112f71719952ebcda20d1b1cdd3bd65f92a96e8ce6c3", kill_on_drop: false }`
[INFO] running `Command { std: "docker" "inspect" "4daae577c4a272869abf112f71719952ebcda20d1b1cdd3bd65f92a96e8ce6c3", kill_on_drop: false }`
[INFO] running `Command { std: "docker" "exec" "-e" "SOURCE_DIR=/opt/rustwide/workdir" "-e" "CARGO_HOME=/opt/rustwide/cargo-home" "-e" "RUSTUP_HOME=/opt/rustwide/rustup-home" "-e" "CARGO_TARGET_DIR=/opt/rustwide/target" "-w" "/opt/rustwide/workdir" "--user" "0:0" "4daae577c4a272869abf112f71719952ebcda20d1b1cdd3bd65f92a96e8ce6c3" "/opt/rustwide/cargo-home/bin/cargo" "+1.99.0-beta.8" "metadata" "--no-deps" "--format-version=1", kill_on_drop: false }`
[INFO] running `Command { std: "docker" "inspect" "4daae577c4a272869abf112f71719952ebcda20d1b1cdd3bd65f92a96e8ce6c3", kill_on_drop: false }`
[INFO] running `Command { std: "docker" "exec" "-e" "SOURCE_DIR=/opt/rustwide/workdir" "-e" "CARGO_HOME=/opt/rustwide/cargo-home" "-e" "RUSTUP_HOME=/opt/rustwide/rustup-home" "-e" "CARGO_TARGET_DIR=/opt/rustwide/target" "-e" "CARGO_INCREMENTAL=0" "-e" "RUST_BACKTRACE=full" "-e" "RUSTFLAGS=--cap-lints=warn" "-e" "RUSTDOCFLAGS=--cap-lints=warn" "-w" "/opt/rustwide/workdir" "--user" "0:0" "4daae577c4a272869abf112f71719952ebcda20d1b1cdd3bd65f92a96e8ce6c3" "/opt/rustwide/cargo-home/bin/cargo" "+1.99.0-beta.8" "build" "--frozen" "--message-format=json" "--release", kill_on_drop: false }`
[INFO] [stderr]    Compiling target-lexicon v0.13.3
[INFO] [stderr]    Compiling serde_core v1.0.228
[INFO] [stderr]    Compiling libc v0.2.175
[INFO] [stderr]    Compiling simd-adler32 v0.3.7
[INFO] [stderr]    Compiling thiserror v2.0.17
[INFO] [stderr]    Compiling log v0.4.28
[INFO] [stderr]    Compiling num-traits v0.2.19
[INFO] [stderr]    Compiling aho-corasick v1.1.3
[INFO] [stderr]    Compiling memoffset v0.9.1
[INFO] [stderr]    Compiling bumpalo v3.19.0
[INFO] [stderr]    Compiling zip v2.4.2
[INFO] [stderr]    Compiling crc32fast v1.5.0
[INFO] [stderr]    Compiling regex-syntax v0.8.6
[INFO] [stderr]    Compiling syn v2.0.106
[INFO] [stderr]    Compiling serde_json v1.0.145
[INFO] [stderr]    Compiling csv-core v0.1.13
[INFO] [stderr]    Compiling indoc v2.0.6
[INFO] [stderr]    Compiling unindent v0.2.4
[INFO] [stderr]    Compiling unsafe-libyaml v0.2.11
[INFO] [stderr]    Compiling miniz_oxide v0.8.9
[INFO] [stderr]    Compiling zopfli v0.8.2
[INFO] [stderr]    Compiling pyo3-build-config v0.26.0
[INFO] [stderr]    Compiling flate2 v1.1.4
[INFO] [stderr]    Compiling getrandom v0.3.3
[INFO] [stderr]    Compiling tempfile v3.23.0
[INFO] [stderr]    Compiling num-integer v0.1.46
[INFO] [stderr]    Compiling num-complex v0.4.6
[INFO] [stderr]    Compiling ordered-float v5.1.0
[INFO] [stderr]    Compiling float-cmp v0.10.0
[INFO] [stderr]    Compiling num-bigint v0.4.6
[INFO] [stderr]    Compiling num-iter v0.1.45
[INFO] [stderr]    Compiling pyo3-ffi v0.26.0
[INFO] [stderr]    Compiling pyo3-macros-backend v0.26.0
[INFO] [stderr]    Compiling pyo3 v0.26.0
[INFO] [stderr]    Compiling regex-automata v0.4.11
[INFO] [stderr]    Compiling csv v1.4.0
[INFO] [stderr]    Compiling num-rational v0.4.2
[INFO] [stderr]    Compiling num v0.4.3
[INFO] [stderr]    Compiling thiserror-impl v2.0.17
[INFO] [stderr]    Compiling displaydoc v0.2.5
[INFO] [stderr]    Compiling serde_derive v1.0.228
[INFO] [stderr]    Compiling regex v1.11.3
[INFO] [stderr]    Compiling serde v1.0.228
[INFO] [stderr]    Compiling rust_xlsxwriter v0.74.0
[INFO] [stderr]    Compiling serde_yaml v0.9.34+deprecated
[INFO] [stderr]    Compiling pyo3-macros v0.26.0
[INFO] [stderr]    Compiling suma_ulsa v0.1.0 (/opt/rustwide/workdir)
[INFO] [stdout] warning: unused variable: `py`
[INFO] [stdout]    --> src/bindings/boolean_algebra.rs:195:23
[INFO] [stdout]     |
[INFO] [stdout] 195 |     fn summary(&self, py: Python<'_>) -> PyResult<Py<PyDict>> {
[INFO] [stdout]     |                       ^^ help: if this is intentional, prefix it with an underscore: `_py`
[INFO] [stdout]     |
[INFO] [stdout]     = note: `#[warn(unused_variables)]` (part of `#[warn(unused)]`) on by default
[INFO] [stdout] 
[INFO] [stdout] 
[INFO] [stdout] warning: unused variable: `py`
[INFO] [stdout]    --> src/bindings/boolean_algebra.rs:222:68
[INFO] [stdout]     |
[INFO] [stdout] 222 |     fn filter(&self, column: String, predicate: &Bound<'_, PyAny>, py: Python<'_>) -> PyResult<Self> {
[INFO] [stdout]     |                                                                    ^^ help: if this is intentional, prefix it with an underscore: `_py`
[INFO] [stdout] 
[INFO] [stdout] 
[INFO] [stderr]     Finished `release` profile [optimized] target(s) in 1m 11s
[INFO] running `Command { std: "docker" "inspect" "4daae577c4a272869abf112f71719952ebcda20d1b1cdd3bd65f92a96e8ce6c3", kill_on_drop: false }`
[INFO] running `Command { std: "docker" "exec" "-e" "SOURCE_DIR=/opt/rustwide/workdir" "-e" "CARGO_HOME=/opt/rustwide/cargo-home" "-e" "RUSTUP_HOME=/opt/rustwide/rustup-home" "-e" "CARGO_TARGET_DIR=/opt/rustwide/target" "-e" "CARGO_INCREMENTAL=0" "-e" "RUST_BACKTRACE=full" "-e" "RUSTFLAGS=--cap-lints=warn" "-e" "RUSTDOCFLAGS=--cap-lints=warn" "-w" "/opt/rustwide/workdir" "--user" "0:0" "4daae577c4a272869abf112f71719952ebcda20d1b1cdd3bd65f92a96e8ce6c3" "/opt/rustwide/cargo-home/bin/cargo" "+1.99.0-beta.8" "test" "--frozen" "--no-run" "--message-format=json" "--release", kill_on_drop: false }`
[INFO] [stderr]    Compiling suma_ulsa v0.1.0 (/opt/rustwide/workdir)
[INFO] [stdout] warning: unused variable: `py`
[INFO] [stdout]    --> src/bindings/boolean_algebra.rs:195:23
[INFO] [stdout]     |
[INFO] [stdout] 195 |     fn summary(&self, py: Python<'_>) -> PyResult<Py<PyDict>> {
[INFO] [stdout]     |                       ^^ help: if this is intentional, prefix it with an underscore: `_py`
[INFO] [stdout]     |
[INFO] [stdout]     = note: `#[warn(unused_variables)]` (part of `#[warn(unused)]`) on by default
[INFO] [stdout] 
[INFO] [stdout] 
[INFO] [stdout] warning: unused variable: `py`
[INFO] [stdout]    --> src/bindings/boolean_algebra.rs:222:68
[INFO] [stdout]     |
[INFO] [stdout] 222 |     fn filter(&self, column: String, predicate: &Bound<'_, PyAny>, py: Python<'_>) -> PyResult<Self> {
[INFO] [stdout]     |                                                                    ^^ help: if this is intentional, prefix it with an underscore: `_py`
[INFO] [stdout] 
[INFO] [stdout] 
[INFO] [stdout] error: linking with `cc` failed: exit status: 1
[INFO] [stdout]   |
[INFO] [stdout]   = note:  "cc" "-m64" "/opt/rustwide/target/release/deps/rustcVgMUNU/symbols.o" "<17 object files omitted>" "-Wl,--as-needed" "-Wl,-Bstatic" "<sysroot>/lib/rustlib/x86_64-unknown-linux-gnu/lib/{libtest-*,libgetopts-*,librustc_std_workspace_std-*}.rlib" "/opt/rustwide/target/release/deps/{libtempfile-eb5a4eb380ef87d3,libgetrandom-2e7c8c685ff9168f,libfastrand-5dc4782a6c638eb6,librustix-c191970437780fa5,libbitflags-51f83808e3d25d0a,liblinux_raw_sys-acf0a64239d0c97f,librust_xlsxwriter-214d5ece4be1cf9f,libregex-75ffa2a584f1fe3b,libregex_automata-a47a060a0ee7444d,libaho_corasick-7497f49ed4131eac,libregex_syntax-af27cc34d60aa0a0,libzip-17b24bd75ef25769,libzopfli-fa74fc8d29bbd249,libbumpalo-f24781512c5c2b30,liblog-83692528adb440c9,libflate2-f323fba913e5c84b,libminiz_oxide-952ea2522ce33cbc,libsimd_adler32-bf7f10e7deecf981,libthiserror-1ec6b4ed736b5744,libcrc32fast-86d064ece648b0a6,libcfg_if-5732471c02c4c133,libserde_json-10a2649c078ca589,libindexmap-f5577a12577d86d9,libequivalent-26a0d6a3c1145f1b,libhashbrown-f050754af7e5a979,libserde-c8f319a1de7d723f,libcsv-623cb0222b92899a,libryu-85b27257faa1b487,libitoa-6ac79ecd3493b3ff,libcsv_core-570937bef34de759,libmemchr-f5475d219327462e,libserde_core-308f19e2c1b04c4a,libordered_float-60cde672e20609b2,libnum_traits-af66b93df6dcecf9,libpyo3-e7b7837d832fa7ea,libonce_cell-35d4cc1b6bbf4e72,libpyo3_ffi-c5c59185e3a8c9d0,liblibc-c01a236730e2bc9f,libmemoffset-f78b5bb6cb58d3d0,libunindent-10f59537ed93d6a4}.rlib" "<sysroot>/lib/rustlib/x86_64-unknown-linux-gnu/lib/{libstd-*,libpanic_unwind-*,libobject-*,libmemchr-*,libaddr2line-*,libgimli-*,libcfg_if-*,librustc_demangle-*,libstd_detect-*,libhashbrown-*,librustc_std_workspace_alloc-*,libminiz_oxide-*,libadler2-*,libunwind-*,liblibc-*,librustc_std_workspace_core-*,liballoc-*,libcore-*,libcompiler_builtins-*}.rlib" "-Wl,-Bdynamic" "-lgcc_s" "-lutil" "-lrt" "-lpthread" "-lm" "-ldl" "-lc" "-L" "/opt/rustwide/target/release/deps/rustcVgMUNU/raw-dylibs" "-B<sysroot>/lib/rustlib/x86_64-unknown-linux-gnu/bin/gcc-ld" "-fuse-ld=lld" "-Wl,--eh-frame-hdr" "-Wl,-z,noexecstack" "-L" "<sysroot>/lib/rustlib/x86_64-unknown-linux-gnu/lib" "-o" "/opt/rustwide/target/release/deps/suma_ulsa_native-404f692a37d5244f" "-Wl,--gc-sections" "-pie" "-Wl,-z,relro,-z,now" "-Wl,-O1" "-Wl,--strip-debug" "-nodefaultlibs"
[INFO] [stdout]   = note: some arguments are omitted. use `--verbose` to show all linker arguments
[INFO] [stdout]   = note: rust-lld: error: undefined symbol: PyExc_ValueError
[INFO] [stdout]           >>> referenced by suma_ulsa_native.69e5a8e36ae7e5ba-cgu.02
[INFO] [stdout]           >>>               /opt/rustwide/target/release/deps/suma_ulsa_native-404f692a37d5244f.suma_ulsa_native.69e5a8e36ae7e5ba-cgu.02.rcgu.o:(<<pyo3::err::PyErr>::new<pyo3::exceptions::PyValueError, alloc::string::String>::{closure#0} as core::ops::function::FnOnce<(pyo3::marker::Python,)>>::call_once::{shim:vtable#0} (.llvm.10066617093423982760))
[INFO] [stdout]           >>> referenced by suma_ulsa_native.69e5a8e36ae7e5ba-cgu.02
[INFO] [stdout]           >>>               /opt/rustwide/target/release/deps/suma_ulsa_native-404f692a37d5244f.suma_ulsa_native.69e5a8e36ae7e5ba-cgu.02.rcgu.o:(<<pyo3::err::PyErr>::new<pyo3::exceptions::PyValueError, &str>::{closure#0} as core::ops::function::FnOnce<(pyo3::marker::Python,)>>::call_once::{shim:vtable#0} (.llvm.10066617093423982760))
[INFO] [stdout]           
[INFO] [stdout]           rust-lld: error: undefined symbol: PyExc_SystemError
[INFO] [stdout]           >>> referenced by pyo3.e489d40291c01242-cgu.00
[INFO] [stdout]           >>>               pyo3-e7b7837d832fa7ea.pyo3.e489d40291c01242-cgu.00.rcgu.o:(<<pyo3::err::PyErr>::new<pyo3::exceptions::PySystemError, &str>::{closure#0} as core::ops::function::FnOnce<(pyo3::marker::Python,)>>::call_once::{shim:vtable#0} (.llvm.3436563052352032201)) in archive /opt/rustwide/target/release/deps/libpyo3-e7b7837d832fa7ea.rlib
[INFO] [stdout]           >>> referenced by pyo3.e489d40291c01242-cgu.01
[INFO] [stdout]           >>>               pyo3-e7b7837d832fa7ea.pyo3.e489d40291c01242-cgu.01.rcgu.o:(<<pyo3::err::PyErr>::new<pyo3::exceptions::PySystemError, &str>::{closure#0} as core::ops::function::FnOnce<(pyo3::marker::Python,)>>::call_once::{shim:vtable#0} (.llvm.16654128018405991563)) in archive /opt/rustwide/target/release/deps/libpyo3-e7b7837d832fa7ea.rlib
[INFO] [stdout]           >>> referenced by pyo3.e489d40291c01242-cgu.05
[INFO] [stdout]           >>>               pyo3-e7b7837d832fa7ea.pyo3.e489d40291c01242-cgu.05.rcgu.o:(<<pyo3::err::PyErr>::new<pyo3::exceptions::PySystemError, &str>::{closure#0} as core::ops::function::FnOnce<(pyo3::marker::Python,)>>::call_once::{shim:vtable#0} (.llvm.11126281932888955165)) in archive /opt/rustwide/target/release/deps/libpyo3-e7b7837d832fa7ea.rlib
[INFO] [stdout]           >>> referenced 1 more times
[INFO] [stdout]           
[INFO] [stdout]           rust-lld: error: undefined symbol: PyUnicode_FromStringAndSize
[INFO] [stdout]           >>> referenced by pyo3.e489d40291c01242-cgu.00
[INFO] [stdout]           >>>               pyo3-e7b7837d832fa7ea.pyo3.e489d40291c01242-cgu.00.rcgu.o:(<<pyo3::err::PyErr>::new<pyo3::exceptions::PySystemError, &str>::{closure#0} as core::ops::function::FnOnce<(pyo3::marker::Python,)>>::call_once::{shim:vtable#0} (.llvm.3436563052352032201)) in archive /opt/rustwide/target/release/deps/libpyo3-e7b7837d832fa7ea.rlib
[INFO] [stdout]           >>> referenced by pyo3.e489d40291c01242-cgu.04
[INFO] [stdout]           >>>               pyo3-e7b7837d832fa7ea.pyo3.e489d40291c01242-cgu.04.rcgu.o:(<alloc::string::String as pyo3::conversion::IntoPyObject>::into_pyobject) in archive /opt/rustwide/target/release/deps/libpyo3-e7b7837d832fa7ea.rlib
[INFO] [stdout]           >>> referenced by pyo3.e489d40291c01242-cgu.01
[INFO] [stdout]           >>>               pyo3-e7b7837d832fa7ea.pyo3.e489d40291c01242-cgu.01.rcgu.o:(<<pyo3::err::PyErr>::new<pyo3::exceptions::PySystemError, &str>::{closure#0} as core::ops::function::FnOnce<(pyo3::marker::Python,)>>::call_once::{shim:vtable#0} (.llvm.16654128018405991563)) in archive /opt/rustwide/target/release/deps/libpyo3-e7b7837d832fa7ea.rlib
[INFO] [stdout]           >>> referenced 6 more times
[INFO] [stdout]           
[INFO] [stdout]           rust-lld: error: undefined symbol: _Py_Dealloc
[INFO] [stdout]           >>> referenced by pyo3.e489d40291c01242-cgu.01
[INFO] [stdout]           >>>               pyo3-e7b7837d832fa7ea.pyo3.e489d40291c01242-cgu.01.rcgu.o:(core::ptr::drop_glue::<core::result::Result<pyo3::instance::Bound<pyo3::types::string::PyString>, pyo3::err::PyErr>>) in archive /opt/rustwide/target/release/deps/libpyo3-e7b7837d832fa7ea.rlib
[INFO] [stdout]           >>> referenced by pyo3.e489d40291c01242-cgu.01
[INFO] [stdout]           >>>               pyo3-e7b7837d832fa7ea.pyo3.e489d40291c01242-cgu.01.rcgu.o:(core::ptr::drop_glue::<pyo3::instance::Bound<pyo3::exceptions::PyBaseException>>) in archive /opt/rustwide/target/release/deps/libpyo3-e7b7837d832fa7ea.rlib
[INFO] [stdout]           >>> referenced by pyo3.e489d40291c01242-cgu.00
[INFO] [stdout]           >>>               pyo3-e7b7837d832fa7ea.pyo3.e489d40291c01242-cgu.00.rcgu.o:(<pyo3::instance::Borrowed<pyo3::types::string::PyString>>::to_string_lossy (.llvm.3436563052352032201)) in archive /opt/rustwide/target/release/deps/libpyo3-e7b7837d832fa7ea.rlib
[INFO] [stdout]           >>> referenced 30 more times
[INFO] [stdout]           
[INFO] [stdout]           rust-lld: error: undefined symbol: PyUnicode_AsEncodedString
[INFO] [stdout]           >>> referenced by pyo3.e489d40291c01242-cgu.00
[INFO] [stdout]           >>>               pyo3-e7b7837d832fa7ea.pyo3.e489d40291c01242-cgu.00.rcgu.o:(<pyo3::instance::Borrowed<pyo3::types::string::PyString>>::to_string_lossy (.llvm.3436563052352032201)) in archive /opt/rustwide/target/release/deps/libpyo3-e7b7837d832fa7ea.rlib
[INFO] [stdout]           
[INFO] [stdout]           rust-lld: error: undefined symbol: PyBytes_AsString
[INFO] [stdout]           >>> referenced by pyo3.e489d40291c01242-cgu.00
[INFO] [stdout]           >>>               pyo3-e7b7837d832fa7ea.pyo3.e489d40291c01242-cgu.00.rcgu.o:(<pyo3::instance::Borrowed<pyo3::types::string::PyString>>::to_string_lossy (.llvm.3436563052352032201)) in archive /opt/rustwide/target/release/deps/libpyo3-e7b7837d832fa7ea.rlib
[INFO] [stdout]           
[INFO] [stdout]           rust-lld: error: undefined symbol: PyBytes_Size
[INFO] [stdout]           >>> referenced by pyo3.e489d40291c01242-cgu.00
[INFO] [stdout]           >>>               pyo3-e7b7837d832fa7ea.pyo3.e489d40291c01242-cgu.00.rcgu.o:(<pyo3::instance::Borrowed<pyo3::types::string::PyString>>::to_string_lossy (.llvm.3436563052352032201)) in archive /opt/rustwide/target/release/deps/libpyo3-e7b7837d832fa7ea.rlib
[INFO] [stdout]           
[INFO] [stdout]           rust-lld: error: undefined symbol: PyUnicode_AsUTF8AndSize
[INFO] [stdout]           >>> referenced by pyo3.e489d40291c01242-cgu.00
[INFO] [stdout]           >>>               pyo3-e7b7837d832fa7ea.pyo3.e489d40291c01242-cgu.00.rcgu.o:(<pyo3::instance::Borrowed<pyo3::types::string::PyString>>::to_str) in archive /opt/rustwide/target/release/deps/libpyo3-e7b7837d832fa7ea.rlib
[INFO] [stdout]           
[INFO] [stdout]           rust-lld: error: undefined symbol: PyErr_SetRaisedException
[INFO] [stdout]           >>> referenced by pyo3.e489d40291c01242-cgu.00
[INFO] [stdout]           >>>               pyo3-e7b7837d832fa7ea.pyo3.e489d40291c01242-cgu.00.rcgu.o:(pyo3::instance::python_format) in archive /opt/rustwide/target/release/deps/libpyo3-e7b7837d832fa7ea.rlib
[INFO] [stdout]           >>> referenced by pyo3.e489d40291c01242-cgu.01
[INFO] [stdout]           >>>               pyo3-e7b7837d832fa7ea.pyo3.e489d40291c01242-cgu.01.rcgu.o:(<pyo3::err::PyErr>::print_panic_and_unwind (.llvm.16654128018405991563)) in archive /opt/rustwide/target/release/deps/libpyo3-e7b7837d832fa7ea.rlib
[INFO] [stdout]           >>> referenced by pyo3.e489d40291c01242-cgu.01
[INFO] [stdout]           >>>               pyo3-e7b7837d832fa7ea.pyo3.e489d40291c01242-cgu.01.rcgu.o:(<pyo3::err::PyErr as core::fmt::Debug>::fmt) in archive /opt/rustwide/target/release/deps/libpyo3-e7b7837d832fa7ea.rlib
[INFO] [stdout]           
[INFO] [stdout]           rust-lld: error: undefined symbol: PyExc_TypeError
[INFO] [stdout]           >>> referenced by pyo3.e489d40291c01242-cgu.01
[INFO] [stdout]           >>>               pyo3-e7b7837d832fa7ea.pyo3.e489d40291c01242-cgu.01.rcgu.o:(<<pyo3::err::PyErr>::new<pyo3::exceptions::PyTypeError, pyo3::err::PyDowncastErrorArguments>::{closure#0} as core::ops::function::FnOnce<(pyo3::marker::Python,)>>::call_once::{shim:vtable#0} (.llvm.16654128018405991563)) in archive /opt/rustwide/target/release/deps/libpyo3-e7b7837d832fa7ea.rlib
[INFO] [stdout]           >>> referenced by pyo3.e489d40291c01242-cgu.09
[INFO] [stdout]           >>>               pyo3-e7b7837d832fa7ea.pyo3.e489d40291c01242-cgu.09.rcgu.o:(pyo3::err::err_state::raise_lazy (.llvm.1204251927680081097)) in archive /opt/rustwide/target/release/deps/libpyo3-e7b7837d832fa7ea.rlib
[INFO] [stdout]           
[INFO] [stdout]           rust-lld: error: undefined symbol: PyErr_WriteUnraisable
[INFO] [stdout]           >>> referenced by pyo3.e489d40291c01242-cgu.00
[INFO] [stdout]           >>>               pyo3-e7b7837d832fa7ea.pyo3.e489d40291c01242-cgu.00.rcgu.o:(pyo3::instance::python_format) in archive /opt/rustwide/target/release/deps/libpyo3-e7b7837d832fa7ea.rlib
[INFO] [stdout]           >>> referenced by pyo3.e489d40291c01242-cgu.01
[INFO] [stdout]           >>>               pyo3-e7b7837d832fa7ea.pyo3.e489d40291c01242-cgu.01.rcgu.o:(<pyo3::err::PyErr as core::fmt::Debug>::fmt) in archive /opt/rustwide/target/release/deps/libpyo3-e7b7837d832fa7ea.rlib
[INFO] [stdout]           
[INFO] [stdout]           rust-lld: error: undefined symbol: Py_TYPE
[INFO] [stdout]           >>> referenced by pyo3.e489d40291c01242-cgu.00
[INFO] [stdout]           >>>               pyo3-e7b7837d832fa7ea.pyo3.e489d40291c01242-cgu.00.rcgu.o:(pyo3::instance::python_format) in archive /opt/rustwide/target/release/deps/libpyo3-e7b7837d832fa7ea.rlib
[INFO] [stdout]           >>> referenced by pyo3.e489d40291c01242-cgu.01
[INFO] [stdout]           >>>               pyo3-e7b7837d832fa7ea.pyo3.e489d40291c01242-cgu.01.rcgu.o:(<pyo3::err::PyErr>::take) in archive /opt/rustwide/target/release/deps/libpyo3-e7b7837d832fa7ea.rlib
[INFO] [stdout]           >>> referenced by pyo3.e489d40291c01242-cgu.00
[INFO] [stdout]           >>>               pyo3-e7b7837d832fa7ea.pyo3.e489d40291c01242-cgu.00.rcgu.o:(<pyo3::instance::Bound<pyo3::types::traceback::PyTraceback> as pyo3::types::traceback::PyTracebackMethods>::format) in archive /opt/rustwide/target/release/deps/libpyo3-e7b7837d832fa7ea.rlib
[INFO] [stdout]           >>> referenced 3 more times
[INFO] [stdout]           
[INFO] [stdout]           rust-lld: error: undefined symbol: PyType_GetName
[INFO] [stdout]           >>> referenced by pyo3.e489d40291c01242-cgu.00
[INFO] [stdout]           >>>               pyo3-e7b7837d832fa7ea.pyo3.e489d40291c01242-cgu.00.rcgu.o:(pyo3::instance::python_format) in archive /opt/rustwide/target/release/deps/libpyo3-e7b7837d832fa7ea.rlib
[INFO] [stdout]           
[INFO] [stdout]           rust-lld: error: undefined symbol: PyErr_PrintEx
[INFO] [stdout]           >>> referenced by pyo3.e489d40291c01242-cgu.01
[INFO] [stdout]           >>>               pyo3-e7b7837d832fa7ea.pyo3.e489d40291c01242-cgu.01.rcgu.o:(<pyo3::err::PyErr>::print_panic_and_unwind (.llvm.16654128018405991563)) in archive /opt/rustwide/target/release/deps/libpyo3-e7b7837d832fa7ea.rlib
[INFO] [stdout]           
[INFO] [stdout]           rust-lld: error: undefined symbol: PyErr_GetRaisedException
[INFO] [stdout]           >>> referenced by pyo3.e489d40291c01242-cgu.01
[INFO] [stdout]           >>>               pyo3-e7b7837d832fa7ea.pyo3.e489d40291c01242-cgu.01.rcgu.o:(<pyo3::err::PyErr>::take) in archive /opt/rustwide/target/release/deps/libpyo3-e7b7837d832fa7ea.rlib
[INFO] [stdout]           >>> referenced by pyo3.e489d40291c01242-cgu.09
[INFO] [stdout]           >>>               pyo3-e7b7837d832fa7ea.pyo3.e489d40291c01242-cgu.09.rcgu.o:(<std::sync::once::Once>::call_once::<<pyo3::err::err_state::PyErrState>::make_normalized::{closure#0}::{closure#0}>::{closure#0}) in archive /opt/rustwide/target/release/deps/libpyo3-e7b7837d832fa7ea.rlib
[INFO] [stdout]           
[INFO] [stdout]           rust-lld: error: undefined symbol: PyErr_Print
[INFO] [stdout]           >>> referenced by pyo3.e489d40291c01242-cgu.01
[INFO] [stdout]           >>>               pyo3-e7b7837d832fa7ea.pyo3.e489d40291c01242-cgu.01.rcgu.o:(pyo3::err::panic_after_error) in archive /opt/rustwide/target/release/deps/libpyo3-e7b7837d832fa7ea.rlib
[INFO] [stdout]           
[INFO] [stdout]           rust-lld: error: undefined symbol: PyImport_Import
[INFO] [stdout]           >>> referenced by pyo3.e489d40291c01242-cgu.00
[INFO] [stdout]           >>>               pyo3-e7b7837d832fa7ea.pyo3.e489d40291c01242-cgu.00.rcgu.o:(<pyo3::instance::Bound<pyo3::types::traceback::PyTraceback> as pyo3::types::traceback::PyTracebackMethods>::format) in archive /opt/rustwide/target/release/deps/libpyo3-e7b7837d832fa7ea.rlib
[INFO] [stdout]           >>> referenced by pyo3.e489d40291c01242-cgu.00
[INFO] [stdout]           >>>               pyo3-e7b7837d832fa7ea.pyo3.e489d40291c01242-cgu.00.rcgu.o:(<pyo3::instance::Bound<pyo3::types::traceback::PyTraceback> as pyo3::types::traceback::PyTracebackMethods>::format) in archive /opt/rustwide/target/release/deps/libpyo3-e7b7837d832fa7ea.rlib
[INFO] [stdout]           
[INFO] [stdout]           rust-lld: error: undefined symbol: PyObject_GetAttr
[INFO] [stdout]           >>> referenced by pyo3.e489d40291c01242-cgu.00
[INFO] [stdout]           >>>               pyo3-e7b7837d832fa7ea.pyo3.e489d40291c01242-cgu.00.rcgu.o:(<pyo3::instance::Bound<pyo3::types::traceback::PyTraceback> as pyo3::types::traceback::PyTracebackMethods>::format) in archive /opt/rustwide/target/release/deps/libpyo3-e7b7837d832fa7ea.rlib
[INFO] [stdout]           >>> referenced by pyo3.e489d40291c01242-cgu.00
[INFO] [stdout]           >>>               pyo3-e7b7837d832fa7ea.pyo3.e489d40291c01242-cgu.00.rcgu.o:(<pyo3::instance::Bound<pyo3::types::traceback::PyTraceback> as pyo3::types::traceback::PyTracebackMethods>::format) in archive /opt/rustwide/target/release/deps/libpyo3-e7b7837d832fa7ea.rlib
[INFO] [stdout]           
[INFO] [stdout]           rust-lld: error: undefined symbol: PyObject_CallNoArgs
[INFO] [stdout]           >>> referenced by pyo3.e489d40291c01242-cgu.00
[INFO] [stdout]           >>>               pyo3-e7b7837d832fa7ea.pyo3.e489d40291c01242-cgu.00.rcgu.o:(<pyo3::instance::Bound<pyo3::types::traceback::PyTraceback> as pyo3::types::traceback::PyTracebackMethods>::format) in archive /opt/rustwide/target/release/deps/libpyo3-e7b7837d832fa7ea.rlib
[INFO] [stdout]           >>> referenced by pyo3.e489d40291c01242-cgu.00
[INFO] [stdout]           >>>               pyo3-e7b7837d832fa7ea.pyo3.e489d40291c01242-cgu.00.rcgu.o:(<pyo3::instance::Bound<pyo3::types::traceback::PyTraceback> as pyo3::types::traceback::PyTracebackMethods>::format) in archive /opt/rustwide/target/release/deps/libpyo3-e7b7837d832fa7ea.rlib
[INFO] [stdout]           
[INFO] [stdout]           rust-lld: error: undefined symbol: PyTraceBack_Print
[INFO] [stdout]           >>> referenced by pyo3.e489d40291c01242-cgu.00
[INFO] [stdout]           >>>               pyo3-e7b7837d832fa7ea.pyo3.e489d40291c01242-cgu.00.rcgu.o:(<pyo3::instance::Bound<pyo3::types::traceback::PyTraceback> as pyo3::types::traceback::PyTracebackMethods>::format) in archive /opt/rustwide/target/release/deps/libpyo3-e7b7837d832fa7ea.rlib
[INFO] [stdout]           
[INFO] [stdout]           rust-lld: error: too many errors emitted, stopping now (use --error-limit=0 to see all errors)
[INFO] [stdout]           collect2: error: ld returned 1 exit status
[INFO] [stdout]           
[INFO] [stdout] 
[INFO] [stdout] 
[INFO] [stderr] error: could not compile `suma_ulsa` (lib test) due to 1 previous error; 2 warnings emitted
[INFO] running `Command { std: "docker" "inspect" "4daae577c4a272869abf112f71719952ebcda20d1b1cdd3bd65f92a96e8ce6c3", kill_on_drop: false }`
[INFO] running `Command { std: "docker" "rm" "-f" "4daae577c4a272869abf112f71719952ebcda20d1b1cdd3bd65f92a96e8ce6c3", kill_on_drop: false }`
[INFO] [stdout] 4daae577c4a272869abf112f71719952ebcda20d1b1cdd3bd65f92a96e8ce6c3
