[INFO] fetching crate subxt-core 0.44.3...
[INFO] testing subxt-core-0.44.3 against 1.100.0-beta.1+cargoflags=--release for beta-release-1.100-2
[INFO] extracting crate subxt-core 0.44.3 into /workspace/builds/worker-1-tc2/source
[INFO] started tweaking crates.io crate subxt-core 0.44.3
[INFO] finished tweaking crates.io crate subxt-core 0.44.3
[INFO] tweaked toml for crates.io crate subxt-core 0.44.3 written to /workspace/builds/worker-1-tc2/source/Cargo.toml
[INFO] validating manifest of crates.io crate subxt-core 0.44.3 on toolchain 1.100.0-beta.1
[INFO] running `Command { std: CARGO_HOME="/workspace/cargo-home" RUSTUP_HOME="/workspace/rustup-home" "/workspace/cargo-home/bin/cargo" "+1.100.0-beta.1" "metadata" "--manifest-path" "Cargo.toml" "--no-deps", kill_on_drop: false }`
[INFO] crate crates.io crate subxt-core 0.44.3 already has a lockfile, it will not be regenerated
[INFO] running `Command { std: CARGO_HOME="/workspace/cargo-home" RUSTUP_HOME="/workspace/rustup-home" "/workspace/cargo-home/bin/cargo" "+1.100.0-beta.1" "fetch" "--manifest-path" "Cargo.toml", kill_on_drop: false }`
[INFO] running `Command { std: "docker" "create" "-v" "/var/lib/crater-agent-workspace/builds/worker-1-tc2/source:/opt/rustwide/workdir:ro,Z" "-v" "/var/lib/crater-agent-workspace/builds/worker-1-tc2/target:/opt/rustwide/target:rw,Z" "-v" "/var/lib/crater-agent-workspace/cargo-home:/opt/rustwide/cargo-home:ro,Z" "-v" "/var/lib/crater-agent-workspace/rustup-home:/opt/rustwide/rustup-home:ro,Z" "-m" "1610612736" "--network" "none" "ghcr.io/rust-lang/crates-build-env/linux@sha256:77db811e55d90add9212f6832c23229e3de5f1c1f9905e8cb07319ea15df73ac" "sleep" "infinity", kill_on_drop: false }`
[INFO] [stdout] c7336daaed693b6285f9d5cb91c2d1ee716b2c1125e1c107c05c16be6cbbb485
[INFO] running `Command { std: "docker" "start" "c7336daaed693b6285f9d5cb91c2d1ee716b2c1125e1c107c05c16be6cbbb485", kill_on_drop: false }`
[INFO] running `Command { std: "docker" "inspect" "c7336daaed693b6285f9d5cb91c2d1ee716b2c1125e1c107c05c16be6cbbb485", kill_on_drop: false }`
[INFO] running `Command { std: "docker" "exec" "-e" "SOURCE_DIR=/opt/rustwide/workdir" "-e" "CARGO_HOME=/opt/rustwide/cargo-home" "-e" "RUSTUP_HOME=/opt/rustwide/rustup-home" "-e" "CARGO_TARGET_DIR=/opt/rustwide/target" "-w" "/opt/rustwide/workdir" "--user" "0:0" "c7336daaed693b6285f9d5cb91c2d1ee716b2c1125e1c107c05c16be6cbbb485" "/opt/rustwide/cargo-home/bin/cargo" "+1.100.0-beta.1" "metadata" "--no-deps" "--format-version=1", kill_on_drop: false }`
[INFO] running `Command { std: "docker" "inspect" "c7336daaed693b6285f9d5cb91c2d1ee716b2c1125e1c107c05c16be6cbbb485", kill_on_drop: false }`
[INFO] running `Command { std: "docker" "exec" "-e" "SOURCE_DIR=/opt/rustwide/workdir" "-e" "CARGO_HOME=/opt/rustwide/cargo-home" "-e" "RUSTUP_HOME=/opt/rustwide/rustup-home" "-e" "CARGO_TARGET_DIR=/opt/rustwide/target" "-e" "CARGO_INCREMENTAL=0" "-e" "RUST_BACKTRACE=full" "-e" "RUSTFLAGS=--cap-lints=warn" "-e" "RUSTDOCFLAGS=--cap-lints=warn" "-w" "/opt/rustwide/workdir" "--user" "0:0" "c7336daaed693b6285f9d5cb91c2d1ee716b2c1125e1c107c05c16be6cbbb485" "/opt/rustwide/cargo-home/bin/cargo" "+1.100.0-beta.1" "build" "--frozen" "--message-format=json" "--release", kill_on_drop: false }`
[INFO] [stderr]    Compiling syn v2.0.101
[INFO] [stderr]    Compiling hashbrown v0.15.3
[INFO] [stderr]    Compiling winnow v0.7.10
[INFO] [stderr]    Compiling toml_datetime v0.6.9
[INFO] [stderr]    Compiling serde v1.0.219
[INFO] [stderr]    Compiling zerocopy v0.8.25
[INFO] [stderr]    Compiling libc v0.2.172
[INFO] [stderr]    Compiling typenum v1.18.0
[INFO] [stderr]    Compiling byte-slice-cast v1.2.3
[INFO] [stderr]    Compiling const_format_proc_macros v0.2.34
[INFO] [stderr]    Compiling crunchy v0.2.3
[INFO] [stderr]    Compiling parity-scale-codec v3.7.4
[INFO] [stderr]    Compiling bitvec v1.0.1
[INFO] [stderr]    Compiling byteorder v1.5.0
[INFO] [stderr]    Compiling hex v0.4.3
[INFO] [stderr]    Compiling rustc-hex v2.1.0
[INFO] [stderr]    Compiling smallvec v1.15.0
[INFO] [stderr]    Compiling thiserror v2.0.12
[INFO] [stderr]    Compiling ahash v0.8.12
[INFO] [stderr]    Compiling constant_time_eq v0.3.1
[INFO] [stderr]    Compiling blake2b_simd v1.0.3
[INFO] [stderr]    Compiling tiny-keccak v2.0.2
[INFO] [stderr]    Compiling uint v0.10.0
[INFO] [stderr]    Compiling serde_json v1.0.140
[INFO] [stderr]    Compiling tracing-core v0.1.33
[INFO] [stderr]    Compiling either v1.15.0
[INFO] [stderr]    Compiling base58 v0.2.0
[INFO] [stderr]    Compiling const_format v0.2.34
[INFO] [stderr]    Compiling getrandom v0.2.16
[INFO] [stderr]    Compiling indexmap v2.9.0
[INFO] [stderr]    Compiling tracing v0.1.41
[INFO] [stderr]    Compiling rand_core v0.6.4
[INFO] [stderr]    Compiling generic-array v0.14.7
[INFO] [stderr]    Compiling block-buffer v0.10.4
[INFO] [stderr]    Compiling crypto-common v0.1.6
[INFO] [stderr]    Compiling digest v0.10.7
[INFO] [stderr]    Compiling toml_edit v0.22.26
[INFO] [stderr]    Compiling sha3 v0.10.8
[INFO] [stderr]    Compiling sha2 v0.10.9
[INFO] [stderr]    Compiling blake2 v0.10.6
[INFO] [stderr]    Compiling ppv-lite86 v0.2.21
[INFO] [stderr]    Compiling hashbrown v0.14.5
[INFO] [stderr]    Compiling rand_chacha v0.3.1
[INFO] [stderr]    Compiling rand v0.8.5
[INFO] [stderr]    Compiling fixed-hash v0.8.0
[INFO] [stderr]    Compiling twox-hash v1.6.3
[INFO] [stderr]    Compiling proc-macro-crate v3.3.0
[INFO] [stderr]    Compiling sp-crypto-hashing v0.1.0
[INFO] [stderr]    Compiling darling_core v0.20.11
[INFO] [stderr]    Compiling serde_derive v1.0.219
[INFO] [stderr]    Compiling parity-scale-codec-derive v3.7.4
[INFO] [stderr]    Compiling impl-trait-for-tuples v0.2.3
[INFO] [stderr]    Compiling derive_more-impl v1.0.0
[INFO] [stderr]    Compiling scale-info-derive v2.11.6
[INFO] [stderr]    Compiling thiserror-impl v2.0.12
[INFO] [stderr]    Compiling derive-where v1.4.0
[INFO] [stderr]    Compiling darling_macro v0.20.11
[INFO] [stderr]    Compiling derive_more v1.0.0
[INFO] [stderr]    Compiling darling v0.20.11
[INFO] [stderr]    Compiling scale-decode-derive v0.16.0
[INFO] [stderr]    Compiling scale-encode-derive v0.10.0
[INFO] [stderr]    Compiling impl-serde v0.5.0
[INFO] [stderr]    Compiling scale-info v2.11.6
[INFO] [stderr]    Compiling impl-codec v0.7.1
[INFO] [stderr]    Compiling scale-type-resolver v0.2.0
[INFO] [stderr]    Compiling primitive-types v0.13.1
[INFO] [stderr]    Compiling frame-metadata v23.0.0
[INFO] [stderr]    Compiling scale-bits v0.7.0
[INFO] [stderr]    Compiling scale-decode v0.16.0
[INFO] [stderr]    Compiling scale-encode v0.10.0
[INFO] [stderr]    Compiling keccak-hash v0.11.0
[INFO] [stderr]    Compiling frame-decode v0.9.0
[INFO] [stderr]    Compiling scale-value v0.18.0
[INFO] [stderr]    Compiling subxt-metadata v0.44.3
[INFO] [stderr]    Compiling subxt-core v0.44.3 (/opt/rustwide/workdir)
[INFO] [stdout] warning: lint `no_mangle_generic_items` has been removed: converted into hard error, generic items must always be mangled
[INFO] [stdout]   |
[INFO] [stdout]   = note: requested on the command line with `-D no_mangle_generic_items`
[INFO] [stdout]   = note: `#[warn(renamed_and_removed_lints)]` on by default
[INFO] [stdout] 
[INFO] [stdout] 
[INFO] [stdout] warning: `Eq::assert_receiver_is_total_eq` should never be implemented by hand
[INFO] [stdout]   --> src/constants/address.rs:34:1
[INFO] [stdout]    |
[INFO] [stdout] 34 | #[derive_where(Clone, Debug, PartialOrd, Ord, PartialEq, Eq)]
[INFO] [stdout]    | ^^^^^^^^^^^^^^^^^^^^^^^^^^^^^^^^^^^^^^^^^^^^^^^^^^^^^^^^^^^^^
[INFO] [stdout]    |
[INFO] [stdout]    = note: this method was used to add checks to the `Eq` derive macro
[INFO] [stdout]    = warning: this was previously accepted by the compiler but is being phased out; it will become a hard error in a future release!
[INFO] [stdout]    = note: for more information, see issue #152336 <https://github.com/rust-lang/rust/issues/152336>
[INFO] [stdout]    = note: `#[warn(internal_eq_trait_method_impls)]` (part of `#[warn(future_incompatible)]`) on by default
[INFO] [stdout]    = note: this warning originates in the derive macro `::derive_where::DeriveWhere` (in Nightly builds, run with -Z macro-backtrace for more info)
[INFO] [stdout] 
[INFO] [stdout] 
[INFO] [stdout] warning: `Eq::assert_receiver_is_total_eq` should never be implemented by hand
[INFO] [stdout]   --> src/custom_values/address.rs:43:1
[INFO] [stdout]    |
[INFO] [stdout] 43 | #[derive_where(Clone, Debug, PartialOrd, Ord, PartialEq, Eq)]
[INFO] [stdout]    | ^^^^^^^^^^^^^^^^^^^^^^^^^^^^^^^^^^^^^^^^^^^^^^^^^^^^^^^^^^^^^
[INFO] [stdout]    |
[INFO] [stdout]    = note: this method was used to add checks to the `Eq` derive macro
[INFO] [stdout]    = warning: this was previously accepted by the compiler but is being phased out; it will become a hard error in a future release!
[INFO] [stdout]    = note: for more information, see issue #152336 <https://github.com/rust-lang/rust/issues/152336>
[INFO] [stdout]    = note: this warning originates in the derive macro `::derive_where::DeriveWhere` (in Nightly builds, run with -Z macro-backtrace for more info)
[INFO] [stdout] 
[INFO] [stdout] 
[INFO] [stdout] warning: `Eq::assert_receiver_is_total_eq` should never be implemented by hand
[INFO] [stdout]   --> src/runtime_api/payload.rs:77:1
[INFO] [stdout]    |
[INFO] [stdout] 77 | #[derive_where(Clone, Debug, Eq, Ord, PartialEq, PartialOrd; ArgsData)]
[INFO] [stdout]    | ^^^^^^^^^^^^^^^^^^^^^^^^^^^^^^^^^^^^^^^^^^^^^^^^^^^^^^^^^^^^^^^^^^^^^^^
[INFO] [stdout]    |
[INFO] [stdout]    = note: this method was used to add checks to the `Eq` derive macro
[INFO] [stdout]    = warning: this was previously accepted by the compiler but is being phased out; it will become a hard error in a future release!
[INFO] [stdout]    = note: for more information, see issue #152336 <https://github.com/rust-lang/rust/issues/152336>
[INFO] [stdout]    = note: this warning originates in the derive macro `::derive_where::DeriveWhere` (in Nightly builds, run with -Z macro-backtrace for more info)
[INFO] [stdout] 
[INFO] [stdout] 
[INFO] [stdout] warning: `Eq::assert_receiver_is_total_eq` should never be implemented by hand
[INFO] [stdout]   --> src/storage/address.rs:59:1
[INFO] [stdout]    |
[INFO] [stdout] 59 | #[derive_where(Clone, Debug, Eq, Ord, PartialEq, PartialOrd; Keys)]
[INFO] [stdout]    | ^^^^^^^^^^^^^^^^^^^^^^^^^^^^^^^^^^^^^^^^^^^^^^^^^^^^^^^^^^^^^^^^^^^
[INFO] [stdout]    |
[INFO] [stdout]    = note: this method was used to add checks to the `Eq` derive macro
[INFO] [stdout]    = warning: this was previously accepted by the compiler but is being phased out; it will become a hard error in a future release!
[INFO] [stdout]    = note: for more information, see issue #152336 <https://github.com/rust-lang/rust/issues/152336>
[INFO] [stdout]    = note: this warning originates in the derive macro `::derive_where::DeriveWhere` (in Nightly builds, run with -Z macro-backtrace for more info)
[INFO] [stdout] 
[INFO] [stdout] 
[INFO] [stdout] warning: `Eq::assert_receiver_is_total_eq` should never be implemented by hand
[INFO] [stdout]   --> src/utils/mod.rs:57:1
[INFO] [stdout]    |
[INFO] [stdout] 57 | #[derive_where(Clone, PartialEq, Debug, Eq, Default, Hash)]
[INFO] [stdout]    | ^^^^^^^^^^^^^^^^^^^^^^^^^^^^^^^^^^^^^^^^^^^^^^^^^^^^^^^^^^^
[INFO] [stdout]    |
[INFO] [stdout]    = note: this method was used to add checks to the `Eq` derive macro
[INFO] [stdout]    = warning: this was previously accepted by the compiler but is being phased out; it will become a hard error in a future release!
[INFO] [stdout]    = note: for more information, see issue #152336 <https://github.com/rust-lang/rust/issues/152336>
[INFO] [stdout]    = note: this warning originates in the derive macro `::derive_where::DeriveWhere` (in Nightly builds, run with -Z macro-backtrace for more info)
[INFO] [stdout] 
[INFO] [stdout] 
[INFO] [stdout] warning: `Eq::assert_receiver_is_total_eq` should never be implemented by hand
[INFO] [stdout]   --> src/utils/wrapper_opaque.rs:25:1
[INFO] [stdout]    |
[INFO] [stdout] 25 | #[derive_where(Debug, Clone, PartialEq, Eq, Default, Hash)]
[INFO] [stdout]    | ^^^^^^^^^^^^^^^^^^^^^^^^^^^^^^^^^^^^^^^^^^^^^^^^^^^^^^^^^^^
[INFO] [stdout]    |
[INFO] [stdout]    = note: this method was used to add checks to the `Eq` derive macro
[INFO] [stdout]    = warning: this was previously accepted by the compiler but is being phased out; it will become a hard error in a future release!
[INFO] [stdout]    = note: for more information, see issue #152336 <https://github.com/rust-lang/rust/issues/152336>
[INFO] [stdout]    = note: this warning originates in the derive macro `::derive_where::DeriveWhere` (in Nightly builds, run with -Z macro-backtrace for more info)
[INFO] [stdout] 
[INFO] [stdout] 
[INFO] [stdout] warning: `Eq::assert_receiver_is_total_eq` should never be implemented by hand
[INFO] [stdout]   --> src/view_functions/payload.rs:66:1
[INFO] [stdout]    |
[INFO] [stdout] 66 | #[derive_where(Clone, Debug, Eq, Ord, PartialEq, PartialOrd; ArgsData)]
[INFO] [stdout]    | ^^^^^^^^^^^^^^^^^^^^^^^^^^^^^^^^^^^^^^^^^^^^^^^^^^^^^^^^^^^^^^^^^^^^^^^
[INFO] [stdout]    |
[INFO] [stdout]    = note: this method was used to add checks to the `Eq` derive macro
[INFO] [stdout]    = warning: this was previously accepted by the compiler but is being phased out; it will become a hard error in a future release!
[INFO] [stdout]    = note: for more information, see issue #152336 <https://github.com/rust-lang/rust/issues/152336>
[INFO] [stdout]    = note: this warning originates in the derive macro `::derive_where::DeriveWhere` (in Nightly builds, run with -Z macro-backtrace for more info)
[INFO] [stdout] 
[INFO] [stdout] 
[INFO] [stderr] warning: unused dependency `serde_json`
[INFO] [stderr]   --> Cargo.toml:74:15
[INFO] [stderr]    |
[INFO] [stderr] 74 | [dependencies.serde_json]
[INFO] [stderr]    |               ^^^^^^^^^^^
[INFO] [stderr]    |
[INFO] [stderr]    = note: `cargo::unused_dependencies` is set to `warn` by default
[INFO] [stderr] help: consider removing the dependency on `serde_json`
[INFO] [stderr] warning: `subxt-core` (manifest) generated 1 warning
[INFO] [stderr]     Finished `release` profile [optimized] target(s) in 45.23s
[INFO] [stderr] warning: the following packages contain code that will be rejected by a future version of Rust: primitive-types v0.13.1
[INFO] [stderr] note: to see what the problems were, use the option `--future-incompat-report`, or run `cargo report future-incompatibilities --id 5`
[INFO] running `Command { std: "docker" "inspect" "c7336daaed693b6285f9d5cb91c2d1ee716b2c1125e1c107c05c16be6cbbb485", kill_on_drop: false }`
[INFO] running `Command { std: "docker" "exec" "-e" "SOURCE_DIR=/opt/rustwide/workdir" "-e" "CARGO_HOME=/opt/rustwide/cargo-home" "-e" "RUSTUP_HOME=/opt/rustwide/rustup-home" "-e" "CARGO_TARGET_DIR=/opt/rustwide/target" "-e" "CARGO_INCREMENTAL=0" "-e" "RUST_BACKTRACE=full" "-e" "RUSTFLAGS=--cap-lints=warn" "-e" "RUSTDOCFLAGS=--cap-lints=warn" "-w" "/opt/rustwide/workdir" "--user" "0:0" "c7336daaed693b6285f9d5cb91c2d1ee716b2c1125e1c107c05c16be6cbbb485" "/opt/rustwide/cargo-home/bin/cargo" "+1.100.0-beta.1" "test" "--frozen" "--no-run" "--message-format=json" "--release", kill_on_drop: false }`
[INFO] [stderr]    Compiling subxt-core v0.44.3 (/opt/rustwide/workdir)
[INFO] [stdout] warning: lint `no_mangle_generic_items` has been removed: converted into hard error, generic items must always be mangled
[INFO] [stdout]   |
[INFO] [stdout]   = note: requested on the command line with `-D no_mangle_generic_items`
[INFO] [stdout]   = note: `#[warn(renamed_and_removed_lints)]` on by default
[INFO] [stdout] 
[INFO] [stdout] 
[INFO] [stdout] warning: `Eq::assert_receiver_is_total_eq` should never be implemented by hand
[INFO] [stdout]   --> src/constants/address.rs:34:1
[INFO] [stdout]    |
[INFO] [stdout] 34 | #[derive_where(Clone, Debug, PartialOrd, Ord, PartialEq, Eq)]
[INFO] [stdout]    | ^^^^^^^^^^^^^^^^^^^^^^^^^^^^^^^^^^^^^^^^^^^^^^^^^^^^^^^^^^^^^
[INFO] [stdout]    |
[INFO] [stdout]    = note: this method was used to add checks to the `Eq` derive macro
[INFO] [stdout]    = warning: this was previously accepted by the compiler but is being phased out; it will become a hard error in a future release!
[INFO] [stdout]    = note: for more information, see issue #152336 <https://github.com/rust-lang/rust/issues/152336>
[INFO] [stdout]    = note: `#[warn(internal_eq_trait_method_impls)]` (part of `#[warn(future_incompatible)]`) on by default
[INFO] [stdout]    = note: this warning originates in the derive macro `::derive_where::DeriveWhere` (in Nightly builds, run with -Z macro-backtrace for more info)
[INFO] [stdout] 
[INFO] [stdout] 
[INFO] [stdout] warning: `Eq::assert_receiver_is_total_eq` should never be implemented by hand
[INFO] [stdout]   --> src/custom_values/address.rs:43:1
[INFO] [stdout]    |
[INFO] [stdout] 43 | #[derive_where(Clone, Debug, PartialOrd, Ord, PartialEq, Eq)]
[INFO] [stdout]    | ^^^^^^^^^^^^^^^^^^^^^^^^^^^^^^^^^^^^^^^^^^^^^^^^^^^^^^^^^^^^^
[INFO] [stdout]    |
[INFO] [stdout]    = note: this method was used to add checks to the `Eq` derive macro
[INFO] [stdout]    = warning: this was previously accepted by the compiler but is being phased out; it will become a hard error in a future release!
[INFO] [stdout]    = note: for more information, see issue #152336 <https://github.com/rust-lang/rust/issues/152336>
[INFO] [stdout]    = note: this warning originates in the derive macro `::derive_where::DeriveWhere` (in Nightly builds, run with -Z macro-backtrace for more info)
[INFO] [stdout] 
[INFO] [stdout] 
[INFO] [stdout] warning: `Eq::assert_receiver_is_total_eq` should never be implemented by hand
[INFO] [stdout]   --> src/runtime_api/payload.rs:77:1
[INFO] [stdout]    |
[INFO] [stdout] 77 | #[derive_where(Clone, Debug, Eq, Ord, PartialEq, PartialOrd; ArgsData)]
[INFO] [stdout]    | ^^^^^^^^^^^^^^^^^^^^^^^^^^^^^^^^^^^^^^^^^^^^^^^^^^^^^^^^^^^^^^^^^^^^^^^
[INFO] [stdout]    |
[INFO] [stdout]    = note: this method was used to add checks to the `Eq` derive macro
[INFO] [stdout]    = warning: this was previously accepted by the compiler but is being phased out; it will become a hard error in a future release!
[INFO] [stdout]    = note: for more information, see issue #152336 <https://github.com/rust-lang/rust/issues/152336>
[INFO] [stdout]    = note: this warning originates in the derive macro `::derive_where::DeriveWhere` (in Nightly builds, run with -Z macro-backtrace for more info)
[INFO] [stdout] 
[INFO] [stdout] 
[INFO] [stdout] warning: `Eq::assert_receiver_is_total_eq` should never be implemented by hand
[INFO] [stdout]   --> src/storage/address.rs:59:1
[INFO] [stdout]    |
[INFO] [stdout] 59 | #[derive_where(Clone, Debug, Eq, Ord, PartialEq, PartialOrd; Keys)]
[INFO] [stdout]    | ^^^^^^^^^^^^^^^^^^^^^^^^^^^^^^^^^^^^^^^^^^^^^^^^^^^^^^^^^^^^^^^^^^^
[INFO] [stdout]    |
[INFO] [stdout]    = note: this method was used to add checks to the `Eq` derive macro
[INFO] [stdout]    = warning: this was previously accepted by the compiler but is being phased out; it will become a hard error in a future release!
[INFO] [stdout]    = note: for more information, see issue #152336 <https://github.com/rust-lang/rust/issues/152336>
[INFO] [stdout]    = note: this warning originates in the derive macro `::derive_where::DeriveWhere` (in Nightly builds, run with -Z macro-backtrace for more info)
[INFO] [stdout] 
[INFO] [stdout] 
[INFO] [stdout] warning: `Eq::assert_receiver_is_total_eq` should never be implemented by hand
[INFO] [stdout]   --> src/utils/mod.rs:57:1
[INFO] [stdout]    |
[INFO] [stdout] 57 | #[derive_where(Clone, PartialEq, Debug, Eq, Default, Hash)]
[INFO] [stdout]    | ^^^^^^^^^^^^^^^^^^^^^^^^^^^^^^^^^^^^^^^^^^^^^^^^^^^^^^^^^^^
[INFO] [stdout]    |
[INFO] [stdout]    = note: this method was used to add checks to the `Eq` derive macro
[INFO] [stdout]    = warning: this was previously accepted by the compiler but is being phased out; it will become a hard error in a future release!
[INFO] [stdout]    = note: for more information, see issue #152336 <https://github.com/rust-lang/rust/issues/152336>
[INFO] [stdout]    = note: this warning originates in the derive macro `::derive_where::DeriveWhere` (in Nightly builds, run with -Z macro-backtrace for more info)
[INFO] [stdout] 
[INFO] [stdout] 
[INFO] [stdout] warning: `Eq::assert_receiver_is_total_eq` should never be implemented by hand
[INFO] [stdout]   --> src/utils/wrapper_opaque.rs:25:1
[INFO] [stdout]    |
[INFO] [stdout] 25 | #[derive_where(Debug, Clone, PartialEq, Eq, Default, Hash)]
[INFO] [stdout]    | ^^^^^^^^^^^^^^^^^^^^^^^^^^^^^^^^^^^^^^^^^^^^^^^^^^^^^^^^^^^
[INFO] [stdout]    |
[INFO] [stdout]    = note: this method was used to add checks to the `Eq` derive macro
[INFO] [stdout]    = warning: this was previously accepted by the compiler but is being phased out; it will become a hard error in a future release!
[INFO] [stdout]    = note: for more information, see issue #152336 <https://github.com/rust-lang/rust/issues/152336>
[INFO] [stdout]    = note: this warning originates in the derive macro `::derive_where::DeriveWhere` (in Nightly builds, run with -Z macro-backtrace for more info)
[INFO] [stdout] 
[INFO] [stdout] 
[INFO] [stdout] warning: `Eq::assert_receiver_is_total_eq` should never be implemented by hand
[INFO] [stdout]   --> src/view_functions/payload.rs:66:1
[INFO] [stdout]    |
[INFO] [stdout] 66 | #[derive_where(Clone, Debug, Eq, Ord, PartialEq, PartialOrd; ArgsData)]
[INFO] [stdout]    | ^^^^^^^^^^^^^^^^^^^^^^^^^^^^^^^^^^^^^^^^^^^^^^^^^^^^^^^^^^^^^^^^^^^^^^^
[INFO] [stdout]    |
[INFO] [stdout]    = note: this method was used to add checks to the `Eq` derive macro
[INFO] [stdout]    = warning: this was previously accepted by the compiler but is being phased out; it will become a hard error in a future release!
[INFO] [stdout]    = note: for more information, see issue #152336 <https://github.com/rust-lang/rust/issues/152336>
[INFO] [stdout]    = note: this warning originates in the derive macro `::derive_where::DeriveWhere` (in Nightly builds, run with -Z macro-backtrace for more info)
[INFO] [stdout] 
[INFO] [stdout] 
[INFO] [stdout] warning: lint `no_mangle_generic_items` has been removed: converted into hard error, generic items must always be mangled
[INFO] [stdout]   |
[INFO] [stdout]   = note: requested on the command line with `-D no_mangle_generic_items`
[INFO] [stdout]   = note: `#[warn(renamed_and_removed_lints)]` on by default
[INFO] [stdout] 
[INFO] [stdout] 
[INFO] [stdout] error: couldn't read `src/tx/../../../artifacts/polkadot_metadata_small.scale`: No such file or directory (os error 2)
[INFO] [stdout]    --> src/tx/payload.rs:216:30
[INFO] [stdout]     |
[INFO] [stdout] 216 |         let metadata_bytes = include_bytes!("../../../artifacts/polkadot_metadata_small.scale");
[INFO] [stdout]     |                              ^^^^^^^^^^^^^^^^^^^^^^^^^^^^^^^^^^^^^^^^^^^^^^^^^^^^^^^^^^^^^^^^^^
[INFO] [stdout] 
[INFO] [stdout] 
[INFO] [stdout] error[E0432]: unresolved import `assert_matches`
[INFO] [stdout]    --> src/blocks/extrinsics.rs:366:9
[INFO] [stdout]     |
[INFO] [stdout] 366 |     use assert_matches::assert_matches;
[INFO] [stdout]     |         ^^^^^^^^^^^^^^ use of unresolved module or unlinked crate `assert_matches`
[INFO] [stdout]     |
[INFO] [stdout]     = help: if you wanted to use a crate named `assert_matches`, use `cargo add assert_matches` to add it to your `Cargo.toml`
[INFO] [stdout] 
[INFO] [stdout] 
[INFO] [stdout] error[E0433]: cannot find module or crate `sp_keyring` in this scope
[INFO] [stdout]    --> src/utils/account_id.rs:167:9
[INFO] [stdout]     |
[INFO] [stdout] 167 |     use sp_keyring::sr25519::Keyring;
[INFO] [stdout]     |         ^^^^^^^^^^ use of unresolved module or unlinked crate `sp_keyring`
[INFO] [stdout]     |
[INFO] [stdout]     = help: if you wanted to use a crate named `sp_keyring`, use `cargo add sp_keyring` to add it to your `Cargo.toml`
[INFO] [stdout] 
[INFO] [stdout] 
[INFO] [stdout] error[E0433]: cannot find module or crate `bitvec` in this scope
[INFO] [stdout]    --> src/utils/bits.rs:198:9
[INFO] [stdout]     |
[INFO] [stdout] 198 |     use bitvec::vec::BitVec;
[INFO] [stdout]     |         ^^^^^^ use of unresolved module or unlinked crate `bitvec`
[INFO] [stdout]     |
[INFO] [stdout]     = help: if you wanted to use a crate named `bitvec`, use `cargo add bitvec` to add it to your `Cargo.toml`
[INFO] [stdout] 
[INFO] [stdout] 
[INFO] [stdout] error[E0432]: unresolved import `sp_core`
[INFO] [stdout]    --> src/utils/account_id.rs:166:9
[INFO] [stdout]     |
[INFO] [stdout] 166 |     use sp_core::{self, crypto::Ss58Codec};
[INFO] [stdout]     |         ^^^^^^^ use of unresolved module or unlinked crate `sp_core`
[INFO] [stdout]     |
[INFO] [stdout]     = help: if you wanted to use a crate named `sp_core`, use `cargo add sp_core` to add it to your `Cargo.toml`
[INFO] [stdout] 
[INFO] [stdout] 
[INFO] [stdout] error[E0433]: cannot find module or crate `bitvec` in this scope
[INFO] [stdout]    --> src/utils/bits.rs:206:21
[INFO] [stdout]     |
[INFO] [stdout] 206 |         type Order: bitvec::order::BitOrder;
[INFO] [stdout]     |                     ^^^^^^ use of unresolved module or unlinked crate `bitvec`
[INFO] [stdout]     |
[INFO] [stdout]     = help: if you wanted to use a crate named `bitvec`, use `cargo add bitvec` to add it to your `Cargo.toml`
[INFO] [stdout] 
[INFO] [stdout] 
[INFO] [stdout] error[E0433]: cannot find module or crate `bitvec` in this scope
[INFO] [stdout]    --> src/utils/bits.rs:209:22
[INFO] [stdout]     |
[INFO] [stdout] 209 |         type Order = bitvec::order::Lsb0;
[INFO] [stdout]     |                      ^^^^^^ use of unresolved module or unlinked crate `bitvec`
[INFO] [stdout]     |
[INFO] [stdout]     = help: if you wanted to use a crate named `bitvec`, use `cargo add bitvec` to add it to your `Cargo.toml`
[INFO] [stdout] 
[INFO] [stdout] 
[INFO] [stdout] error[E0433]: cannot find module or crate `bitvec` in this scope
[INFO] [stdout]    --> src/utils/bits.rs:212:22
[INFO] [stdout]     |
[INFO] [stdout] 212 |         type Order = bitvec::order::Msb0;
[INFO] [stdout]     |                      ^^^^^^ use of unresolved module or unlinked crate `bitvec`
[INFO] [stdout]     |
[INFO] [stdout]     = help: if you wanted to use a crate named `bitvec`, use `cargo add bitvec` to add it to your `Cargo.toml`
[INFO] [stdout] 
[INFO] [stdout] 
[INFO] [stdout] error[E0433]: cannot find module or crate `bitvec` in this scope
[INFO] [stdout]    --> src/utils/bits.rs:217:27
[INFO] [stdout]     |
[INFO] [stdout] 217 |         Store: BitStore + bitvec::store::BitStore + PartialEq,
[INFO] [stdout]     |                           ^^^^^^ use of unresolved module or unlinked crate `bitvec`
[INFO] [stdout]     |
[INFO] [stdout]     = help: if you wanted to use a crate named `bitvec`, use `cargo add bitvec` to add it to your `Cargo.toml`
[INFO] [stdout] 
[INFO] [stdout] 
[INFO] [stdout] warning: unused import: `frame_decode::extrinsics::ExtrinsicDecodeError`
[INFO] [stdout]    --> src/blocks/extrinsics.rs:527:13
[INFO] [stdout]     |
[INFO] [stdout] 527 |         use frame_decode::extrinsics::ExtrinsicDecodeError;
[INFO] [stdout]     |             ^^^^^^^^^^^^^^^^^^^^^^^^^^^^^^^^^^^^^^^^^^^^^^
[INFO] [stdout]     |
[INFO] [stdout]     = note: `#[warn(unused_imports)]` (part of `#[warn(unused)]`) on by default
[INFO] [stdout] 
[INFO] [stdout] 
[INFO] [stdout] Some errors have detailed explanations: E0432, E0433.
[INFO] [stdout] 
[INFO] [stdout] For more information about an error, try `rustc --explain E0432`.
[INFO] [stdout] 
[INFO] [stderr] error: could not compile `subxt-core` (lib test) due to 9 previous errors; 2 warnings emitted
[INFO] [stderr] warning: unused dependency `serde_json`
[INFO] [stderr]   --> Cargo.toml:74:15
[INFO] [stderr]    |
[INFO] [stderr] 74 | [dependencies.serde_json]
[INFO] [stderr]    |               ^^^^^^^^^^^
[INFO] [stderr]    |
[INFO] [stderr]    = note: `cargo::unused_dependencies` is set to `warn` by default
[INFO] [stderr] help: consider removing the dependency on `serde_json`
[INFO] [stderr] help: to still use for development builds, move to `dev-dependencies`
[INFO] [stderr] warning: `subxt-core` (manifest) generated 1 warning
[INFO] running `Command { std: "docker" "inspect" "c7336daaed693b6285f9d5cb91c2d1ee716b2c1125e1c107c05c16be6cbbb485", kill_on_drop: false }`
[INFO] running `Command { std: "docker" "rm" "-f" "c7336daaed693b6285f9d5cb91c2d1ee716b2c1125e1c107c05c16be6cbbb485", kill_on_drop: false }`
[INFO] [stdout] c7336daaed693b6285f9d5cb91c2d1ee716b2c1125e1c107c05c16be6cbbb485
