[INFO] fetching crate subduction_ephemeral 0.9.0...
[INFO] testing subduction_ephemeral-0.9.0 against 1.99.0-beta.8+cargoflags=--release for beta-release-1.100-2
[INFO] extracting crate subduction_ephemeral 0.9.0 into /workspace/builds/worker-5-tc1/source
[INFO] started tweaking crates.io crate subduction_ephemeral 0.9.0
[INFO] removed 0 missing tests
[INFO] finished tweaking crates.io crate subduction_ephemeral 0.9.0
[INFO] tweaked toml for crates.io crate subduction_ephemeral 0.9.0 written to /workspace/builds/worker-5-tc1/source/Cargo.toml
[INFO] validating manifest of crates.io crate subduction_ephemeral 0.9.0 on toolchain 1.99.0-beta.8
[INFO] running `Command { std: CARGO_HOME="/workspace/cargo-home" RUSTUP_HOME="/workspace/rustup-home" "/workspace/cargo-home/bin/cargo" "+1.99.0-beta.8" "metadata" "--manifest-path" "Cargo.toml" "--no-deps", kill_on_drop: false }`
[INFO] crate crates.io crate subduction_ephemeral 0.9.0 already has a lockfile, it will not be regenerated
[INFO] running `Command { std: CARGO_HOME="/workspace/cargo-home" RUSTUP_HOME="/workspace/rustup-home" "/workspace/cargo-home/bin/cargo" "+1.99.0-beta.8" "fetch" "--manifest-path" "Cargo.toml", kill_on_drop: false }`
[INFO] [stderr]     Updating crates.io index
[INFO] [stderr]  Downloading crates ...
[INFO] [stderr]   Downloaded testresult v0.4.1
[INFO] [stderr]   Downloaded future_form_macros v0.3.1
[INFO] [stderr]   Downloaded subduction_crypto v0.10.0
[INFO] [stderr]   Downloaded future_form v0.3.1
[INFO] [stderr]   Downloaded pretty-hex v0.4.2
[INFO] [stderr]   Downloaded bolero-generator-derive v0.13.4
[INFO] [stderr]   Downloaded sedimentree_core v0.15.0
[INFO] [stderr]   Downloaded bolero v0.13.4
[INFO] [stderr]   Downloaded bolero-kani v0.13.0
[INFO] [stderr]   Downloaded bolero-engine v0.13.4
[INFO] [stderr]   Downloaded bolero-generator v0.13.5
[INFO] [stderr]   Downloaded bolero-afl v0.13.0
[INFO] [stderr]   Downloaded bolero-libfuzzer v0.13.0
[INFO] [stderr]   Downloaded subduction_core v0.19.0
[INFO] [stderr]   Downloaded bolero-honggfuzz v0.13.0
[INFO] [stderr]   Downloaded bijoux v0.3.2
[INFO] running `Command { std: "docker" "create" "-v" "/var/lib/crater-agent-workspace/builds/worker-5-tc1/source:/opt/rustwide/workdir:ro,Z" "-v" "/var/lib/crater-agent-workspace/builds/worker-5-tc1/target:/opt/rustwide/target:rw,Z" "-v" "/var/lib/crater-agent-workspace/cargo-home:/opt/rustwide/cargo-home:ro,Z" "-v" "/var/lib/crater-agent-workspace/rustup-home:/opt/rustwide/rustup-home:ro,Z" "-m" "1610612736" "--network" "none" "ghcr.io/rust-lang/crates-build-env/linux@sha256:77db811e55d90add9212f6832c23229e3de5f1c1f9905e8cb07319ea15df73ac" "sleep" "infinity", kill_on_drop: false }`
[INFO] [stdout] 45b160c834d1d814a6ff2801b0699924c9817f2c44597bd30e34d60a24eb989a
[INFO] running `Command { std: "docker" "start" "45b160c834d1d814a6ff2801b0699924c9817f2c44597bd30e34d60a24eb989a", kill_on_drop: false }`
[INFO] running `Command { std: "docker" "inspect" "45b160c834d1d814a6ff2801b0699924c9817f2c44597bd30e34d60a24eb989a", kill_on_drop: false }`
[INFO] running `Command { std: "docker" "exec" "-e" "SOURCE_DIR=/opt/rustwide/workdir" "-e" "CARGO_HOME=/opt/rustwide/cargo-home" "-e" "RUSTUP_HOME=/opt/rustwide/rustup-home" "-e" "CARGO_TARGET_DIR=/opt/rustwide/target" "-w" "/opt/rustwide/workdir" "--user" "0:0" "45b160c834d1d814a6ff2801b0699924c9817f2c44597bd30e34d60a24eb989a" "/opt/rustwide/cargo-home/bin/cargo" "+1.99.0-beta.8" "metadata" "--no-deps" "--format-version=1", kill_on_drop: false }`
[INFO] running `Command { std: "docker" "inspect" "45b160c834d1d814a6ff2801b0699924c9817f2c44597bd30e34d60a24eb989a", kill_on_drop: false }`
[INFO] running `Command { std: "docker" "exec" "-e" "SOURCE_DIR=/opt/rustwide/workdir" "-e" "CARGO_HOME=/opt/rustwide/cargo-home" "-e" "RUSTUP_HOME=/opt/rustwide/rustup-home" "-e" "CARGO_TARGET_DIR=/opt/rustwide/target" "-e" "CARGO_INCREMENTAL=0" "-e" "RUST_BACKTRACE=full" "-e" "RUSTFLAGS=--cap-lints=warn" "-e" "RUSTDOCFLAGS=--cap-lints=warn" "-w" "/opt/rustwide/workdir" "--user" "0:0" "45b160c834d1d814a6ff2801b0699924c9817f2c44597bd30e34d60a24eb989a" "/opt/rustwide/cargo-home/bin/cargo" "+1.99.0-beta.8" "build" "--frozen" "--message-format=json" "--release", kill_on_drop: false }`
[INFO] [stderr]    Compiling futures-core v0.3.34
[INFO] [stderr]    Compiling futures-sink v0.3.34
[INFO] [stderr]    Compiling event-listener v5.4.2
[INFO] [stderr]    Compiling slab v0.4.12
[INFO] [stderr]    Compiling futures-task v0.3.34
[INFO] [stderr]    Compiling thiserror v2.0.20
[INFO] [stderr]    Compiling futures-macro v0.3.34
[INFO] [stderr]    Compiling thiserror-impl v2.0.20
[INFO] [stderr]    Compiling futures-io v0.3.34
[INFO] [stderr]    Compiling crypto-common v0.1.7
[INFO] [stderr]    Compiling blake3 v1.8.7
[INFO] [stderr]    Compiling curve25519-dalek v4.1.3
[INFO] [stderr]    Compiling future_form_macros v0.3.1
[INFO] [stderr]    Compiling num-integer v0.1.47
[INFO] [stderr]    Compiling tracing-core v0.1.36
[INFO] [stderr]    Compiling zeroize v1.9.0
[INFO] [stderr]    Compiling signature v2.2.0
[INFO] [stderr]    Compiling futures-channel v0.3.34
[INFO] [stderr]    Compiling ed25519 v2.2.3
[INFO] [stderr]    Compiling getrandom v0.2.17
[INFO] [stderr]    Compiling digest v0.10.7
[INFO] [stderr]    Compiling nonempty v0.12.0
[INFO] [stderr]    Compiling siphasher v1.0.3
[INFO] [stderr]    Compiling concurrent-queue v2.5.0
[INFO] [stderr]    Compiling event-listener-strategy v0.5.4
[INFO] [stderr]    Compiling sha2 v0.10.9
[INFO] [stderr]    Compiling async-lock v3.4.2
[INFO] [stderr]    Compiling num-bigint v0.4.8
[INFO] [stderr]    Compiling async-channel v2.5.0
[INFO] [stderr]    Compiling tracing v0.1.44
[INFO] [stderr]    Compiling futures-util v0.3.34
[INFO] [stderr]    Compiling ed25519-dalek v2.2.0
[INFO] [stderr]    Compiling bijoux v0.3.2
[INFO] [stderr]    Compiling futures v0.3.34
[INFO] [stderr]    Compiling future_form v0.3.1
[INFO] [stderr]    Compiling sedimentree_core v0.15.0
[INFO] [stderr]    Compiling subduction_crypto v0.10.0
[INFO] [stderr]    Compiling subduction_core v0.19.0
[INFO] [stderr]    Compiling subduction_ephemeral v0.9.0 (/opt/rustwide/workdir)
[INFO] [stdout] warning: use of deprecated method `core::sync::atomic::Atomic::<usize>::fetch_update`: renamed to `try_update` for consistency
[INFO] [stdout]    --> src/handler.rs:909:14
[INFO] [stdout]     |
[INFO] [stdout] 909 |             .fetch_update(Ordering::Relaxed, Ordering::Relaxed, |n| {
[INFO] [stdout]     |              ^^^^^^^^^^^^
[INFO] [stdout]     |
[INFO] [stdout]     = note: `#[warn(deprecated)]` on by default
[INFO] [stdout] help: replace the use of the deprecated method
[INFO] [stdout]     |
[INFO] [stdout] 909 -             .fetch_update(Ordering::Relaxed, Ordering::Relaxed, |n| {
[INFO] [stdout] 909 +             .try_update(Ordering::Relaxed, Ordering::Relaxed, |n| {
[INFO] [stdout]     |
[INFO] [stdout] 
[INFO] [stdout] 
[INFO] [stderr]     Finished `release` profile [optimized] target(s) in 24.59s
[INFO] running `Command { std: "docker" "inspect" "45b160c834d1d814a6ff2801b0699924c9817f2c44597bd30e34d60a24eb989a", kill_on_drop: false }`
[INFO] running `Command { std: "docker" "exec" "-e" "SOURCE_DIR=/opt/rustwide/workdir" "-e" "CARGO_HOME=/opt/rustwide/cargo-home" "-e" "RUSTUP_HOME=/opt/rustwide/rustup-home" "-e" "CARGO_TARGET_DIR=/opt/rustwide/target" "-e" "CARGO_INCREMENTAL=0" "-e" "RUST_BACKTRACE=full" "-e" "RUSTFLAGS=--cap-lints=warn" "-e" "RUSTDOCFLAGS=--cap-lints=warn" "-w" "/opt/rustwide/workdir" "--user" "0:0" "45b160c834d1d814a6ff2801b0699924c9817f2c44597bd30e34d60a24eb989a" "/opt/rustwide/cargo-home/bin/cargo" "+1.99.0-beta.8" "test" "--frozen" "--no-run" "--message-format=json" "--release", kill_on_drop: false }`
[INFO] [stderr]    Compiling zerocopy v0.8.56
[INFO] [stderr]    Compiling serde_derive v1.0.229
[INFO] [stderr]    Compiling zerocopy-derive v0.8.56
[INFO] [stderr]    Compiling futures-core v0.3.34
[INFO] [stderr]    Compiling futures-sink v0.3.34
[INFO] [stderr]    Compiling derive_arbitrary v1.4.2
[INFO] [stderr]    Compiling thiserror v2.0.20
[INFO] [stderr]    Compiling blake3 v1.8.7
[INFO] [stderr]    Compiling curve25519-dalek v4.1.3
[INFO] [stderr]    Compiling toml_datetime v0.6.3
[INFO] [stderr]    Compiling num-integer v0.1.47
[INFO] [stderr]    Compiling rand v0.8.8
[INFO] [stderr]    Compiling tracing v0.1.44
[INFO] [stderr]    Compiling sha2 v0.10.9
[INFO] [stderr]    Compiling async-lock v3.4.2
[INFO] [stderr]    Compiling getrandom v0.2.17
[INFO] [stderr]    Compiling nonempty v0.12.0
[INFO] [stderr]    Compiling futures-channel v0.3.34
[INFO] [stderr]    Compiling toml_edit v0.20.2
[INFO] [stderr]    Compiling concurrent-queue v2.5.0
[INFO] [stderr]    Compiling rand_xoshiro v0.7.0
[INFO] [stderr]    Compiling mio v1.2.2
[INFO] [stderr]    Compiling bijoux v0.3.2
[INFO] [stderr]    Compiling futures-util v0.3.34
[INFO] [stderr]    Compiling num-bigint v0.4.8
[INFO] [stderr]    Compiling tokio-macros v2.7.2
[INFO] [stderr]    Compiling clap_builder v4.6.6
[INFO] [stderr]    Compiling async-channel v2.5.0
[INFO] [stderr]    Compiling itertools v0.10.5
[INFO] [stderr]    Compiling arbitrary v1.4.2
[INFO] [stderr]    Compiling pretty-hex v0.4.2
[INFO] [stderr]    Compiling is-terminal v0.4.17
[INFO] [stderr]    Compiling testresult v0.4.1
[INFO] [stderr]    Compiling tokio v1.53.1
[INFO] [stderr]    Compiling criterion-plot v0.5.0
[INFO] [stderr]    Compiling proc-macro-crate v2.0.2
[INFO] [stderr]    Compiling serde v1.0.229
[INFO] [stderr]    Compiling bolero-generator-derive v0.13.4
[INFO] [stderr]    Compiling bolero-generator v0.13.5
[INFO] [stderr]    Compiling clap v4.6.6
[INFO] [stderr]    Compiling ed25519 v2.2.3
[INFO] [stderr]    Compiling tinytemplate v1.2.1
[INFO] [stderr]    Compiling ed25519-dalek v2.2.0
[INFO] [stderr]    Compiling futures-executor v0.3.34
[INFO] [stderr]    Compiling futures v0.3.34
[INFO] [stderr]    Compiling future_form v0.3.1
[INFO] [stderr]    Compiling sedimentree_core v0.15.0
[INFO] [stderr]    Compiling subduction_crypto v0.10.0
[INFO] [stderr]    Compiling subduction_core v0.19.0
[INFO] [stderr]    Compiling ppv-lite86 v0.2.21
[INFO] [stderr]    Compiling half v2.7.1
[INFO] [stderr]    Compiling ciborium-ll v0.2.2
[INFO] [stderr]    Compiling rand_chacha v0.9.0
[INFO] [stderr]    Compiling ciborium v0.2.2
[INFO] [stderr]    Compiling rand v0.9.5
[INFO] [stderr]    Compiling criterion v0.5.1
[INFO] [stderr]    Compiling bolero-engine v0.13.4
[INFO] [stderr]    Compiling bolero v0.13.4
[INFO] [stderr]    Compiling subduction_ephemeral v0.9.0 (/opt/rustwide/workdir)
[INFO] [stdout] warning: use of deprecated method `core::sync::atomic::Atomic::<usize>::fetch_update`: renamed to `try_update` for consistency
[INFO] [stdout]    --> src/handler.rs:909:14
[INFO] [stdout]     |
[INFO] [stdout] 909 |             .fetch_update(Ordering::Relaxed, Ordering::Relaxed, |n| {
[INFO] [stdout]     |              ^^^^^^^^^^^^
[INFO] [stdout]     |
[INFO] [stdout]     = note: `#[warn(deprecated)]` on by default
[INFO] [stdout] help: replace the use of the deprecated method
[INFO] [stdout]     |
[INFO] [stdout] 909 -             .fetch_update(Ordering::Relaxed, Ordering::Relaxed, |n| {
[INFO] [stdout] 909 +             .try_update(Ordering::Relaxed, Ordering::Relaxed, |n| {
[INFO] [stdout]     |
[INFO] [stdout] 
[INFO] [stdout] 
[INFO] [stdout] error[E0432]: unresolved import `subduction_ephemeral::clock::fake`
[INFO] [stdout]   --> tests/wedged_subscriber.rs:37:12
[INFO] [stdout]    |
[INFO] [stdout] 37 |     clock::fake::FakeClock,
[INFO] [stdout]    |            ^^^^ could not find `fake` in `clock`
[INFO] [stdout]    |
[INFO] [stdout] note: found an item that was configured out
[INFO] [stdout]   --> src/clock.rs:4:9
[INFO] [stdout]    |
[INFO] [stdout]  3 | #[cfg(feature = "test_utils")]
[INFO] [stdout]    |       ---------------------- the item is gated behind the `test_utils` feature
[INFO] [stdout]  4 | pub mod fake;
[INFO] [stdout]    |         ^^^^
[INFO] [stdout] 
[INFO] [stdout] 
[INFO] [stdout] error[E0432]: unresolved import `subduction_ephemeral::clock::fake`
[INFO] [stdout]   --> tests/amplification.rs:34:12
[INFO] [stdout]    |
[INFO] [stdout] 34 |     clock::fake::FakeClock,
[INFO] [stdout]    |            ^^^^ could not find `fake` in `clock`
[INFO] [stdout]    |
[INFO] [stdout] note: found an item that was configured out
[INFO] [stdout]   --> src/clock.rs:4:9
[INFO] [stdout]    |
[INFO] [stdout]  3 | #[cfg(feature = "test_utils")]
[INFO] [stdout]    |       ---------------------- the item is gated behind the `test_utils` feature
[INFO] [stdout]  4 | pub mod fake;
[INFO] [stdout]    |         ^^^^
[INFO] [stdout] 
[INFO] [stdout] 
[INFO] [stdout] error[E0432]: unresolved import `subduction_ephemeral::clock::fake`
[INFO] [stdout]   --> tests/ephemeral_handler.rs:26:12
[INFO] [stdout]    |
[INFO] [stdout] 26 |     clock::fake::FakeClock,
[INFO] [stdout]    |            ^^^^ could not find `fake` in `clock`
[INFO] [stdout]    |
[INFO] [stdout] note: found an item that was configured out
[INFO] [stdout]   --> src/clock.rs:4:9
[INFO] [stdout]    |
[INFO] [stdout]  3 | #[cfg(feature = "test_utils")]
[INFO] [stdout]    |       ---------------------- the item is gated behind the `test_utils` feature
[INFO] [stdout]  4 | pub mod fake;
[INFO] [stdout]    |         ^^^^
[INFO] [stdout] 
[INFO] [stdout] 
[INFO] [stdout] error: cannot find macro `vec` in this scope
[INFO] [stdout]    --> src/message.rs:628:22
[INFO] [stdout]     |
[INFO] [stdout] 628 |             payload: vec![],
[INFO] [stdout]     |                      ^^^
[INFO] [stdout]     |
[INFO] [stdout] help: consider importing this macro
[INFO] [stdout]     |
[INFO] [stdout] 451 +     use alloc::vec;
[INFO] [stdout]     |
[INFO] [stdout] 
[INFO] [stdout] 
[INFO] [stdout] error: cannot find macro `vec` in this scope
[INFO] [stdout]    --> src/message.rs:596:41
[INFO] [stdout]     |
[INFO] [stdout] 596 |         let msg = make_signed_ephemeral(vec![1, 2, 3]).await;
[INFO] [stdout]     |                                         ^^^
[INFO] [stdout]     |
[INFO] [stdout] help: consider importing this macro
[INFO] [stdout]     |
[INFO] [stdout] 451 +     use alloc::vec;
[INFO] [stdout]     |
[INFO] [stdout] 
[INFO] [stdout] 
[INFO] [stdout] error: cannot find macro `vec` in this scope
[INFO] [stdout]    --> src/message.rs:590:37
[INFO] [stdout]     |
[INFO] [stdout] 590 |         assert_eq!(payload.payload, vec![0xDE, 0xAD]);
[INFO] [stdout]     |                                     ^^^
[INFO] [stdout]     |
[INFO] [stdout] help: consider importing this macro
[INFO] [stdout]     |
[INFO] [stdout] 451 +     use alloc::vec;
[INFO] [stdout]     |
[INFO] [stdout] 
[INFO] [stdout] 
[INFO] [stdout] error: cannot find macro `vec` in this scope
[INFO] [stdout]    --> src/message.rs:581:41
[INFO] [stdout]     |
[INFO] [stdout] 581 |         let msg = make_signed_ephemeral(vec![0xDE, 0xAD]).await;
[INFO] [stdout]     |                                         ^^^
[INFO] [stdout]     |
[INFO] [stdout] help: consider importing this macro
[INFO] [stdout]     |
[INFO] [stdout] 451 +     use alloc::vec;
[INFO] [stdout]     |
[INFO] [stdout] 
[INFO] [stdout] 
[INFO] [stdout] error: cannot find macro `vec` in this scope
[INFO] [stdout]    --> src/message.rs:485:41
[INFO] [stdout]     |
[INFO] [stdout] 485 |         let msg = make_signed_ephemeral(vec![]).await;
[INFO] [stdout]     |                                         ^^^
[INFO] [stdout]     |
[INFO] [stdout] help: consider importing this macro
[INFO] [stdout]     |
[INFO] [stdout] 451 +     use alloc::vec;
[INFO] [stdout]     |
[INFO] [stdout] 
[INFO] [stdout] 
[INFO] [stdout] error: cannot find macro `vec` in this scope
[INFO] [stdout]    --> src/message.rs:474:41
[INFO] [stdout]     |
[INFO] [stdout] 474 |         let msg = make_signed_ephemeral(vec![1, 2, 3, 4, 5]).await;
[INFO] [stdout]     |                                         ^^^
[INFO] [stdout]     |
[INFO] [stdout] help: consider importing this macro
[INFO] [stdout]     |
[INFO] [stdout] 451 +     use alloc::vec;
[INFO] [stdout]     |
[INFO] [stdout] 
[INFO] [stdout] 
[INFO] [stdout] For more information about this error, try `rustc --explain E0432`.
[INFO] [stdout] 
[INFO] [stderr] error: could not compile `subduction_ephemeral` (test "wedged_subscriber") due to 1 previous error
[INFO] [stderr] warning: build failed, waiting for other jobs to finish...
[INFO] [stdout] For more information about this error, try `rustc --explain E0432`.
[INFO] [stdout] 
[INFO] [stderr] error: could not compile `subduction_ephemeral` (test "amplification") due to 1 previous error
[INFO] [stdout] warning: use of deprecated method `core::sync::atomic::Atomic::<usize>::fetch_update`: renamed to `try_update` for consistency
[INFO] [stdout]    --> src/handler.rs:909:14
[INFO] [stdout]     |
[INFO] [stdout] 909 |             .fetch_update(Ordering::Relaxed, Ordering::Relaxed, |n| {
[INFO] [stdout]     |              ^^^^^^^^^^^^
[INFO] [stdout]     |
[INFO] [stdout]     = note: `#[warn(deprecated)]` on by default
[INFO] [stdout] help: replace the use of the deprecated method
[INFO] [stdout]     |
[INFO] [stdout] 909 -             .fetch_update(Ordering::Relaxed, Ordering::Relaxed, |n| {
[INFO] [stdout] 909 +             .try_update(Ordering::Relaxed, Ordering::Relaxed, |n| {
[INFO] [stdout]     |
[INFO] [stdout] 
[INFO] [stdout] 
[INFO] [stderr] error: could not compile `subduction_ephemeral` (lib test) due to 6 previous errors; 1 warning emitted
[INFO] [stdout] For more information about this error, try `rustc --explain E0432`.
[INFO] [stdout] 
[INFO] [stderr] error: could not compile `subduction_ephemeral` (test "ephemeral_handler") due to 1 previous error
[INFO] running `Command { std: "docker" "inspect" "45b160c834d1d814a6ff2801b0699924c9817f2c44597bd30e34d60a24eb989a", kill_on_drop: false }`
[INFO] running `Command { std: "docker" "rm" "-f" "45b160c834d1d814a6ff2801b0699924c9817f2c44597bd30e34d60a24eb989a", kill_on_drop: false }`
[INFO] [stdout] 45b160c834d1d814a6ff2801b0699924c9817f2c44597bd30e34d60a24eb989a
