[INFO] fetching crate strev-redis 0.8.0...
[INFO] testing strev-redis-0.8.0 against 1.100.0-beta.1+cargoflags=--release for beta-release-1.100-2
[INFO] extracting crate strev-redis 0.8.0 into /workspace/builds/worker-5-tc2/source
[INFO] started tweaking crates.io crate strev-redis 0.8.0
[INFO] removed 0 missing examples
[INFO] removed 0 missing tests
[INFO] finished tweaking crates.io crate strev-redis 0.8.0
[INFO] tweaked toml for crates.io crate strev-redis 0.8.0 written to /workspace/builds/worker-5-tc2/source/Cargo.toml
[INFO] validating manifest of crates.io crate strev-redis 0.8.0 on toolchain 1.100.0-beta.1
[INFO] running `Command { std: CARGO_HOME="/workspace/cargo-home" RUSTUP_HOME="/workspace/rustup-home" "/workspace/cargo-home/bin/cargo" "+1.100.0-beta.1" "metadata" "--manifest-path" "Cargo.toml" "--no-deps", kill_on_drop: false }`
[INFO] crate crates.io crate strev-redis 0.8.0 already has a lockfile, it will not be regenerated
[INFO] running `Command { std: CARGO_HOME="/workspace/cargo-home" RUSTUP_HOME="/workspace/rustup-home" "/workspace/cargo-home/bin/cargo" "+1.100.0-beta.1" "fetch" "--manifest-path" "Cargo.toml", kill_on_drop: false }`
[INFO] running `Command { std: "docker" "create" "-v" "/var/lib/crater-agent-workspace/builds/worker-5-tc2/source:/opt/rustwide/workdir:ro,Z" "-v" "/var/lib/crater-agent-workspace/builds/worker-5-tc2/target:/opt/rustwide/target:rw,Z" "-v" "/var/lib/crater-agent-workspace/cargo-home:/opt/rustwide/cargo-home:ro,Z" "-v" "/var/lib/crater-agent-workspace/rustup-home:/opt/rustwide/rustup-home:ro,Z" "-m" "1610612736" "--network" "none" "ghcr.io/rust-lang/crates-build-env/linux@sha256:77db811e55d90add9212f6832c23229e3de5f1c1f9905e8cb07319ea15df73ac" "sleep" "infinity", kill_on_drop: false }`
[INFO] [stdout] fe07e2d97eb9633fb28c511d732993c959905a88906b00b2fba9add09f12cf47
[INFO] running `Command { std: "docker" "start" "fe07e2d97eb9633fb28c511d732993c959905a88906b00b2fba9add09f12cf47", kill_on_drop: false }`
[INFO] running `Command { std: "docker" "inspect" "fe07e2d97eb9633fb28c511d732993c959905a88906b00b2fba9add09f12cf47", kill_on_drop: false }`
[INFO] running `Command { std: "docker" "exec" "-e" "SOURCE_DIR=/opt/rustwide/workdir" "-e" "CARGO_HOME=/opt/rustwide/cargo-home" "-e" "RUSTUP_HOME=/opt/rustwide/rustup-home" "-e" "CARGO_TARGET_DIR=/opt/rustwide/target" "-w" "/opt/rustwide/workdir" "--user" "0:0" "fe07e2d97eb9633fb28c511d732993c959905a88906b00b2fba9add09f12cf47" "/opt/rustwide/cargo-home/bin/cargo" "+1.100.0-beta.1" "metadata" "--no-deps" "--format-version=1", kill_on_drop: false }`
[INFO] running `Command { std: "docker" "inspect" "fe07e2d97eb9633fb28c511d732993c959905a88906b00b2fba9add09f12cf47", kill_on_drop: false }`
[INFO] running `Command { std: "docker" "exec" "-e" "SOURCE_DIR=/opt/rustwide/workdir" "-e" "CARGO_HOME=/opt/rustwide/cargo-home" "-e" "RUSTUP_HOME=/opt/rustwide/rustup-home" "-e" "CARGO_TARGET_DIR=/opt/rustwide/target" "-e" "CARGO_INCREMENTAL=0" "-e" "RUST_BACKTRACE=full" "-e" "RUSTFLAGS=--cap-lints=warn" "-e" "RUSTDOCFLAGS=--cap-lints=warn" "-w" "/opt/rustwide/workdir" "--user" "0:0" "fe07e2d97eb9633fb28c511d732993c959905a88906b00b2fba9add09f12cf47" "/opt/rustwide/cargo-home/bin/cargo" "+1.100.0-beta.1" "build" "--frozen" "--message-format=json" "--release", kill_on_drop: false }`
[INFO] [stderr]    Compiling smallvec v1.15.2
[INFO] [stderr]    Compiling bytes v1.12.0
[INFO] [stderr]    Compiling syn v2.0.118
[INFO] [stderr]    Compiling futures-channel v0.3.32
[INFO] [stderr]    Compiling num-integer v0.1.46
[INFO] [stderr]    Compiling uuid v1.23.4
[INFO] [stderr]    Compiling arc-swap v1.9.2
[INFO] [stderr]    Compiling itertools v0.13.0
[INFO] [stderr]    Compiling socket2 v0.5.10
[INFO] [stderr]    Compiling serde_json v1.0.150
[INFO] [stderr]    Compiling parking_lot_core v0.9.12
[INFO] [stderr]    Compiling num-bigint v0.4.6
[INFO] [stderr]    Compiling parking_lot v0.12.5
[INFO] [stderr]    Compiling synstructure v0.13.2
[INFO] [stderr]    Compiling zerofrom-derive v0.1.7
[INFO] [stderr]    Compiling yoke-derive v0.8.2
[INFO] [stderr]    Compiling zerovec-derive v0.11.3
[INFO] [stderr]    Compiling displaydoc v0.2.6
[INFO] [stderr]    Compiling tokio-macros v2.7.0
[INFO] [stderr]    Compiling futures-macro v0.3.32
[INFO] [stderr]    Compiling tracing-attributes v0.1.31
[INFO] [stderr]    Compiling thiserror-impl v2.0.18
[INFO] [stderr]    Compiling serde_derive v1.0.228
[INFO] [stderr]    Compiling async-trait v0.1.89
[INFO] [stderr]    Compiling tokio v1.52.3
[INFO] [stderr]    Compiling tracing v0.1.44
[INFO] [stderr]    Compiling zerofrom v0.1.8
[INFO] [stderr]    Compiling futures-util v0.3.32
[INFO] [stderr]    Compiling yoke v0.8.3
[INFO] [stderr]    Compiling thiserror v2.0.18
[INFO] [stderr]    Compiling zerovec v0.11.6
[INFO] [stderr]    Compiling zerotrie v0.2.4
[INFO] [stderr]    Compiling tinystr v0.8.3
[INFO] [stderr]    Compiling potential_utf v0.1.5
[INFO] [stderr]    Compiling icu_collections v2.2.0
[INFO] [stderr]    Compiling icu_locale_core v2.2.0
[INFO] [stderr]    Compiling icu_provider v2.2.0
[INFO] [stderr]    Compiling icu_properties v2.2.0
[INFO] [stderr]    Compiling icu_normalizer v2.2.0
[INFO] [stderr]    Compiling serde v1.0.228
[INFO] [stderr]    Compiling futures-executor v0.3.32
[INFO] [stderr]    Compiling futures v0.3.32
[INFO] [stderr]    Compiling idna_adapter v1.2.2
[INFO] [stderr]    Compiling idna v1.1.0
[INFO] [stderr]    Compiling url v2.5.8
[INFO] [stderr]    Compiling tokio-util v0.7.18
[INFO] [stderr]    Compiling tokio-stream v0.1.18
[INFO] [stderr]    Compiling combine v4.6.7
[INFO] [stderr]    Compiling strev v0.8.0
[INFO] [stderr]    Compiling redis v0.27.6
[INFO] [stderr]    Compiling strev-redis v0.8.0 (/opt/rustwide/workdir)
[INFO] [stderr]     Finished `release` profile [optimized] target(s) in 54.43s
[INFO] [stderr] warning: the following packages contain code that will be rejected by a future version of Rust: redis v0.27.6
[INFO] [stderr] note: to see what the problems were, use the option `--future-incompat-report`, or run `cargo report future-incompatibilities --id 1`
[INFO] running `Command { std: "docker" "inspect" "fe07e2d97eb9633fb28c511d732993c959905a88906b00b2fba9add09f12cf47", kill_on_drop: false }`
[INFO] running `Command { std: "docker" "exec" "-e" "SOURCE_DIR=/opt/rustwide/workdir" "-e" "CARGO_HOME=/opt/rustwide/cargo-home" "-e" "RUSTUP_HOME=/opt/rustwide/rustup-home" "-e" "CARGO_TARGET_DIR=/opt/rustwide/target" "-e" "CARGO_INCREMENTAL=0" "-e" "RUST_BACKTRACE=full" "-e" "RUSTFLAGS=--cap-lints=warn" "-e" "RUSTDOCFLAGS=--cap-lints=warn" "-w" "/opt/rustwide/workdir" "--user" "0:0" "fe07e2d97eb9633fb28c511d732993c959905a88906b00b2fba9add09f12cf47" "/opt/rustwide/cargo-home/bin/cargo" "+1.100.0-beta.1" "test" "--frozen" "--no-run" "--message-format=json" "--release", kill_on_drop: false }`
[INFO] [stderr]    Compiling tracing v0.1.44
[INFO] [stderr]    Compiling tokio v1.52.3
[INFO] [stderr]    Compiling tracing-subscriber v0.3.23
[INFO] [stderr]    Compiling tokio-util v0.7.18
[INFO] [stderr]    Compiling tokio-stream v0.1.18
[INFO] [stderr]    Compiling combine v4.6.7
[INFO] [stderr]    Compiling strev v0.8.0
[INFO] [stderr]    Compiling redis v0.27.6
[INFO] [stderr]    Compiling strev-redis v0.8.0 (/opt/rustwide/workdir)
[INFO] [stdout] error[E0432]: unresolved import `strev_testsuite`
[INFO] [stdout]  --> tests/conformance_test.rs:9:5
[INFO] [stdout]   |
[INFO] [stdout] 9 | use strev_testsuite::Backend;
[INFO] [stdout]   |     ^^^^^^^^^^^^^^^ use of unresolved module or unlinked crate `strev_testsuite`
[INFO] [stdout]   |
[INFO] [stdout]   = help: if you wanted to use a crate named `strev_testsuite`, use `cargo add strev_testsuite` to add it to your `Cargo.toml`
[INFO] [stdout] 
[INFO] [stdout] 
[INFO] [stdout] error[E0433]: cannot find module or crate `strev_testsuite` in this scope
[INFO] [stdout]   --> tests/conformance_test.rs:53:5
[INFO] [stdout]    |
[INFO] [stdout] 53 |     strev_testsuite::roundtrip(&backend).await;
[INFO] [stdout]    |     ^^^^^^^^^^^^^^^ use of unresolved module or unlinked crate `strev_testsuite`
[INFO] [stdout]    |
[INFO] [stdout]    = help: if you wanted to use a crate named `strev_testsuite`, use `cargo add strev_testsuite` to add it to your `Cargo.toml`
[INFO] [stdout] 
[INFO] [stdout] 
[INFO] [stdout] error[E0433]: cannot find module or crate `strev_testsuite` in this scope
[INFO] [stdout]   --> tests/conformance_test.rs:62:5
[INFO] [stdout]    |
[INFO] [stdout] 62 |     strev_testsuite::ordering(&backend).await;
[INFO] [stdout]    |     ^^^^^^^^^^^^^^^ use of unresolved module or unlinked crate `strev_testsuite`
[INFO] [stdout]    |
[INFO] [stdout]    = help: if you wanted to use a crate named `strev_testsuite`, use `cargo add strev_testsuite` to add it to your `Cargo.toml`
[INFO] [stdout] 
[INFO] [stdout] 
[INFO] [stdout] error[E0433]: cannot find module or crate `strev_testsuite` in this scope
[INFO] [stdout]   --> tests/conformance_test.rs:71:5
[INFO] [stdout]    |
[INFO] [stdout] 71 |     strev_testsuite::metadata_fidelity(&backend).await;
[INFO] [stdout]    |     ^^^^^^^^^^^^^^^ use of unresolved module or unlinked crate `strev_testsuite`
[INFO] [stdout]    |
[INFO] [stdout]    = help: if you wanted to use a crate named `strev_testsuite`, use `cargo add strev_testsuite` to add it to your `Cargo.toml`
[INFO] [stdout] 
[INFO] [stdout] 
[INFO] [stdout] error[E0433]: cannot find module or crate `strev_testsuite` in this scope
[INFO] [stdout]   --> tests/conformance_test.rs:80:5
[INFO] [stdout]    |
[INFO] [stdout] 80 |     strev_testsuite::consumer_group_resume(&backend).await;
[INFO] [stdout]    |     ^^^^^^^^^^^^^^^ use of unresolved module or unlinked crate `strev_testsuite`
[INFO] [stdout]    |
[INFO] [stdout]    = help: if you wanted to use a crate named `strev_testsuite`, use `cargo add strev_testsuite` to add it to your `Cargo.toml`
[INFO] [stdout] 
[INFO] [stdout] 
[INFO] [stdout] error[E0433]: cannot find module or crate `strev_testsuite` in this scope
[INFO] [stdout]    --> tests/conformance_test.rs:144:5
[INFO] [stdout]     |
[INFO] [stdout] 144 |     strev_testsuite::nack_redelivery(&backend).await;
[INFO] [stdout]     |     ^^^^^^^^^^^^^^^ use of unresolved module or unlinked crate `strev_testsuite`
[INFO] [stdout]     |
[INFO] [stdout]     = help: if you wanted to use a crate named `strev_testsuite`, use `cargo add strev_testsuite` to add it to your `Cargo.toml`
[INFO] [stdout] 
[INFO] [stdout] 
[INFO] [stdout] error[E0433]: cannot find module or crate `strev_testsuite` in this scope
[INFO] [stdout]    --> tests/conformance_test.rs:153:5
[INFO] [stdout]     |
[INFO] [stdout] 153 |     strev_testsuite::competing_consumers(&backend).await;
[INFO] [stdout]     |     ^^^^^^^^^^^^^^^ use of unresolved module or unlinked crate `strev_testsuite`
[INFO] [stdout]     |
[INFO] [stdout]     = help: if you wanted to use a crate named `strev_testsuite`, use `cargo add strev_testsuite` to add it to your `Cargo.toml`
[INFO] [stdout] 
[INFO] [stdout] 
[INFO] [stdout] error[E0433]: cannot find module or crate `strev_testsuite` in this scope
[INFO] [stdout]    --> tests/conformance_test.rs:194:5
[INFO] [stdout]     |
[INFO] [stdout] 194 |     strev_testsuite::throughput(&backend).await;
[INFO] [stdout]     |     ^^^^^^^^^^^^^^^ use of unresolved module or unlinked crate `strev_testsuite`
[INFO] [stdout]     |
[INFO] [stdout]     = help: if you wanted to use a crate named `strev_testsuite`, use `cargo add strev_testsuite` to add it to your `Cargo.toml`
[INFO] [stdout] 
[INFO] [stdout] 
[INFO] [stdout] Some errors have detailed explanations: E0432, E0433.
[INFO] [stdout] 
[INFO] [stdout] For more information about an error, try `rustc --explain E0432`.
[INFO] [stdout] 
[INFO] [stderr] error: could not compile `strev-redis` (test "conformance_test") due to 8 previous errors
[INFO] [stderr] warning: build failed, waiting for other jobs to finish...
[INFO] running `Command { std: "docker" "inspect" "fe07e2d97eb9633fb28c511d732993c959905a88906b00b2fba9add09f12cf47", kill_on_drop: false }`
[INFO] running `Command { std: "docker" "rm" "-f" "fe07e2d97eb9633fb28c511d732993c959905a88906b00b2fba9add09f12cf47", kill_on_drop: false }`
[INFO] [stdout] fe07e2d97eb9633fb28c511d732993c959905a88906b00b2fba9add09f12cf47
