[INFO] fetching crate strev-kafka 0.8.0...
[INFO] testing strev-kafka-0.8.0 against 1.100.0-beta.1+cargoflags=--release for beta-release-1.100-2
[INFO] extracting crate strev-kafka 0.8.0 into /workspace/builds/worker-4-tc2/source
[INFO] started tweaking crates.io crate strev-kafka 0.8.0
[INFO] removed 0 missing examples
[INFO] removed 0 missing tests
[INFO] finished tweaking crates.io crate strev-kafka 0.8.0
[INFO] tweaked toml for crates.io crate strev-kafka 0.8.0 written to /workspace/builds/worker-4-tc2/source/Cargo.toml
[INFO] validating manifest of crates.io crate strev-kafka 0.8.0 on toolchain 1.100.0-beta.1
[INFO] running `Command { std: CARGO_HOME="/workspace/cargo-home" RUSTUP_HOME="/workspace/rustup-home" "/workspace/cargo-home/bin/cargo" "+1.100.0-beta.1" "metadata" "--manifest-path" "Cargo.toml" "--no-deps", kill_on_drop: false }`
[INFO] crate crates.io crate strev-kafka 0.8.0 already has a lockfile, it will not be regenerated
[INFO] running `Command { std: CARGO_HOME="/workspace/cargo-home" RUSTUP_HOME="/workspace/rustup-home" "/workspace/cargo-home/bin/cargo" "+1.100.0-beta.1" "fetch" "--manifest-path" "Cargo.toml", kill_on_drop: false }`
[INFO] running `Command { std: "docker" "create" "-v" "/var/lib/crater-agent-workspace/builds/worker-4-tc2/source:/opt/rustwide/workdir:ro,Z" "-v" "/var/lib/crater-agent-workspace/builds/worker-4-tc2/target:/opt/rustwide/target:rw,Z" "-v" "/var/lib/crater-agent-workspace/cargo-home:/opt/rustwide/cargo-home:ro,Z" "-v" "/var/lib/crater-agent-workspace/rustup-home:/opt/rustwide/rustup-home:ro,Z" "-m" "1610612736" "--network" "none" "ghcr.io/rust-lang/crates-build-env/linux@sha256:77db811e55d90add9212f6832c23229e3de5f1c1f9905e8cb07319ea15df73ac" "sleep" "infinity", kill_on_drop: false }`
[INFO] [stdout] ee6584da4d1ca268ecfc4a3af5e88f5be1aed502b74fd561bc3771ae6d163604
[INFO] running `Command { std: "docker" "start" "ee6584da4d1ca268ecfc4a3af5e88f5be1aed502b74fd561bc3771ae6d163604", kill_on_drop: false }`
[INFO] running `Command { std: "docker" "inspect" "ee6584da4d1ca268ecfc4a3af5e88f5be1aed502b74fd561bc3771ae6d163604", kill_on_drop: false }`
[INFO] running `Command { std: "docker" "exec" "-e" "SOURCE_DIR=/opt/rustwide/workdir" "-e" "CARGO_HOME=/opt/rustwide/cargo-home" "-e" "RUSTUP_HOME=/opt/rustwide/rustup-home" "-e" "CARGO_TARGET_DIR=/opt/rustwide/target" "-w" "/opt/rustwide/workdir" "--user" "0:0" "ee6584da4d1ca268ecfc4a3af5e88f5be1aed502b74fd561bc3771ae6d163604" "/opt/rustwide/cargo-home/bin/cargo" "+1.100.0-beta.1" "metadata" "--no-deps" "--format-version=1", kill_on_drop: false }`
[INFO] running `Command { std: "docker" "inspect" "ee6584da4d1ca268ecfc4a3af5e88f5be1aed502b74fd561bc3771ae6d163604", kill_on_drop: false }`
[INFO] running `Command { std: "docker" "exec" "-e" "SOURCE_DIR=/opt/rustwide/workdir" "-e" "CARGO_HOME=/opt/rustwide/cargo-home" "-e" "RUSTUP_HOME=/opt/rustwide/rustup-home" "-e" "CARGO_TARGET_DIR=/opt/rustwide/target" "-e" "CARGO_INCREMENTAL=0" "-e" "RUST_BACKTRACE=full" "-e" "RUSTFLAGS=--cap-lints=warn" "-e" "RUSTDOCFLAGS=--cap-lints=warn" "-w" "/opt/rustwide/workdir" "--user" "0:0" "ee6584da4d1ca268ecfc4a3af5e88f5be1aed502b74fd561bc3771ae6d163604" "/opt/rustwide/cargo-home/bin/cargo" "+1.100.0-beta.1" "build" "--frozen" "--message-format=json" "--release", kill_on_drop: false }`
[INFO] [stderr]    Compiling winnow v1.0.3
[INFO] [stderr]    Compiling cc v1.2.65
[INFO] [stderr]    Compiling indexmap v2.14.0
[INFO] [stderr]    Compiling parking_lot_core v0.9.12
[INFO] [stderr]    Compiling futures-macro v0.3.32
[INFO] [stderr]    Compiling tokio-macros v2.7.0
[INFO] [stderr]    Compiling serde_derive v1.0.228
[INFO] [stderr]    Compiling tracing-attributes v0.1.31
[INFO] [stderr]    Compiling thiserror-impl v2.0.18
[INFO] [stderr]    Compiling async-trait v0.1.89
[INFO] [stderr]    Compiling serde_json v1.0.150
[INFO] [stderr]    Compiling uuid v1.23.4
[INFO] [stderr]    Compiling parking_lot v0.12.5
[INFO] [stderr]    Compiling tokio v1.52.3
[INFO] [stderr]    Compiling futures-util v0.3.32
[INFO] [stderr]    Compiling thiserror v2.0.18
[INFO] [stderr]    Compiling tracing v0.1.44
[INFO] [stderr]    Compiling cmake v0.1.58
[INFO] [stderr]    Compiling libz-sys v1.1.29
[INFO] [stderr]    Compiling rdkafka-sys v4.10.0+2.12.1
[INFO] [stderr]    Compiling toml_parser v1.1.2+spec-1.1.0
[INFO] [stderr]    Compiling toml_edit v0.25.12+spec-1.1.0
[INFO] [stderr]    Compiling proc-macro-crate v3.5.0
[INFO] [stderr]    Compiling serde v1.0.228
[INFO] [stderr]    Compiling num_enum_derive v0.7.6
[INFO] [stderr]    Compiling num_enum v0.7.6
[INFO] [stderr]    Compiling futures-executor v0.3.32
[INFO] [stderr]    Compiling futures v0.3.32
[INFO] [stderr]    Compiling tokio-util v0.7.18
[INFO] [stderr]    Compiling tokio-stream v0.1.18
[INFO] [stderr]    Compiling strev v0.8.0
[INFO] [stderr]    Compiling rdkafka v0.36.2
[INFO] [stderr]    Compiling strev-kafka v0.8.0 (/opt/rustwide/workdir)
[INFO] [stderr]     Finished `release` profile [optimized] target(s) in 1m 31s
[INFO] running `Command { std: "docker" "inspect" "ee6584da4d1ca268ecfc4a3af5e88f5be1aed502b74fd561bc3771ae6d163604", kill_on_drop: false }`
[INFO] running `Command { std: "docker" "exec" "-e" "SOURCE_DIR=/opt/rustwide/workdir" "-e" "CARGO_HOME=/opt/rustwide/cargo-home" "-e" "RUSTUP_HOME=/opt/rustwide/rustup-home" "-e" "CARGO_TARGET_DIR=/opt/rustwide/target" "-e" "CARGO_INCREMENTAL=0" "-e" "RUST_BACKTRACE=full" "-e" "RUSTFLAGS=--cap-lints=warn" "-e" "RUSTDOCFLAGS=--cap-lints=warn" "-w" "/opt/rustwide/workdir" "--user" "0:0" "ee6584da4d1ca268ecfc4a3af5e88f5be1aed502b74fd561bc3771ae6d163604" "/opt/rustwide/cargo-home/bin/cargo" "+1.100.0-beta.1" "test" "--frozen" "--no-run" "--message-format=json" "--release", kill_on_drop: false }`
[INFO] [stderr]    Compiling tokio v1.52.3
[INFO] [stderr]    Compiling tracing v0.1.44
[INFO] [stderr]    Compiling tracing-log v0.2.0
[INFO] [stderr]    Compiling tracing-subscriber v0.3.23
[INFO] [stderr]    Compiling tokio-stream v0.1.18
[INFO] [stderr]    Compiling tokio-util v0.7.18
[INFO] [stderr]    Compiling rdkafka v0.36.2
[INFO] [stderr]    Compiling strev v0.8.0
[INFO] [stderr]    Compiling strev-kafka v0.8.0 (/opt/rustwide/workdir)
[INFO] [stdout] error[E0432]: unresolved import `strev_testsuite`
[INFO] [stdout]   --> tests/conformance_test.rs:11:5
[INFO] [stdout]    |
[INFO] [stdout] 11 | use strev_testsuite::Backend;
[INFO] [stdout]    |     ^^^^^^^^^^^^^^^ use of unresolved module or unlinked crate `strev_testsuite`
[INFO] [stdout]    |
[INFO] [stdout]    = help: if you wanted to use a crate named `strev_testsuite`, use `cargo add strev_testsuite` to add it to your `Cargo.toml`
[INFO] [stdout] 
[INFO] [stdout] 
[INFO] [stdout] error[E0433]: cannot find module or crate `strev_testsuite` in this scope
[INFO] [stdout]   --> tests/conformance_test.rs:70:5
[INFO] [stdout]    |
[INFO] [stdout] 70 |     strev_testsuite::roundtrip(&backend).await;
[INFO] [stdout]    |     ^^^^^^^^^^^^^^^ use of unresolved module or unlinked crate `strev_testsuite`
[INFO] [stdout]    |
[INFO] [stdout]    = help: if you wanted to use a crate named `strev_testsuite`, use `cargo add strev_testsuite` to add it to your `Cargo.toml`
[INFO] [stdout] 
[INFO] [stdout] 
[INFO] [stdout] error[E0433]: cannot find module or crate `strev_testsuite` in this scope
[INFO] [stdout]   --> tests/conformance_test.rs:79:5
[INFO] [stdout]    |
[INFO] [stdout] 79 |     strev_testsuite::ordering(&backend).await;
[INFO] [stdout]    |     ^^^^^^^^^^^^^^^ use of unresolved module or unlinked crate `strev_testsuite`
[INFO] [stdout]    |
[INFO] [stdout]    = help: if you wanted to use a crate named `strev_testsuite`, use `cargo add strev_testsuite` to add it to your `Cargo.toml`
[INFO] [stdout] 
[INFO] [stdout] 
[INFO] [stdout] error[E0433]: cannot find module or crate `strev_testsuite` in this scope
[INFO] [stdout]   --> tests/conformance_test.rs:88:5
[INFO] [stdout]    |
[INFO] [stdout] 88 |     strev_testsuite::metadata_fidelity(&backend).await;
[INFO] [stdout]    |     ^^^^^^^^^^^^^^^ use of unresolved module or unlinked crate `strev_testsuite`
[INFO] [stdout]    |
[INFO] [stdout]    = help: if you wanted to use a crate named `strev_testsuite`, use `cargo add strev_testsuite` to add it to your `Cargo.toml`
[INFO] [stdout] 
[INFO] [stdout] 
[INFO] [stdout] error[E0433]: cannot find module or crate `strev_testsuite` in this scope
[INFO] [stdout]   --> tests/conformance_test.rs:97:5
[INFO] [stdout]    |
[INFO] [stdout] 97 |     strev_testsuite::consumer_group_resume(&backend).await;
[INFO] [stdout]    |     ^^^^^^^^^^^^^^^ use of unresolved module or unlinked crate `strev_testsuite`
[INFO] [stdout]    |
[INFO] [stdout]    = help: if you wanted to use a crate named `strev_testsuite`, use `cargo add strev_testsuite` to add it to your `Cargo.toml`
[INFO] [stdout] 
[INFO] [stdout] 
[INFO] [stdout] error[E0433]: cannot find module or crate `strev_testsuite` in this scope
[INFO] [stdout]    --> tests/conformance_test.rs:158:5
[INFO] [stdout]     |
[INFO] [stdout] 158 |     strev_testsuite::nack_redelivery(&backend).await;
[INFO] [stdout]     |     ^^^^^^^^^^^^^^^ use of unresolved module or unlinked crate `strev_testsuite`
[INFO] [stdout]     |
[INFO] [stdout]     = help: if you wanted to use a crate named `strev_testsuite`, use `cargo add strev_testsuite` to add it to your `Cargo.toml`
[INFO] [stdout] 
[INFO] [stdout] 
[INFO] [stdout] error[E0433]: cannot find module or crate `strev_testsuite` in this scope
[INFO] [stdout]    --> tests/conformance_test.rs:167:5
[INFO] [stdout]     |
[INFO] [stdout] 167 |     strev_testsuite::competing_consumers(&backend).await;
[INFO] [stdout]     |     ^^^^^^^^^^^^^^^ use of unresolved module or unlinked crate `strev_testsuite`
[INFO] [stdout]     |
[INFO] [stdout]     = help: if you wanted to use a crate named `strev_testsuite`, use `cargo add strev_testsuite` to add it to your `Cargo.toml`
[INFO] [stdout] 
[INFO] [stdout] 
[INFO] [stdout] error[E0433]: cannot find module or crate `strev_testsuite` in this scope
[INFO] [stdout]    --> tests/conformance_test.rs:199:5
[INFO] [stdout]     |
[INFO] [stdout] 199 |     strev_testsuite::throughput(&backend).await;
[INFO] [stdout]     |     ^^^^^^^^^^^^^^^ use of unresolved module or unlinked crate `strev_testsuite`
[INFO] [stdout]     |
[INFO] [stdout]     = help: if you wanted to use a crate named `strev_testsuite`, use `cargo add strev_testsuite` to add it to your `Cargo.toml`
[INFO] [stdout] 
[INFO] [stdout] 
[INFO] [stdout] Some errors have detailed explanations: E0432, E0433.
[INFO] [stdout] 
[INFO] [stdout] For more information about an error, try `rustc --explain E0432`.
[INFO] [stdout] 
[INFO] [stderr] error: could not compile `strev-kafka` (test "conformance_test") due to 8 previous errors
[INFO] [stderr] warning: build failed, waiting for other jobs to finish...
[INFO] running `Command { std: "docker" "inspect" "ee6584da4d1ca268ecfc4a3af5e88f5be1aed502b74fd561bc3771ae6d163604", kill_on_drop: false }`
[INFO] running `Command { std: "docker" "rm" "-f" "ee6584da4d1ca268ecfc4a3af5e88f5be1aed502b74fd561bc3771ae6d163604", kill_on_drop: false }`
[INFO] [stdout] ee6584da4d1ca268ecfc4a3af5e88f5be1aed502b74fd561bc3771ae6d163604
