[INFO] fetching crate strede 0.2.3...
[INFO] testing strede-0.2.3 against 1.99.0-beta.8+cargoflags=--release for beta-release-1.100-2
[INFO] extracting crate strede 0.2.3 into /workspace/builds/worker-0-tc1/source
[INFO] started tweaking crates.io crate strede 0.2.3
[INFO] removed 0 missing examples
[INFO] finished tweaking crates.io crate strede 0.2.3
[INFO] tweaked toml for crates.io crate strede 0.2.3 written to /workspace/builds/worker-0-tc1/source/Cargo.toml
[INFO] validating manifest of crates.io crate strede 0.2.3 on toolchain 1.99.0-beta.8
[INFO] running `Command { std: CARGO_HOME="/workspace/cargo-home" RUSTUP_HOME="/workspace/rustup-home" "/workspace/cargo-home/bin/cargo" "+1.99.0-beta.8" "metadata" "--manifest-path" "Cargo.toml" "--no-deps", kill_on_drop: false }`
[INFO] crate crates.io crate strede 0.2.3 already has a lockfile, it will not be regenerated
[INFO] running `Command { std: CARGO_HOME="/workspace/cargo-home" RUSTUP_HOME="/workspace/rustup-home" "/workspace/cargo-home/bin/cargo" "+1.99.0-beta.8" "fetch" "--manifest-path" "Cargo.toml", kill_on_drop: false }`
[INFO] [stderr]     Updating crates.io index
[INFO] [stderr]  Downloading crates ...
[INFO] [stderr]   Downloaded const_panic v0.2.15
[INFO] [stderr]   Downloaded const-array-concat v0.2.0
[INFO] [stderr]   Downloaded pin-list v0.1.2
[INFO] [stderr]   Downloaded pinned-aliasable v0.1.3
[INFO] [stderr]   Downloaded strede-derive v0.2.3
[INFO] [stderr]   Downloaded typewit v1.15.2
[INFO] running `Command { std: "docker" "create" "-v" "/var/lib/crater-agent-workspace/builds/worker-0-tc1/source:/opt/rustwide/workdir:ro,Z" "-v" "/var/lib/crater-agent-workspace/builds/worker-0-tc1/target:/opt/rustwide/target:rw,Z" "-v" "/var/lib/crater-agent-workspace/cargo-home:/opt/rustwide/cargo-home:ro,Z" "-v" "/var/lib/crater-agent-workspace/rustup-home:/opt/rustwide/rustup-home:ro,Z" "-m" "1610612736" "--network" "none" "ghcr.io/rust-lang/crates-build-env/linux@sha256:77db811e55d90add9212f6832c23229e3de5f1c1f9905e8cb07319ea15df73ac" "sleep" "infinity", kill_on_drop: false }`
[INFO] [stdout] 3a7160dbb57ec1bdf330dbb7889683f6b02e10c27eb8f5291fac495510c13b4c
[INFO] running `Command { std: "docker" "start" "3a7160dbb57ec1bdf330dbb7889683f6b02e10c27eb8f5291fac495510c13b4c", kill_on_drop: false }`
[INFO] running `Command { std: "docker" "inspect" "3a7160dbb57ec1bdf330dbb7889683f6b02e10c27eb8f5291fac495510c13b4c", kill_on_drop: false }`
[INFO] running `Command { std: "docker" "exec" "-e" "SOURCE_DIR=/opt/rustwide/workdir" "-e" "CARGO_HOME=/opt/rustwide/cargo-home" "-e" "RUSTUP_HOME=/opt/rustwide/rustup-home" "-e" "CARGO_TARGET_DIR=/opt/rustwide/target" "-w" "/opt/rustwide/workdir" "--user" "0:0" "3a7160dbb57ec1bdf330dbb7889683f6b02e10c27eb8f5291fac495510c13b4c" "/opt/rustwide/cargo-home/bin/cargo" "+1.99.0-beta.8" "metadata" "--no-deps" "--format-version=1", kill_on_drop: false }`
[INFO] running `Command { std: "docker" "inspect" "3a7160dbb57ec1bdf330dbb7889683f6b02e10c27eb8f5291fac495510c13b4c", kill_on_drop: false }`
[INFO] running `Command { std: "docker" "exec" "-e" "SOURCE_DIR=/opt/rustwide/workdir" "-e" "CARGO_HOME=/opt/rustwide/cargo-home" "-e" "RUSTUP_HOME=/opt/rustwide/rustup-home" "-e" "CARGO_TARGET_DIR=/opt/rustwide/target" "-e" "CARGO_INCREMENTAL=0" "-e" "RUST_BACKTRACE=full" "-e" "RUSTFLAGS=--cap-lints=warn" "-e" "RUSTDOCFLAGS=--cap-lints=warn" "-w" "/opt/rustwide/workdir" "--user" "0:0" "3a7160dbb57ec1bdf330dbb7889683f6b02e10c27eb8f5291fac495510c13b4c" "/opt/rustwide/cargo-home/bin/cargo" "+1.99.0-beta.8" "build" "--frozen" "--message-format=json" "--release", kill_on_drop: false }`
[INFO] [stderr]    Compiling syn v2.0.117
[INFO] [stderr]    Compiling typewit v1.15.2
[INFO] [stderr]    Compiling syn v3.0.3
[INFO] [stderr]    Compiling pinned-aliasable v0.1.3
[INFO] [stderr]    Compiling convert_case v0.11.0
[INFO] [stderr]    Compiling pin-list v0.1.2
[INFO] [stderr]    Compiling const_panic v0.2.15
[INFO] [stderr]    Compiling const-array-concat v0.2.0
[INFO] [stderr]    Compiling strede-derive v0.2.3
[INFO] [stderr]    Compiling pin-project-internal v1.1.11
[INFO] [stderr]    Compiling pin-project v1.1.11
[INFO] [stderr]    Compiling strede v0.2.3 (/opt/rustwide/workdir)
[INFO] [stderr]     Finished `release` profile [optimized] target(s) in 22.71s
[INFO] running `Command { std: "docker" "inspect" "3a7160dbb57ec1bdf330dbb7889683f6b02e10c27eb8f5291fac495510c13b4c", kill_on_drop: false }`
[INFO] running `Command { std: "docker" "exec" "-e" "SOURCE_DIR=/opt/rustwide/workdir" "-e" "CARGO_HOME=/opt/rustwide/cargo-home" "-e" "RUSTUP_HOME=/opt/rustwide/rustup-home" "-e" "CARGO_TARGET_DIR=/opt/rustwide/target" "-e" "CARGO_INCREMENTAL=0" "-e" "RUST_BACKTRACE=full" "-e" "RUSTFLAGS=--cap-lints=warn" "-e" "RUSTDOCFLAGS=--cap-lints=warn" "-w" "/opt/rustwide/workdir" "--user" "0:0" "3a7160dbb57ec1bdf330dbb7889683f6b02e10c27eb8f5291fac495510c13b4c" "/opt/rustwide/cargo-home/bin/cargo" "+1.99.0-beta.8" "test" "--frozen" "--no-run" "--message-format=json" "--release", kill_on_drop: false }`
[INFO] [stderr]    Compiling strede v0.2.3 (/opt/rustwide/workdir)
[INFO] [stdout] error[E0433]: cannot find module or crate `strede_test_util` in this scope
[INFO] [stdout]     --> src/shared_buf.rs:1288:39
[INFO] [stdout]      |
[INFO] [stdout] 1288 |                 fut0_storage.set(Some(strede_test_util::RawAction::new(move || {
[INFO] [stdout]      |                                       ^^^^^^^^^^^^^^^^ use of unresolved module or unlinked crate `strede_test_util`
[INFO] [stdout]      |
[INFO] [stdout]      = help: if you wanted to use a crate named `strede_test_util`, use `cargo add strede_test_util` to add it to your `Cargo.toml`
[INFO] [stdout] 
[INFO] [stdout] 
[INFO] [stdout] error[E0433]: cannot find module or crate `strede_test_util` in this scope
[INFO] [stdout]    --> src/probe.rs:841:17
[INFO] [stdout]     |
[INFO] [stdout] 841 |         let w = strede_test_util::noop_waker();
[INFO] [stdout]     |                 ^^^^^^^^^^^^^^^^ use of unresolved module or unlinked crate `strede_test_util`
[INFO] [stdout]     |
[INFO] [stdout]     = help: if you wanted to use a crate named `strede_test_util`, use `cargo add strede_test_util` to add it to your `Cargo.toml`
[INFO] [stdout] 
[INFO] [stdout] 
[INFO] [stdout] error[E0433]: cannot find module or crate `strede_test_util` in this scope
[INFO] [stdout]    --> src/shared_buf.rs:631:17
[INFO] [stdout]     |
[INFO] [stdout] 631 |         let w = strede_test_util::noop_waker();
[INFO] [stdout]     |                 ^^^^^^^^^^^^^^^^ use of unresolved module or unlinked crate `strede_test_util`
[INFO] [stdout]     |
[INFO] [stdout]     = help: if you wanted to use a crate named `strede_test_util`, use `cargo add strede_test_util` to add it to your `Cargo.toml`
[INFO] [stdout] 
[INFO] [stdout] 
[INFO] [stdout] error[E0433]: cannot find module or crate `strede_test_util` in this scope
[INFO] [stdout]     --> src/shared_buf.rs:1269:29
[INFO] [stdout]      |
[INFO] [stdout] 1269 |                     let w = strede_test_util::reentrant_waker(&fut0_storage);
[INFO] [stdout]      |                             ^^^^^^^^^^^^^^^^ use of unresolved module or unlinked crate `strede_test_util`
[INFO] [stdout]      |
[INFO] [stdout]      = help: if you wanted to use a crate named `strede_test_util`, use `cargo add strede_test_util` to add it to your `Cargo.toml`
[INFO] [stdout] 
[INFO] [stdout] 
[INFO] [stdout] error[E0433]: cannot find module or crate `strede_test_util` in this scope
[INFO] [stdout]     --> src/shared_buf.rs:1250:47
[INFO] [stdout]      |
[INFO] [stdout] 1250 |                 let fut0_storage: Cell<Option<strede_test_util::RawAction>> = Cell::new(None);
[INFO] [stdout]      |                                               ^^^^^^^^^^^^^^^^ use of unresolved module or unlinked crate `strede_test_util`
[INFO] [stdout]      |
[INFO] [stdout]      = help: if you wanted to use a crate named `strede_test_util`, use `cargo add strede_test_util` to add it to your `Cargo.toml`
[INFO] [stdout] 
[INFO] [stdout] 
[INFO] [stdout] error[E0433]: cannot find module or crate `strede_test_util` in this scope
[INFO] [stdout]     --> src/shared_buf.rs:1251:48
[INFO] [stdout]      |
[INFO] [stdout] 1251 |                 let _fut1_storage: Cell<Option<strede_test_util::RawAction>> = Cell::new(None);
[INFO] [stdout]      |                                                ^^^^^^^^^^^^^^^^ use of unresolved module or unlinked crate `strede_test_util`
[INFO] [stdout]      |
[INFO] [stdout]      = help: if you wanted to use a crate named `strede_test_util`, use `cargo add strede_test_util` to add it to your `Cargo.toml`
[INFO] [stdout] 
[INFO] [stdout] 
[INFO] [stdout] For more information about this error, try `rustc --explain E0433`.
[INFO] [stdout] 
[INFO] [stderr] error: could not compile `strede` (lib test) due to 6 previous errors
[INFO] running `Command { std: "docker" "inspect" "3a7160dbb57ec1bdf330dbb7889683f6b02e10c27eb8f5291fac495510c13b4c", kill_on_drop: false }`
[INFO] running `Command { std: "docker" "rm" "-f" "3a7160dbb57ec1bdf330dbb7889683f6b02e10c27eb8f5291fac495510c13b4c", kill_on_drop: false }`
[INFO] [stdout] 3a7160dbb57ec1bdf330dbb7889683f6b02e10c27eb8f5291fac495510c13b4c
