[INFO] fetching crate strede-msgpack 0.2.3...
[INFO] testing strede-msgpack-0.2.3 against 1.100.0-beta.1+cargoflags=--release for beta-release-1.100-2
[INFO] extracting crate strede-msgpack 0.2.3 into /workspace/builds/worker-3-tc2/source
[INFO] started tweaking crates.io crate strede-msgpack 0.2.3
[INFO] removed 0 missing tests
[INFO] finished tweaking crates.io crate strede-msgpack 0.2.3
[INFO] tweaked toml for crates.io crate strede-msgpack 0.2.3 written to /workspace/builds/worker-3-tc2/source/Cargo.toml
[INFO] validating manifest of crates.io crate strede-msgpack 0.2.3 on toolchain 1.100.0-beta.1
[INFO] running `Command { std: CARGO_HOME="/workspace/cargo-home" RUSTUP_HOME="/workspace/rustup-home" "/workspace/cargo-home/bin/cargo" "+1.100.0-beta.1" "metadata" "--manifest-path" "Cargo.toml" "--no-deps", kill_on_drop: false }`
[INFO] crate crates.io crate strede-msgpack 0.2.3 already has a lockfile, it will not be regenerated
[INFO] running `Command { std: CARGO_HOME="/workspace/cargo-home" RUSTUP_HOME="/workspace/rustup-home" "/workspace/cargo-home/bin/cargo" "+1.100.0-beta.1" "fetch" "--manifest-path" "Cargo.toml", kill_on_drop: false }`
[INFO] [stderr] warning: `package.homepage` is redundant with `package.repository`
[INFO] [stderr]   --> Cargo.toml:29:12
[INFO] [stderr]    |
[INFO] [stderr] 29 | homepage = "https://github.com/Daniel-Aaron-Bloom/strede"
[INFO] [stderr]    |            ^^^^^^^^^^^^^^^^^^^^^^^^^^^^^^^^^^^^^^^^^^^^^^
[INFO] [stderr] ...
[INFO] [stderr] 34 | repository = "https://github.com/Daniel-Aaron-Bloom/strede"
[INFO] [stderr]    |              ----------------------------------------------
[INFO] [stderr]    |
[INFO] [stderr]    = note: `cargo::redundant_homepage` is set to `warn` by default
[INFO] [stderr] help: consider removing `package.homepage`
[INFO] [stderr] warning: `strede-msgpack` (manifest) generated 1 warning
[INFO] running `Command { std: "docker" "create" "-v" "/var/lib/crater-agent-workspace/builds/worker-3-tc2/source:/opt/rustwide/workdir:ro,Z" "-v" "/var/lib/crater-agent-workspace/builds/worker-3-tc2/target:/opt/rustwide/target:rw,Z" "-v" "/var/lib/crater-agent-workspace/cargo-home:/opt/rustwide/cargo-home:ro,Z" "-v" "/var/lib/crater-agent-workspace/rustup-home:/opt/rustwide/rustup-home:ro,Z" "-m" "1610612736" "--network" "none" "ghcr.io/rust-lang/crates-build-env/linux@sha256:77db811e55d90add9212f6832c23229e3de5f1c1f9905e8cb07319ea15df73ac" "sleep" "infinity", kill_on_drop: false }`
[INFO] [stdout] 031a990278a8a54cb2f480e7c9cd145333eef596a262a460182e40e1598c49c9
[INFO] running `Command { std: "docker" "start" "031a990278a8a54cb2f480e7c9cd145333eef596a262a460182e40e1598c49c9", kill_on_drop: false }`
[INFO] running `Command { std: "docker" "inspect" "031a990278a8a54cb2f480e7c9cd145333eef596a262a460182e40e1598c49c9", kill_on_drop: false }`
[INFO] running `Command { std: "docker" "exec" "-e" "SOURCE_DIR=/opt/rustwide/workdir" "-e" "CARGO_HOME=/opt/rustwide/cargo-home" "-e" "RUSTUP_HOME=/opt/rustwide/rustup-home" "-e" "CARGO_TARGET_DIR=/opt/rustwide/target" "-w" "/opt/rustwide/workdir" "--user" "0:0" "031a990278a8a54cb2f480e7c9cd145333eef596a262a460182e40e1598c49c9" "/opt/rustwide/cargo-home/bin/cargo" "+1.100.0-beta.1" "metadata" "--no-deps" "--format-version=1", kill_on_drop: false }`
[INFO] running `Command { std: "docker" "inspect" "031a990278a8a54cb2f480e7c9cd145333eef596a262a460182e40e1598c49c9", kill_on_drop: false }`
[INFO] running `Command { std: "docker" "exec" "-e" "SOURCE_DIR=/opt/rustwide/workdir" "-e" "CARGO_HOME=/opt/rustwide/cargo-home" "-e" "RUSTUP_HOME=/opt/rustwide/rustup-home" "-e" "CARGO_TARGET_DIR=/opt/rustwide/target" "-e" "CARGO_INCREMENTAL=0" "-e" "RUST_BACKTRACE=full" "-e" "RUSTFLAGS=--cap-lints=warn" "-e" "RUSTDOCFLAGS=--cap-lints=warn" "-w" "/opt/rustwide/workdir" "--user" "0:0" "031a990278a8a54cb2f480e7c9cd145333eef596a262a460182e40e1598c49c9" "/opt/rustwide/cargo-home/bin/cargo" "+1.100.0-beta.1" "build" "--frozen" "--message-format=json" "--release", kill_on_drop: false }`
[INFO] [stderr] warning: `package.homepage` is redundant with `package.repository`
[INFO] [stderr]   --> Cargo.toml:29:12
[INFO] [stderr]    |
[INFO] [stderr] 29 | homepage = "https://github.com/Daniel-Aaron-Bloom/strede"
[INFO] [stderr]    |            ^^^^^^^^^^^^^^^^^^^^^^^^^^^^^^^^^^^^^^^^^^^^^^
[INFO] [stderr] ...
[INFO] [stderr] 34 | repository = "https://github.com/Daniel-Aaron-Bloom/strede"
[INFO] [stderr]    |              ----------------------------------------------
[INFO] [stderr]    |
[INFO] [stderr]    = note: `cargo::redundant_homepage` is set to `warn` by default
[INFO] [stderr] help: consider removing `package.homepage`
[INFO] [stderr] warning: `strede-msgpack` (manifest) generated 1 warning
[INFO] [stderr]    Compiling pinned-aliasable v0.1.3
[INFO] [stderr]    Compiling arrayvec v0.7.8
[INFO] [stderr]    Compiling convert_case v0.11.0
[INFO] [stderr]    Compiling const_panic v0.2.15
[INFO] [stderr]    Compiling syn v2.0.117
[INFO] [stderr]    Compiling syn v3.0.3
[INFO] [stderr]    Compiling pin-list v0.1.2
[INFO] [stderr]    Compiling const-array-concat v0.2.0
[INFO] [stderr]    Compiling strede-derive v0.2.3
[INFO] [stderr]    Compiling pin-project-internal v1.1.11
[INFO] [stderr]    Compiling pin-project v1.1.11
[INFO] [stderr]    Compiling strede v0.2.3
[INFO] [stderr]    Compiling strede-msgpack v0.2.3 (/opt/rustwide/workdir)
[INFO] [stderr]     Finished `release` profile [optimized] target(s) in 29.73s
[INFO] running `Command { std: "docker" "inspect" "031a990278a8a54cb2f480e7c9cd145333eef596a262a460182e40e1598c49c9", kill_on_drop: false }`
[INFO] running `Command { std: "docker" "exec" "-e" "SOURCE_DIR=/opt/rustwide/workdir" "-e" "CARGO_HOME=/opt/rustwide/cargo-home" "-e" "RUSTUP_HOME=/opt/rustwide/rustup-home" "-e" "CARGO_TARGET_DIR=/opt/rustwide/target" "-e" "CARGO_INCREMENTAL=0" "-e" "RUST_BACKTRACE=full" "-e" "RUSTFLAGS=--cap-lints=warn" "-e" "RUSTDOCFLAGS=--cap-lints=warn" "-w" "/opt/rustwide/workdir" "--user" "0:0" "031a990278a8a54cb2f480e7c9cd145333eef596a262a460182e40e1598c49c9" "/opt/rustwide/cargo-home/bin/cargo" "+1.100.0-beta.1" "test" "--frozen" "--no-run" "--message-format=json" "--release", kill_on_drop: false }`
[INFO] [stderr] warning: `package.homepage` is redundant with `package.repository`
[INFO] [stderr]   --> Cargo.toml:29:12
[INFO] [stderr]    |
[INFO] [stderr] 29 | homepage = "https://github.com/Daniel-Aaron-Bloom/strede"
[INFO] [stderr]    |            ^^^^^^^^^^^^^^^^^^^^^^^^^^^^^^^^^^^^^^^^^^^^^^
[INFO] [stderr] ...
[INFO] [stderr] 34 | repository = "https://github.com/Daniel-Aaron-Bloom/strede"
[INFO] [stderr]    |              ----------------------------------------------
[INFO] [stderr]    |
[INFO] [stderr]    = note: `cargo::redundant_homepage` is set to `warn` by default
[INFO] [stderr] help: consider removing `package.homepage`
[INFO] [stderr] warning: `strede-msgpack` (manifest) generated 1 warning
[INFO] [stderr]    Compiling strede-derive v0.2.3
[INFO] [stderr]    Compiling strede v0.2.3
[INFO] [stderr]    Compiling strede-msgpack v0.2.3 (/opt/rustwide/workdir)
[INFO] [stdout] error[E0432]: unresolved import `strede_test_util`
[INFO] [stdout]     --> src/chunked/mod.rs:1329:9
[INFO] [stdout]      |
[INFO] [stdout] 1329 |     use strede_test_util::block_on_loop;
[INFO] [stdout]      |         ^^^^^^^^^^^^^^^^ use of unresolved module or unlinked crate `strede_test_util`
[INFO] [stdout]      |
[INFO] [stdout]      = help: if you wanted to use a crate named `strede_test_util`, use `cargo add strede_test_util` to add it to your `Cargo.toml`
[INFO] [stdout] 
[INFO] [stdout] 
[INFO] [stdout] error[E0432]: unresolved import `strede_test_util`
[INFO] [stdout]   --> tests/deserialize_with_borrow.rs:13:5
[INFO] [stdout]    |
[INFO] [stdout] 13 | use strede_test_util::block_on;
[INFO] [stdout]    |     ^^^^^^^^^^^^^^^^ use of unresolved module or unlinked crate `strede_test_util`
[INFO] [stdout]    |
[INFO] [stdout]    = help: if you wanted to use a crate named `strede_test_util`, use `cargo add strede_test_util` to add it to your `Cargo.toml`
[INFO] [stdout] 
[INFO] [stdout] 
[INFO] [stdout] error[E0432]: unresolved import `strede_test_util`
[INFO] [stdout]   --> tests/try_from_field_borrow.rs:12:5
[INFO] [stdout]    |
[INFO] [stdout] 12 | use strede_test_util::block_on;
[INFO] [stdout]    |     ^^^^^^^^^^^^^^^^ use of unresolved module or unlinked crate `strede_test_util`
[INFO] [stdout]    |
[INFO] [stdout]    = help: if you wanted to use a crate named `strede_test_util`, use `cargo add strede_test_util` to add it to your `Cargo.toml`
[INFO] [stdout] 
[INFO] [stdout] 
[INFO] [stdout] error[E0432]: unresolved import `strede_test_util`
[INFO] [stdout]   --> tests/transparent_borrow.rs:14:5
[INFO] [stdout]    |
[INFO] [stdout] 14 | use strede_test_util::block_on;
[INFO] [stdout]    |     ^^^^^^^^^^^^^^^^ use of unresolved module or unlinked crate `strede_test_util`
[INFO] [stdout]    |
[INFO] [stdout]    = help: if you wanted to use a crate named `strede_test_util`, use `cargo add strede_test_util` to add it to your `Cargo.toml`
[INFO] [stdout] 
[INFO] [stdout] 
[INFO] [stdout] error[E0432]: unresolved import `strede_test_util`
[INFO] [stdout]  --> tests/timestamp_borrow.rs:8:5
[INFO] [stdout]   |
[INFO] [stdout] 8 | use strede_test_util::block_on;
[INFO] [stdout]   |     ^^^^^^^^^^^^^^^^ use of unresolved module or unlinked crate `strede_test_util`
[INFO] [stdout]   |
[INFO] [stdout]   = help: if you wanted to use a crate named `strede_test_util`, use `cargo add strede_test_util` to add it to your `Cargo.toml`
[INFO] [stdout] 
[INFO] [stdout] 
[INFO] [stdout] error[E0432]: unresolved import `strede_test_util`
[INFO] [stdout]   --> tests/number_chunks_borrow.rs:10:5
[INFO] [stdout]    |
[INFO] [stdout] 10 | use strede_test_util::block_on;
[INFO] [stdout]    |     ^^^^^^^^^^^^^^^^ use of unresolved module or unlinked crate `strede_test_util`
[INFO] [stdout]    |
[INFO] [stdout]    = help: if you wanted to use a crate named `strede_test_util`, use `cargo add strede_test_util` to add it to your `Cargo.toml`
[INFO] [stdout] 
[INFO] [stdout] 
[INFO] [stdout] error[E0432]: unresolved import `strede_test_util`
[INFO] [stdout]   --> tests/duplicate_key_owned.rs:14:5
[INFO] [stdout]    |
[INFO] [stdout] 14 | use strede_test_util::block_on_loop;
[INFO] [stdout]    |     ^^^^^^^^^^^^^^^^ use of unresolved module or unlinked crate `strede_test_util`
[INFO] [stdout]    |
[INFO] [stdout]    = help: if you wanted to use a crate named `strede_test_util`, use `cargo add strede_test_util` to add it to your `Cargo.toml`
[INFO] [stdout] 
[INFO] [stdout] 
[INFO] [stdout] error[E0432]: unresolved import `strede_test_util`
[INFO] [stdout]   --> tests/from_field_borrow.rs:12:5
[INFO] [stdout]    |
[INFO] [stdout] 12 | use strede_test_util::block_on;
[INFO] [stdout]    |     ^^^^^^^^^^^^^^^^ use of unresolved module or unlinked crate `strede_test_util`
[INFO] [stdout]    |
[INFO] [stdout]    = help: if you wanted to use a crate named `strede_test_util`, use `cargo add strede_test_util` to add it to your `Cargo.toml`
[INFO] [stdout] 
[INFO] [stdout] 
[INFO] [stdout] For more information about this error, try `rustc --explain E0432`.
[INFO] [stdout] 
[INFO] [stderr] error: could not compile `strede-msgpack` (lib test) due to 1 previous error
[INFO] [stderr] warning: build failed, waiting for other jobs to finish...
[INFO] [stdout] For more information about this error, try `rustc --explain E0432`.
[INFO] [stdout] 
[INFO] [stdout] For more information about this error, try `rustc --explain E0432`.
[INFO] [stdout] 
[INFO] [stderr] error: could not compile `strede-msgpack` (test "timestamp_borrow") due to 1 previous error
[INFO] [stderr] error: could not compile `strede-msgpack` (test "transparent_borrow") due to 1 previous error
[INFO] [stdout] For more information about this error, try `rustc --explain E0432`.
[INFO] [stdout] 
[INFO] [stderr] error: could not compile `strede-msgpack` (test "number_chunks_borrow") due to 1 previous error
[INFO] [stdout] For more information about this error, try `rustc --explain E0432`.
[INFO] [stdout] 
[INFO] [stderr] error: could not compile `strede-msgpack` (test "deserialize_with_borrow") due to 1 previous error
[INFO] [stdout] For more information about this error, try `rustc --explain E0432`.
[INFO] [stdout] 
[INFO] [stderr] error: could not compile `strede-msgpack` (test "from_field_borrow") due to 1 previous error
[INFO] [stdout] For more information about this error, try `rustc --explain E0432`.
[INFO] [stdout] 
[INFO] [stderr] error: could not compile `strede-msgpack` (test "duplicate_key_owned") due to 1 previous error
[INFO] [stdout] For more information about this error, try `rustc --explain E0432`.
[INFO] [stdout] 
[INFO] [stderr] error: could not compile `strede-msgpack` (test "try_from_field_borrow") due to 1 previous error
[INFO] running `Command { std: "docker" "inspect" "031a990278a8a54cb2f480e7c9cd145333eef596a262a460182e40e1598c49c9", kill_on_drop: false }`
[INFO] running `Command { std: "docker" "rm" "-f" "031a990278a8a54cb2f480e7c9cd145333eef596a262a460182e40e1598c49c9", kill_on_drop: false }`
[INFO] [stdout] 031a990278a8a54cb2f480e7c9cd145333eef596a262a460182e40e1598c49c9
