[INFO] fetching crate strede-json 0.2.3...
[INFO] testing strede-json-0.2.3 against 1.100.0-beta.1+cargoflags=--release for beta-release-1.100-2
[INFO] extracting crate strede-json 0.2.3 into /workspace/builds/worker-0-tc2/source
[INFO] started tweaking crates.io crate strede-json 0.2.3
[INFO] removed 0 missing tests
[INFO] finished tweaking crates.io crate strede-json 0.2.3
[INFO] tweaked toml for crates.io crate strede-json 0.2.3 written to /workspace/builds/worker-0-tc2/source/Cargo.toml
[INFO] validating manifest of crates.io crate strede-json 0.2.3 on toolchain 1.100.0-beta.1
[INFO] running `Command { std: CARGO_HOME="/workspace/cargo-home" RUSTUP_HOME="/workspace/rustup-home" "/workspace/cargo-home/bin/cargo" "+1.100.0-beta.1" "metadata" "--manifest-path" "Cargo.toml" "--no-deps", kill_on_drop: false }`
[INFO] crate crates.io crate strede-json 0.2.3 already has a lockfile, it will not be regenerated
[INFO] running `Command { std: CARGO_HOME="/workspace/cargo-home" RUSTUP_HOME="/workspace/rustup-home" "/workspace/cargo-home/bin/cargo" "+1.100.0-beta.1" "fetch" "--manifest-path" "Cargo.toml", kill_on_drop: false }`
[INFO] [stderr] warning: `package.homepage` is redundant with `package.repository`
[INFO] [stderr]   --> Cargo.toml:36:12
[INFO] [stderr]    |
[INFO] [stderr] 36 | homepage = "https://github.com/Daniel-Aaron-Bloom/strede"
[INFO] [stderr]    |            ^^^^^^^^^^^^^^^^^^^^^^^^^^^^^^^^^^^^^^^^^^^^^^
[INFO] [stderr] ...
[INFO] [stderr] 41 | repository = "https://github.com/Daniel-Aaron-Bloom/strede"
[INFO] [stderr]    |              ----------------------------------------------
[INFO] [stderr]    |
[INFO] [stderr]    = note: `cargo::redundant_homepage` is set to `warn` by default
[INFO] [stderr] help: consider removing `package.homepage`
[INFO] [stderr] warning: `strede-json` (manifest) generated 1 warning
[INFO] running `Command { std: "docker" "create" "-v" "/var/lib/crater-agent-workspace/builds/worker-0-tc2/source:/opt/rustwide/workdir:ro,Z" "-v" "/var/lib/crater-agent-workspace/builds/worker-0-tc2/target:/opt/rustwide/target:rw,Z" "-v" "/var/lib/crater-agent-workspace/cargo-home:/opt/rustwide/cargo-home:ro,Z" "-v" "/var/lib/crater-agent-workspace/rustup-home:/opt/rustwide/rustup-home:ro,Z" "-m" "1610612736" "--network" "none" "ghcr.io/rust-lang/crates-build-env/linux@sha256:77db811e55d90add9212f6832c23229e3de5f1c1f9905e8cb07319ea15df73ac" "sleep" "infinity", kill_on_drop: false }`
[INFO] [stdout] b1577185ba763db7dfa50204565d1083166f2cb6bc9e442dee3ca9ef110dd51f
[INFO] running `Command { std: "docker" "start" "b1577185ba763db7dfa50204565d1083166f2cb6bc9e442dee3ca9ef110dd51f", kill_on_drop: false }`
[INFO] running `Command { std: "docker" "inspect" "b1577185ba763db7dfa50204565d1083166f2cb6bc9e442dee3ca9ef110dd51f", kill_on_drop: false }`
[INFO] running `Command { std: "docker" "exec" "-e" "SOURCE_DIR=/opt/rustwide/workdir" "-e" "CARGO_HOME=/opt/rustwide/cargo-home" "-e" "RUSTUP_HOME=/opt/rustwide/rustup-home" "-e" "CARGO_TARGET_DIR=/opt/rustwide/target" "-w" "/opt/rustwide/workdir" "--user" "0:0" "b1577185ba763db7dfa50204565d1083166f2cb6bc9e442dee3ca9ef110dd51f" "/opt/rustwide/cargo-home/bin/cargo" "+1.100.0-beta.1" "metadata" "--no-deps" "--format-version=1", kill_on_drop: false }`
[INFO] running `Command { std: "docker" "inspect" "b1577185ba763db7dfa50204565d1083166f2cb6bc9e442dee3ca9ef110dd51f", kill_on_drop: false }`
[INFO] running `Command { std: "docker" "exec" "-e" "SOURCE_DIR=/opt/rustwide/workdir" "-e" "CARGO_HOME=/opt/rustwide/cargo-home" "-e" "RUSTUP_HOME=/opt/rustwide/rustup-home" "-e" "CARGO_TARGET_DIR=/opt/rustwide/target" "-e" "CARGO_INCREMENTAL=0" "-e" "RUST_BACKTRACE=full" "-e" "RUSTFLAGS=--cap-lints=warn" "-e" "RUSTDOCFLAGS=--cap-lints=warn" "-w" "/opt/rustwide/workdir" "--user" "0:0" "b1577185ba763db7dfa50204565d1083166f2cb6bc9e442dee3ca9ef110dd51f" "/opt/rustwide/cargo-home/bin/cargo" "+1.100.0-beta.1" "build" "--frozen" "--message-format=json" "--release", kill_on_drop: false }`
[INFO] [stderr] warning: `package.homepage` is redundant with `package.repository`
[INFO] [stderr]   --> Cargo.toml:36:12
[INFO] [stderr]    |
[INFO] [stderr] 36 | homepage = "https://github.com/Daniel-Aaron-Bloom/strede"
[INFO] [stderr]    |            ^^^^^^^^^^^^^^^^^^^^^^^^^^^^^^^^^^^^^^^^^^^^^^
[INFO] [stderr] ...
[INFO] [stderr] 41 | repository = "https://github.com/Daniel-Aaron-Bloom/strede"
[INFO] [stderr]    |              ----------------------------------------------
[INFO] [stderr]    |
[INFO] [stderr]    = note: `cargo::redundant_homepage` is set to `warn` by default
[INFO] [stderr] help: consider removing `package.homepage`
[INFO] [stderr] warning: `strede-json` (manifest) generated 1 warning
[INFO] [stderr]    Compiling typewit v1.15.2
[INFO] [stderr]    Compiling unicode-segmentation v1.13.2
[INFO] [stderr]    Compiling pinned-aliasable v0.1.3
[INFO] [stderr]    Compiling typeid v1.0.3
[INFO] [stderr]    Compiling syn v2.0.117
[INFO] [stderr]    Compiling syn v3.0.3
[INFO] [stderr]    Compiling pin-list v0.1.2
[INFO] [stderr]    Compiling const_panic v0.2.15
[INFO] [stderr]    Compiling convert_case v0.11.0
[INFO] [stderr]    Compiling const-array-concat v0.2.0
[INFO] [stderr]    Compiling strede-derive v0.2.3
[INFO] [stderr]    Compiling pin-project-internal v1.1.11
[INFO] [stderr]    Compiling pin-project v1.1.11
[INFO] [stderr]    Compiling strede v0.2.3
[INFO] [stderr]    Compiling strede-json v0.2.3 (/opt/rustwide/workdir)
[INFO] [stderr]     Finished `release` profile [optimized] target(s) in 24.49s
[INFO] running `Command { std: "docker" "inspect" "b1577185ba763db7dfa50204565d1083166f2cb6bc9e442dee3ca9ef110dd51f", kill_on_drop: false }`
[INFO] running `Command { std: "docker" "exec" "-e" "SOURCE_DIR=/opt/rustwide/workdir" "-e" "CARGO_HOME=/opt/rustwide/cargo-home" "-e" "RUSTUP_HOME=/opt/rustwide/rustup-home" "-e" "CARGO_TARGET_DIR=/opt/rustwide/target" "-e" "CARGO_INCREMENTAL=0" "-e" "RUST_BACKTRACE=full" "-e" "RUSTFLAGS=--cap-lints=warn" "-e" "RUSTDOCFLAGS=--cap-lints=warn" "-w" "/opt/rustwide/workdir" "--user" "0:0" "b1577185ba763db7dfa50204565d1083166f2cb6bc9e442dee3ca9ef110dd51f" "/opt/rustwide/cargo-home/bin/cargo" "+1.100.0-beta.1" "test" "--frozen" "--no-run" "--message-format=json" "--release", kill_on_drop: false }`
[INFO] [stderr] warning: `package.homepage` is redundant with `package.repository`
[INFO] [stderr]   --> Cargo.toml:36:12
[INFO] [stderr]    |
[INFO] [stderr] 36 | homepage = "https://github.com/Daniel-Aaron-Bloom/strede"
[INFO] [stderr]    |            ^^^^^^^^^^^^^^^^^^^^^^^^^^^^^^^^^^^^^^^^^^^^^^
[INFO] [stderr] ...
[INFO] [stderr] 41 | repository = "https://github.com/Daniel-Aaron-Bloom/strede"
[INFO] [stderr]    |              ----------------------------------------------
[INFO] [stderr]    |
[INFO] [stderr]    = note: `cargo::redundant_homepage` is set to `warn` by default
[INFO] [stderr] help: consider removing `package.homepage`
[INFO] [stderr] warning: `strede-json` (manifest) generated 1 warning
[INFO] [stderr]    Compiling syn v2.0.117
[INFO] [stderr]    Compiling target-triple v1.0.1
[INFO] [stderr]    Compiling serde v1.0.228
[INFO] [stderr]    Compiling toml_datetime v1.1.1+spec-1.1.0
[INFO] [stderr]    Compiling strede-derive v0.2.3
[INFO] [stderr]    Compiling serde_spanned v1.1.1
[INFO] [stderr]    Compiling toml v1.1.4+spec-1.1.0
[INFO] [stderr]    Compiling pin-project-internal v1.1.11
[INFO] [stderr]    Compiling serde_derive v1.0.228
[INFO] [stderr]    Compiling pin-project v1.1.11
[INFO] [stderr]    Compiling trybuild v1.0.118
[INFO] [stderr]    Compiling strede v0.2.3
[INFO] [stderr]    Compiling strede-json v0.2.3 (/opt/rustwide/workdir)
[INFO] [stdout] error[E0432]: unresolved import `strede_test_util`
[INFO] [stdout]     --> src/chunked/mod.rs:1330:9
[INFO] [stdout]      |
[INFO] [stdout] 1330 |     use strede_test_util::block_on;
[INFO] [stdout]      |         ^^^^^^^^^^^^^^^^ use of unresolved module or unlinked crate `strede_test_util`
[INFO] [stdout]      |
[INFO] [stdout]      = help: if you wanted to use a crate named `strede_test_util`, use `cargo add strede_test_util` to add it to your `Cargo.toml`
[INFO] [stdout] 
[INFO] [stdout] 
[INFO] [stdout] error[E0432]: unresolved import `strede_test_util`
[INFO] [stdout]    --> src/number/decimal_seq.rs:760:9
[INFO] [stdout]     |
[INFO] [stdout] 760 |     use strede_test_util::block_on;
[INFO] [stdout]     |         ^^^^^^^^^^^^^^^^ use of unresolved module or unlinked crate `strede_test_util`
[INFO] [stdout]     |
[INFO] [stdout]     = help: if you wanted to use a crate named `strede_test_util`, use `cargo add strede_test_util` to add it to your `Cargo.toml`
[INFO] [stdout] 
[INFO] [stdout] 
[INFO] [stdout] error[E0432]: unresolved import `strede_test_util`
[INFO] [stdout]    --> src/number/mod.rs:319:9
[INFO] [stdout]     |
[INFO] [stdout] 319 |     use strede_test_util::block_on;
[INFO] [stdout]     |         ^^^^^^^^^^^^^^^^ use of unresolved module or unlinked crate `strede_test_util`
[INFO] [stdout]     |
[INFO] [stdout]     = help: if you wanted to use a crate named `strede_test_util`, use `cargo add strede_test_util` to add it to your `Cargo.toml`
[INFO] [stdout] 
[INFO] [stdout] 
[INFO] [stdout] error[E0432]: unresolved import `strede_test_util`
[INFO] [stdout]    --> src/number/mod.rs:576:13
[INFO] [stdout]     |
[INFO] [stdout] 576 |         use strede_test_util::block_on_loop_bounded;
[INFO] [stdout]     |             ^^^^^^^^^^^^^^^^ use of unresolved module or unlinked crate `strede_test_util`
[INFO] [stdout]     |
[INFO] [stdout]     = help: if you wanted to use a crate named `strede_test_util`, use `cargo add strede_test_util` to add it to your `Cargo.toml`
[INFO] [stdout] 
[INFO] [stdout] 
[INFO] [stdout] error[E0432]: unresolved import `strede_test_util`
[INFO] [stdout]    --> src/number/mod.rs:446:13
[INFO] [stdout]     |
[INFO] [stdout] 446 |         use strede_test_util::block_on_loop_bounded;
[INFO] [stdout]     |             ^^^^^^^^^^^^^^^^ use of unresolved module or unlinked crate `strede_test_util`
[INFO] [stdout]     |
[INFO] [stdout]     = help: if you wanted to use a crate named `strede_test_util`, use `cargo add strede_test_util` to add it to your `Cargo.toml`
[INFO] [stdout] 
[INFO] [stdout] 
[INFO] [stdout] error[E0432]: unresolved import `strede_test_util`
[INFO] [stdout]    --> src/number/mod.rs:478:13
[INFO] [stdout]     |
[INFO] [stdout] 478 |         use strede_test_util::block_on;
[INFO] [stdout]     |             ^^^^^^^^^^^^^^^^ use of unresolved module or unlinked crate `strede_test_util`
[INFO] [stdout]     |
[INFO] [stdout]     = help: if you wanted to use a crate named `strede_test_util`, use `cargo add strede_test_util` to add it to your `Cargo.toml`
[INFO] [stdout] 
[INFO] [stdout] 
[INFO] [stdout] error[E0432]: unresolved import `strede_test_util`
[INFO] [stdout]    --> src/number/mod.rs:501:13
[INFO] [stdout]     |
[INFO] [stdout] 501 |         use strede_test_util::block_on_loop_bounded;
[INFO] [stdout]     |             ^^^^^^^^^^^^^^^^ use of unresolved module or unlinked crate `strede_test_util`
[INFO] [stdout]     |
[INFO] [stdout]     = help: if you wanted to use a crate named `strede_test_util`, use `cargo add strede_test_util` to add it to your `Cargo.toml`
[INFO] [stdout] 
[INFO] [stdout] 
[INFO] [stdout] error[E0432]: unresolved import `strede_test_util`
[INFO] [stdout]    --> src/number/mod.rs:530:13
[INFO] [stdout]     |
[INFO] [stdout] 530 |         use strede_test_util::block_on;
[INFO] [stdout]     |             ^^^^^^^^^^^^^^^^ use of unresolved module or unlinked crate `strede_test_util`
[INFO] [stdout]     |
[INFO] [stdout]     = help: if you wanted to use a crate named `strede_test_util`, use `cargo add strede_test_util` to add it to your `Cargo.toml`
[INFO] [stdout] 
[INFO] [stdout] 
[INFO] [stdout] error[E0432]: unresolved import `strede_test_util`
[INFO] [stdout]  --> tests/unit_struct_owned.rs:6:5
[INFO] [stdout]   |
[INFO] [stdout] 6 | use strede_test_util::block_on_loop;
[INFO] [stdout]   |     ^^^^^^^^^^^^^^^^ use of unresolved module or unlinked crate `strede_test_util`
[INFO] [stdout]   |
[INFO] [stdout]   = help: if you wanted to use a crate named `strede_test_util`, use `cargo add strede_test_util` to add it to your `Cargo.toml`
[INFO] [stdout] 
[INFO] [stdout] 
[INFO] [stdout] error[E0432]: unresolved import `strede_test_util`
[INFO] [stdout]   --> tests/skip_bare_number_at_eof.rs:22:5
[INFO] [stdout]    |
[INFO] [stdout] 22 | use strede_test_util::block_on;
[INFO] [stdout]    |     ^^^^^^^^^^^^^^^^ use of unresolved module or unlinked crate `strede_test_util`
[INFO] [stdout]    |
[INFO] [stdout]    = help: if you wanted to use a crate named `strede_test_util`, use `cargo add strede_test_util` to add it to your `Cargo.toml`
[INFO] [stdout] 
[INFO] [stdout] 
[INFO] [stdout] error[E0432]: unresolved import `strede_test_util`
[INFO] [stdout]  --> tests/number_range_borrow.rs:6:5
[INFO] [stdout]   |
[INFO] [stdout] 6 | use strede_test_util::block_on;
[INFO] [stdout]   |     ^^^^^^^^^^^^^^^^ use of unresolved module or unlinked crate `strede_test_util`
[INFO] [stdout]   |
[INFO] [stdout]   = help: if you wanted to use a crate named `strede_test_util`, use `cargo add strede_test_util` to add it to your `Cargo.toml`
[INFO] [stdout] 
[INFO] [stdout] 
[INFO] [stdout] For more information about this error, try `rustc --explain E0432`.
[INFO] [stdout] 
[INFO] [stderr] error: could not compile `strede-json` (test "skip_bare_number_at_eof") due to 1 previous error
[INFO] [stderr] warning: build failed, waiting for other jobs to finish...
[INFO] [stdout] error[E0432]: unresolved import `strede_test_util`
[INFO] [stdout]  --> tests/allow_unknown_fields_owned.rs:9:5
[INFO] [stdout]   |
[INFO] [stdout] 9 | use strede_test_util::block_on_loop;
[INFO] [stdout]   |     ^^^^^^^^^^^^^^^^ use of unresolved module or unlinked crate `strede_test_util`
[INFO] [stdout]   |
[INFO] [stdout]   = help: if you wanted to use a crate named `strede_test_util`, use `cargo add strede_test_util` to add it to your `Cargo.toml`
[INFO] [stdout] 
[INFO] [stdout] 
[INFO] [stdout] For more information about this error, try `rustc --explain E0432`.
[INFO] [stdout] 
[INFO] [stdout] error[E0432]: unresolved import `strede_test_util`
[INFO] [stdout]  --> tests/newtype_borrow.rs:6:5
[INFO] [stdout]   |
[INFO] [stdout] 6 | use strede_test_util::block_on;
[INFO] [stdout]   |     ^^^^^^^^^^^^^^^^ use of unresolved module or unlinked crate `strede_test_util`
[INFO] [stdout]   |
[INFO] [stdout]   = help: if you wanted to use a crate named `strede_test_util`, use `cargo add strede_test_util` to add it to your `Cargo.toml`
[INFO] [stdout] 
[INFO] [stdout] 
[INFO] [stderr] error: could not compile `strede-json` (test "unit_struct_owned") due to 1 previous error
[INFO] [stdout] error[E0432]: unresolved import `strede_test_util`
[INFO] [stdout]  --> tests/multi_flatten_borrow.rs:6:5
[INFO] [stdout]   |
[INFO] [stdout] 6 | use strede_test_util::block_on;
[INFO] [stdout]   |     ^^^^^^^^^^^^^^^^ use of unresolved module or unlinked crate `strede_test_util`
[INFO] [stdout]   |
[INFO] [stdout]   = help: if you wanted to use a crate named `strede_test_util`, use `cargo add strede_test_util` to add it to your `Cargo.toml`
[INFO] [stdout] 
[INFO] [stdout] 
[INFO] [stdout] error[E0432]: unresolved import `strede_test_util`
[INFO] [stdout]  --> tests/adjacent_tagged_owned.rs:7:5
[INFO] [stdout]   |
[INFO] [stdout] 7 | use strede_test_util::block_on_loop;
[INFO] [stdout]   |     ^^^^^^^^^^^^^^^^ use of unresolved module or unlinked crate `strede_test_util`
[INFO] [stdout]   |
[INFO] [stdout]   = help: if you wanted to use a crate named `strede_test_util`, use `cargo add strede_test_util` to add it to your `Cargo.toml`
[INFO] [stdout] 
[INFO] [stdout] 
[INFO] [stdout] error[E0432]: unresolved import `strede_test_util`
[INFO] [stdout]  --> tests/tagged_enum_borrow.rs:6:5
[INFO] [stdout]   |
[INFO] [stdout] 6 | use strede_test_util::block_on;
[INFO] [stdout]   |     ^^^^^^^^^^^^^^^^ use of unresolved module or unlinked crate `strede_test_util`
[INFO] [stdout]   |
[INFO] [stdout]   = help: if you wanted to use a crate named `strede_test_util`, use `cargo add strede_test_util` to add it to your `Cargo.toml`
[INFO] [stdout] 
[INFO] [stdout] 
[INFO] [stdout] error[E0432]: unresolved import `strede_test_util`
[INFO] [stdout]  --> tests/container_from_borrow.rs:7:5
[INFO] [stdout]   |
[INFO] [stdout] 7 | use strede_test_util::block_on;
[INFO] [stdout]   |     ^^^^^^^^^^^^^^^^ use of unresolved module or unlinked crate `strede_test_util`
[INFO] [stdout]   |
[INFO] [stdout]   = help: if you wanted to use a crate named `strede_test_util`, use `cargo add strede_test_util` to add it to your `Cargo.toml`
[INFO] [stdout] 
[INFO] [stdout] 
[INFO] [stdout] error[E0432]: unresolved import `strede_test_util`
[INFO] [stdout]   --> tests/other_variant_borrow.rs:12:5
[INFO] [stdout]    |
[INFO] [stdout] 12 | use strede_test_util::block_on;
[INFO] [stdout]    |     ^^^^^^^^^^^^^^^^ use of unresolved module or unlinked crate `strede_test_util`
[INFO] [stdout]    |
[INFO] [stdout]    = help: if you wanted to use a crate named `strede_test_util`, use `cargo add strede_test_util` to add it to your `Cargo.toml`
[INFO] [stdout] 
[INFO] [stdout] 
[INFO] [stdout] For more information about this error, try `rustc --explain E0432`.
[INFO] [stdout] 
[INFO] [stdout] For more information about this error, try `rustc --explain E0432`.
[INFO] [stdout] 
[INFO] [stdout] For more information about this error, try `rustc --explain E0432`.
[INFO] [stdout] 
[INFO] [stderr] error: could not compile `strede-json` (lib test) due to 8 previous errors
[INFO] [stderr] error: could not compile `strede-json` (test "allow_unknown_fields_owned") due to 1 previous error
[INFO] [stderr] error: could not compile `strede-json` (test "number_range_borrow") due to 1 previous error
[INFO] [stdout] For more information about this error, try `rustc --explain E0432`.
[INFO] [stdout] 
[INFO] [stderr] error: could not compile `strede-json` (test "container_from_borrow") due to 1 previous error
[INFO] [stdout] For more information about this error, try `rustc --explain E0432`.
[INFO] [stdout] 
[INFO] [stderr] error: could not compile `strede-json` (test "other_variant_borrow") due to 1 previous error
[INFO] [stdout] For more information about this error, try `rustc --explain E0432`.
[INFO] [stdout] 
[INFO] [stderr] error: could not compile `strede-json` (test "newtype_borrow") due to 1 previous error
[INFO] [stdout] For more information about this error, try `rustc --explain E0432`.
[INFO] [stdout] 
[INFO] [stderr] error: could not compile `strede-json` (test "multi_flatten_borrow") due to 1 previous error
[INFO] [stdout] For more information about this error, try `rustc --explain E0432`.
[INFO] [stdout] 
[INFO] [stderr] error: could not compile `strede-json` (test "adjacent_tagged_owned") due to 1 previous error
[INFO] [stdout] For more information about this error, try `rustc --explain E0432`.
[INFO] [stdout] 
[INFO] [stderr] error: could not compile `strede-json` (test "tagged_enum_borrow") due to 1 previous error
[INFO] running `Command { std: "docker" "inspect" "b1577185ba763db7dfa50204565d1083166f2cb6bc9e442dee3ca9ef110dd51f", kill_on_drop: false }`
[INFO] running `Command { std: "docker" "rm" "-f" "b1577185ba763db7dfa50204565d1083166f2cb6bc9e442dee3ca9ef110dd51f", kill_on_drop: false }`
[INFO] [stdout] b1577185ba763db7dfa50204565d1083166f2cb6bc9e442dee3ca9ef110dd51f
