[INFO] fetching crate strede-cbor 0.2.3...
[INFO] testing strede-cbor-0.2.3 against 1.99.0-beta.8+cargoflags=--release for beta-release-1.100-2
[INFO] extracting crate strede-cbor 0.2.3 into /workspace/builds/worker-3-tc1/source
[INFO] started tweaking crates.io crate strede-cbor 0.2.3
[INFO] removed 0 missing tests
[INFO] finished tweaking crates.io crate strede-cbor 0.2.3
[INFO] tweaked toml for crates.io crate strede-cbor 0.2.3 written to /workspace/builds/worker-3-tc1/source/Cargo.toml
[INFO] validating manifest of crates.io crate strede-cbor 0.2.3 on toolchain 1.99.0-beta.8
[INFO] running `Command { std: CARGO_HOME="/workspace/cargo-home" RUSTUP_HOME="/workspace/rustup-home" "/workspace/cargo-home/bin/cargo" "+1.99.0-beta.8" "metadata" "--manifest-path" "Cargo.toml" "--no-deps", kill_on_drop: false }`
[INFO] crate crates.io crate strede-cbor 0.2.3 already has a lockfile, it will not be regenerated
[INFO] running `Command { std: CARGO_HOME="/workspace/cargo-home" RUSTUP_HOME="/workspace/rustup-home" "/workspace/cargo-home/bin/cargo" "+1.99.0-beta.8" "fetch" "--manifest-path" "Cargo.toml", kill_on_drop: false }`
[INFO] [stderr]     Updating crates.io index
[INFO] [stderr]  Downloading crates ...
[INFO] [stderr]   Downloaded const-array-concat v0.2.0
[INFO] [stderr]   Downloaded strede-derive v0.2.3
[INFO] [stderr]   Downloaded pin-list v0.1.2
[INFO] [stderr]   Downloaded pinned-aliasable v0.1.3
[INFO] [stderr]   Downloaded strede v0.2.3
[INFO] [stderr]   Downloaded typewit v1.15.2
[INFO] [stderr]   Downloaded const_panic v0.2.15
[INFO] running `Command { std: "docker" "create" "-v" "/var/lib/crater-agent-workspace/builds/worker-3-tc1/source:/opt/rustwide/workdir:ro,Z" "-v" "/var/lib/crater-agent-workspace/builds/worker-3-tc1/target:/opt/rustwide/target:rw,Z" "-v" "/var/lib/crater-agent-workspace/cargo-home:/opt/rustwide/cargo-home:ro,Z" "-v" "/var/lib/crater-agent-workspace/rustup-home:/opt/rustwide/rustup-home:ro,Z" "-m" "1610612736" "--network" "none" "ghcr.io/rust-lang/crates-build-env/linux@sha256:77db811e55d90add9212f6832c23229e3de5f1c1f9905e8cb07319ea15df73ac" "sleep" "infinity", kill_on_drop: false }`
[INFO] [stdout] 652fc05c8e628b8dc4232d8df4bc7f9f21c9ef8ec65d0810d64a62202cf8a51e
[INFO] running `Command { std: "docker" "start" "652fc05c8e628b8dc4232d8df4bc7f9f21c9ef8ec65d0810d64a62202cf8a51e", kill_on_drop: false }`
[INFO] running `Command { std: "docker" "inspect" "652fc05c8e628b8dc4232d8df4bc7f9f21c9ef8ec65d0810d64a62202cf8a51e", kill_on_drop: false }`
[INFO] running `Command { std: "docker" "exec" "-e" "SOURCE_DIR=/opt/rustwide/workdir" "-e" "CARGO_HOME=/opt/rustwide/cargo-home" "-e" "RUSTUP_HOME=/opt/rustwide/rustup-home" "-e" "CARGO_TARGET_DIR=/opt/rustwide/target" "-w" "/opt/rustwide/workdir" "--user" "0:0" "652fc05c8e628b8dc4232d8df4bc7f9f21c9ef8ec65d0810d64a62202cf8a51e" "/opt/rustwide/cargo-home/bin/cargo" "+1.99.0-beta.8" "metadata" "--no-deps" "--format-version=1", kill_on_drop: false }`
[INFO] running `Command { std: "docker" "inspect" "652fc05c8e628b8dc4232d8df4bc7f9f21c9ef8ec65d0810d64a62202cf8a51e", kill_on_drop: false }`
[INFO] running `Command { std: "docker" "exec" "-e" "SOURCE_DIR=/opt/rustwide/workdir" "-e" "CARGO_HOME=/opt/rustwide/cargo-home" "-e" "RUSTUP_HOME=/opt/rustwide/rustup-home" "-e" "CARGO_TARGET_DIR=/opt/rustwide/target" "-e" "CARGO_INCREMENTAL=0" "-e" "RUST_BACKTRACE=full" "-e" "RUSTFLAGS=--cap-lints=warn" "-e" "RUSTDOCFLAGS=--cap-lints=warn" "-w" "/opt/rustwide/workdir" "--user" "0:0" "652fc05c8e628b8dc4232d8df4bc7f9f21c9ef8ec65d0810d64a62202cf8a51e" "/opt/rustwide/cargo-home/bin/cargo" "+1.99.0-beta.8" "build" "--frozen" "--message-format=json" "--release", kill_on_drop: false }`
[INFO] [stderr]    Compiling syn v2.0.117
[INFO] [stderr]    Compiling unicode-segmentation v1.13.2
[INFO] [stderr]    Compiling typeid v1.0.3
[INFO] [stderr]    Compiling typewit v1.15.2
[INFO] [stderr]    Compiling syn v3.0.3
[INFO] [stderr]    Compiling pinned-aliasable v0.1.3
[INFO] [stderr]    Compiling pin-list v0.1.2
[INFO] [stderr]    Compiling const_panic v0.2.15
[INFO] [stderr]    Compiling const-array-concat v0.2.0
[INFO] [stderr]    Compiling convert_case v0.11.0
[INFO] [stderr]    Compiling strede-derive v0.2.3
[INFO] [stderr]    Compiling pin-project-internal v1.1.11
[INFO] [stderr]    Compiling pin-project v1.1.11
[INFO] [stderr]    Compiling strede v0.2.3
[INFO] [stderr]    Compiling strede-cbor v0.2.3 (/opt/rustwide/workdir)
[INFO] [stderr]     Finished `release` profile [optimized] target(s) in 29.93s
[INFO] running `Command { std: "docker" "inspect" "652fc05c8e628b8dc4232d8df4bc7f9f21c9ef8ec65d0810d64a62202cf8a51e", kill_on_drop: false }`
[INFO] running `Command { std: "docker" "exec" "-e" "SOURCE_DIR=/opt/rustwide/workdir" "-e" "CARGO_HOME=/opt/rustwide/cargo-home" "-e" "RUSTUP_HOME=/opt/rustwide/rustup-home" "-e" "CARGO_TARGET_DIR=/opt/rustwide/target" "-e" "CARGO_INCREMENTAL=0" "-e" "RUST_BACKTRACE=full" "-e" "RUSTFLAGS=--cap-lints=warn" "-e" "RUSTDOCFLAGS=--cap-lints=warn" "-w" "/opt/rustwide/workdir" "--user" "0:0" "652fc05c8e628b8dc4232d8df4bc7f9f21c9ef8ec65d0810d64a62202cf8a51e" "/opt/rustwide/cargo-home/bin/cargo" "+1.99.0-beta.8" "test" "--frozen" "--no-run" "--message-format=json" "--release", kill_on_drop: false }`
[INFO] [stderr]    Compiling strede-derive v0.2.3
[INFO] [stderr]    Compiling strede v0.2.3
[INFO] [stderr]    Compiling strede-cbor v0.2.3 (/opt/rustwide/workdir)
[INFO] [stdout] error[E0432]: unresolved import `strede_test_util`
[INFO] [stdout]  --> tests/bignum_borrow.rs:6:5
[INFO] [stdout]   |
[INFO] [stdout] 6 | use strede_test_util::block_on;
[INFO] [stdout]   |     ^^^^^^^^^^^^^^^^ use of unresolved module or unlinked crate `strede_test_util`
[INFO] [stdout]   |
[INFO] [stdout]   = help: if you wanted to use a crate named `strede_test_util`, use `cargo add strede_test_util` to add it to your `Cargo.toml`
[INFO] [stdout] 
[INFO] [stdout] 
[INFO] [stdout] error[E0432]: unresolved import `strede_test_util`
[INFO] [stdout]   --> tests/allow_unknown_fields_owned.rs:12:5
[INFO] [stdout]    |
[INFO] [stdout] 12 | use strede_test_util::block_on_loop;
[INFO] [stdout]    |     ^^^^^^^^^^^^^^^^ use of unresolved module or unlinked crate `strede_test_util`
[INFO] [stdout]    |
[INFO] [stdout]    = help: if you wanted to use a crate named `strede_test_util`, use `cargo add strede_test_util` to add it to your `Cargo.toml`
[INFO] [stdout] 
[INFO] [stdout] 
[INFO] [stdout] error[E0432]: unresolved import `strede_test_util`
[INFO] [stdout]   --> tests/multi_flatten_borrow.rs:10:5
[INFO] [stdout]    |
[INFO] [stdout] 10 | use strede_test_util::block_on;
[INFO] [stdout]    |     ^^^^^^^^^^^^^^^^ use of unresolved module or unlinked crate `strede_test_util`
[INFO] [stdout]    |
[INFO] [stdout]    = help: if you wanted to use a crate named `strede_test_util`, use `cargo add strede_test_util` to add it to your `Cargo.toml`
[INFO] [stdout] 
[INFO] [stdout] 
[INFO] [stdout] error[E0432]: unresolved import `strede_test_util`
[INFO] [stdout]   --> tests/number_range_owned.rs:22:5
[INFO] [stdout]    |
[INFO] [stdout] 22 | use strede_test_util::block_on_loop_bounded;
[INFO] [stdout]    |     ^^^^^^^^^^^^^^^^ use of unresolved module or unlinked crate `strede_test_util`
[INFO] [stdout]    |
[INFO] [stdout]    = help: if you wanted to use a crate named `strede_test_util`, use `cargo add strede_test_util` to add it to your `Cargo.toml`
[INFO] [stdout] 
[INFO] [stdout] 
[INFO] [stdout] error[E0432]: unresolved import `strede_test_util`
[INFO] [stdout]   --> tests/number_range_borrow.rs:14:5
[INFO] [stdout]    |
[INFO] [stdout] 14 | use strede_test_util::block_on;
[INFO] [stdout]    |     ^^^^^^^^^^^^^^^^ use of unresolved module or unlinked crate `strede_test_util`
[INFO] [stdout]    |
[INFO] [stdout]    = help: if you wanted to use a crate named `strede_test_util`, use `cargo add strede_test_util` to add it to your `Cargo.toml`
[INFO] [stdout] 
[INFO] [stdout] 
[INFO] [stdout] error[E0432]: unresolved import `strede_test_util`
[INFO] [stdout]   --> tests/multi_flatten_owned.rs:10:5
[INFO] [stdout]    |
[INFO] [stdout] 10 | use strede_test_util::block_on_loop;
[INFO] [stdout]    |     ^^^^^^^^^^^^^^^^ use of unresolved module or unlinked crate `strede_test_util`
[INFO] [stdout]    |
[INFO] [stdout]    = help: if you wanted to use a crate named `strede_test_util`, use `cargo add strede_test_util` to add it to your `Cargo.toml`
[INFO] [stdout] 
[INFO] [stdout] 
[INFO] [stdout] error[E0432]: unresolved import `strede_test_util`
[INFO] [stdout]   --> tests/transparent_borrow.rs:13:5
[INFO] [stdout]    |
[INFO] [stdout] 13 | use strede_test_util::block_on;
[INFO] [stdout]    |     ^^^^^^^^^^^^^^^^ use of unresolved module or unlinked crate `strede_test_util`
[INFO] [stdout]    |
[INFO] [stdout]    = help: if you wanted to use a crate named `strede_test_util`, use `cargo add strede_test_util` to add it to your `Cargo.toml`
[INFO] [stdout] 
[INFO] [stdout] 
[INFO] [stdout] For more information about this error, try `rustc --explain E0432`.
[INFO] [stdout] 
[INFO] [stdout] error[E0432]: unresolved import `strede_test_util`
[INFO] [stdout]   --> tests/transparent_owned.rs:11:5
[INFO] [stdout]    |
[INFO] [stdout] 11 | use strede_test_util::block_on_loop;
[INFO] [stdout]    |     ^^^^^^^^^^^^^^^^ use of unresolved module or unlinked crate `strede_test_util`
[INFO] [stdout]    |
[INFO] [stdout]    = help: if you wanted to use a crate named `strede_test_util`, use `cargo add strede_test_util` to add it to your `Cargo.toml`
[INFO] [stdout] 
[INFO] [stdout] 
[INFO] [stderr] error: could not compile `strede-cbor` (test "bignum_borrow") due to 1 previous error
[INFO] [stderr] warning: build failed, waiting for other jobs to finish...
[INFO] [stdout] For more information about this error, try `rustc --explain E0432`.
[INFO] [stdout] 
[INFO] [stderr] error: could not compile `strede-cbor` (test "transparent_borrow") due to 1 previous error
[INFO] [stdout] error[E0432]: unresolved import `strede_test_util`
[INFO] [stdout]   --> tests/flatten_owned.rs:10:5
[INFO] [stdout]    |
[INFO] [stdout] 10 | use strede_test_util::block_on_loop;
[INFO] [stdout]    |     ^^^^^^^^^^^^^^^^ use of unresolved module or unlinked crate `strede_test_util`
[INFO] [stdout]    |
[INFO] [stdout]    = help: if you wanted to use a crate named `strede_test_util`, use `cargo add strede_test_util` to add it to your `Cargo.toml`
[INFO] [stdout] 
[INFO] [stdout] 
[INFO] [stdout] For more information about this error, try `rustc --explain E0432`.
[INFO] [stdout] 
[INFO] [stderr] error: could not compile `strede-cbor` (test "allow_unknown_fields_owned") due to 1 previous error
[INFO] [stdout] For more information about this error, try `rustc --explain E0432`.
[INFO] [stdout] 
[INFO] [stderr] error: could not compile `strede-cbor` (test "transparent_owned") due to 1 previous error
[INFO] [stdout] For more information about this error, try `rustc --explain E0432`.
[INFO] [stdout] 
[INFO] [stdout] For more information about this error, try `rustc --explain E0432`.
[INFO] [stdout] 
[INFO] [stderr] error: could not compile `strede-cbor` (test "number_range_borrow") due to 1 previous error
[INFO] [stderr] error: could not compile `strede-cbor` (test "number_range_owned") due to 1 previous error
[INFO] [stdout] For more information about this error, try `rustc --explain E0432`.
[INFO] [stdout] 
[INFO] [stderr] error: could not compile `strede-cbor` (test "flatten_owned") due to 1 previous error
[INFO] [stdout] For more information about this error, try `rustc --explain E0432`.
[INFO] [stdout] 
[INFO] [stderr] error: could not compile `strede-cbor` (test "multi_flatten_owned") due to 1 previous error
[INFO] [stdout] For more information about this error, try `rustc --explain E0432`.
[INFO] [stdout] 
[INFO] [stderr] error: could not compile `strede-cbor` (test "multi_flatten_borrow") due to 1 previous error
[INFO] running `Command { std: "docker" "inspect" "652fc05c8e628b8dc4232d8df4bc7f9f21c9ef8ec65d0810d64a62202cf8a51e", kill_on_drop: false }`
[INFO] running `Command { std: "docker" "rm" "-f" "652fc05c8e628b8dc4232d8df4bc7f9f21c9ef8ec65d0810d64a62202cf8a51e", kill_on_drop: false }`
[INFO] [stdout] 652fc05c8e628b8dc4232d8df4bc7f9f21c9ef8ec65d0810d64a62202cf8a51e
