[INFO] fetching crate sticker-transformers 0.9.0...
[INFO] testing sticker-transformers-0.9.0 against 1.99.0-beta.8+cargoflags=--release for beta-release-1.100-2
[INFO] extracting crate sticker-transformers 0.9.0 into /workspace/builds/worker-7-tc1/source
[INFO] started tweaking crates.io crate sticker-transformers 0.9.0
[INFO] finished tweaking crates.io crate sticker-transformers 0.9.0
[INFO] tweaked toml for crates.io crate sticker-transformers 0.9.0 written to /workspace/builds/worker-7-tc1/source/Cargo.toml
[INFO] validating manifest of crates.io crate sticker-transformers 0.9.0 on toolchain 1.99.0-beta.8
[INFO] running `Command { std: CARGO_HOME="/workspace/cargo-home" RUSTUP_HOME="/workspace/rustup-home" "/workspace/cargo-home/bin/cargo" "+1.99.0-beta.8" "metadata" "--manifest-path" "Cargo.toml" "--no-deps", kill_on_drop: false }`
[INFO] running `Command { std: CARGO_HOME="/workspace/cargo-home" RUSTUP_HOME="/workspace/rustup-home" "/workspace/cargo-home/bin/cargo" "+1.99.0-beta.8" "generate-lockfile" "--manifest-path" "Cargo.toml", kill_on_drop: false }`
[INFO] [stderr]     Updating crates.io index
[INFO] [stderr]      Locking 96 packages to highest compatible versions
[INFO] [stderr]       Adding approx v0.3.2 (available: v0.5.1)
[INFO] [stderr]       Adding hdf5 v0.7.1 (available: v0.8.1)
[INFO] [stderr]       Adding ndarray v0.13.1 (available: v0.17.2)
[INFO] [stderr]       Adding tch v0.2.1 (available: v0.26.0)
[INFO] [stderr]       Adding thiserror v1.0.69 (available: v2.0.21)
[INFO] [stderr]       Adding wasi v0.10.0+wasi-snapshot-preview1 (available: v0.10.2+wasi-snapshot-preview1)
[INFO] running `Command { std: CARGO_HOME="/workspace/cargo-home" RUSTUP_HOME="/workspace/rustup-home" "/workspace/cargo-home/bin/cargo" "+1.99.0-beta.8" "fetch" "--manifest-path" "Cargo.toml", kill_on_drop: false }`
[INFO] [stderr]  Downloading crates ...
[INFO] [stderr]   Downloaded curl v0.4.51
[INFO] [stderr]   Downloaded hdf5-derive v0.7.1
[INFO] [stderr]   Downloaded zip v0.5.13
[INFO] [stderr]   Downloaded winreg v0.8.0
[INFO] [stderr]   Downloaded hdf5-types v0.7.1
[INFO] [stderr]   Downloaded ascii v1.1.0
[INFO] [stderr]   Downloaded hdf5-sys v0.7.1
[INFO] [stderr]   Downloaded hdf5 v0.7.1
[INFO] [stderr]   Downloaded torch-sys v0.2.1
[INFO] [stderr]   Downloaded ndarray v0.14.0
[INFO] [stderr]   Downloaded tch v0.2.1
[INFO] running `Command { std: "docker" "create" "-v" "/var/lib/crater-agent-workspace/builds/worker-7-tc1/source:/opt/rustwide/workdir:ro,Z" "-v" "/var/lib/crater-agent-workspace/builds/worker-7-tc1/target:/opt/rustwide/target:rw,Z" "-v" "/var/lib/crater-agent-workspace/cargo-home:/opt/rustwide/cargo-home:ro,Z" "-v" "/var/lib/crater-agent-workspace/rustup-home:/opt/rustwide/rustup-home:ro,Z" "-m" "1610612736" "--network" "none" "ghcr.io/rust-lang/crates-build-env/linux@sha256:77db811e55d90add9212f6832c23229e3de5f1c1f9905e8cb07319ea15df73ac" "sleep" "infinity", kill_on_drop: false }`
[INFO] [stdout] f9a17f1448706c0d6755843b9d163533d80a662f89881dbdb4531d0b3e0a5b57
[INFO] running `Command { std: "docker" "start" "f9a17f1448706c0d6755843b9d163533d80a662f89881dbdb4531d0b3e0a5b57", kill_on_drop: false }`
[INFO] running `Command { std: "docker" "inspect" "f9a17f1448706c0d6755843b9d163533d80a662f89881dbdb4531d0b3e0a5b57", kill_on_drop: false }`
[INFO] running `Command { std: "docker" "exec" "-e" "SOURCE_DIR=/opt/rustwide/workdir" "-e" "CARGO_HOME=/opt/rustwide/cargo-home" "-e" "RUSTUP_HOME=/opt/rustwide/rustup-home" "-e" "CARGO_TARGET_DIR=/opt/rustwide/target" "-w" "/opt/rustwide/workdir" "--user" "0:0" "f9a17f1448706c0d6755843b9d163533d80a662f89881dbdb4531d0b3e0a5b57" "/opt/rustwide/cargo-home/bin/cargo" "+1.99.0-beta.8" "metadata" "--no-deps" "--format-version=1", kill_on_drop: false }`
[INFO] running `Command { std: "docker" "inspect" "f9a17f1448706c0d6755843b9d163533d80a662f89881dbdb4531d0b3e0a5b57", kill_on_drop: false }`
[INFO] running `Command { std: "docker" "exec" "-e" "SOURCE_DIR=/opt/rustwide/workdir" "-e" "CARGO_HOME=/opt/rustwide/cargo-home" "-e" "RUSTUP_HOME=/opt/rustwide/rustup-home" "-e" "CARGO_TARGET_DIR=/opt/rustwide/target" "-e" "CARGO_INCREMENTAL=0" "-e" "RUST_BACKTRACE=full" "-e" "RUSTFLAGS=--cap-lints=warn" "-e" "RUSTDOCFLAGS=--cap-lints=warn" "-w" "/opt/rustwide/workdir" "--user" "0:0" "f9a17f1448706c0d6755843b9d163533d80a662f89881dbdb4531d0b3e0a5b57" "/opt/rustwide/cargo-home/bin/cargo" "+1.99.0-beta.8" "build" "--frozen" "--message-format=json" "--release", kill_on_drop: false }`
[INFO] [stderr]    Compiling cfg-if v1.0.5
[INFO] [stderr]    Compiling bzip2-sys v0.1.13+1.0.8
[INFO] [stderr]    Compiling syn v1.0.109
[INFO] [stderr]    Compiling syn v2.0.119
[INFO] [stderr]    Compiling curl-sys v0.4.91+curl-8.22.0
[INFO] [stderr]    Compiling object v0.37.3
[INFO] [stderr]    Compiling aho-corasick v1.1.5
[INFO] [stderr]    Compiling libz-sys v1.1.30
[INFO] [stderr]    Compiling openssl-sys v0.9.117
[INFO] [stderr]    Compiling crc32fast v1.5.2
[INFO] [stderr]    Compiling simd-adler32 v0.3.10
[INFO] [stderr]    Compiling failure_derive v0.1.8
[INFO] [stderr]    Compiling regex-syntax v0.8.11
[INFO] [stderr]    Compiling gimli v0.32.3
[INFO] [stderr]    Compiling miniz_oxide v0.8.9
[INFO] [stderr]    Compiling thiserror v1.0.69
[INFO] [stderr]    Compiling rustc-demangle v0.1.28
[INFO] [stderr]    Compiling curl v0.4.51
[INFO] [stderr]    Compiling miniz_oxide v0.9.1
[INFO] [stderr]    Compiling libloading v0.6.7
[INFO] [stderr]    Compiling socket2 v0.6.5
[INFO] [stderr]    Compiling bzip2 v0.4.4
[INFO] [stderr]    Compiling time v0.1.45
[INFO] [stderr]    Compiling openssl-probe v0.1.6
[INFO] [stderr]    Compiling matrixmultiply v0.2.4
[INFO] [stderr]    Compiling getrandom v0.1.16
[INFO] [stderr]    Compiling num-integer v0.1.47
[INFO] [stderr]    Compiling num-complex v0.2.4
[INFO] [stderr]    Compiling cmake v0.1.58
[INFO] [stderr]    Compiling parking_lot_core v0.8.6
[INFO] [stderr]    Compiling rand_core v0.5.1
[INFO] [stderr]    Compiling instant v0.1.13
[INFO] [stderr]    Compiling smallvec v1.16.3
[INFO] [stderr]    Compiling ndarray v0.14.0
[INFO] [stderr]    Compiling ndarray v0.13.1
[INFO] [stderr]    Compiling rand_chacha v0.2.2
[INFO] [stderr]    Compiling flate2 v1.1.10
[INFO] [stderr]    Compiling approx v0.3.2
[INFO] [stderr]    Compiling num-complex v0.3.1
[INFO] [stderr]    Compiling syn v3.0.9
[INFO] [stderr]    Compiling ascii v1.1.0
[INFO] [stderr]    Compiling hdf5 v0.7.1
[INFO] [stderr]    Compiling parking_lot v0.11.2
[INFO] [stderr]    Compiling rand v0.7.3
[INFO] [stderr]    Compiling half v1.8.3
[INFO] [stderr]    Compiling hdf5-types v0.7.1
[INFO] [stderr]    Compiling regex-automata v0.4.18
[INFO] [stderr]    Compiling synstructure v0.12.6
[INFO] [stderr]    Compiling addr2line v0.25.1
[INFO] [stderr]    Compiling serde_derive v1.0.229
[INFO] [stderr]    Compiling hdf5-derive v0.7.1
[INFO] [stderr]    Compiling thiserror-impl v1.0.69
[INFO] [stderr]    Compiling zip v0.5.13
[INFO] [stderr]    Compiling backtrace v0.3.76
[INFO] [stderr]    Compiling serde v1.0.229
[INFO] [stderr]    Compiling failure v0.1.8
[INFO] [stderr]    Compiling regex v1.13.1
[INFO] [stderr]    Compiling torch-sys v0.2.1
[INFO] [stderr]    Compiling hdf5-sys v0.7.1
[INFO] [stderr] error: failed to run custom build command for `torch-sys v0.2.1`
[INFO] [stderr] note: To improve backtraces for build dependencies, set the CARGO_PROFILE_RELEASE_BUILD_OVERRIDE_DEBUG=true environment variable to enable debug information generation.
[INFO] [stderr] 
[INFO] [stderr] Caused by:
[INFO] [stderr]   process didn't exit successfully: `/opt/rustwide/target/release/build/torch-sys-cf4e6dca848959cc/build-script-build` (exit status: 101)
[INFO] [stderr]   --- stdout
[INFO] [stderr]   cargo:rerun-if-env-changed=TORCH_CUDA_VERSION
[INFO] [stderr]   cargo:rerun-if-env-changed=LIBTORCH
[INFO] [stderr] 
[INFO] [stderr]   --- stderr
[INFO] [stderr] 
[INFO] [stderr]   thread 'main' (1230) panicked at /opt/rustwide/cargo-home/registry/src/index.crates.io-1949cf8c6b5b557f/torch-sys-0.2.1/build.rs:130:48:
[INFO] [stderr]   called `Result::unwrap()` on an `Err` value: Error { description: "Could not resolve hostname", code: 6, extra: Some("Could not resolve host: download.pytorch.org") }
[INFO] [stderr] 
[INFO] [stderr]      0: <failure::backtrace::internal::InternalBacktrace>::new
[INFO] [stderr]      1: <failure::backtrace::Backtrace>::new
[INFO] [stderr]      2: <failure::error::error_impl::ErrorImpl as core::convert::From<curl::error::Error>>::from
[INFO] [stderr]      3: <failure::error::Error as core::convert::From<curl::error::Error>>::from
[INFO] [stderr]      4: <core::result::Result<(), failure::error::Error> as core::ops::try_trait::FromResidual<core::result::Result<core::convert::Infallible, curl::error::Error>>>::from_residual
[INFO] [stderr]      5: build_script_build::download::<&std::path::PathBuf>
[INFO] [stderr]      6: build_script_build::prepare_libtorch_dir
[INFO] [stderr]      7: build_script_build::main
[INFO] [stderr]      8: <fn() as core::ops::function::FnOnce<()>>::call_once
[INFO] [stderr]      9: std::sys::backtrace::__rust_begin_short_backtrace::<fn(), ()>
[INFO] [stderr]     10: std::rt::lang_start::<()>::{closure#0}
[INFO] [stderr]     11: std::rt::lang_start_internal
[INFO] [stderr]     12: std::rt::lang_start::<()>
[INFO] [stderr]     13: main
[INFO] [stderr]     14: <unknown>
[INFO] [stderr]     15: __libc_start_main
[INFO] [stderr]     16: _start
[INFO] [stderr] 
[INFO] [stderr]   stack backtrace:
[INFO] [stderr]      0:     0x62c1bf6b6991 - <<std[70759c8f55707aa4]::sys::backtrace::BacktraceLock>::print::DisplayBacktrace as core[df12db4294e9bfd3]::fmt::Display>::fmt
[INFO] [stderr]      1:     0x62c1bf6cc45a - core[df12db4294e9bfd3]::fmt::write
[INFO] [stderr]      2:     0x62c1bf6bc8ac - <std[70759c8f55707aa4]::sys::stdio::unix::Stderr as core[df12db4294e9bfd3]::io::write::Write>::write_fmt
[INFO] [stderr]      3:     0x62c1bf693896 - std[70759c8f55707aa4]::panicking::default_hook::{closure#0}
[INFO] [stderr]      4:     0x62c1bf6b06c1 - std[70759c8f55707aa4]::panicking::default_hook
[INFO] [stderr]      5:     0x62c1bf6b09eb - std[70759c8f55707aa4]::panicking::panic_with_hook
[INFO] [stderr]      6:     0x62c1bf693942 - std[70759c8f55707aa4]::panicking::panic_handler::{closure#0}
[INFO] [stderr]      7:     0x62c1bf68c569 - std[70759c8f55707aa4]::sys::backtrace::__rust_end_short_backtrace::<std[70759c8f55707aa4]::panicking::panic_handler::{closure#0}, !>
[INFO] [stderr]      8:     0x62c1bf69424d - __rustc[8fa7c3cbc660c2b3]::rust_begin_unwind
[INFO] [stderr]      9:     0x62c1bf6ccbfc - core[df12db4294e9bfd3]::panicking::panic_fmt
[INFO] [stderr]     10:     0x62c1bf6cc9d2 - core[df12db4294e9bfd3]::result::unwrap_failed
[INFO] [stderr]     11:     0x62c1bf5140dc - build_script_build[748ee063c273ab49]::prepare_libtorch_dir
[INFO] [stderr]     12:     0x62c1bf51437c - build_script_build[748ee063c273ab49]::main
[INFO] [stderr]     13:     0x62c1bf518953 - <fn() as core[df12db4294e9bfd3]::ops::function::FnOnce<()>>::call_once
[INFO] [stderr]     14:     0x62c1bf5123ce - std[70759c8f55707aa4]::sys::backtrace::__rust_begin_short_backtrace::<fn(), ()>
[INFO] [stderr]     15:     0x62c1bf512ce9 - std[70759c8f55707aa4]::rt::lang_start::<()>::{closure#0}
[INFO] [stderr]     16:     0x62c1bf6af5d9 - std[70759c8f55707aa4]::rt::lang_start_internal
[INFO] [stderr]     17:     0x62c1bf511241 - std[70759c8f55707aa4]::rt::lang_start::<()>
[INFO] [stderr]     18:     0x62c1bf518bb5 - main
[INFO] [stderr]     19:     0x7378e4e6c601 - <unknown>
[INFO] [stderr]     20:     0x7378e4e6c718 - __libc_start_main
[INFO] [stderr]     21:     0x62c1bf50cd95 - _start
[INFO] [stderr]     22:                0x0 - <unknown>
[INFO] [stderr] warning: build failed, waiting for other jobs to finish...
[INFO] running `Command { std: "docker" "inspect" "f9a17f1448706c0d6755843b9d163533d80a662f89881dbdb4531d0b3e0a5b57", kill_on_drop: false }`
[INFO] running `Command { std: "docker" "rm" "-f" "f9a17f1448706c0d6755843b9d163533d80a662f89881dbdb4531d0b3e0a5b57", kill_on_drop: false }`
[INFO] [stdout] f9a17f1448706c0d6755843b9d163533d80a662f89881dbdb4531d0b3e0a5b57
