[INFO] fetching crate stellar-agent-core 0.1.0-alpha.12...
[INFO] testing stellar-agent-core-0.1.0-alpha.12 against 1.100.0-beta.1+cargoflags=--release for beta-release-1.100-2
[INFO] extracting crate stellar-agent-core 0.1.0-alpha.12 into /workspace/builds/worker-7-tc2/source
[INFO] started tweaking crates.io crate stellar-agent-core 0.1.0-alpha.12
[INFO] removed 0 missing tests
[INFO] finished tweaking crates.io crate stellar-agent-core 0.1.0-alpha.12
[INFO] tweaked toml for crates.io crate stellar-agent-core 0.1.0-alpha.12 written to /workspace/builds/worker-7-tc2/source/Cargo.toml
[INFO] validating manifest of crates.io crate stellar-agent-core 0.1.0-alpha.12 on toolchain 1.100.0-beta.1
[INFO] running `Command { std: CARGO_HOME="/workspace/cargo-home" RUSTUP_HOME="/workspace/rustup-home" "/workspace/cargo-home/bin/cargo" "+1.100.0-beta.1" "metadata" "--manifest-path" "Cargo.toml" "--no-deps", kill_on_drop: false }`
[INFO] crate crates.io crate stellar-agent-core 0.1.0-alpha.12 already has a lockfile, it will not be regenerated
[INFO] running `Command { std: CARGO_HOME="/workspace/cargo-home" RUSTUP_HOME="/workspace/rustup-home" "/workspace/cargo-home/bin/cargo" "+1.100.0-beta.1" "fetch" "--manifest-path" "Cargo.toml", kill_on_drop: false }`
[INFO] [stderr]     Blocking waiting for file lock on package cache
[INFO] [stderr]     Blocking waiting for file lock on package cache
[INFO] running `Command { std: "docker" "create" "-v" "/var/lib/crater-agent-workspace/builds/worker-7-tc2/source:/opt/rustwide/workdir:ro,Z" "-v" "/var/lib/crater-agent-workspace/builds/worker-7-tc2/target:/opt/rustwide/target:rw,Z" "-v" "/var/lib/crater-agent-workspace/cargo-home:/opt/rustwide/cargo-home:ro,Z" "-v" "/var/lib/crater-agent-workspace/rustup-home:/opt/rustwide/rustup-home:ro,Z" "-m" "1610612736" "--network" "none" "ghcr.io/rust-lang/crates-build-env/linux@sha256:77db811e55d90add9212f6832c23229e3de5f1c1f9905e8cb07319ea15df73ac" "sleep" "infinity", kill_on_drop: false }`
[INFO] [stdout] 9add154afc2c437cce1a00aaf0c95f35d2608a8fdb4f39a74887422f95e676dc
[INFO] running `Command { std: "docker" "start" "9add154afc2c437cce1a00aaf0c95f35d2608a8fdb4f39a74887422f95e676dc", kill_on_drop: false }`
[INFO] running `Command { std: "docker" "inspect" "9add154afc2c437cce1a00aaf0c95f35d2608a8fdb4f39a74887422f95e676dc", kill_on_drop: false }`
[INFO] running `Command { std: "docker" "exec" "-e" "SOURCE_DIR=/opt/rustwide/workdir" "-e" "CARGO_HOME=/opt/rustwide/cargo-home" "-e" "RUSTUP_HOME=/opt/rustwide/rustup-home" "-e" "CARGO_TARGET_DIR=/opt/rustwide/target" "-w" "/opt/rustwide/workdir" "--user" "0:0" "9add154afc2c437cce1a00aaf0c95f35d2608a8fdb4f39a74887422f95e676dc" "/opt/rustwide/cargo-home/bin/cargo" "+1.100.0-beta.1" "metadata" "--no-deps" "--format-version=1", kill_on_drop: false }`
[INFO] running `Command { std: "docker" "inspect" "9add154afc2c437cce1a00aaf0c95f35d2608a8fdb4f39a74887422f95e676dc", kill_on_drop: false }`
[INFO] running `Command { std: "docker" "exec" "-e" "SOURCE_DIR=/opt/rustwide/workdir" "-e" "CARGO_HOME=/opt/rustwide/cargo-home" "-e" "RUSTUP_HOME=/opt/rustwide/rustup-home" "-e" "CARGO_TARGET_DIR=/opt/rustwide/target" "-e" "CARGO_INCREMENTAL=0" "-e" "RUST_BACKTRACE=full" "-e" "RUSTFLAGS=--cap-lints=warn" "-e" "RUSTDOCFLAGS=--cap-lints=warn" "-w" "/opt/rustwide/workdir" "--user" "0:0" "9add154afc2c437cce1a00aaf0c95f35d2608a8fdb4f39a74887422f95e676dc" "/opt/rustwide/cargo-home/bin/cargo" "+1.100.0-beta.1" "build" "--frozen" "--message-format=json" "--release", kill_on_drop: false }`
[INFO] [stderr]    Compiling serde v1.0.228
[INFO] [stderr]    Compiling serde_json v1.0.150
[INFO] [stderr]    Compiling memchr v2.8.2
[INFO] [stderr]    Compiling syn v2.0.118
[INFO] [stderr]    Compiling generic-array v0.14.7
[INFO] [stderr]    Compiling data-encoding v2.11.0
[INFO] [stderr]    Compiling cc v1.2.64
[INFO] [stderr]    Compiling curve25519-dalek v4.1.3
[INFO] [stderr]    Compiling uncased v0.9.10
[INFO] [stderr]    Compiling byteorder v1.5.0
[INFO] [stderr]    Compiling heapless v0.9.3
[INFO] [stderr]    Compiling toml_parser v1.1.2+spec-1.1.0
[INFO] [stderr]    Compiling hash32 v0.3.1
[INFO] [stderr]    Compiling rustix v1.1.4
[INFO] [stderr]    Compiling block-buffer v0.10.4
[INFO] [stderr]    Compiling crypto-common v0.1.7
[INFO] [stderr]    Compiling hex-conservative v0.2.2
[INFO] [stderr]    Compiling digest v0.10.7
[INFO] [stderr]    Compiling sha2 v0.10.9
[INFO] [stderr]    Compiling getrandom v0.2.17
[INFO] [stderr]    Compiling toml_datetime v1.1.1+spec-1.1.0
[INFO] [stderr]    Compiling syn v3.0.6
[INFO] [stderr]    Compiling blake3 v1.8.5
[INFO] [stderr]    Compiling figment v0.10.19
[INFO] [stderr]    Compiling percent-encoding v2.3.2
[INFO] [stderr]    Compiling escape-bytes v0.1.1
[INFO] [stderr]    Compiling signature v2.2.0
[INFO] [stderr]    Compiling bitflags v2.13.0
[INFO] [stderr]    Compiling log v0.4.32
[INFO] [stderr]    Compiling toml_writer v1.1.1+spec-1.1.0
[INFO] [stderr]    Compiling inlinable_string v0.1.15
[INFO] [stderr]    Compiling ed25519 v2.2.3
[INFO] [stderr]    Compiling dirs-sys v0.5.0
[INFO] [stderr]    Compiling form_urlencoded v1.2.2
[INFO] [stderr]    Compiling rand_core v0.6.4
[INFO] [stderr]    Compiling bitcoin_hashes v0.14.2
[INFO] [stderr]    Compiling unicode-normalization v0.1.25
[INFO] [stderr]    Compiling serde_spanned v1.1.1
[INFO] [stderr]    Compiling fastrand v2.4.1
[INFO] [stderr]    Compiling toml v1.1.2+spec-1.1.0
[INFO] [stderr]    Compiling region v3.0.2
[INFO] [stderr]    Compiling directories v6.0.0
[INFO] [stderr]    Compiling toml_edit v0.25.12+spec-1.1.0
[INFO] [stderr]    Compiling thiserror-impl v2.0.21
[INFO] [stderr]    Compiling tempfile v3.27.0
[INFO] [stderr]    Compiling synstructure v0.13.2
[INFO] [stderr]    Compiling proc-macro2-diagnostics v0.10.1
[INFO] [stderr]    Compiling thiserror v2.0.21
[INFO] [stderr]    Compiling keyring-core v1.0.0
[INFO] [stderr]    Compiling tracing-log v0.2.0
[INFO] [stderr]    Compiling uuid v1.23.3
[INFO] [stderr]    Compiling serde_derive v1.0.228
[INFO] [stderr]    Compiling zerofrom-derive v0.1.7
[INFO] [stderr]    Compiling yoke-derive v0.8.2
[INFO] [stderr]    Compiling zerovec-derive v0.11.3
[INFO] [stderr]    Compiling displaydoc v0.2.6
[INFO] [stderr]    Compiling zeroize_derive v1.5.0
[INFO] [stderr]    Compiling zerofrom v0.1.8
[INFO] [stderr]    Compiling tracing-attributes v0.1.31
[INFO] [stderr]    Compiling yoke v0.8.3
[INFO] [stderr]    Compiling curve25519-dalek-derive v0.1.1
[INFO] [stderr]    Compiling zerovec v0.11.6
[INFO] [stderr]    Compiling zerotrie v0.2.4
[INFO] [stderr]    Compiling zeroize v1.9.0
[INFO] [stderr]    Compiling pear_codegen v0.2.9
[INFO] [stderr]    Compiling block-buffer v0.12.1
[INFO] [stderr]    Compiling digest v0.11.3
[INFO] [stderr]    Compiling ref-cast-impl v1.0.25
[INFO] [stderr]    Compiling pear v0.2.9
[INFO] [stderr]    Compiling tinystr v0.8.3
[INFO] [stderr]    Compiling icu_locale_core v2.2.0
[INFO] [stderr]    Compiling potential_utf v0.1.5
[INFO] [stderr]    Compiling icu_collections v2.2.0
[INFO] [stderr]    Compiling tracing v0.1.44
[INFO] [stderr]    Compiling ref-cast v1.0.25
[INFO] [stderr]    Compiling tokio-macros v2.7.0
[INFO] [stderr]    Compiling ed25519-dalek v2.2.0
[INFO] [stderr]    Compiling sha2 v0.11.0
[INFO] [stderr]    Compiling hmac v0.13.0
[INFO] [stderr]    Compiling icu_provider v2.2.0
[INFO] [stderr]    Compiling tokio v1.52.3
[INFO] [stderr]    Compiling crate-git-revision v0.0.9
[INFO] [stderr]    Compiling crate-git-revision v0.0.6
[INFO] [stderr]    Compiling stellar-xdr v28.0.0
[INFO] [stderr]    Compiling icu_properties v2.2.0
[INFO] [stderr]    Compiling icu_normalizer v2.2.0
[INFO] [stderr]    Compiling stellar-strkey v0.0.13
[INFO] [stderr]    Compiling serde_spanned v0.6.9
[INFO] [stderr]    Compiling toml_datetime v0.6.11
[INFO] [stderr]    Compiling stellar-strkey v0.0.18
[INFO] [stderr]    Compiling toml_edit v0.22.27
[INFO] [stderr]    Compiling tracing-serde v0.2.0
[INFO] [stderr]    Compiling tracing-subscriber v0.3.23
[INFO] [stderr]    Compiling idna_adapter v1.2.2
[INFO] [stderr]    Compiling idna v1.1.0
[INFO] [stderr]    Compiling bip39 v2.2.2
[INFO] [stderr]    Compiling schemars v1.2.1
[INFO] [stderr]    Compiling url v2.5.8
[INFO] [stderr]    Compiling toml v0.8.23
[INFO] [stderr]    Compiling stellar-agent-xdr-limits v0.1.0-alpha.12
[INFO] [stderr]    Compiling stellar-agent-core v0.1.0-alpha.12 (/opt/rustwide/workdir)
[INFO] [stderr]     Finished `release` profile [optimized] target(s) in 3m 49s
[INFO] running `Command { std: "docker" "inspect" "9add154afc2c437cce1a00aaf0c95f35d2608a8fdb4f39a74887422f95e676dc", kill_on_drop: false }`
[INFO] running `Command { std: "docker" "exec" "-e" "SOURCE_DIR=/opt/rustwide/workdir" "-e" "CARGO_HOME=/opt/rustwide/cargo-home" "-e" "RUSTUP_HOME=/opt/rustwide/rustup-home" "-e" "CARGO_TARGET_DIR=/opt/rustwide/target" "-e" "CARGO_INCREMENTAL=0" "-e" "RUST_BACKTRACE=full" "-e" "RUSTFLAGS=--cap-lints=warn" "-e" "RUSTDOCFLAGS=--cap-lints=warn" "-w" "/opt/rustwide/workdir" "--user" "0:0" "9add154afc2c437cce1a00aaf0c95f35d2608a8fdb4f39a74887422f95e676dc" "/opt/rustwide/cargo-home/bin/cargo" "+1.100.0-beta.1" "test" "--frozen" "--no-run" "--message-format=json" "--release", kill_on_drop: false }`
[INFO] [stderr]    Compiling getrandom v0.3.4
[INFO] [stderr]    Compiling zerocopy v0.8.52
[INFO] [stderr]    Compiling regex-automata v0.4.14
[INFO] [stderr]    Compiling wait-timeout v0.2.1
[INFO] [stderr]    Compiling tokio v1.52.3
[INFO] [stderr]    Compiling parking_lot v0.12.5
[INFO] [stderr]    Compiling serial_test_derive v3.5.0
[INFO] [stderr]    Compiling rand_core v0.9.5
[INFO] [stderr]    Compiling rusty-fork v0.3.1
[INFO] [stderr]    Compiling rand_xorshift v0.4.0
[INFO] [stderr]    Compiling rand v0.9.4
[INFO] [stderr]    Compiling serial_test v3.5.0
[INFO] [stderr]    Compiling matchers v0.2.0
[INFO] [stderr]    Compiling tracing-subscriber v0.3.23
[INFO] [stderr]    Compiling stellar-agent-core v0.1.0-alpha.12 (/opt/rustwide/workdir)
[INFO] [stderr]    Compiling ppv-lite86 v0.2.21
[INFO] [stderr]    Compiling rand_chacha v0.9.0
[INFO] [stderr]    Compiling proptest v1.11.0
[INFO] [stdout] error[E0433]: cannot find module or crate `stellar_agent_test_support` in this scope
[INFO] [stdout]   --> src/policy/v1/proptest_strategies.rs:49:5
[INFO] [stdout]    |
[INFO] [stdout] 49 | use stellar_agent_test_support::testnet_strkeys::{VERSION_PUBLIC_KEY, strkey_from_seed};
[INFO] [stdout]    |     ^^^^^^^^^^^^^^^^^^^^^^^^^^ use of unresolved module or unlinked crate `stellar_agent_test_support`
[INFO] [stdout]    |
[INFO] [stdout]    = help: if you wanted to use a crate named `stellar_agent_test_support`, use `cargo add stellar_agent_test_support` to add it to your `Cargo.toml`
[INFO] [stdout] 
[INFO] [stdout] 
[INFO] [stdout] error[E0432]: unresolved import `stellar_agent_test_support`
[INFO] [stdout]    --> src/approval/attest.rs:846:9
[INFO] [stdout]     |
[INFO] [stdout] 846 |     use stellar_agent_test_support::keyring_mock;
[INFO] [stdout]     |         ^^^^^^^^^^^^^^^^^^^^^^^^^^ use of unresolved module or unlinked crate `stellar_agent_test_support`
[INFO] [stdout]     |
[INFO] [stdout]     = help: if you wanted to use a crate named `stellar_agent_test_support`, use `cargo add stellar_agent_test_support` to add it to your `Cargo.toml`
[INFO] [stdout] 
[INFO] [stdout] 
[INFO] [stdout] error[E0432]: unresolved import `stellar_agent_test_support`
[INFO] [stdout]     --> src/error.rs:2685:9
[INFO] [stdout]      |
[INFO] [stdout] 2685 |     use stellar_agent_test_support::assert_no_secret_bytes;
[INFO] [stdout]      |         ^^^^^^^^^^^^^^^^^^^^^^^^^^ use of unresolved module or unlinked crate `stellar_agent_test_support`
[INFO] [stdout]      |
[INFO] [stdout]      = help: if you wanted to use a crate named `stellar_agent_test_support`, use `cargo add stellar_agent_test_support` to add it to your `Cargo.toml`
[INFO] [stdout] 
[INFO] [stdout] 
[INFO] [stdout] error[E0433]: cannot find module or crate `stellar_agent_test_support` in this scope
[INFO] [stdout]    --> src/observability/tests.rs:202:5
[INFO] [stdout]     |
[INFO] [stdout] 202 | use stellar_agent_test_support::testnet_strkeys::{
[INFO] [stdout]     |     ^^^^^^^^^^^^^^^^^^^^^^^^^^ use of unresolved module or unlinked crate `stellar_agent_test_support`
[INFO] [stdout]     |
[INFO] [stdout]     = help: if you wanted to use a crate named `stellar_agent_test_support`, use `cargo add stellar_agent_test_support` to add it to your `Cargo.toml`
[INFO] [stdout] 
[INFO] [stdout] 
[INFO] [stdout] error[E0432]: unresolved import `stellar_agent_test_support`
[INFO] [stdout]    --> src/envelope.rs:765:9
[INFO] [stdout]     |
[INFO] [stdout] 765 |     use stellar_agent_test_support::assert_no_secret_bytes;
[INFO] [stdout]     |         ^^^^^^^^^^^^^^^^^^^^^^^^^^ use of unresolved module or unlinked crate `stellar_agent_test_support`
[INFO] [stdout]     |
[INFO] [stdout]     = help: if you wanted to use a crate named `stellar_agent_test_support`, use `cargo add stellar_agent_test_support` to add it to your `Cargo.toml`
[INFO] [stdout] 
[INFO] [stdout] 
[INFO] [stdout] error[E0432]: unresolved import `stellar_agent_test_support`
[INFO] [stdout]    --> src/observability/tests.rs:644:5
[INFO] [stdout]     |
[INFO] [stdout] 644 | use stellar_agent_test_support::CaptureWriter;
[INFO] [stdout]     |     ^^^^^^^^^^^^^^^^^^^^^^^^^^ use of unresolved module or unlinked crate `stellar_agent_test_support`
[INFO] [stdout]     |
[INFO] [stdout]     = help: if you wanted to use a crate named `stellar_agent_test_support`, use `cargo add stellar_agent_test_support` to add it to your `Cargo.toml`
[INFO] [stdout] 
[INFO] [stdout] 
[INFO] [stdout] error[E0432]: unresolved import `stellar_agent_test_support`
[INFO] [stdout]    --> src/smart_account/auth_digest.rs:341:9
[INFO] [stdout]     |
[INFO] [stdout] 341 |     use stellar_agent_test_support::{CaptureWriter, assert_no_secret_bytes};
[INFO] [stdout]     |         ^^^^^^^^^^^^^^^^^^^^^^^^^^ use of unresolved module or unlinked crate `stellar_agent_test_support`
[INFO] [stdout]     |
[INFO] [stdout]     = help: if you wanted to use a crate named `stellar_agent_test_support`, use `cargo add stellar_agent_test_support` to add it to your `Cargo.toml`
[INFO] [stdout] 
[INFO] [stdout] 
[INFO] [stdout] error[E0433]: cannot find module or crate `stellar_agent_test_support` in this scope
[INFO] [stdout]    --> src/keyring_errors.rs:553:9
[INFO] [stdout]     |
[INFO] [stdout] 553 |         stellar_agent_test_support::keyring_mock::install().unwrap();
[INFO] [stdout]     |         ^^^^^^^^^^^^^^^^^^^^^^^^^^ use of unresolved module or unlinked crate `stellar_agent_test_support`
[INFO] [stdout]     |
[INFO] [stdout]     = help: if you wanted to use a crate named `stellar_agent_test_support`, use `cargo add stellar_agent_test_support` to add it to your `Cargo.toml`
[INFO] [stdout] 
[INFO] [stdout] 
[INFO] [stdout] error[E0433]: cannot find module or crate `stellar_agent_test_support` in this scope
[INFO] [stdout]     --> src/profile/schema.rs:3064:22
[INFO] [stdout]      |
[INFO] [stdout] 3064 |         let _guard = stellar_agent_test_support::StellarAgentHomeGuard::new(dir.path());
[INFO] [stdout]      |                      ^^^^^^^^^^^^^^^^^^^^^^^^^^ use of unresolved module or unlinked crate `stellar_agent_test_support`
[INFO] [stdout]      |
[INFO] [stdout]      = help: if you wanted to use a crate named `stellar_agent_test_support`, use `cargo add stellar_agent_test_support` to add it to your `Cargo.toml`
[INFO] [stdout] 
[INFO] [stdout] 
[INFO] [stdout] error[E0433]: cannot find module or crate `stellar_agent_test_support` in this scope
[INFO] [stdout]    --> src/audit_log/health.rs:288:24
[INFO] [stdout]     |
[INFO] [stdout] 288 |             let logs = stellar_agent_test_support::with_captured_logs(|| {
[INFO] [stdout]     |                        ^^^^^^^^^^^^^^^^^^^^^^^^^^ use of unresolved module or unlinked crate `stellar_agent_test_support`
[INFO] [stdout]     |
[INFO] [stdout]     = help: if you wanted to use a crate named `stellar_agent_test_support`, use `cargo add stellar_agent_test_support` to add it to your `Cargo.toml`
[INFO] [stdout] 
[INFO] [stdout] 
[INFO] [stdout] Some errors have detailed explanations: E0432, E0433.
[INFO] [stdout] 
[INFO] [stdout] For more information about an error, try `rustc --explain E0432`.
[INFO] [stdout] 
[INFO] [stderr] error: could not compile `stellar-agent-core` (lib test) due to 10 previous errors
[INFO] [stderr] warning: build failed, waiting for other jobs to finish...
[INFO] running `Command { std: "docker" "inspect" "9add154afc2c437cce1a00aaf0c95f35d2608a8fdb4f39a74887422f95e676dc", kill_on_drop: false }`
[INFO] running `Command { std: "docker" "rm" "-f" "9add154afc2c437cce1a00aaf0c95f35d2608a8fdb4f39a74887422f95e676dc", kill_on_drop: false }`
[INFO] [stdout] 9add154afc2c437cce1a00aaf0c95f35d2608a8fdb4f39a74887422f95e676dc
