[INFO] fetching crate stellar-agent-approval-ui 0.1.0-alpha.12...
[INFO] testing stellar-agent-approval-ui-0.1.0-alpha.12 against 1.99.0-beta.8+cargoflags=--release for beta-release-1.100-2
[INFO] extracting crate stellar-agent-approval-ui 0.1.0-alpha.12 into /workspace/builds/worker-6-tc1/source
[INFO] started tweaking crates.io crate stellar-agent-approval-ui 0.1.0-alpha.12
[INFO] finished tweaking crates.io crate stellar-agent-approval-ui 0.1.0-alpha.12
[INFO] tweaked toml for crates.io crate stellar-agent-approval-ui 0.1.0-alpha.12 written to /workspace/builds/worker-6-tc1/source/Cargo.toml
[INFO] validating manifest of crates.io crate stellar-agent-approval-ui 0.1.0-alpha.12 on toolchain 1.99.0-beta.8
[INFO] running `Command { std: CARGO_HOME="/workspace/cargo-home" RUSTUP_HOME="/workspace/rustup-home" "/workspace/cargo-home/bin/cargo" "+1.99.0-beta.8" "metadata" "--manifest-path" "Cargo.toml" "--no-deps", kill_on_drop: false }`
[INFO] crate crates.io crate stellar-agent-approval-ui 0.1.0-alpha.12 already has a lockfile, it will not be regenerated
[INFO] running `Command { std: CARGO_HOME="/workspace/cargo-home" RUSTUP_HOME="/workspace/rustup-home" "/workspace/cargo-home/bin/cargo" "+1.99.0-beta.8" "fetch" "--manifest-path" "Cargo.toml", kill_on_drop: false }`
[INFO] [stderr]     Updating crates.io index
[INFO] [stderr]  Downloading crates ...
[INFO] [stderr]   Downloaded crate-git-revision v0.0.6
[INFO] [stderr]   Downloaded stellar-strkey v0.0.13
[INFO] [stderr]   Downloaded crate-git-revision v0.0.9
[INFO] [stderr]   Downloaded escape-bytes v0.1.1
[INFO] [stderr]   Downloaded stellar-agent-windows-identity v0.1.0-alpha.12
[INFO] [stderr]   Downloaded stellar-agent-xdr-limits v0.1.0-alpha.12
[INFO] [stderr]   Downloaded stellar-agent-toolsets-runtime v0.1.0-alpha.12
[INFO] [stderr]   Downloaded stellar-strkey v0.0.18
[INFO] [stderr]   Downloaded stellar-agent-toolsets-install v0.1.0-alpha.12
[INFO] [stderr]   Downloaded stellar-agent-toolsets v0.1.0-alpha.12
[INFO] [stderr]   Downloaded stellar-agent-loopback-http v0.1.0-alpha.12
[INFO] [stderr]   Downloaded bitcoin_hashes v0.14.2
[INFO] [stderr]   Downloaded stellar-agent-core v0.1.0-alpha.12
[INFO] [stderr]   Downloaded stellar-xdr v28.0.0
[INFO] running `Command { std: "docker" "create" "-v" "/var/lib/crater-agent-workspace/builds/worker-6-tc1/source:/opt/rustwide/workdir:ro,Z" "-v" "/var/lib/crater-agent-workspace/builds/worker-6-tc1/target:/opt/rustwide/target:rw,Z" "-v" "/var/lib/crater-agent-workspace/cargo-home:/opt/rustwide/cargo-home:ro,Z" "-v" "/var/lib/crater-agent-workspace/rustup-home:/opt/rustwide/rustup-home:ro,Z" "-m" "1610612736" "--network" "none" "ghcr.io/rust-lang/crates-build-env/linux@sha256:77db811e55d90add9212f6832c23229e3de5f1c1f9905e8cb07319ea15df73ac" "sleep" "infinity", kill_on_drop: false }`
[INFO] [stdout] cec654ea1c96568fe07d7d388e0c90d5cd460c6b0cfc182b0e3937a8e9a5decd
[INFO] running `Command { std: "docker" "start" "cec654ea1c96568fe07d7d388e0c90d5cd460c6b0cfc182b0e3937a8e9a5decd", kill_on_drop: false }`
[INFO] running `Command { std: "docker" "inspect" "cec654ea1c96568fe07d7d388e0c90d5cd460c6b0cfc182b0e3937a8e9a5decd", kill_on_drop: false }`
[INFO] running `Command { std: "docker" "exec" "-e" "SOURCE_DIR=/opt/rustwide/workdir" "-e" "CARGO_HOME=/opt/rustwide/cargo-home" "-e" "RUSTUP_HOME=/opt/rustwide/rustup-home" "-e" "CARGO_TARGET_DIR=/opt/rustwide/target" "-w" "/opt/rustwide/workdir" "--user" "0:0" "cec654ea1c96568fe07d7d388e0c90d5cd460c6b0cfc182b0e3937a8e9a5decd" "/opt/rustwide/cargo-home/bin/cargo" "+1.99.0-beta.8" "metadata" "--no-deps" "--format-version=1", kill_on_drop: false }`
[INFO] running `Command { std: "docker" "inspect" "cec654ea1c96568fe07d7d388e0c90d5cd460c6b0cfc182b0e3937a8e9a5decd", kill_on_drop: false }`
[INFO] running `Command { std: "docker" "exec" "-e" "SOURCE_DIR=/opt/rustwide/workdir" "-e" "CARGO_HOME=/opt/rustwide/cargo-home" "-e" "RUSTUP_HOME=/opt/rustwide/rustup-home" "-e" "CARGO_TARGET_DIR=/opt/rustwide/target" "-e" "CARGO_INCREMENTAL=0" "-e" "RUST_BACKTRACE=full" "-e" "RUSTFLAGS=--cap-lints=warn" "-e" "RUSTDOCFLAGS=--cap-lints=warn" "-w" "/opt/rustwide/workdir" "--user" "0:0" "cec654ea1c96568fe07d7d388e0c90d5cd460c6b0cfc182b0e3937a8e9a5decd" "/opt/rustwide/cargo-home/bin/cargo" "+1.99.0-beta.8" "build" "--frozen" "--message-format=json" "--release", kill_on_drop: false }`
[INFO] [stderr]    Compiling quote v1.0.46
[INFO] [stderr]    Compiling zmij v1.0.21
[INFO] [stderr]    Compiling serde_core v1.0.228
[INFO] [stderr]    Compiling serde v1.0.228
[INFO] [stderr]    Compiling serde_json v1.0.150
[INFO] [stderr]    Compiling memchr v2.8.2
[INFO] [stderr]    Compiling bytes v1.12.0
[INFO] [stderr]    Compiling block-buffer v0.10.4
[INFO] [stderr]    Compiling crypto-common v0.1.7
[INFO] [stderr]    Compiling hybrid-array v0.4.12
[INFO] [stderr]    Compiling digest v0.10.7
[INFO] [stderr]    Compiling proc-macro2-diagnostics v0.10.1
[INFO] [stderr]    Compiling syn v2.0.118
[INFO] [stderr]    Compiling data-encoding v2.11.0
[INFO] [stderr]    Compiling cc v1.2.64
[INFO] [stderr]    Compiling curve25519-dalek v4.1.3
[INFO] [stderr]    Compiling http v1.4.2
[INFO] [stderr]    Compiling crypto-common v0.2.2
[INFO] [stderr]    Compiling sha2 v0.10.9
[INFO] [stderr]    Compiling http-body v1.0.1
[INFO] [stderr]    Compiling syn v3.0.6
[INFO] [stderr]    Compiling uncased v0.9.10
[INFO] [stderr]    Compiling winnow v1.0.3
[INFO] [stderr]    Compiling heapless v0.9.3
[INFO] [stderr]    Compiling regex-automata v0.4.14
[INFO] [stderr]    Compiling tinyvec v1.11.0
[INFO] [stderr]    Compiling hash32 v0.3.1
[INFO] [stderr]    Compiling blake3 v1.8.5
[INFO] [stderr]    Compiling hex-conservative v0.2.2
[INFO] [stderr]    Compiling toml_parser v1.1.2+spec-1.1.0
[INFO] [stderr]    Compiling toml_datetime v1.1.1+spec-1.1.0
[INFO] [stderr]    Compiling figment v0.10.19
[INFO] [stderr]    Compiling log v0.4.32
[INFO] [stderr]    Compiling inlinable_string v0.1.15
[INFO] [stderr]    Compiling signature v2.2.0
[INFO] [stderr]    Compiling toml_writer v1.1.1+spec-1.1.0
[INFO] [stderr]    Compiling escape-bytes v0.1.1
[INFO] [stderr]    Compiling ed25519 v2.2.3
[INFO] [stderr]    Compiling bitcoin_hashes v0.14.2
[INFO] [stderr]    Compiling rand_core v0.6.4
[INFO] [stderr]    Compiling unicode-normalization v0.1.25
[INFO] [stderr]    Compiling synstructure v0.13.2
[INFO] [stderr]    Compiling thiserror-impl v2.0.21
[INFO] [stderr]    Compiling hashlink v0.11.1
[INFO] [stderr]    Compiling http-body-util v0.1.3
[INFO] [stderr]    Compiling form_urlencoded v1.2.2
[INFO] [stderr]    Compiling serde_spanned v1.1.1
[INFO] [stderr]    Compiling tempfile v3.27.0
[INFO] [stderr]    Compiling region v3.0.2
[INFO] [stderr]    Compiling yaml-rust2 v0.11.0
[INFO] [stderr]    Compiling matchers v0.2.0
[INFO] [stderr]    Compiling toml v1.1.2+spec-1.1.0
[INFO] [stderr]    Compiling thiserror v2.0.21
[INFO] [stderr]    Compiling toml_edit v0.25.12+spec-1.1.0
[INFO] [stderr]    Compiling directories v6.0.0
[INFO] [stderr]    Compiling serde_derive v1.0.228
[INFO] [stderr]    Compiling zerofrom-derive v0.1.7
[INFO] [stderr]    Compiling yoke-derive v0.8.2
[INFO] [stderr]    Compiling zerofrom v0.1.8
[INFO] [stderr]    Compiling zerovec-derive v0.11.3
[INFO] [stderr]    Compiling displaydoc v0.2.6
[INFO] [stderr]    Compiling zeroize_derive v1.5.0
[INFO] [stderr]    Compiling yoke v0.8.3
[INFO] [stderr]    Compiling zerotrie v0.2.4
[INFO] [stderr]    Compiling zeroize v1.9.0
[INFO] [stderr]    Compiling zerovec v0.11.6
[INFO] [stderr]    Compiling tokio-macros v2.7.0
[INFO] [stderr]    Compiling tracing-attributes v0.1.31
[INFO] [stderr]    Compiling tokio v1.52.3
[INFO] [stderr]    Compiling tinystr v0.8.3
[INFO] [stderr]    Compiling icu_locale_core v2.2.0
[INFO] [stderr]    Compiling crate-git-revision v0.0.9
[INFO] [stderr]    Compiling potential_utf v0.1.5
[INFO] [stderr]    Compiling crate-git-revision v0.0.6
[INFO] [stderr]    Compiling icu_collections v2.2.0
[INFO] [stderr]    Compiling stellar-strkey v0.0.13
[INFO] [stderr]    Compiling toml_datetime v0.6.11
[INFO] [stderr]    Compiling serde_spanned v0.6.9
[INFO] [stderr]    Compiling stellar-xdr v28.0.0
[INFO] [stderr]    Compiling tracing v0.1.44
[INFO] [stderr]    Compiling icu_provider v2.2.0
[INFO] [stderr]    Compiling block-buffer v0.12.1
[INFO] [stderr]    Compiling digest v0.11.3
[INFO] [stderr]    Compiling toml_edit v0.22.27
[INFO] [stderr]    Compiling icu_normalizer v2.2.0
[INFO] [stderr]    Compiling icu_properties v2.2.0
[INFO] [stderr]    Compiling stellar-strkey v0.0.18
[INFO] [stderr]    Compiling pear_codegen v0.2.9
[INFO] [stderr]    Compiling ref-cast-impl v1.0.25
[INFO] [stderr]    Compiling curve25519-dalek-derive v0.1.1
[INFO] [stderr]    Compiling pear v0.2.9
[INFO] [stderr]    Compiling ref-cast v1.0.25
[INFO] [stderr]    Compiling idna_adapter v1.2.2
[INFO] [stderr]    Compiling idna v1.1.0
[INFO] [stderr]    Compiling tracing-serde v0.2.0
[INFO] [stderr]    Compiling url v2.5.8
[INFO] [stderr]    Compiling tracing-subscriber v0.3.23
[INFO] [stderr]    Compiling toml v0.8.23
[INFO] [stderr]    Compiling hyper v1.10.1
[INFO] [stderr]    Compiling ed25519-dalek v2.2.0
[INFO] [stderr]    Compiling schemars v1.2.1
[INFO] [stderr]    Compiling hmac v0.13.0
[INFO] [stderr]    Compiling sha2 v0.11.0
[INFO] [stderr]    Compiling bip39 v2.2.2
[INFO] [stderr]    Compiling tracing-log v0.2.0
[INFO] [stderr]    Compiling keyring-core v1.0.0
[INFO] [stderr]    Compiling uuid v1.23.3
[INFO] [stderr]    Compiling axum-core v0.5.6
[INFO] [stderr]    Compiling tar v0.4.46
[INFO] [stderr]    Compiling hyper-util v0.1.20
[INFO] [stderr]    Compiling tower v0.5.3
[INFO] [stderr]    Compiling stellar-agent-toolsets v0.1.0-alpha.12
[INFO] [stderr]    Compiling serde_path_to_error v0.1.20
[INFO] [stderr]    Compiling semver v1.0.28
[INFO] [stderr]    Compiling tower-http v0.7.0
[INFO] [stderr]    Compiling axum v0.8.9
[INFO] [stderr]    Compiling stellar-agent-xdr-limits v0.1.0-alpha.12
[INFO] [stderr]    Compiling stellar-agent-core v0.1.0-alpha.12
[INFO] [stderr]    Compiling stellar-agent-loopback-http v0.1.0-alpha.12
[INFO] [stderr]    Compiling stellar-agent-toolsets-install v0.1.0-alpha.12
[INFO] [stderr]    Compiling stellar-agent-toolsets-runtime v0.1.0-alpha.12
[INFO] [stderr]    Compiling stellar-agent-approval-ui v0.1.0-alpha.12 (/opt/rustwide/workdir)
[INFO] [stderr]     Finished `release` profile [optimized] target(s) in 5m 44s
[INFO] running `Command { std: "docker" "inspect" "cec654ea1c96568fe07d7d388e0c90d5cd460c6b0cfc182b0e3937a8e9a5decd", kill_on_drop: false }`
[INFO] running `Command { std: "docker" "exec" "-e" "SOURCE_DIR=/opt/rustwide/workdir" "-e" "CARGO_HOME=/opt/rustwide/cargo-home" "-e" "RUSTUP_HOME=/opt/rustwide/rustup-home" "-e" "CARGO_TARGET_DIR=/opt/rustwide/target" "-e" "CARGO_INCREMENTAL=0" "-e" "RUST_BACKTRACE=full" "-e" "RUSTFLAGS=--cap-lints=warn" "-e" "RUSTDOCFLAGS=--cap-lints=warn" "-w" "/opt/rustwide/workdir" "--user" "0:0" "cec654ea1c96568fe07d7d388e0c90d5cd460c6b0cfc182b0e3937a8e9a5decd" "/opt/rustwide/cargo-home/bin/cargo" "+1.99.0-beta.8" "test" "--frozen" "--no-run" "--message-format=json" "--release", kill_on_drop: false }`
[INFO] [stderr]    Compiling parking_lot_core v0.9.12
[INFO] [stderr]    Compiling serial_test_derive v3.5.0
[INFO] [stderr]    Compiling parking_lot v0.12.5
[INFO] [stderr]    Compiling serial_test v3.5.0
[INFO] [stderr]    Compiling stellar-agent-approval-ui v0.1.0-alpha.12 (/opt/rustwide/workdir)
[INFO] [stdout] error[E0433]: cannot find module or crate `stellar_agent_test_support` in this scope
[INFO] [stdout]    --> src/decision.rs:772:9
[INFO] [stdout]     |
[INFO] [stdout] 772 |         stellar_agent_test_support::keyring_mock::install().unwrap();
[INFO] [stdout]     |         ^^^^^^^^^^^^^^^^^^^^^^^^^^ use of unresolved module or unlinked crate `stellar_agent_test_support`
[INFO] [stdout]     |
[INFO] [stdout]     = help: if you wanted to use a crate named `stellar_agent_test_support`, use `cargo add stellar_agent_test_support` to add it to your `Cargo.toml`
[INFO] [stdout] 
[INFO] [stdout] 
[INFO] [stdout] error[E0433]: cannot find module or crate `stellar_agent_test_support` in this scope
[INFO] [stdout]    --> src/decision.rs:829:9
[INFO] [stdout]     |
[INFO] [stdout] 829 |         stellar_agent_test_support::keyring_mock::install().unwrap();
[INFO] [stdout]     |         ^^^^^^^^^^^^^^^^^^^^^^^^^^ use of unresolved module or unlinked crate `stellar_agent_test_support`
[INFO] [stdout]     |
[INFO] [stdout]     = help: if you wanted to use a crate named `stellar_agent_test_support`, use `cargo add stellar_agent_test_support` to add it to your `Cargo.toml`
[INFO] [stdout] 
[INFO] [stdout] 
[INFO] [stdout] error[E0433]: cannot find module or crate `stellar_agent_test_support` in this scope
[INFO] [stdout]    --> src/decision.rs:867:9
[INFO] [stdout]     |
[INFO] [stdout] 867 |         stellar_agent_test_support::keyring_mock::install().unwrap();
[INFO] [stdout]     |         ^^^^^^^^^^^^^^^^^^^^^^^^^^ use of unresolved module or unlinked crate `stellar_agent_test_support`
[INFO] [stdout]     |
[INFO] [stdout]     = help: if you wanted to use a crate named `stellar_agent_test_support`, use `cargo add stellar_agent_test_support` to add it to your `Cargo.toml`
[INFO] [stdout] 
[INFO] [stdout] 
[INFO] [stdout] error[E0433]: cannot find module or crate `stellar_agent_test_support` in this scope
[INFO] [stdout]    --> src/decision.rs:921:9
[INFO] [stdout]     |
[INFO] [stdout] 921 |         stellar_agent_test_support::keyring_mock::install().unwrap();
[INFO] [stdout]     |         ^^^^^^^^^^^^^^^^^^^^^^^^^^ use of unresolved module or unlinked crate `stellar_agent_test_support`
[INFO] [stdout]     |
[INFO] [stdout]     = help: if you wanted to use a crate named `stellar_agent_test_support`, use `cargo add stellar_agent_test_support` to add it to your `Cargo.toml`
[INFO] [stdout] 
[INFO] [stdout] 
[INFO] [stdout] error[E0433]: cannot find module or crate `stellar_agent_test_support` in this scope
[INFO] [stdout]    --> src/decision.rs:955:9
[INFO] [stdout]     |
[INFO] [stdout] 955 |         stellar_agent_test_support::keyring_mock::install().unwrap();
[INFO] [stdout]     |         ^^^^^^^^^^^^^^^^^^^^^^^^^^ use of unresolved module or unlinked crate `stellar_agent_test_support`
[INFO] [stdout]     |
[INFO] [stdout]     = help: if you wanted to use a crate named `stellar_agent_test_support`, use `cargo add stellar_agent_test_support` to add it to your `Cargo.toml`
[INFO] [stdout] 
[INFO] [stdout] 
[INFO] [stdout] error[E0433]: cannot find module or crate `stellar_agent_test_support` in this scope
[INFO] [stdout]    --> src/decision.rs:990:9
[INFO] [stdout]     |
[INFO] [stdout] 990 |         stellar_agent_test_support::keyring_mock::install().unwrap();
[INFO] [stdout]     |         ^^^^^^^^^^^^^^^^^^^^^^^^^^ use of unresolved module or unlinked crate `stellar_agent_test_support`
[INFO] [stdout]     |
[INFO] [stdout]     = help: if you wanted to use a crate named `stellar_agent_test_support`, use `cargo add stellar_agent_test_support` to add it to your `Cargo.toml`
[INFO] [stdout] 
[INFO] [stdout] 
[INFO] [stdout] error[E0433]: cannot find module or crate `stellar_agent_test_support` in this scope
[INFO] [stdout]     --> src/decision.rs:1018:9
[INFO] [stdout]      |
[INFO] [stdout] 1018 |         stellar_agent_test_support::keyring_mock::install().unwrap();
[INFO] [stdout]      |         ^^^^^^^^^^^^^^^^^^^^^^^^^^ use of unresolved module or unlinked crate `stellar_agent_test_support`
[INFO] [stdout]      |
[INFO] [stdout]      = help: if you wanted to use a crate named `stellar_agent_test_support`, use `cargo add stellar_agent_test_support` to add it to your `Cargo.toml`
[INFO] [stdout] 
[INFO] [stdout] 
[INFO] [stdout] error[E0433]: cannot find module or crate `stellar_agent_test_support` in this scope
[INFO] [stdout]     --> src/decision.rs:1043:9
[INFO] [stdout]      |
[INFO] [stdout] 1043 |         stellar_agent_test_support::keyring_mock::install().unwrap();
[INFO] [stdout]      |         ^^^^^^^^^^^^^^^^^^^^^^^^^^ use of unresolved module or unlinked crate `stellar_agent_test_support`
[INFO] [stdout]      |
[INFO] [stdout]      = help: if you wanted to use a crate named `stellar_agent_test_support`, use `cargo add stellar_agent_test_support` to add it to your `Cargo.toml`
[INFO] [stdout] 
[INFO] [stdout] 
[INFO] [stdout] error[E0433]: cannot find module or crate `stellar_agent_test_support` in this scope
[INFO] [stdout]     --> src/decision.rs:1059:9
[INFO] [stdout]      |
[INFO] [stdout] 1059 |         stellar_agent_test_support::keyring_mock::install().unwrap();
[INFO] [stdout]      |         ^^^^^^^^^^^^^^^^^^^^^^^^^^ use of unresolved module or unlinked crate `stellar_agent_test_support`
[INFO] [stdout]      |
[INFO] [stdout]      = help: if you wanted to use a crate named `stellar_agent_test_support`, use `cargo add stellar_agent_test_support` to add it to your `Cargo.toml`
[INFO] [stdout] 
[INFO] [stdout] 
[INFO] [stdout] error[E0433]: cannot find module or crate `stellar_agent_test_support` in this scope
[INFO] [stdout]     --> src/decision.rs:1076:9
[INFO] [stdout]      |
[INFO] [stdout] 1076 |         stellar_agent_test_support::keyring_mock::install().unwrap();
[INFO] [stdout]      |         ^^^^^^^^^^^^^^^^^^^^^^^^^^ use of unresolved module or unlinked crate `stellar_agent_test_support`
[INFO] [stdout]      |
[INFO] [stdout]      = help: if you wanted to use a crate named `stellar_agent_test_support`, use `cargo add stellar_agent_test_support` to add it to your `Cargo.toml`
[INFO] [stdout] 
[INFO] [stdout] 
[INFO] [stdout] error[E0433]: cannot find module or crate `stellar_agent_test_support` in this scope
[INFO] [stdout]     --> src/decision.rs:1109:9
[INFO] [stdout]      |
[INFO] [stdout] 1109 |         stellar_agent_test_support::keyring_mock::install().unwrap();
[INFO] [stdout]      |         ^^^^^^^^^^^^^^^^^^^^^^^^^^ use of unresolved module or unlinked crate `stellar_agent_test_support`
[INFO] [stdout]      |
[INFO] [stdout]      = help: if you wanted to use a crate named `stellar_agent_test_support`, use `cargo add stellar_agent_test_support` to add it to your `Cargo.toml`
[INFO] [stdout] 
[INFO] [stdout] 
[INFO] [stdout] error[E0433]: cannot find module or crate `stellar_agent_test_support` in this scope
[INFO] [stdout]     --> src/decision.rs:1134:9
[INFO] [stdout]      |
[INFO] [stdout] 1134 |         stellar_agent_test_support::keyring_mock::install().unwrap();
[INFO] [stdout]      |         ^^^^^^^^^^^^^^^^^^^^^^^^^^ use of unresolved module or unlinked crate `stellar_agent_test_support`
[INFO] [stdout]      |
[INFO] [stdout]      = help: if you wanted to use a crate named `stellar_agent_test_support`, use `cargo add stellar_agent_test_support` to add it to your `Cargo.toml`
[INFO] [stdout] 
[INFO] [stdout] 
[INFO] [stdout] error[E0433]: cannot find module or crate `stellar_agent_test_support` in this scope
[INFO] [stdout]     --> src/decision.rs:1158:9
[INFO] [stdout]      |
[INFO] [stdout] 1158 |         stellar_agent_test_support::keyring_mock::install().unwrap();
[INFO] [stdout]      |         ^^^^^^^^^^^^^^^^^^^^^^^^^^ use of unresolved module or unlinked crate `stellar_agent_test_support`
[INFO] [stdout]      |
[INFO] [stdout]      = help: if you wanted to use a crate named `stellar_agent_test_support`, use `cargo add stellar_agent_test_support` to add it to your `Cargo.toml`
[INFO] [stdout] 
[INFO] [stdout] 
[INFO] [stdout] error[E0433]: cannot find module or crate `stellar_agent_test_support` in this scope
[INFO] [stdout]     --> src/decision.rs:1174:9
[INFO] [stdout]      |
[INFO] [stdout] 1174 |         stellar_agent_test_support::keyring_mock::install().unwrap();
[INFO] [stdout]      |         ^^^^^^^^^^^^^^^^^^^^^^^^^^ use of unresolved module or unlinked crate `stellar_agent_test_support`
[INFO] [stdout]      |
[INFO] [stdout]      = help: if you wanted to use a crate named `stellar_agent_test_support`, use `cargo add stellar_agent_test_support` to add it to your `Cargo.toml`
[INFO] [stdout] 
[INFO] [stdout] 
[INFO] [stdout] error[E0433]: cannot find module or crate `stellar_agent_test_support` in this scope
[INFO] [stdout]     --> src/decision.rs:1195:9
[INFO] [stdout]      |
[INFO] [stdout] 1195 |         stellar_agent_test_support::keyring_mock::install().unwrap();
[INFO] [stdout]      |         ^^^^^^^^^^^^^^^^^^^^^^^^^^ use of unresolved module or unlinked crate `stellar_agent_test_support`
[INFO] [stdout]      |
[INFO] [stdout]      = help: if you wanted to use a crate named `stellar_agent_test_support`, use `cargo add stellar_agent_test_support` to add it to your `Cargo.toml`
[INFO] [stdout] 
[INFO] [stdout] 
[INFO] [stdout] error[E0433]: cannot find module or crate `stellar_agent_test_support` in this scope
[INFO] [stdout]     --> src/decision.rs:1224:9
[INFO] [stdout]      |
[INFO] [stdout] 1224 |         stellar_agent_test_support::keyring_mock::install().unwrap();
[INFO] [stdout]      |         ^^^^^^^^^^^^^^^^^^^^^^^^^^ use of unresolved module or unlinked crate `stellar_agent_test_support`
[INFO] [stdout]      |
[INFO] [stdout]      = help: if you wanted to use a crate named `stellar_agent_test_support`, use `cargo add stellar_agent_test_support` to add it to your `Cargo.toml`
[INFO] [stdout] 
[INFO] [stdout] 
[INFO] [stdout] error[E0433]: cannot find module or crate `stellar_agent_test_support` in this scope
[INFO] [stdout]     --> src/decision.rs:1240:9
[INFO] [stdout]      |
[INFO] [stdout] 1240 |         stellar_agent_test_support::keyring_mock::install().unwrap();
[INFO] [stdout]      |         ^^^^^^^^^^^^^^^^^^^^^^^^^^ use of unresolved module or unlinked crate `stellar_agent_test_support`
[INFO] [stdout]      |
[INFO] [stdout]      = help: if you wanted to use a crate named `stellar_agent_test_support`, use `cargo add stellar_agent_test_support` to add it to your `Cargo.toml`
[INFO] [stdout] 
[INFO] [stdout] 
[INFO] [stdout] error[E0433]: cannot find module or crate `stellar_agent_test_support` in this scope
[INFO] [stdout]     --> src/decision.rs:1255:9
[INFO] [stdout]      |
[INFO] [stdout] 1255 |         stellar_agent_test_support::keyring_mock::install().unwrap();
[INFO] [stdout]      |         ^^^^^^^^^^^^^^^^^^^^^^^^^^ use of unresolved module or unlinked crate `stellar_agent_test_support`
[INFO] [stdout]      |
[INFO] [stdout]      = help: if you wanted to use a crate named `stellar_agent_test_support`, use `cargo add stellar_agent_test_support` to add it to your `Cargo.toml`
[INFO] [stdout] 
[INFO] [stdout] 
[INFO] [stdout] error[E0433]: cannot find module or crate `stellar_agent_test_support` in this scope
[INFO] [stdout]     --> src/decision.rs:1418:9
[INFO] [stdout]      |
[INFO] [stdout] 1418 |         stellar_agent_test_support::keyring_mock::install_with_read_hooks(vec![
[INFO] [stdout]      |         ^^^^^^^^^^^^^^^^^^^^^^^^^^ use of unresolved module or unlinked crate `stellar_agent_test_support`
[INFO] [stdout]      |
[INFO] [stdout]      = help: if you wanted to use a crate named `stellar_agent_test_support`, use `cargo add stellar_agent_test_support` to add it to your `Cargo.toml`
[INFO] [stdout] 
[INFO] [stdout] 
[INFO] [stdout] error[E0433]: cannot find module or crate `stellar_agent_test_support` in this scope
[INFO] [stdout]     --> src/decision.rs:1419:13
[INFO] [stdout]      |
[INFO] [stdout] 1419 |             stellar_agent_test_support::keyring_mock::ReadHook::new(
[INFO] [stdout]      |             ^^^^^^^^^^^^^^^^^^^^^^^^^^ use of unresolved module or unlinked crate `stellar_agent_test_support`
[INFO] [stdout]      |
[INFO] [stdout]      = help: if you wanted to use a crate named `stellar_agent_test_support`, use `cargo add stellar_agent_test_support` to add it to your `Cargo.toml`
[INFO] [stdout] 
[INFO] [stdout] 
[INFO] [stdout] error[E0433]: cannot find module or crate `stellar_agent_test_support` in this scope
[INFO] [stdout]     --> src/decision.rs:1473:9
[INFO] [stdout]      |
[INFO] [stdout] 1473 |         stellar_agent_test_support::keyring_mock::install_with_read_hooks(vec![
[INFO] [stdout]      |         ^^^^^^^^^^^^^^^^^^^^^^^^^^ use of unresolved module or unlinked crate `stellar_agent_test_support`
[INFO] [stdout]      |
[INFO] [stdout]      = help: if you wanted to use a crate named `stellar_agent_test_support`, use `cargo add stellar_agent_test_support` to add it to your `Cargo.toml`
[INFO] [stdout] 
[INFO] [stdout] 
[INFO] [stdout] error[E0433]: cannot find module or crate `stellar_agent_test_support` in this scope
[INFO] [stdout]     --> src/decision.rs:1474:13
[INFO] [stdout]      |
[INFO] [stdout] 1474 |             stellar_agent_test_support::keyring_mock::ReadHook::new(
[INFO] [stdout]      |             ^^^^^^^^^^^^^^^^^^^^^^^^^^ use of unresolved module or unlinked crate `stellar_agent_test_support`
[INFO] [stdout]      |
[INFO] [stdout]      = help: if you wanted to use a crate named `stellar_agent_test_support`, use `cargo add stellar_agent_test_support` to add it to your `Cargo.toml`
[INFO] [stdout] 
[INFO] [stdout] 
[INFO] [stdout] error[E0433]: cannot find module or crate `stellar_agent_test_support` in this scope
[INFO] [stdout]     --> src/decision.rs:1535:9
[INFO] [stdout]      |
[INFO] [stdout] 1535 |         stellar_agent_test_support::keyring_mock::install().unwrap();
[INFO] [stdout]      |         ^^^^^^^^^^^^^^^^^^^^^^^^^^ use of unresolved module or unlinked crate `stellar_agent_test_support`
[INFO] [stdout]      |
[INFO] [stdout]      = help: if you wanted to use a crate named `stellar_agent_test_support`, use `cargo add stellar_agent_test_support` to add it to your `Cargo.toml`
[INFO] [stdout] 
[INFO] [stdout] 
[INFO] [stdout] error[E0433]: cannot find module or crate `stellar_agent_test_support` in this scope
[INFO] [stdout]     --> src/decision.rs:1563:9
[INFO] [stdout]      |
[INFO] [stdout] 1563 |         stellar_agent_test_support::keyring_mock::install().unwrap();
[INFO] [stdout]      |         ^^^^^^^^^^^^^^^^^^^^^^^^^^ use of unresolved module or unlinked crate `stellar_agent_test_support`
[INFO] [stdout]      |
[INFO] [stdout]      = help: if you wanted to use a crate named `stellar_agent_test_support`, use `cargo add stellar_agent_test_support` to add it to your `Cargo.toml`
[INFO] [stdout] 
[INFO] [stdout] 
[INFO] [stdout] error[E0433]: cannot find module or crate `stellar_agent_test_support` in this scope
[INFO] [stdout]     --> src/decision.rs:1581:9
[INFO] [stdout]      |
[INFO] [stdout] 1581 |         stellar_agent_test_support::keyring_mock::install().unwrap();
[INFO] [stdout]      |         ^^^^^^^^^^^^^^^^^^^^^^^^^^ use of unresolved module or unlinked crate `stellar_agent_test_support`
[INFO] [stdout]      |
[INFO] [stdout]      = help: if you wanted to use a crate named `stellar_agent_test_support`, use `cargo add stellar_agent_test_support` to add it to your `Cargo.toml`
[INFO] [stdout] 
[INFO] [stdout] 
[INFO] [stdout] error[E0433]: cannot find module or crate `stellar_agent_test_support` in this scope
[INFO] [stdout]     --> src/decision.rs:1602:9
[INFO] [stdout]      |
[INFO] [stdout] 1602 |         stellar_agent_test_support::keyring_mock::install().unwrap();
[INFO] [stdout]      |         ^^^^^^^^^^^^^^^^^^^^^^^^^^ use of unresolved module or unlinked crate `stellar_agent_test_support`
[INFO] [stdout]      |
[INFO] [stdout]      = help: if you wanted to use a crate named `stellar_agent_test_support`, use `cargo add stellar_agent_test_support` to add it to your `Cargo.toml`
[INFO] [stdout] 
[INFO] [stdout] 
[INFO] [stdout] error[E0433]: cannot find module or crate `stellar_agent_test_support` in this scope
[INFO] [stdout]     --> src/decision.rs:1623:9
[INFO] [stdout]      |
[INFO] [stdout] 1623 |         stellar_agent_test_support::keyring_mock::install().unwrap();
[INFO] [stdout]      |         ^^^^^^^^^^^^^^^^^^^^^^^^^^ use of unresolved module or unlinked crate `stellar_agent_test_support`
[INFO] [stdout]      |
[INFO] [stdout]      = help: if you wanted to use a crate named `stellar_agent_test_support`, use `cargo add stellar_agent_test_support` to add it to your `Cargo.toml`
[INFO] [stdout] 
[INFO] [stdout] 
[INFO] [stdout] error[E0433]: cannot find module or crate `stellar_agent_test_support` in this scope
[INFO] [stdout]   --> src/tests.rs:62:9
[INFO] [stdout]    |
[INFO] [stdout] 62 |         stellar_agent_test_support::keyring_mock::install().unwrap();
[INFO] [stdout]    |         ^^^^^^^^^^^^^^^^^^^^^^^^^^ use of unresolved module or unlinked crate `stellar_agent_test_support`
[INFO] [stdout]    |
[INFO] [stdout]    = help: if you wanted to use a crate named `stellar_agent_test_support`, use `cargo add stellar_agent_test_support` to add it to your `Cargo.toml`
[INFO] [stdout] 
[INFO] [stdout] 
[INFO] [stdout] error[E0433]: cannot find module or crate `stellar_agent_test_support` in this scope
[INFO] [stdout]    --> src/tests.rs:737:5
[INFO] [stdout]     |
[INFO] [stdout] 737 |     stellar_agent_test_support::keyring_mock::install().unwrap();
[INFO] [stdout]     |     ^^^^^^^^^^^^^^^^^^^^^^^^^^ use of unresolved module or unlinked crate `stellar_agent_test_support`
[INFO] [stdout]     |
[INFO] [stdout]     = help: if you wanted to use a crate named `stellar_agent_test_support`, use `cargo add stellar_agent_test_support` to add it to your `Cargo.toml`
[INFO] [stdout] 
[INFO] [stdout] 
[INFO] [stdout] error[E0433]: cannot find module or crate `stellar_agent_test_support` in this scope
[INFO] [stdout]     --> src/tests.rs:1212:5
[INFO] [stdout]      |
[INFO] [stdout] 1212 |     stellar_agent_test_support::keyring_mock::install().unwrap();
[INFO] [stdout]      |     ^^^^^^^^^^^^^^^^^^^^^^^^^^ use of unresolved module or unlinked crate `stellar_agent_test_support`
[INFO] [stdout]      |
[INFO] [stdout]      = help: if you wanted to use a crate named `stellar_agent_test_support`, use `cargo add stellar_agent_test_support` to add it to your `Cargo.toml`
[INFO] [stdout] 
[INFO] [stdout] 
[INFO] [stdout] error[E0433]: cannot find module or crate `stellar_agent_test_support` in this scope
[INFO] [stdout]    --> src/decision.rs:840:20
[INFO] [stdout]     |
[INFO] [stdout] 840 |         let logs = stellar_agent_test_support::with_captured_logs(|| {
[INFO] [stdout]     |                    ^^^^^^^^^^^^^^^^^^^^^^^^^^ use of unresolved module or unlinked crate `stellar_agent_test_support`
[INFO] [stdout]     |
[INFO] [stdout]     = help: if you wanted to use a crate named `stellar_agent_test_support`, use `cargo add stellar_agent_test_support` to add it to your `Cargo.toml`
[INFO] [stdout] 
[INFO] [stdout] 
[INFO] [stdout] For more information about this error, try `rustc --explain E0433`.
[INFO] [stdout] 
[INFO] [stderr] error: could not compile `stellar-agent-approval-ui` (lib test) due to 31 previous errors
[INFO] running `Command { std: "docker" "inspect" "cec654ea1c96568fe07d7d388e0c90d5cd460c6b0cfc182b0e3937a8e9a5decd", kill_on_drop: false }`
[INFO] running `Command { std: "docker" "rm" "-f" "cec654ea1c96568fe07d7d388e0c90d5cd460c6b0cfc182b0e3937a8e9a5decd", kill_on_drop: false }`
[INFO] [stdout] cec654ea1c96568fe07d7d388e0c90d5cd460c6b0cfc182b0e3937a8e9a5decd
