[INFO] fetching crate startin 0.8.3...
[INFO] testing startin-0.8.3 against 1.99.0-beta.8+cargoflags=--release for beta-release-1.100-2
[INFO] extracting crate startin 0.8.3 into /workspace/builds/worker-3-tc1/source
[INFO] started tweaking crates.io crate startin 0.8.3
[INFO] removed 0 missing examples
[INFO] removed 0 missing tests
[INFO] finished tweaking crates.io crate startin 0.8.3
[INFO] tweaked toml for crates.io crate startin 0.8.3 written to /workspace/builds/worker-3-tc1/source/Cargo.toml
[INFO] validating manifest of crates.io crate startin 0.8.3 on toolchain 1.99.0-beta.8
[INFO] running `Command { std: CARGO_HOME="/workspace/cargo-home" RUSTUP_HOME="/workspace/rustup-home" "/workspace/cargo-home/bin/cargo" "+1.99.0-beta.8" "metadata" "--manifest-path" "Cargo.toml" "--no-deps", kill_on_drop: false }`
[INFO] crate crates.io crate startin 0.8.3 already has a lockfile, it will not be regenerated
[INFO] running `Command { std: CARGO_HOME="/workspace/cargo-home" RUSTUP_HOME="/workspace/rustup-home" "/workspace/cargo-home/bin/cargo" "+1.99.0-beta.8" "fetch" "--manifest-path" "Cargo.toml", kill_on_drop: false }`
[INFO] [stderr]     Updating crates.io index
[INFO] [stderr]  Downloading crates ...
[INFO] [stderr]   Downloaded serde_json v1.0.135
[INFO] [stderr]   Downloaded kdbush v0.2.0
[INFO] [stderr]   Downloaded uuid v1.12.0
[INFO] [stderr]   Downloaded rustversion v1.0.19
[INFO] [stderr]   Downloaded las v0.8.8
[INFO] [stderr]   Downloaded cc v1.2.9
[INFO] [stderr]   Downloaded semver v1.0.24
[INFO] [stderr]   Downloaded assert_approx_eq v1.1.0
[INFO] [stderr]   Downloaded laz v0.9.2
[INFO] [stderr]   Downloaded gdal-sys v0.9.1
[INFO] [stderr]   Downloaded robust v1.1.0
[INFO] [stderr]   Downloaded geojson v0.24.1
[INFO] [stderr]   Downloaded prettyplease v0.2.29
[INFO] [stderr]   Downloaded rustix v0.38.43
[INFO] [stderr]   Downloaded gdal v0.16.0
[INFO] [stderr]   Downloaded geo-types v0.7.14
[INFO] running `Command { std: "docker" "create" "-v" "/var/lib/crater-agent-workspace/builds/worker-3-tc1/source:/opt/rustwide/workdir:ro,Z" "-v" "/var/lib/crater-agent-workspace/builds/worker-3-tc1/target:/opt/rustwide/target:rw,Z" "-v" "/var/lib/crater-agent-workspace/cargo-home:/opt/rustwide/cargo-home:ro,Z" "-v" "/var/lib/crater-agent-workspace/rustup-home:/opt/rustwide/rustup-home:ro,Z" "-m" "1610612736" "--network" "none" "ghcr.io/rust-lang/crates-build-env/linux@sha256:77db811e55d90add9212f6832c23229e3de5f1c1f9905e8cb07319ea15df73ac" "sleep" "infinity", kill_on_drop: false }`
[INFO] [stdout] bf08e725789725132488446982f402a6dacff7ac45d5535f88eec57884320dfd
[INFO] running `Command { std: "docker" "start" "bf08e725789725132488446982f402a6dacff7ac45d5535f88eec57884320dfd", kill_on_drop: false }`
[INFO] running `Command { std: "docker" "inspect" "bf08e725789725132488446982f402a6dacff7ac45d5535f88eec57884320dfd", kill_on_drop: false }`
[INFO] running `Command { std: "docker" "exec" "-e" "SOURCE_DIR=/opt/rustwide/workdir" "-e" "CARGO_HOME=/opt/rustwide/cargo-home" "-e" "RUSTUP_HOME=/opt/rustwide/rustup-home" "-e" "CARGO_TARGET_DIR=/opt/rustwide/target" "-w" "/opt/rustwide/workdir" "--user" "0:0" "bf08e725789725132488446982f402a6dacff7ac45d5535f88eec57884320dfd" "/opt/rustwide/cargo-home/bin/cargo" "+1.99.0-beta.8" "metadata" "--no-deps" "--format-version=1", kill_on_drop: false }`
[INFO] running `Command { std: "docker" "inspect" "bf08e725789725132488446982f402a6dacff7ac45d5535f88eec57884320dfd", kill_on_drop: false }`
[INFO] running `Command { std: "docker" "exec" "-e" "SOURCE_DIR=/opt/rustwide/workdir" "-e" "CARGO_HOME=/opt/rustwide/cargo-home" "-e" "RUSTUP_HOME=/opt/rustwide/rustup-home" "-e" "CARGO_TARGET_DIR=/opt/rustwide/target" "-e" "CARGO_INCREMENTAL=0" "-e" "RUST_BACKTRACE=full" "-e" "RUSTFLAGS=--cap-lints=warn" "-e" "RUSTDOCFLAGS=--cap-lints=warn" "-w" "/opt/rustwide/workdir" "--user" "0:0" "bf08e725789725132488446982f402a6dacff7ac45d5535f88eec57884320dfd" "/opt/rustwide/cargo-home/bin/cargo" "+1.99.0-beta.8" "build" "--frozen" "--message-format=json" "--release", kill_on_drop: false }`
[INFO] [stderr]    Compiling autocfg v0.1.8
[INFO] [stderr]    Compiling rand_core v0.4.2
[INFO] [stderr]    Compiling proc-macro2 v1.0.93
[INFO] [stderr]    Compiling serde_json v1.0.135
[INFO] [stderr]    Compiling ryu v1.0.18
[INFO] [stderr]    Compiling memchr v2.7.4
[INFO] [stderr]    Compiling robust v1.1.0
[INFO] [stderr]    Compiling kdbush v0.2.0
[INFO] [stderr]    Compiling rand_chacha v0.1.1
[INFO] [stderr]    Compiling rand_pcg v0.1.2
[INFO] [stderr]    Compiling rand v0.6.5
[INFO] [stderr]    Compiling rand_core v0.3.1
[INFO] [stderr]    Compiling rand_os v0.1.3
[INFO] [stderr]    Compiling rand_jitter v0.1.4
[INFO] [stderr]    Compiling rand_hc v0.1.0
[INFO] [stderr]    Compiling rand_isaac v0.1.1
[INFO] [stderr]    Compiling rand_xorshift v0.1.1
[INFO] [stderr]    Compiling quote v1.0.38
[INFO] [stderr]    Compiling syn v2.0.96
[INFO] [stderr]    Compiling serde_derive v1.0.217
[INFO] [stderr]    Compiling startin v0.8.3 (/opt/rustwide/workdir)
[INFO] [stdout] warning: use of deprecated constant `std::f64::MAX`: replaced by the `MAX` associated constant on `f64`
[INFO] [stdout]    --> src/lib.rs:511:42
[INFO] [stdout]     |
[INFO] [stdout] 511 |                 if (bbox[0] == std::f64::MAX)
[INFO] [stdout]     |                                          ^^^
[INFO] [stdout]     |
[INFO] [stdout]     = note: `#[warn(deprecated)]` on by default
[INFO] [stdout] 
[INFO] [stdout] 
[INFO] [stdout] warning: use of deprecated constant `std::f64::MAX`: replaced by the `MAX` associated constant on `f64`
[INFO] [stdout]    --> src/lib.rs:512:46
[INFO] [stdout]     |
[INFO] [stdout] 512 |                     || (bbox[1] == std::f64::MAX)
[INFO] [stdout]     |                                              ^^^
[INFO] [stdout] 
[INFO] [stdout] 
[INFO] [stdout] warning: use of deprecated constant `std::f64::MIN`: replaced by the `MIN` associated constant on `f64`
[INFO] [stdout]    --> src/lib.rs:513:46
[INFO] [stdout]     |
[INFO] [stdout] 513 |                     || (bbox[2] == std::f64::MIN)
[INFO] [stdout]     |                                              ^^^
[INFO] [stdout] 
[INFO] [stdout] 
[INFO] [stdout] warning: use of deprecated constant `std::f64::MIN`: replaced by the `MIN` associated constant on `f64`
[INFO] [stdout]    --> src/lib.rs:514:46
[INFO] [stdout]     |
[INFO] [stdout] 514 |                     || (bbox[3] == std::f64::MIN)
[INFO] [stdout]     |                                              ^^^
[INFO] [stdout] 
[INFO] [stdout] 
[INFO] [stdout] warning: use of deprecated constant `std::f64::MAX`: replaced by the `MAX` associated constant on `f64`
[INFO] [stdout]     --> src/lib.rs:1203:31
[INFO] [stdout]      |
[INFO] [stdout] 1203 |         let mut d = std::f64::MAX;
[INFO] [stdout]      |                               ^^^
[INFO] [stdout] 
[INFO] [stdout] 
[INFO] [stdout] warning: use of deprecated constant `std::f64::MAX`: replaced by the `MAX` associated constant on `f64`
[INFO] [stdout]     --> src/lib.rs:1886:39
[INFO] [stdout]      |
[INFO] [stdout] 1886 |         let mut minx: f64 = std::f64::MAX;
[INFO] [stdout]      |                                       ^^^
[INFO] [stdout] 
[INFO] [stdout] 
[INFO] [stdout] warning: use of deprecated constant `std::f64::MAX`: replaced by the `MAX` associated constant on `f64`
[INFO] [stdout]     --> src/lib.rs:1887:39
[INFO] [stdout]      |
[INFO] [stdout] 1887 |         let mut miny: f64 = std::f64::MAX;
[INFO] [stdout]      |                                       ^^^
[INFO] [stdout] 
[INFO] [stdout] 
[INFO] [stdout] warning: use of deprecated constant `std::f64::MIN`: replaced by the `MIN` associated constant on `f64`
[INFO] [stdout]     --> src/lib.rs:1888:39
[INFO] [stdout]      |
[INFO] [stdout] 1888 |         let mut maxx: f64 = std::f64::MIN;
[INFO] [stdout]      |                                       ^^^
[INFO] [stdout] 
[INFO] [stdout] 
[INFO] [stdout] warning: use of deprecated constant `std::f64::MIN`: replaced by the `MIN` associated constant on `f64`
[INFO] [stdout]     --> src/lib.rs:1889:39
[INFO] [stdout]      |
[INFO] [stdout] 1889 |         let mut maxy: f64 = std::f64::MIN;
[INFO] [stdout]      |                                       ^^^
[INFO] [stdout] 
[INFO] [stdout] 
[INFO] [stdout] warning: use of deprecated constant `std::f64::NEG_INFINITY`: replaced by the `NEG_INFINITY` associated constant on `f64`
[INFO] [stdout]     --> src/lib.rs:1891:30
[INFO] [stdout]      |
[INFO] [stdout] 1891 |             minx = std::f64::NEG_INFINITY;
[INFO] [stdout]      |                              ^^^^^^^^^^^^
[INFO] [stdout] 
[INFO] [stdout] 
[INFO] [stdout] warning: use of deprecated constant `std::f64::NEG_INFINITY`: replaced by the `NEG_INFINITY` associated constant on `f64`
[INFO] [stdout]     --> src/lib.rs:1892:30
[INFO] [stdout]      |
[INFO] [stdout] 1892 |             miny = std::f64::NEG_INFINITY;
[INFO] [stdout]      |                              ^^^^^^^^^^^^
[INFO] [stdout] 
[INFO] [stdout] 
[INFO] [stdout] warning: use of deprecated constant `std::f64::INFINITY`: replaced by the `INFINITY` associated constant on `f64`
[INFO] [stdout]     --> src/lib.rs:1893:30
[INFO] [stdout]      |
[INFO] [stdout] 1893 |             maxx = std::f64::INFINITY;
[INFO] [stdout]      |                              ^^^^^^^^
[INFO] [stdout] 
[INFO] [stdout] 
[INFO] [stdout] warning: use of deprecated constant `std::f64::INFINITY`: replaced by the `INFINITY` associated constant on `f64`
[INFO] [stdout]     --> src/lib.rs:1894:30
[INFO] [stdout]      |
[INFO] [stdout] 1894 |             maxy = std::f64::INFINITY;
[INFO] [stdout]      |                              ^^^^^^^^
[INFO] [stdout] 
[INFO] [stdout] 
[INFO] [stdout] warning: use of deprecated constant `std::f64::MAX`: replaced by the `MAX` associated constant on `f64`
[INFO] [stdout]     --> src/lib.rs:1921:39
[INFO] [stdout]      |
[INFO] [stdout] 1921 |         let mut minz: f64 = std::f64::MAX;
[INFO] [stdout]      |                                       ^^^
[INFO] [stdout] 
[INFO] [stdout] 
[INFO] [stdout] warning: use of deprecated constant `std::f64::MAX`: replaced by the `MAX` associated constant on `f64`
[INFO] [stdout]    --> src/geom/mod.rs:209:39
[INFO] [stdout]     |
[INFO] [stdout] 209 |     let mut re: [f64; 4] = [std::f64::MAX, std::f64::MAX, std::f64::MIN, std::f64::MIN];
[INFO] [stdout]     |                                       ^^^
[INFO] [stdout] 
[INFO] [stdout] 
[INFO] [stdout] warning: use of deprecated constant `std::f64::MAX`: replaced by the `MAX` associated constant on `f64`
[INFO] [stdout]    --> src/geom/mod.rs:209:54
[INFO] [stdout]     |
[INFO] [stdout] 209 |     let mut re: [f64; 4] = [std::f64::MAX, std::f64::MAX, std::f64::MIN, std::f64::MIN];
[INFO] [stdout]     |                                                      ^^^
[INFO] [stdout] 
[INFO] [stdout] 
[INFO] [stdout] warning: use of deprecated constant `std::f64::MIN`: replaced by the `MIN` associated constant on `f64`
[INFO] [stdout]    --> src/geom/mod.rs:209:69
[INFO] [stdout]     |
[INFO] [stdout] 209 |     let mut re: [f64; 4] = [std::f64::MAX, std::f64::MAX, std::f64::MIN, std::f64::MIN];
[INFO] [stdout]     |                                                                     ^^^
[INFO] [stdout] 
[INFO] [stdout] 
[INFO] [stdout] warning: use of deprecated constant `std::f64::MIN`: replaced by the `MIN` associated constant on `f64`
[INFO] [stdout]    --> src/geom/mod.rs:209:84
[INFO] [stdout]     |
[INFO] [stdout] 209 |     let mut re: [f64; 4] = [std::f64::MAX, std::f64::MAX, std::f64::MIN, std::f64::MIN];
[INFO] [stdout]     |                                                                                    ^^^
[INFO] [stdout] 
[INFO] [stdout] 
[INFO] [stdout] warning: use of deprecated constant `std::f64::MAX`: replaced by the `MAX` associated constant on `f64`
[INFO] [stdout]   --> src/interpolation/mod.rs:52:48
[INFO] [stdout]    |
[INFO] [stdout] 52 |                 let mut value: f64 = std::f64::MAX;
[INFO] [stdout]    |                                                ^^^
[INFO] [stdout] 
[INFO] [stdout] 
[INFO] [stdout] warning: use of deprecated associated function `core::num::<impl usize>::max_value`: replaced by the `MAX` associated constant on this type
[INFO] [stdout]     --> src/lib.rs:1090:37
[INFO] [stdout]      |
[INFO] [stdout] 1090 |         let mut min: usize = usize::max_value();
[INFO] [stdout]      |                                     ^^^^^^^^^
[INFO] [stdout] 
[INFO] [stdout] 
[INFO] [stdout] warning: use of deprecated associated function `core::num::<impl usize>::min_value`: replaced by the `MIN` associated constant on this type
[INFO] [stdout]     --> src/lib.rs:1091:37
[INFO] [stdout]      |
[INFO] [stdout] 1091 |         let mut max: usize = usize::min_value();
[INFO] [stdout]      |                                     ^^^^^^^^^
[INFO] [stdout] 
[INFO] [stdout] 
[INFO] [stdout] warning: hiding a lifetime that's elided elsewhere is confusing
[INFO] [stdout]    --> src/lib.rs:280:13
[INFO] [stdout]     |
[INFO] [stdout] 280 |     fn iter(&self) -> Iter {
[INFO] [stdout]     |             ^^^^^     ^^^^ the same lifetime is hidden here
[INFO] [stdout]     |             |
[INFO] [stdout]     |             the lifetime is elided here
[INFO] [stdout]     |
[INFO] [stdout]     = help: the same lifetime is referred to in inconsistent ways, making the signature confusing
[INFO] [stdout]     = note: `#[warn(mismatched_lifetime_syntaxes)]` on by default
[INFO] [stdout] help: use `'_` for type paths
[INFO] [stdout]     |
[INFO] [stdout] 280 |     fn iter(&self) -> Iter<'_> {
[INFO] [stdout]     |                           ++++
[INFO] [stdout] 
[INFO] [stdout] 
[INFO] [stderr]     Finished `release` profile [optimized] target(s) in 12.41s
[INFO] running `Command { std: "docker" "inspect" "bf08e725789725132488446982f402a6dacff7ac45d5535f88eec57884320dfd", kill_on_drop: false }`
[INFO] running `Command { std: "docker" "exec" "-e" "SOURCE_DIR=/opt/rustwide/workdir" "-e" "CARGO_HOME=/opt/rustwide/cargo-home" "-e" "RUSTUP_HOME=/opt/rustwide/rustup-home" "-e" "CARGO_TARGET_DIR=/opt/rustwide/target" "-e" "CARGO_INCREMENTAL=0" "-e" "RUST_BACKTRACE=full" "-e" "RUSTFLAGS=--cap-lints=warn" "-e" "RUSTDOCFLAGS=--cap-lints=warn" "-w" "/opt/rustwide/workdir" "--user" "0:0" "bf08e725789725132488446982f402a6dacff7ac45d5535f88eec57884320dfd" "/opt/rustwide/cargo-home/bin/cargo" "+1.99.0-beta.8" "test" "--frozen" "--no-run" "--message-format=json" "--release", kill_on_drop: false }`
[INFO] [stderr]    Compiling syn v2.0.96
[INFO] [stderr]    Compiling glob v0.3.2
[INFO] [stderr]    Compiling prettyplease v0.2.29
[INFO] [stderr]    Compiling libm v0.2.11
[INFO] [stderr]    Compiling rustix v0.38.43
[INFO] [stderr]    Compiling libc v0.2.169
[INFO] [stderr]    Compiling num-traits v0.2.19
[INFO] [stderr]    Compiling regex-syntax v0.8.5
[INFO] [stderr]    Compiling linux-raw-sys v0.4.15
[INFO] [stderr]    Compiling semver v1.0.24
[INFO] [stderr]    Compiling serde v1.0.217
[INFO] [stderr]    Compiling memchr v2.7.4
[INFO] [stderr]    Compiling bitflags v2.7.0
[INFO] [stderr]    Compiling libloading v0.8.6
[INFO] [stderr]    Compiling either v1.13.0
[INFO] [stderr]    Compiling bindgen v0.66.1
[INFO] [stderr]    Compiling home v0.5.11
[INFO] [stderr]    Compiling log v0.4.25
[INFO] [stderr]    Compiling lazy_static v1.5.0
[INFO] [stderr]    Compiling pkg-config v0.3.31
[INFO] [stderr]    Compiling iana-time-zone v0.1.61
[INFO] [stderr]    Compiling csv-core v0.1.11
[INFO] [stderr]    Compiling uuid v1.12.0
[INFO] [stderr]    Compiling assert_approx_eq v1.1.0
[INFO] [stderr]    Compiling clang-sys v1.8.1
[INFO] [stderr]    Compiling gdal v0.16.0
[INFO] [stderr]    Compiling nom v7.1.3
[INFO] [stderr]    Compiling chrono v0.4.39
[INFO] [stderr]    Compiling laz v0.9.2
[INFO] [stderr]    Compiling regex-automata v0.4.9
[INFO] [stderr]    Compiling cexpr v0.6.0
[INFO] [stderr]    Compiling which v4.4.2
[INFO] [stderr]    Compiling regex v1.11.1
[INFO] [stderr]    Compiling serde_derive v1.0.217
[INFO] [stderr]    Compiling thiserror-impl v1.0.69
[INFO] [stderr]    Compiling thiserror v1.0.69
[INFO] [stderr]    Compiling las v0.8.8
[INFO] [stderr]    Compiling gdal-sys v0.9.1
[INFO] [stderr]    Compiling geo-types v0.7.14
[INFO] [stderr]    Compiling serde_json v1.0.135
[INFO] [stderr]    Compiling csv v1.3.1
[INFO] [stderr] error: failed to run custom build command for `gdal-sys v0.9.1`
[INFO] [stderr] note: To improve backtraces for build dependencies, set the CARGO_PROFILE_RELEASE_BUILD_OVERRIDE_DEBUG=true environment variable to enable debug information generation.
[INFO] [stderr] 
[INFO] [stderr] Caused by:
[INFO] [stderr]   process didn't exit successfully: `/opt/rustwide/target/release/build/gdal-sys-31551ec734740365/build-script-build` (exit status: 101)
[INFO] [stderr]   --- stdout
[INFO] [stderr]   cargo:rerun-if-env-changed=GDAL_STATIC
[INFO] [stderr]   cargo:rerun-if-env-changed=GDAL_DYNAMIC
[INFO] [stderr]   cargo:rerun-if-env-changed=GDAL_INCLUDE_DIR
[INFO] [stderr]   cargo:rerun-if-env-changed=GDAL_LIB_DIR
[INFO] [stderr]   cargo:rerun-if-env-changed=GDAL_HOME
[INFO] [stderr]   cargo:rerun-if-env-changed=GDAL_VERSION
[INFO] [stderr]   cargo:rerun-if-env-changed=GDAL_NO_PKG_CONFIG
[INFO] [stderr]   cargo:rerun-if-env-changed=PKG_CONFIG_x86_64-unknown-linux-gnu
[INFO] [stderr]   cargo:rerun-if-env-changed=PKG_CONFIG_x86_64_unknown_linux_gnu
[INFO] [stderr]   cargo:rerun-if-env-changed=HOST_PKG_CONFIG
[INFO] [stderr]   cargo:rerun-if-env-changed=PKG_CONFIG
[INFO] [stderr]   cargo:rerun-if-env-changed=PKG_CONFIG_PATH_x86_64-unknown-linux-gnu
[INFO] [stderr]   cargo:rerun-if-env-changed=PKG_CONFIG_PATH_x86_64_unknown_linux_gnu
[INFO] [stderr]   cargo:rerun-if-env-changed=HOST_PKG_CONFIG_PATH
[INFO] [stderr]   cargo:rerun-if-env-changed=PKG_CONFIG_PATH
[INFO] [stderr]   cargo:rerun-if-env-changed=PKG_CONFIG_LIBDIR_x86_64-unknown-linux-gnu
[INFO] [stderr]   cargo:rerun-if-env-changed=PKG_CONFIG_LIBDIR_x86_64_unknown_linux_gnu
[INFO] [stderr]   cargo:rerun-if-env-changed=HOST_PKG_CONFIG_LIBDIR
[INFO] [stderr]   cargo:rerun-if-env-changed=PKG_CONFIG_LIBDIR
[INFO] [stderr]   cargo:rerun-if-env-changed=PKG_CONFIG_SYSROOT_DIR_x86_64-unknown-linux-gnu
[INFO] [stderr]   cargo:rerun-if-env-changed=PKG_CONFIG_SYSROOT_DIR_x86_64_unknown_linux_gnu
[INFO] [stderr]   cargo:rerun-if-env-changed=HOST_PKG_CONFIG_SYSROOT_DIR
[INFO] [stderr]   cargo:rerun-if-env-changed=PKG_CONFIG_SYSROOT_DIR
[INFO] [stderr] 
[INFO] [stderr]   --- stderr
[INFO] [stderr]   wrapper.h:5:10: fatal error: 'cpl_atomic_ops.h' file not found
[INFO] [stderr] 
[INFO] [stderr]   thread 'main' (1365) panicked at /opt/rustwide/cargo-home/registry/src/index.crates.io-1949cf8c6b5b557f/gdal-sys-0.9.1/build.rs:37:10:
[INFO] [stderr]   Unable to generate bindings: ClangDiagnostic("wrapper.h:5:10: fatal error: 'cpl_atomic_ops.h' file not found\n")
[INFO] [stderr]   stack backtrace:
[INFO] [stderr]      0:     0x59e0c1adb511 - <<std[70759c8f55707aa4]::sys::backtrace::BacktraceLock>::print::DisplayBacktrace as core[df12db4294e9bfd3]::fmt::Display>::fmt
[INFO] [stderr]      1:     0x59e0c1af177a - core[df12db4294e9bfd3]::fmt::write
[INFO] [stderr]      2:     0x59e0c1ae061c - <std[70759c8f55707aa4]::sys::stdio::unix::Stderr as core[df12db4294e9bfd3]::io::write::Write>::write_fmt
[INFO] [stderr]      3:     0x59e0c1ab8936 - std[70759c8f55707aa4]::panicking::default_hook::{closure#0}
[INFO] [stderr]      4:     0x59e0c1ad5031 - std[70759c8f55707aa4]::panicking::default_hook
[INFO] [stderr]      5:     0x59e0c1ad535b - std[70759c8f55707aa4]::panicking::panic_with_hook
[INFO] [stderr]      6:     0x59e0c1ab89e2 - std[70759c8f55707aa4]::panicking::panic_handler::{closure#0}
[INFO] [stderr]      7:     0x59e0c1ab1579 - std[70759c8f55707aa4]::sys::backtrace::__rust_end_short_backtrace::<std[70759c8f55707aa4]::panicking::panic_handler::{closure#0}, !>
[INFO] [stderr]      8:     0x59e0c1ab91fd - __rustc[8fa7c3cbc660c2b3]::rust_begin_unwind
[INFO] [stderr]      9:     0x59e0c1af1f9c - core[df12db4294e9bfd3]::panicking::panic_fmt
[INFO] [stderr]     10:     0x59e0c1af1d72 - core[df12db4294e9bfd3]::result::unwrap_failed
[INFO] [stderr]     11:     0x59e0c15ebd8b - <core[df12db4294e9bfd3]::result::Result<bindgen[9f5f9da1722d6c54]::Bindings, bindgen[9f5f9da1722d6c54]::BindgenError>>::expect
[INFO] [stderr]     12:     0x59e0c15e9c68 - build_script_build[bda82b111ae9b12b]::write_bindings
[INFO] [stderr]     13:     0x59e0c15eb43b - build_script_build[bda82b111ae9b12b]::main
[INFO] [stderr]     14:     0x59e0c15ed133 - <fn() as core[df12db4294e9bfd3]::ops::function::FnOnce<()>>::call_once
[INFO] [stderr]     15:     0x59e0c15e95ae - std[70759c8f55707aa4]::sys::backtrace::__rust_begin_short_backtrace::<fn(), ()>
[INFO] [stderr]     16:     0x59e0c15e96a9 - std[70759c8f55707aa4]::rt::lang_start::<()>::{closure#0}
[INFO] [stderr]     17:     0x59e0c1ad4129 - std[70759c8f55707aa4]::rt::lang_start_internal
[INFO] [stderr]     18:     0x59e0c15e92f1 - std[70759c8f55707aa4]::rt::lang_start::<()>
[INFO] [stderr]     19:     0x59e0c15ed385 - main
[INFO] [stderr]     20:     0x756da0292601 - <unknown>
[INFO] [stderr]     21:     0x756da0292718 - __libc_start_main
[INFO] [stderr]     22:     0x59e0c15e85a5 - _start
[INFO] [stderr]     23:                0x0 - <unknown>
[INFO] [stderr] warning: build failed, waiting for other jobs to finish...
[INFO] running `Command { std: "docker" "inspect" "bf08e725789725132488446982f402a6dacff7ac45d5535f88eec57884320dfd", kill_on_drop: false }`
[INFO] running `Command { std: "docker" "rm" "-f" "bf08e725789725132488446982f402a6dacff7ac45d5535f88eec57884320dfd", kill_on_drop: false }`
[INFO] [stdout] bf08e725789725132488446982f402a6dacff7ac45d5535f88eec57884320dfd
