[INFO] fetching crate standout 14.0.0...
[INFO] testing standout-14.0.0 against 1.100.0-beta.1+cargoflags=--release for beta-release-1.100-2
[INFO] extracting crate standout 14.0.0 into /workspace/builds/worker-0-tc2/source
[INFO] started tweaking crates.io crate standout 14.0.0
[INFO] removed 0 missing examples
[INFO] removed 0 missing tests
[INFO] finished tweaking crates.io crate standout 14.0.0
[INFO] tweaked toml for crates.io crate standout 14.0.0 written to /workspace/builds/worker-0-tc2/source/Cargo.toml
[INFO] validating manifest of crates.io crate standout 14.0.0 on toolchain 1.100.0-beta.1
[INFO] running `Command { std: CARGO_HOME="/workspace/cargo-home" RUSTUP_HOME="/workspace/rustup-home" "/workspace/cargo-home/bin/cargo" "+1.100.0-beta.1" "metadata" "--manifest-path" "Cargo.toml" "--no-deps", kill_on_drop: false }`
[INFO] crate crates.io crate standout 14.0.0 already has a lockfile, it will not be regenerated
[INFO] running `Command { std: CARGO_HOME="/workspace/cargo-home" RUSTUP_HOME="/workspace/rustup-home" "/workspace/cargo-home/bin/cargo" "+1.100.0-beta.1" "fetch" "--manifest-path" "Cargo.toml", kill_on_drop: false }`
[INFO] running `Command { std: "docker" "create" "-v" "/var/lib/crater-agent-workspace/builds/worker-0-tc2/source:/opt/rustwide/workdir:ro,Z" "-v" "/var/lib/crater-agent-workspace/builds/worker-0-tc2/target:/opt/rustwide/target:rw,Z" "-v" "/var/lib/crater-agent-workspace/cargo-home:/opt/rustwide/cargo-home:ro,Z" "-v" "/var/lib/crater-agent-workspace/rustup-home:/opt/rustwide/rustup-home:ro,Z" "-m" "1610612736" "--network" "none" "ghcr.io/rust-lang/crates-build-env/linux@sha256:77db811e55d90add9212f6832c23229e3de5f1c1f9905e8cb07319ea15df73ac" "sleep" "infinity", kill_on_drop: false }`
[INFO] [stdout] c0709bfdae50e154b1c9dcf0cb3e0a3dc8e6870b38c4e7aaf665b758dab1b9c0
[INFO] running `Command { std: "docker" "start" "c0709bfdae50e154b1c9dcf0cb3e0a3dc8e6870b38c4e7aaf665b758dab1b9c0", kill_on_drop: false }`
[INFO] running `Command { std: "docker" "inspect" "c0709bfdae50e154b1c9dcf0cb3e0a3dc8e6870b38c4e7aaf665b758dab1b9c0", kill_on_drop: false }`
[INFO] running `Command { std: "docker" "exec" "-e" "SOURCE_DIR=/opt/rustwide/workdir" "-e" "CARGO_HOME=/opt/rustwide/cargo-home" "-e" "RUSTUP_HOME=/opt/rustwide/rustup-home" "-e" "CARGO_TARGET_DIR=/opt/rustwide/target" "-w" "/opt/rustwide/workdir" "--user" "0:0" "c0709bfdae50e154b1c9dcf0cb3e0a3dc8e6870b38c4e7aaf665b758dab1b9c0" "/opt/rustwide/cargo-home/bin/cargo" "+1.100.0-beta.1" "metadata" "--no-deps" "--format-version=1", kill_on_drop: false }`
[INFO] running `Command { std: "docker" "inspect" "c0709bfdae50e154b1c9dcf0cb3e0a3dc8e6870b38c4e7aaf665b758dab1b9c0", kill_on_drop: false }`
[INFO] running `Command { std: "docker" "exec" "-e" "SOURCE_DIR=/opt/rustwide/workdir" "-e" "CARGO_HOME=/opt/rustwide/cargo-home" "-e" "RUSTUP_HOME=/opt/rustwide/rustup-home" "-e" "CARGO_TARGET_DIR=/opt/rustwide/target" "-e" "CARGO_INCREMENTAL=0" "-e" "RUST_BACKTRACE=full" "-e" "RUSTFLAGS=--cap-lints=warn" "-e" "RUSTDOCFLAGS=--cap-lints=warn" "-w" "/opt/rustwide/workdir" "--user" "0:0" "c0709bfdae50e154b1c9dcf0cb3e0a3dc8e6870b38c4e7aaf665b758dab1b9c0" "/opt/rustwide/cargo-home/bin/cargo" "+1.100.0-beta.1" "build" "--frozen" "--message-format=json" "--release", kill_on_drop: false }`
[INFO] [stderr]    Compiling syn v2.0.119
[INFO] [stderr]    Compiling find-msvc-tools v0.1.11
[INFO] [stderr]    Compiling syn v1.0.109
[INFO] [stderr]    Compiling indexmap v2.14.0
[INFO] [stderr]    Compiling crossbeam-utils v0.8.22
[INFO] [stderr]    Compiling getrandom v0.2.17
[INFO] [stderr]    Compiling tree-sitter-language v0.1.8
[INFO] [stderr]    Compiling serde_core v1.0.229
[INFO] [stderr]    Compiling zmij v1.0.23
[INFO] [stderr]    Compiling thiserror-impl v2.0.20
[INFO] [stderr]    Compiling cc v1.4.4
[INFO] [stderr]    Compiling toml_datetime v0.6.11
[INFO] [stderr]    Compiling winnow v0.5.40
[INFO] [stderr]    Compiling futures-io v0.3.33
[INFO] [stderr]    Compiling concurrent-queue v2.5.0
[INFO] [stderr]    Compiling serde_json v1.0.151
[INFO] [stderr]    Compiling zerocopy v0.8.56
[INFO] [stderr]    Compiling ahash v0.7.8
[INFO] [stderr]    Compiling io-lifetimes v1.0.11
[INFO] [stderr]    Compiling thiserror v2.0.20
[INFO] [stderr]    Compiling futures-lite v2.6.1
[INFO] [stderr]    Compiling aho-corasick v1.1.5
[INFO] [stderr]    Compiling memoffset v0.7.1
[INFO] [stderr]    Compiling polling v2.8.0
[INFO] [stderr]    Compiling fastrand v1.9.0
[INFO] [stderr]    Compiling regex-syntax v0.8.11
[INFO] [stderr]    Compiling rustix v0.37.28
[INFO] [stderr]    Compiling toml_edit v0.19.15
[INFO] [stderr]    Compiling waker-fn v1.2.0
[INFO] [stderr]    Compiling futures-lite v1.13.0
[INFO] [stderr]    Compiling piper v0.2.5
[INFO] [stderr]    Compiling tree-sitter-yaml v0.7.2
[INFO] [stderr]    Compiling async-channel v2.5.0
[INFO] [stderr]    Compiling regex-automata v0.4.18
[INFO] [stderr]    Compiling zvariant_utils v1.0.1
[INFO] [stderr]    Compiling proc-macro-crate v1.3.1
[INFO] [stderr]    Compiling tree-sitter v0.26.13
[INFO] [stderr]    Compiling async-lock v2.8.0
[INFO] [stderr]    Compiling rand_core v0.6.4
[INFO] [stderr]    Compiling async-fs v1.6.0
[INFO] [stderr]    Compiling async-io v1.13.0
[INFO] [stderr]    Compiling linux-raw-sys v0.3.8
[INFO] [stderr]    Compiling streaming-iterator v0.1.9
[INFO] [stderr]    Compiling enumflags2_derive v0.7.12
[INFO] [stderr]    Compiling ppv-lite86 v0.2.21
[INFO] [stderr]    Compiling enumflags2 v0.7.12
[INFO] [stderr]    Compiling tracing-attributes v0.1.31
[INFO] [stderr]    Compiling clap_builder v4.6.6
[INFO] [stderr]    Compiling rand_chacha v0.3.1
[INFO] [stderr]    Compiling zvariant_derive v3.15.2
[INFO] [stderr]    Compiling regex v1.13.1
[INFO] [stderr]    Compiling tracing v0.1.44
[INFO] [stderr]    Compiling hashbrown v0.12.3
[INFO] [stderr]    Compiling blocking v1.6.2
[INFO] [stderr]    Compiling zvariant v3.15.2
[INFO] [stderr]    Compiling clap_derive v4.6.4
[INFO] [stderr]    Compiling socket2 v0.4.10
[INFO] [stderr]    Compiling rustix v1.1.4
[INFO] [stderr]    Compiling memo-map v0.3.3
[INFO] [stderr]    Compiling text-size v1.1.1
[INFO] [stderr]    Compiling dlv-list v0.3.0
[INFO] [stderr]    Compiling ordered-multimap v0.4.3
[INFO] [stderr]    Compiling futures-util v0.3.33
[INFO] [stderr]    Compiling line-index v0.1.2
[INFO] [stderr]    Compiling minijinja v2.23.0
[INFO] [stderr]    Compiling zbus_macros v3.15.2
[INFO] [stderr]    Compiling clap v4.6.6
[INFO] [stderr]    Compiling phf_macros v0.11.3
[INFO] [stderr]    Compiling zbus_names v2.6.1
[INFO] [stderr]    Compiling nix v0.26.4
[INFO] [stderr]    Compiling derivative v2.2.0
[INFO] [stderr]    Compiling rand v0.8.7
[INFO] [stderr]    Compiling async-recursion v1.1.1
[INFO] [stderr]    Compiling async-executor v1.14.0
[INFO] [stderr]    Compiling sha1 v0.10.7
[INFO] [stderr]    Compiling async-broadcast v0.5.1
[INFO] [stderr]    Compiling serde_spanned v0.6.9
[INFO] [stderr]    Compiling ordered-stream v0.2.0
[INFO] [stderr]    Compiling serde_repr v0.1.21
[INFO] [stderr]    Compiling dirs-sys v0.3.7
[INFO] [stderr]    Compiling xdg-home v1.3.0
[INFO] [stderr]    Compiling async-trait v0.1.92
[INFO] [stderr]    Compiling self_cell v1.3.0
[INFO] [stderr]    Compiling dtoa v1.0.11
[INFO] [stderr]    Compiling libyaml-rs v0.3.0
[INFO] [stderr]    Compiling dark-light v0.2.3
[INFO] [stderr]    Compiling toml_edit v0.25.13+spec-1.1.0
[INFO] [stderr]    Compiling toml_edit v0.22.27
[INFO] [stderr]    Compiling zbus v3.15.2
[INFO] [stderr]    Compiling yaml_serde v0.10.7
[INFO] [stderr]    Compiling dtoa-short v0.3.5
[INFO] [stderr]    Compiling console v0.16.4
[INFO] [stderr]    Compiling tree-sitter-iter v1.27.0
[INFO] [stderr]    Compiling yamlpath v1.27.0
[INFO] [stderr]    Compiling standout-types v14.0.0
[INFO] [stderr]    Compiling dirs-sys v0.5.0
[INFO] [stderr]    Compiling dirs v4.0.0
[INFO] [stderr]    Compiling phf v0.11.3
[INFO] [stderr]    Compiling rust-ini v0.18.0
[INFO] [stderr]    Compiling cssparser-macros v0.6.1
[INFO] [stderr]    Compiling subfeature v1.30.0
[INFO] [stderr]    Compiling csv-core v0.1.13
[INFO] [stderr]    Compiling unsafe-libyaml-norway v0.2.15
[INFO] [stderr]    Compiling dconf_rs v0.3.0
[INFO] [stderr]    Compiling detect-desktop-environment v0.2.0
[INFO] [stderr]    Compiling cssparser v0.31.2
[INFO] [stderr]    Compiling serde_yaml v0.9.34+deprecated
[INFO] [stderr]    Compiling serde_norway v0.9.42
[INFO] [stderr]    Compiling csv v1.4.0
[INFO] [stderr]    Compiling yamlpatch v1.26.1
[INFO] [stderr]    Compiling directories v6.0.0
[INFO] [stderr]    Compiling toml v0.8.23
[INFO] [stderr]    Compiling standout-bbparser v14.0.0
[INFO] [stderr]    Compiling terminal_size v0.4.4
[INFO] [stderr]    Compiling proc-macro-crate v3.5.0
[INFO] [stderr]    Compiling clapfig-derive v0.26.0
[INFO] [stderr]    Compiling wait-timeout v0.2.1
[INFO] [stderr]    Compiling deunicode v1.6.2
[INFO] [stderr]    Compiling east-asian-width v0.1.0
[INFO] [stderr]    Compiling clapfig v0.26.0
[INFO] [stderr]    Compiling standout-pipe v14.0.0
[INFO] [stderr]    Compiling standout-input v14.0.0
[INFO] [stderr]    Compiling standout-render v14.0.0
[INFO] [stderr]    Compiling standout-macros v14.0.0
[INFO] [stderr]    Compiling standout-dispatch v14.0.0
[INFO] [stderr]    Compiling standout-seeker v14.0.0
[INFO] [stderr]    Compiling standout v14.0.0 (/opt/rustwide/workdir)
[INFO] [stderr]     Finished `release` profile [optimized] target(s) in 5m 18s
[INFO] running `Command { std: "docker" "inspect" "c0709bfdae50e154b1c9dcf0cb3e0a3dc8e6870b38c4e7aaf665b758dab1b9c0", kill_on_drop: false }`
[INFO] running `Command { std: "docker" "exec" "-e" "SOURCE_DIR=/opt/rustwide/workdir" "-e" "CARGO_HOME=/opt/rustwide/cargo-home" "-e" "RUSTUP_HOME=/opt/rustwide/rustup-home" "-e" "CARGO_TARGET_DIR=/opt/rustwide/target" "-e" "CARGO_INCREMENTAL=0" "-e" "RUST_BACKTRACE=full" "-e" "RUSTFLAGS=--cap-lints=warn" "-e" "RUSTDOCFLAGS=--cap-lints=warn" "-w" "/opt/rustwide/workdir" "--user" "0:0" "c0709bfdae50e154b1c9dcf0cb3e0a3dc8e6870b38c4e7aaf665b758dab1b9c0" "/opt/rustwide/cargo-home/bin/cargo" "+1.100.0-beta.1" "test" "--frozen" "--no-run" "--message-format=json" "--release", kill_on_drop: false }`
[INFO] [stderr]    Compiling rustix v1.1.4
[INFO] [stderr]    Compiling getrandom v0.3.4
[INFO] [stderr]    Compiling getrandom v0.4.3
[INFO] [stderr]    Compiling target-triple v1.0.1
[INFO] [stderr]    Compiling parking_lot_core v0.9.12
[INFO] [stderr]    Compiling toml_datetime v1.1.1+spec-1.1.0
[INFO] [stderr]    Compiling serde_spanned v1.1.1
[INFO] [stderr]    Compiling futures-executor v0.3.33
[INFO] [stderr]    Compiling serial_test_derive v3.5.0
[INFO] [stderr]    Compiling rand_core v0.9.5
[INFO] [stderr]    Compiling parking_lot v0.12.5
[INFO] [stderr]    Compiling glob v0.3.4
[INFO] [stderr]    Compiling rand_xorshift v0.4.0
[INFO] [stderr]    Compiling rand_chacha v0.9.0
[INFO] [stderr]    Compiling toml v1.1.4+spec-1.1.0
[INFO] [stderr]    Compiling rand v0.9.5
[INFO] [stderr]    Compiling similar v2.7.0
[INFO] [stderr]    Compiling termcolor v1.4.1
[INFO] [stderr]    Compiling serial_test v3.5.0
[INFO] [stderr]    Compiling trybuild v1.0.120
[INFO] [stderr]    Compiling terminal_size v0.4.4
[INFO] [stderr]    Compiling tempfile v3.27.0
[INFO] [stderr]    Compiling standout-render v14.0.0
[INFO] [stderr]    Compiling rusty-fork v0.3.1
[INFO] [stderr]    Compiling insta v1.48.0
[INFO] [stderr]    Compiling proptest v1.11.0
[INFO] [stderr]    Compiling standout v14.0.0 (/opt/rustwide/workdir)
[INFO] [stdout] error[E0433]: cannot find module or crate `standout_test` in this scope
[INFO] [stdout]     --> src/cli/builder/execution.rs:4263:19
[INFO] [stdout]      |
[INFO] [stdout] 4263 |         let env = standout_test::ScopedEnv::new()
[INFO] [stdout]      |                   ^^^^^^^^^^^^^ use of unresolved module or unlinked crate `standout_test`
[INFO] [stdout]      |
[INFO] [stdout] help: there is a crate or module with a similar name
[INFO] [stdout]      |
[INFO] [stdout] 4263 -         let env = standout_test::ScopedEnv::new()
[INFO] [stdout] 4263 +         let env = standout_input::ScopedEnv::new()
[INFO] [stdout]      |
[INFO] [stdout] 
[INFO] [stdout] 
[INFO] [stdout] error[E0432]: unresolved import `standout_test`
[INFO] [stdout]  --> tests/control_character_escaping.rs:9:5
[INFO] [stdout]   |
[INFO] [stdout] 9 | use standout_test::{serial, TestHarness, TestResult};
[INFO] [stdout]   |     ^^^^^^^^^^^^^ use of unresolved module or unlinked crate `standout_test`
[INFO] [stdout]   |
[INFO] [stdout] help: there is a crate or module with a similar name
[INFO] [stdout]   |
[INFO] [stdout] 9 - use standout_test::{serial, TestHarness, TestResult};
[INFO] [stdout] 9 + use standout_input::{serial, TestHarness, TestResult};
[INFO] [stdout]   |
[INFO] [stdout] 
[INFO] [stdout] 
[INFO] [stdout] error[E0432]: unresolved import `standout_test`
[INFO] [stdout]   --> tests/config_seam.rs:12:5
[INFO] [stdout]    |
[INFO] [stdout] 12 | use standout_test::{serial, TestHarness};
[INFO] [stdout]    |     ^^^^^^^^^^^^^ use of unresolved module or unlinked crate `standout_test`
[INFO] [stdout]    |
[INFO] [stdout] help: there is a crate or module with a similar name
[INFO] [stdout]    |
[INFO] [stdout] 12 - use standout_test::{serial, TestHarness};
[INFO] [stdout] 12 + use standout_input::{serial, TestHarness};
[INFO] [stdout]    |
[INFO] [stdout] 
[INFO] [stdout] 
[INFO] [stdout] error[E0432]: unresolved import `standout_test`
[INFO] [stdout]   --> tests/hook_run_context.rs:13:5
[INFO] [stdout]    |
[INFO] [stdout] 13 | use standout_test::{serial, TestHarness, TestResult};
[INFO] [stdout]    |     ^^^^^^^^^^^^^ use of unresolved module or unlinked crate `standout_test`
[INFO] [stdout]    |
[INFO] [stdout] help: there is a crate or module with a similar name
[INFO] [stdout]    |
[INFO] [stdout] 13 - use standout_test::{serial, TestHarness, TestResult};
[INFO] [stdout] 13 + use standout_input::{serial, TestHarness, TestResult};
[INFO] [stdout]    |
[INFO] [stdout] 
[INFO] [stdout] 
[INFO] [stdout] For more information about this error, try `rustc --explain E0432`.
[INFO] [stdout] 
[INFO] [stderr] error: could not compile `standout` (test "control_character_escaping") due to 1 previous error
[INFO] [stderr] warning: build failed, waiting for other jobs to finish...
[INFO] [stdout] For more information about this error, try `rustc --explain E0432`.
[INFO] [stdout] 
[INFO] [stderr] error: could not compile `standout` (test "hook_run_context") due to 1 previous error
[INFO] [stderr] error: could not compile `standout` (test "config_seam") due to 1 previous error
[INFO] [stdout] For more information about this error, try `rustc --explain E0432`.
[INFO] [stdout] 
[INFO] [stdout] For more information about this error, try `rustc --explain E0433`.
[INFO] [stdout] 
[INFO] [stderr] error: could not compile `standout` (lib test) due to 1 previous error
[INFO] running `Command { std: "docker" "inspect" "c0709bfdae50e154b1c9dcf0cb3e0a3dc8e6870b38c4e7aaf665b758dab1b9c0", kill_on_drop: false }`
[INFO] running `Command { std: "docker" "rm" "-f" "c0709bfdae50e154b1c9dcf0cb3e0a3dc8e6870b38c4e7aaf665b758dab1b9c0", kill_on_drop: false }`
[INFO] [stdout] c0709bfdae50e154b1c9dcf0cb3e0a3dc8e6870b38c4e7aaf665b758dab1b9c0
