[INFO] fetching crate sss_capture 0.1.0...
[INFO] testing sss_capture-0.1.0 against 1.99.0-beta.8+cargoflags=--release for beta-release-1.100-2
[INFO] extracting crate sss_capture 0.1.0 into /workspace/builds/worker-0-tc1/source
[INFO] started tweaking crates.io crate sss_capture 0.1.0
[INFO] removed 0 missing examples
[INFO] finished tweaking crates.io crate sss_capture 0.1.0
[INFO] tweaked toml for crates.io crate sss_capture 0.1.0 written to /workspace/builds/worker-0-tc1/source/Cargo.toml
[INFO] validating manifest of crates.io crate sss_capture 0.1.0 on toolchain 1.99.0-beta.8
[INFO] running `Command { std: CARGO_HOME="/workspace/cargo-home" RUSTUP_HOME="/workspace/rustup-home" "/workspace/cargo-home/bin/cargo" "+1.99.0-beta.8" "metadata" "--manifest-path" "Cargo.toml" "--no-deps", kill_on_drop: false }`
[INFO] crate crates.io crate sss_capture 0.1.0 already has a lockfile, it will not be regenerated
[INFO] running `Command { std: CARGO_HOME="/workspace/cargo-home" RUSTUP_HOME="/workspace/rustup-home" "/workspace/cargo-home/bin/cargo" "+1.99.0-beta.8" "fetch" "--manifest-path" "Cargo.toml", kill_on_drop: false }`
[INFO] [stderr]  Downloading crates ...
[INFO] [stderr]   Downloaded core-graphics v0.25.0
[INFO] [stderr]   Downloaded dbus v0.9.11
[INFO] running `Command { std: "docker" "create" "-v" "/var/lib/crater-agent-workspace/builds/worker-0-tc1/source:/opt/rustwide/workdir:ro,Z" "-v" "/var/lib/crater-agent-workspace/builds/worker-0-tc1/target:/opt/rustwide/target:rw,Z" "-v" "/var/lib/crater-agent-workspace/cargo-home:/opt/rustwide/cargo-home:ro,Z" "-v" "/var/lib/crater-agent-workspace/rustup-home:/opt/rustwide/rustup-home:ro,Z" "-m" "1610612736" "--network" "none" "ghcr.io/rust-lang/crates-build-env/linux@sha256:77db811e55d90add9212f6832c23229e3de5f1c1f9905e8cb07319ea15df73ac" "sleep" "infinity", kill_on_drop: false }`
[INFO] [stdout] 36af2be95e9a31c1a0d35472def3d13ab90509b57d28254d6f882814c5ba68d0
[INFO] running `Command { std: "docker" "start" "36af2be95e9a31c1a0d35472def3d13ab90509b57d28254d6f882814c5ba68d0", kill_on_drop: false }`
[INFO] running `Command { std: "docker" "inspect" "36af2be95e9a31c1a0d35472def3d13ab90509b57d28254d6f882814c5ba68d0", kill_on_drop: false }`
[INFO] running `Command { std: "docker" "exec" "-e" "SOURCE_DIR=/opt/rustwide/workdir" "-e" "CARGO_HOME=/opt/rustwide/cargo-home" "-e" "RUSTUP_HOME=/opt/rustwide/rustup-home" "-e" "CARGO_TARGET_DIR=/opt/rustwide/target" "-w" "/opt/rustwide/workdir" "--user" "0:0" "36af2be95e9a31c1a0d35472def3d13ab90509b57d28254d6f882814c5ba68d0" "/opt/rustwide/cargo-home/bin/cargo" "+1.99.0-beta.8" "metadata" "--no-deps" "--format-version=1", kill_on_drop: false }`
[INFO] running `Command { std: "docker" "inspect" "36af2be95e9a31c1a0d35472def3d13ab90509b57d28254d6f882814c5ba68d0", kill_on_drop: false }`
[INFO] running `Command { std: "docker" "exec" "-e" "SOURCE_DIR=/opt/rustwide/workdir" "-e" "CARGO_HOME=/opt/rustwide/cargo-home" "-e" "RUSTUP_HOME=/opt/rustwide/rustup-home" "-e" "CARGO_TARGET_DIR=/opt/rustwide/target" "-e" "CARGO_INCREMENTAL=0" "-e" "RUST_BACKTRACE=full" "-e" "RUSTFLAGS=--cap-lints=warn" "-e" "RUSTDOCFLAGS=--cap-lints=warn" "-w" "/opt/rustwide/workdir" "--user" "0:0" "36af2be95e9a31c1a0d35472def3d13ab90509b57d28254d6f882814c5ba68d0" "/opt/rustwide/cargo-home/bin/cargo" "+1.99.0-beta.8" "build" "--frozen" "--message-format=json" "--release", kill_on_drop: false }`
[INFO] [stderr]    Compiling yoke v0.8.2
[INFO] [stderr]    Compiling displaydoc v0.2.5
[INFO] [stderr]    Compiling smallvec v1.15.1
[INFO] [stderr]    Compiling libc v0.2.186
[INFO] [stderr]    Compiling equator-macro v0.4.2
[INFO] [stderr]    Compiling simd-adler32 v0.3.9
[INFO] [stderr]    Compiling rustix v1.1.4
[INFO] [stderr]    Compiling cc v1.2.62
[INFO] [stderr]    Compiling linux-raw-sys v0.12.1
[INFO] [stderr]    Compiling wayland-sys v0.31.11
[INFO] [stderr]    Compiling arrayvec v0.7.6
[INFO] [stderr]    Compiling num-bigint v0.4.6
[INFO] [stderr]    Compiling as-slice v0.2.1
[INFO] [stderr]    Compiling zerocopy-derive v0.8.48
[INFO] [stderr]    Compiling built v0.8.0
[INFO] [stderr]    Compiling memchr v2.8.0
[INFO] [stderr]    Compiling av-scenechange v0.14.1
[INFO] [stderr]    Compiling miniz_oxide v0.8.9
[INFO] [stderr]    Compiling zerovec v0.11.6
[INFO] [stderr]    Compiling aligned v0.4.3
[INFO] [stderr]    Compiling thiserror v2.0.18
[INFO] [stderr]    Compiling nom v8.0.0
[INFO] [stderr]    Compiling no_std_io2 v0.9.4
[INFO] [stderr]    Compiling zerotrie v0.2.4
[INFO] [stderr]    Compiling profiling-procmacros v1.0.18
[INFO] [stderr]    Compiling arg_enum_proc_macro v0.3.4
[INFO] [stderr]    Compiling downcast-rs v1.2.1
[INFO] [stderr]    Compiling quick-error v2.0.1
[INFO] [stderr]    Compiling wayland-client v0.31.14
[INFO] [stderr]    Compiling rav1e v0.8.1
[INFO] [stderr]    Compiling y4m v0.8.0
[INFO] [stderr]    Compiling pastey v0.1.1
[INFO] [stderr]    Compiling profiling v1.0.18
[INFO] [stderr]    Compiling equator v0.4.2
[INFO] [stderr]    Compiling quick-xml v0.39.4
[INFO] [stderr]    Compiling bitstream-io v4.10.0
[INFO] [stderr]    Compiling maybe-rayon v0.1.1
[INFO] [stderr]    Compiling flate2 v1.1.9
[INFO] [stderr]    Compiling num-derive v0.4.2
[INFO] [stderr]    Compiling aligned-vec v0.6.4
[INFO] [stderr]    Compiling simd_helpers v0.1.0
[INFO] [stderr]    Compiling imgref v1.12.1
[INFO] [stderr]    Compiling noop_proc_macro v0.3.0
[INFO] [stderr]    Compiling zune-core v0.5.1
[INFO] [stderr]    Compiling weezl v0.1.12
[INFO] [stderr]    Compiling tinystr v0.8.3
[INFO] [stderr]    Compiling potential_utf v0.1.5
[INFO] [stderr]    Compiling v_frame v0.3.9
[INFO] [stderr]    Compiling zune-jpeg v0.5.15
[INFO] [stderr]    Compiling icu_collections v2.2.0
[INFO] [stderr]    Compiling loop9 v0.1.5
[INFO] [stderr]    Compiling icu_locale_core v2.2.0
[INFO] [stderr]    Compiling nix v0.31.3
[INFO] [stderr]    Compiling avif-serialize v0.8.9
[INFO] [stderr]    Compiling fdeflate v0.3.7
[INFO] [stderr]    Compiling wayland-backend v0.3.15
[INFO] [stderr]    Compiling libdbus-sys v0.2.7
[INFO] [stderr]    Compiling zune-inflate v0.2.54
[INFO] [stderr]    Compiling pxfm v0.1.29
[INFO] [stderr]    Compiling wayland-scanner v0.31.10
[INFO] [stderr]    Compiling zerocopy v0.8.48
[INFO] [stderr]    Compiling lebe v0.5.3
[INFO] [stderr]    Compiling fax v0.2.7
[INFO] [stderr]    Compiling bytemuck v1.25.0
[INFO] [stderr]    Compiling rgb v0.8.53
[INFO] [stderr]    Compiling bit_field v0.10.3
[INFO] [stderr]    Compiling gif v0.14.2
[INFO] [stderr]    Compiling qoi v0.4.1
[INFO] [stderr]    Compiling png v0.18.1
[INFO] [stderr]    Compiling num-rational v0.4.2
[INFO] [stderr]    Compiling icu_provider v2.2.0
[INFO] [stderr]    Compiling image-webp v0.2.4
[INFO] [stderr]    Compiling x11rb-protocol v0.13.2
[INFO] [stderr]    Compiling as-raw-xcb-connection v1.0.1
[INFO] [stderr]    Compiling icu_normalizer v2.2.0
[INFO] [stderr]    Compiling icu_properties v2.2.0
[INFO] [stderr]    Compiling memmap2 v0.9.10
[INFO] [stderr]    Compiling av1-grain v0.2.5
[INFO] [stderr]    Compiling idna_adapter v1.2.2
[INFO] [stderr]    Compiling idna v1.1.0
[INFO] [stderr]    Compiling moxcms v0.8.1
[INFO] [stderr]    Compiling url v2.5.8
[INFO] [stderr]    Compiling half v2.7.1
[INFO] [stderr]    Compiling tiff v0.11.3
[INFO] [stderr]    Compiling exr v1.74.0
[INFO] [stderr]    Compiling gethostname v1.1.0
[INFO] [stderr]    Compiling wayland-protocols v0.32.12
[INFO] [stderr]    Compiling ravif v0.13.0
[INFO] [stderr]    Compiling x11rb v0.13.2
[INFO] [stderr]    Compiling image v0.25.10
[INFO] [stderr]    Compiling dbus v0.9.11
[INFO] [stderr]    Compiling wayland-protocols-wlr v0.3.12
[INFO] [stderr]    Compiling sss_capture v0.1.0 (/opt/rustwide/workdir)
[INFO] [stderr]     Finished `release` profile [optimized] target(s) in 2m 58s
[INFO] running `Command { std: "docker" "inspect" "36af2be95e9a31c1a0d35472def3d13ab90509b57d28254d6f882814c5ba68d0", kill_on_drop: false }`
[INFO] running `Command { std: "docker" "exec" "-e" "SOURCE_DIR=/opt/rustwide/workdir" "-e" "CARGO_HOME=/opt/rustwide/cargo-home" "-e" "RUSTUP_HOME=/opt/rustwide/rustup-home" "-e" "CARGO_TARGET_DIR=/opt/rustwide/target" "-e" "CARGO_INCREMENTAL=0" "-e" "RUST_BACKTRACE=full" "-e" "RUSTFLAGS=--cap-lints=warn" "-e" "RUSTDOCFLAGS=--cap-lints=warn" "-w" "/opt/rustwide/workdir" "--user" "0:0" "36af2be95e9a31c1a0d35472def3d13ab90509b57d28254d6f882814c5ba68d0" "/opt/rustwide/cargo-home/bin/cargo" "+1.99.0-beta.8" "test" "--frozen" "--no-run" "--message-format=json" "--release", kill_on_drop: false }`
[INFO] [stderr]    Compiling sss_capture v0.1.0 (/opt/rustwide/workdir)
[INFO] [stdout] error[E0599]: no associated function or constant named `new` found for struct `Capturer` in the current scope
[INFO] [stdout]   --> examples/capture_region.rs:35:25
[INFO] [stdout]    |
[INFO] [stdout] 35 |     let cap = Capturer::new()?;
[INFO] [stdout]    |                         ^^^ associated function or constant not found in `Capturer`
[INFO] [stdout] 
[INFO] [stdout] 
[INFO] [stdout] error[E0599]: no associated function or constant named `new` found for struct `Capturer` in the current scope
[INFO] [stdout]   --> examples/capture_window.rs:15:25
[INFO] [stdout]    |
[INFO] [stdout] 15 |     let cap = Capturer::new()?;
[INFO] [stdout]    |                         ^^^ associated function or constant not found in `Capturer`
[INFO] [stdout] 
[INFO] [stdout] 
[INFO] [stdout] error[E0599]: no associated function or constant named `new` found for struct `Capturer` in the current scope
[INFO] [stdout]   --> examples/capture_at_cursor.rs:19:25
[INFO] [stdout]    |
[INFO] [stdout] 19 |     let cap = Capturer::new()?;
[INFO] [stdout]    |                         ^^^ associated function or constant not found in `Capturer`
[INFO] [stdout] 
[INFO] [stdout] 
[INFO] [stdout] error[E0599]: no associated function or constant named `new` found for struct `Capturer` in the current scope
[INFO] [stdout]  --> examples/list_windows.rs:9:25
[INFO] [stdout]   |
[INFO] [stdout] 9 |     let cap = Capturer::new()?;
[INFO] [stdout]   |                         ^^^ associated function or constant not found in `Capturer`
[INFO] [stdout] 
[INFO] [stdout] 
[INFO] [stderr] error: could not compile `sss_capture` (example "capture_window") due to 1 previous error
[INFO] [stdout] For more information about this error, try `rustc --explain E0599`.
[INFO] [stdout] 
[INFO] [stderr] warning: build failed, waiting for other jobs to finish...
[INFO] [stdout] For more information about this error, try `rustc --explain E0599`.
[INFO] [stdout] 
[INFO] [stdout] For more information about this error, try `rustc --explain E0599`.
[INFO] [stdout] 
[INFO] [stdout] For more information about this error, try `rustc --explain E0599`.
[INFO] [stdout] 
[INFO] [stderr] error: could not compile `sss_capture` (example "capture_region") due to 1 previous error
[INFO] [stderr] error: could not compile `sss_capture` (example "capture_at_cursor") due to 1 previous error
[INFO] [stderr] error: could not compile `sss_capture` (example "list_windows") due to 1 previous error
[INFO] [stdout] error[E0599]: no associated function or constant named `new` found for struct `Capturer` in the current scope
[INFO] [stdout]   --> examples/capture_all.rs:15:25
[INFO] [stdout]    |
[INFO] [stdout] 15 |     let cap = Capturer::new()?;
[INFO] [stdout]    |                         ^^^ associated function or constant not found in `Capturer`
[INFO] [stdout] 
[INFO] [stdout] 
[INFO] [stdout] For more information about this error, try `rustc --explain E0599`.
[INFO] [stdout] 
[INFO] [stdout] error[E0599]: no associated function or constant named `new` found for struct `Capturer` in the current scope
[INFO] [stdout]   --> examples/capture_primary.rs:15:25
[INFO] [stdout]    |
[INFO] [stdout] 15 |     let cap = Capturer::new()?;
[INFO] [stdout]    |                         ^^^ associated function or constant not found in `Capturer`
[INFO] [stdout] 
[INFO] [stdout] 
[INFO] [stdout] For more information about this error, try `rustc --explain E0599`.
[INFO] [stdout] 
[INFO] [stderr] error: could not compile `sss_capture` (example "capture_all") due to 1 previous error
[INFO] [stderr] error: could not compile `sss_capture` (example "capture_primary") due to 1 previous error
[INFO] [stdout] error[E0599]: no associated function or constant named `new` found for struct `Capturer` in the current scope
[INFO] [stdout]  --> examples/list_monitors.rs:9:25
[INFO] [stdout]   |
[INFO] [stdout] 9 |     let cap = Capturer::new()?;
[INFO] [stdout]   |                         ^^^ associated function or constant not found in `Capturer`
[INFO] [stdout] 
[INFO] [stdout] 
[INFO] [stdout] For more information about this error, try `rustc --explain E0599`.
[INFO] [stdout] 
[INFO] [stderr] error: could not compile `sss_capture` (example "list_monitors") due to 1 previous error
[INFO] running `Command { std: "docker" "inspect" "36af2be95e9a31c1a0d35472def3d13ab90509b57d28254d6f882814c5ba68d0", kill_on_drop: false }`
[INFO] running `Command { std: "docker" "rm" "-f" "36af2be95e9a31c1a0d35472def3d13ab90509b57d28254d6f882814c5ba68d0", kill_on_drop: false }`
[INFO] [stdout] 36af2be95e9a31c1a0d35472def3d13ab90509b57d28254d6f882814c5ba68d0
