[INFO] fetching crate ssb_filter 0.0.0...
[INFO] testing ssb_filter-0.0.0 against 1.99.0-beta.8+cargoflags=--release for beta-release-1.100-2
[INFO] extracting crate ssb_filter 0.0.0 into /workspace/builds/worker-4-tc1/source
[INFO] started tweaking crates.io crate ssb_filter 0.0.0
[INFO] finished tweaking crates.io crate ssb_filter 0.0.0
[INFO] tweaked toml for crates.io crate ssb_filter 0.0.0 written to /workspace/builds/worker-4-tc1/source/Cargo.toml
[INFO] validating manifest of crates.io crate ssb_filter 0.0.0 on toolchain 1.99.0-beta.8
[INFO] running `Command { std: CARGO_HOME="/workspace/cargo-home" RUSTUP_HOME="/workspace/rustup-home" "/workspace/cargo-home/bin/cargo" "+1.99.0-beta.8" "metadata" "--manifest-path" "Cargo.toml" "--no-deps", kill_on_drop: false }`
[INFO] running `Command { std: CARGO_HOME="/workspace/cargo-home" RUSTUP_HOME="/workspace/rustup-home" "/workspace/cargo-home/bin/cargo" "+1.99.0-beta.8" "generate-lockfile" "--manifest-path" "Cargo.toml", kill_on_drop: false }`
[INFO] [stderr]     Updating crates.io index
[INFO] [stderr]     Blocking waiting for file lock on package cache
[INFO] [stderr]      Locking 239 packages to highest compatible versions
[INFO] [stderr]       Adding embed-resource v1.1.4 (available: v1.8.0)
[INFO] [stderr]       Adding env_logger v0.6.2 (available: v0.11.11)
[INFO] [stderr]       Adding gstreamer v0.12.2 (available: v0.25.4)
[INFO] [stderr]       Adding pest v2.1.3 (available: v2.9.4)
[INFO] [stderr]       Adding pest_derive v2.1.0 (available: v2.9.4)
[INFO] [stderr]       Adding pest_generator v2.1.3 (available: v2.9.4)
[INFO] [stderr]       Adding pest_meta v2.1.3 (available: v2.9.4)
[INFO] [stderr]       Adding vapoursynth v0.2.0 (available: v0.5.6)
[INFO] running `Command { std: CARGO_HOME="/workspace/cargo-home" RUSTUP_HOME="/workspace/rustup-home" "/workspace/cargo-home/bin/cargo" "+1.99.0-beta.8" "fetch" "--manifest-path" "Cargo.toml", kill_on_drop: false }`
[INFO] [stderr]     Blocking waiting for file lock on package cache
[INFO] [stderr]  Downloading crates ...
[INFO] [stderr]   Downloaded ssb_parser v0.0.0
[INFO] [stderr]   Downloaded ssb_renderer v0.0.0
[INFO] [stderr]   Downloaded lyon v0.13.5
[INFO] [stderr]   Downloaded vapoursynth v0.2.0
[INFO] [stderr]   Downloaded lyon_path v0.13.2
[INFO] [stderr]   Downloaded sid v0.5.2
[INFO] [stderr]   Downloaded glyph_brush_layout v0.1.9
[INFO] [stderr]   Downloaded lyon_algorithms v0.13.4
[INFO] [stderr]   Downloaded glyph_brush v0.4.3
[INFO] [stderr]   Downloaded hashbrown v0.3.1
[INFO] [stderr]   Downloaded xi-unicode v0.2.1
[INFO] [stderr]   Downloaded gl32 v0.1.1
[INFO] [stderr]   Downloaded font-loader v0.8.0
[INFO] [stderr]   Downloaded muldiv v0.2.1
[INFO] [stderr]   Downloaded winreg v0.4.0
[INFO] [stderr]   Downloaded core-text v10.0.0
[INFO] [stderr]   Downloaded lyon_tessellation v0.13.5
[INFO] [stderr]   Downloaded core-graphics v0.14.0
[INFO] [stderr]   Downloaded gobject-sys v0.7.0
[INFO] [stderr]   Downloaded embed-resource v1.1.4
[INFO] [stderr]   Downloaded advapi32-sys v0.2.0
[INFO] [stderr]   Downloaded glib-sys v0.7.0
[INFO] [stderr]   Downloaded gstreamer-sys v0.6.2
[INFO] [stderr]   Downloaded glib v0.6.1
[INFO] [stderr]   Downloaded gstreamer v0.12.2
[INFO] [stderr]   Downloaded vapoursynth-sys v0.2.2
[INFO] [stderr]   Downloaded tiff v0.2.2
[INFO] running `Command { std: "docker" "create" "-v" "/var/lib/crater-agent-workspace/builds/worker-4-tc1/source:/opt/rustwide/workdir:ro,Z" "-v" "/var/lib/crater-agent-workspace/builds/worker-4-tc1/target:/opt/rustwide/target:rw,Z" "-v" "/var/lib/crater-agent-workspace/cargo-home:/opt/rustwide/cargo-home:ro,Z" "-v" "/var/lib/crater-agent-workspace/rustup-home:/opt/rustwide/rustup-home:ro,Z" "-m" "1610612736" "--network" "none" "ghcr.io/rust-lang/crates-build-env/linux@sha256:77db811e55d90add9212f6832c23229e3de5f1c1f9905e8cb07319ea15df73ac" "sleep" "infinity", kill_on_drop: false }`
[INFO] [stdout] fd270063a5d76d4b53d7dd9dac89d8b3d9a3fd0815e78f7a3e4a79f4fdc6bcc4
[INFO] running `Command { std: "docker" "start" "fd270063a5d76d4b53d7dd9dac89d8b3d9a3fd0815e78f7a3e4a79f4fdc6bcc4", kill_on_drop: false }`
[INFO] running `Command { std: "docker" "inspect" "fd270063a5d76d4b53d7dd9dac89d8b3d9a3fd0815e78f7a3e4a79f4fdc6bcc4", kill_on_drop: false }`
[INFO] running `Command { std: "docker" "exec" "-e" "SOURCE_DIR=/opt/rustwide/workdir" "-e" "CARGO_HOME=/opt/rustwide/cargo-home" "-e" "RUSTUP_HOME=/opt/rustwide/rustup-home" "-e" "CARGO_TARGET_DIR=/opt/rustwide/target" "-w" "/opt/rustwide/workdir" "--user" "0:0" "fd270063a5d76d4b53d7dd9dac89d8b3d9a3fd0815e78f7a3e4a79f4fdc6bcc4" "/opt/rustwide/cargo-home/bin/cargo" "+1.99.0-beta.8" "metadata" "--no-deps" "--format-version=1", kill_on_drop: false }`
[INFO] running `Command { std: "docker" "inspect" "fd270063a5d76d4b53d7dd9dac89d8b3d9a3fd0815e78f7a3e4a79f4fdc6bcc4", kill_on_drop: false }`
[INFO] running `Command { std: "docker" "exec" "-e" "SOURCE_DIR=/opt/rustwide/workdir" "-e" "CARGO_HOME=/opt/rustwide/cargo-home" "-e" "RUSTUP_HOME=/opt/rustwide/rustup-home" "-e" "CARGO_TARGET_DIR=/opt/rustwide/target" "-e" "CARGO_INCREMENTAL=0" "-e" "RUST_BACKTRACE=full" "-e" "RUSTFLAGS=--cap-lints=warn" "-e" "RUSTDOCFLAGS=--cap-lints=warn" "-w" "/opt/rustwide/workdir" "--user" "0:0" "fd270063a5d76d4b53d7dd9dac89d8b3d9a3fd0815e78f7a3e4a79f4fdc6bcc4" "/opt/rustwide/cargo-home/bin/cargo" "+1.99.0-beta.8" "build" "--frozen" "--message-format=json" "--release", kill_on_drop: false }`
[INFO] [stderr]    Compiling xml-rs v0.8.29
[INFO] [stderr]    Compiling maybe-uninit v2.0.0
[INFO] [stderr]    Compiling autocfg v0.1.8
[INFO] [stderr]    Compiling rand_core v0.4.3
[INFO] [stderr]    Compiling crossbeam-utils v0.7.2
[INFO] [stderr]    Compiling memoffset v0.5.6
[INFO] [stderr]    Compiling syn v0.15.44
[INFO] [stderr]    Compiling crossbeam-epoch v0.8.2
[INFO] [stderr]    Compiling cmake v0.1.58
[INFO] [stderr]    Compiling approx v0.3.2
[INFO] [stderr]    Compiling khronos_api v3.1.0
[INFO] [stderr]    Compiling syn v1.0.109
[INFO] [stderr]    Compiling rand_core v0.3.2
[INFO] [stderr]    Compiling rand_chacha v0.1.1
[INFO] [stderr]    Compiling rand_pcg v0.1.2
[INFO] [stderr]    Compiling ordered-float v1.1.1
[INFO] [stderr]    Compiling stb_truetype v0.3.1
[INFO] [stderr]    Compiling libloading v0.6.7
[INFO] [stderr]    Compiling num_cpus v1.17.0
[INFO] [stderr]    Compiling semver-parser v0.7.0
[INFO] [stderr]    Compiling nix v0.14.1
[INFO] [stderr]    Compiling dlib v0.4.2
[INFO] [stderr]    Compiling semver v0.9.0
[INFO] [stderr]    Compiling wayland-scanner v0.21.13
[INFO] [stderr]    Compiling rand v0.6.5
[INFO] [stderr]    Compiling arrayvec v0.4.12
[INFO] [stderr]    Compiling log v0.4.34
[INFO] [stderr]    Compiling crossbeam-deque v0.7.4
[INFO] [stderr]    Compiling zerocopy v0.8.63
[INFO] [stderr]    Compiling void v1.0.2
[INFO] [stderr]    Compiling gl_generator v0.10.0
[INFO] [stderr]    Compiling rusttype v0.8.3
[INFO] [stderr]    Compiling rustc_version v0.2.3
[INFO] [stderr]    Compiling wayland-sys v0.21.13
[INFO] [stderr]    Compiling servo-freetype-sys v4.0.5
[INFO] [stderr]    Compiling expat-sys v2.1.6
[INFO] [stderr]    Compiling rand_xorshift v0.1.1
[INFO] [stderr]    Compiling rand_hc v0.1.0
[INFO] [stderr]    Compiling rand_isaac v0.1.1
[INFO] [stderr]    Compiling wayland-client v0.21.13
[INFO] [stderr]    Compiling rand_os v0.1.3
[INFO] [stderr]    Compiling rand_jitter v0.1.4
[INFO] [stderr]    Compiling nodrop v0.1.14
[INFO] [stderr]    Compiling wayland-protocols v0.21.13
[INFO] [stderr]    Compiling rusttype v0.7.9
[INFO] [stderr]    Compiling parking_lot_core v0.4.0
[INFO] [stderr]    Compiling getrandom v0.2.17
[INFO] [stderr]    Compiling stable_deref_trait v1.2.1
[INFO] [stderr]    Compiling ucd-trie v0.1.7
[INFO] [stderr]    Compiling euclid_macros v0.1.0
[INFO] [stderr]    Compiling downcast-rs v1.2.1
[INFO] [stderr]    Compiling pest v2.1.3
[INFO] [stderr]    Compiling rand_core v0.6.4
[INFO] [stderr]    Compiling owning_ref v0.4.1
[INFO] [stderr]    Compiling euclid v0.19.9
[INFO] [stderr]    Compiling smallvec v0.6.14
[INFO] [stderr]    Compiling num-integer v0.1.47
[INFO] [stderr]    Compiling num-traits v0.1.43
[INFO] [stderr]    Compiling line_drawing v0.7.0
[INFO] [stderr]    Compiling lyon_geom v0.12.7
[INFO] [stderr]    Compiling servo-fontconfig-sys v4.0.9
[INFO] [stderr]    Compiling x11-dl v2.21.0
[INFO] [stderr]    Compiling maplit v1.0.2
[INFO] [stderr]    Compiling scopeguard v0.3.3
[INFO] [stderr]    Compiling num-derive v0.2.5
[INFO] [stderr]    Compiling xdg v2.5.2
[INFO] [stderr]    Compiling lock_api v0.1.5
[INFO] [stderr]    Compiling pest_meta v2.1.3
[INFO] [stderr]    Compiling wayland-commons v0.21.13
[INFO] [stderr]    Compiling lyon_path v0.13.2
[INFO] [stderr]    Compiling andrew v0.2.1
[INFO] [stderr]    Compiling sid v0.5.2
[INFO] [stderr]    Compiling memmap v0.7.0
[INFO] [stderr]    Compiling num-rational v0.2.4
[INFO] [stderr]    Compiling either v1.19.0
[INFO] [stderr]    Compiling lzw v0.10.0
[INFO] [stderr]    Compiling synstructure v0.12.6
[INFO] [stderr]    Compiling rayon v1.12.0
[INFO] [stderr]    Compiling parking_lot v0.7.1
[INFO] [stderr]    Compiling pest_generator v2.1.3
[INFO] [stderr]    Compiling object v0.37.3
[INFO] [stderr]    Compiling deflate v0.7.20
[INFO] [stderr]    Compiling num-iter v0.1.46
[INFO] [stderr]    Compiling glutin v0.19.0
[INFO] [stderr]    Compiling gl32 v0.1.1
[INFO] [stderr]    Compiling shared_library v0.1.9
[INFO] [stderr]    Compiling cgmath v0.17.0
[INFO] [stderr]    Compiling ppv-lite86 v0.2.21
[INFO] [stderr]    Compiling percent-encoding v1.0.1
[INFO] [stderr]    Compiling vapoursynth-sys v0.2.2
[INFO] [stderr]    Compiling xi-unicode v0.2.1
[INFO] [stderr]    Compiling gif v0.10.3
[INFO] [stderr]    Compiling glyph_brush_layout v0.1.9
[INFO] [stderr]    Compiling rand_chacha v0.3.1
[INFO] [stderr]    Compiling jpeg-decoder v0.1.22
[INFO] [stderr]    Compiling osmesa-sys v0.1.2
[INFO] [stderr]    Compiling rand v0.8.8
[INFO] [stderr]    Compiling png v0.14.1
[INFO] [stderr]    Compiling twox-hash v1.6.3
[INFO] [stderr]    Compiling tiff v0.2.2
[INFO] [stderr]    Compiling pest_derive v2.1.0
[INFO] [stderr]    Compiling failure_derive v0.1.8
[INFO] [stderr]    Compiling servo-fontconfig v0.4.0
[INFO] [stderr]    Compiling lyon_tessellation v0.13.5
[INFO] [stderr]    Compiling lyon_algorithms v0.13.4
[INFO] [stderr]    Compiling hashbrown v0.3.1
[INFO] [stderr]    Compiling image v0.21.3
[INFO] [stderr]    Compiling backtrace v0.3.76
[INFO] [stderr]    Compiling glyph_brush v0.4.3
[INFO] [stderr]    Compiling lyon v0.13.5
[INFO] [stderr]    Compiling humantime v1.3.0
[INFO] [stderr]    Compiling font-loader v0.8.0
[INFO] [stderr]    Compiling failure v0.1.8
[INFO] [stderr]    Compiling ssb_parser v0.0.0
[INFO] [stderr]    Compiling atty v0.2.14
[INFO] [stderr]    Compiling ssb_filter v0.0.0 (/opt/rustwide/workdir)
[INFO] [stderr]    Compiling env_logger v0.6.2
[INFO] [stderr]    Compiling vapoursynth v0.2.0
[INFO] [stderr]    Compiling smithay-client-toolkit v0.4.6
[INFO] [stderr]    Compiling winit v0.18.1
[INFO] [stderr]    Compiling ssb_renderer v0.0.0
[INFO] [stdout] warning: trait objects without an explicit `dyn` are deprecated
[INFO] [stdout]   --> src/vapoursynth/mod.rs:98:28
[INFO] [stdout]    |
[INFO] [stdout] 98 |     ) -> Result<Option<Box<Filter<'core> + 'core>>, Error> {
[INFO] [stdout]    |                            ^^^^^^^^^^^^^^^^^^^^^
[INFO] [stdout]    |
[INFO] [stdout]    = warning: this is accepted in the current edition (Rust 2018) but is a hard error in Rust 2021!
[INFO] [stdout]    = note: for more information, see <https://doc.rust-lang.org/edition-guide/rust-2021/warnings-promoted-to-error.html>
[INFO] [stdout]    = note: `#[warn(bare_trait_objects)]` (part of `#[warn(rust_2021_compatibility)]`) on by default
[INFO] [stdout] help: if this is a dyn-compatible trait, use `dyn`
[INFO] [stdout]    |
[INFO] [stdout] 98 |     ) -> Result<Option<Box<dyn Filter<'core> + 'core>>, Error> {
[INFO] [stdout]    |                            +++
[INFO] [stdout] 
[INFO] [stdout] 
[INFO] [stdout] error: linking with `cc` failed: exit status: 1
[INFO] [stdout]   |
[INFO] [stdout]   = note:  "cc" "-Wl,--version-script=/opt/rustwide/target/release/deps/rustcXvHuXg/list" "-Wl,--no-undefined-version" "-m64" "/opt/rustwide/target/release/deps/rustcXvHuXg/symbols.o" "<2 object files omitted>" "-Wl,--as-needed" "-Wl,-Bstatic" "/opt/rustwide/target/release/deps/{libvapoursynth-ac68347142d66ac5,libvapoursynth_sys-13ad6d3279cf44e0,libcfg_if-6ffcd2bb3ed34b7c,liblazy_static-149e86038c126fb0,libfailure-37ce1871c4ddc420,libbacktrace-4d6295c63aac77ef,libminiz_oxide-0706f5dec424a5ee,libadler2-8213662f6a5e4f3b,libobject-6d29c3a7d5bc4843,libmemchr-b09fcc675b44dbcc,liblibc-a0a6e54f1566fa83,libaddr2line-d016d47c3ae2e3aa,libgimli-58bf5f75427c0ba7,libcfg_if-aebc73b2fc35ea49,librustc_demangle-eaaa8ae2345a406a,libbitflags-68973b8086863992}.rlib" "<sysroot>/lib/rustlib/x86_64-unknown-linux-gnu/lib/{libstd-*,libpanic_unwind-*,libobject-*,libmemchr-*,libaddr2line-*,libgimli-*,libcfg_if-*,librustc_demangle-*,libstd_detect-*,libhashbrown-*,librustc_std_workspace_alloc-*,libminiz_oxide-*,libadler2-*,libunwind-*,liblibc-*,librustc_std_workspace_core-*,liballoc-*,libcore-*,libcompiler_builtins-*}.rlib" "-Wl,-Bdynamic" "-lvapoursynth" "-lvapoursynth-script" "-lgcc_s" "-lutil" "-lrt" "-lpthread" "-lm" "-ldl" "-lc" "-L" "/opt/rustwide/target/release/deps/rustcXvHuXg/raw-dylibs" "-B<sysroot>/lib/rustlib/x86_64-unknown-linux-gnu/bin/gcc-ld" "-fuse-ld=lld" "-Wl,--eh-frame-hdr" "-Wl,-z,noexecstack" "-L" "/usr/lib/x86_64-linux-gnu" "-L" "<sysroot>/lib/rustlib/x86_64-unknown-linux-gnu/lib" "-o" "/opt/rustwide/target/release/deps/libssb_filter.so" "-Wl,--gc-sections" "-shared" "-Wl,-z,relro,-z,now" "-Wl,-O1" "-Wl,--strip-debug" "-nodefaultlibs"
[INFO] [stdout]   = note: some arguments are omitted. use `--verbose` to show all linker arguments
[INFO] [stdout]   = note: rust-lld: error: unable to find library -lvapoursynth
[INFO] [stdout]           rust-lld: error: unable to find library -lvapoursynth-script
[INFO] [stdout]           collect2: error: ld returned 1 exit status
[INFO] [stdout]           
[INFO] [stdout] 
[INFO] [stdout] 
[INFO] [stderr] error: could not compile `ssb_filter` (lib) due to 1 previous error; 1 warning emitted
[INFO] running `Command { std: "docker" "inspect" "fd270063a5d76d4b53d7dd9dac89d8b3d9a3fd0815e78f7a3e4a79f4fdc6bcc4", kill_on_drop: false }`
[INFO] running `Command { std: "docker" "rm" "-f" "fd270063a5d76d4b53d7dd9dac89d8b3d9a3fd0815e78f7a3e4a79f4fdc6bcc4", kill_on_drop: false }`
[INFO] [stdout] fd270063a5d76d4b53d7dd9dac89d8b3d9a3fd0815e78f7a3e4a79f4fdc6bcc4
