[INFO] fetching crate sqlx-pg-test-template-runner 0.1.2...
[INFO] testing sqlx-pg-test-template-runner-0.1.2 against 1.99.0-beta.8+cargoflags=--release for beta-release-1.100-2
[INFO] extracting crate sqlx-pg-test-template-runner 0.1.2 into /workspace/builds/worker-1-tc1/source
[INFO] started tweaking crates.io crate sqlx-pg-test-template-runner 0.1.2
[INFO] finished tweaking crates.io crate sqlx-pg-test-template-runner 0.1.2
[INFO] tweaked toml for crates.io crate sqlx-pg-test-template-runner 0.1.2 written to /workspace/builds/worker-1-tc1/source/Cargo.toml
[INFO] validating manifest of crates.io crate sqlx-pg-test-template-runner 0.1.2 on toolchain 1.99.0-beta.8
[INFO] running `Command { std: CARGO_HOME="/workspace/cargo-home" RUSTUP_HOME="/workspace/rustup-home" "/workspace/cargo-home/bin/cargo" "+1.99.0-beta.8" "metadata" "--manifest-path" "Cargo.toml" "--no-deps", kill_on_drop: false }`
[INFO] running `Command { std: CARGO_HOME="/workspace/cargo-home" RUSTUP_HOME="/workspace/rustup-home" "/workspace/cargo-home/bin/cargo" "+1.99.0-beta.8" "generate-lockfile" "--manifest-path" "Cargo.toml", kill_on_drop: false }`
[INFO] [stderr]     Updating crates.io index
[INFO] [stderr]      Locking 125 packages to highest compatible versions
[INFO] [stderr]       Adding generic-array v0.14.7 (available: v0.14.9)
[INFO] running `Command { std: CARGO_HOME="/workspace/cargo-home" RUSTUP_HOME="/workspace/rustup-home" "/workspace/cargo-home/bin/cargo" "+1.99.0-beta.8" "fetch" "--manifest-path" "Cargo.toml", kill_on_drop: false }`
[INFO] running `Command { std: "docker" "create" "-v" "/var/lib/crater-agent-workspace/builds/worker-1-tc1/source:/opt/rustwide/workdir:ro,Z" "-v" "/var/lib/crater-agent-workspace/builds/worker-1-tc1/target:/opt/rustwide/target:rw,Z" "-v" "/var/lib/crater-agent-workspace/cargo-home:/opt/rustwide/cargo-home:ro,Z" "-v" "/var/lib/crater-agent-workspace/rustup-home:/opt/rustwide/rustup-home:ro,Z" "-m" "1610612736" "--network" "none" "ghcr.io/rust-lang/crates-build-env/linux@sha256:77db811e55d90add9212f6832c23229e3de5f1c1f9905e8cb07319ea15df73ac" "sleep" "infinity", kill_on_drop: false }`
[INFO] [stdout] b102c975af70de06af525b8cd887f60baf5f29617e9d82a997ed3558f20f904b
[INFO] running `Command { std: "docker" "start" "b102c975af70de06af525b8cd887f60baf5f29617e9d82a997ed3558f20f904b", kill_on_drop: false }`
[INFO] running `Command { std: "docker" "inspect" "b102c975af70de06af525b8cd887f60baf5f29617e9d82a997ed3558f20f904b", kill_on_drop: false }`
[INFO] running `Command { std: "docker" "exec" "-e" "SOURCE_DIR=/opt/rustwide/workdir" "-e" "CARGO_HOME=/opt/rustwide/cargo-home" "-e" "RUSTUP_HOME=/opt/rustwide/rustup-home" "-e" "CARGO_TARGET_DIR=/opt/rustwide/target" "-w" "/opt/rustwide/workdir" "--user" "0:0" "b102c975af70de06af525b8cd887f60baf5f29617e9d82a997ed3558f20f904b" "/opt/rustwide/cargo-home/bin/cargo" "+1.99.0-beta.8" "metadata" "--no-deps" "--format-version=1", kill_on_drop: false }`
[INFO] running `Command { std: "docker" "inspect" "b102c975af70de06af525b8cd887f60baf5f29617e9d82a997ed3558f20f904b", kill_on_drop: false }`
[INFO] running `Command { std: "docker" "exec" "-e" "SOURCE_DIR=/opt/rustwide/workdir" "-e" "CARGO_HOME=/opt/rustwide/cargo-home" "-e" "RUSTUP_HOME=/opt/rustwide/rustup-home" "-e" "CARGO_TARGET_DIR=/opt/rustwide/target" "-e" "CARGO_INCREMENTAL=0" "-e" "RUST_BACKTRACE=full" "-e" "RUSTFLAGS=--cap-lints=warn" "-e" "RUSTDOCFLAGS=--cap-lints=warn" "-w" "/opt/rustwide/workdir" "--user" "0:0" "b102c975af70de06af525b8cd887f60baf5f29617e9d82a997ed3558f20f904b" "/opt/rustwide/cargo-home/bin/cargo" "+1.99.0-beta.8" "build" "--frozen" "--message-format=json" "--release", kill_on_drop: false }`
[INFO] [stderr]    Compiling syn v3.0.9
[INFO] [stderr]    Compiling equivalent v1.0.3
[INFO] [stderr]    Compiling futures-core v0.3.34
[INFO] [stderr]    Compiling syn v2.0.119
[INFO] [stderr]    Compiling crossbeam-utils v0.8.23
[INFO] [stderr]    Compiling futures-sink v0.3.34
[INFO] [stderr]    Compiling parking_lot_core v0.9.12
[INFO] [stderr]    Compiling form_urlencoded v1.2.2
[INFO] [stderr]    Compiling crypto-common v0.1.7
[INFO] [stderr]    Compiling getrandom v0.4.3
[INFO] [stderr]    Compiling hmac v0.13.0
[INFO] [stderr]    Compiling base64 v0.22.1
[INFO] [stderr]    Compiling either v1.19.0
[INFO] [stderr]    Compiling stringprep v0.1.5
[INFO] [stderr]    Compiling atoi v2.0.0
[INFO] [stderr]    Compiling sha2 v0.11.1
[INFO] [stderr]    Compiling hashbrown v0.16.1
[INFO] [stderr]    Compiling indexmap v2.14.2
[INFO] [stderr]    Compiling digest v0.10.7
[INFO] [stderr]    Compiling futures-util v0.3.34
[INFO] [stderr]    Compiling futures-channel v0.3.34
[INFO] [stderr]    Compiling parking_lot v0.12.5
[INFO] [stderr]    Compiling hkdf v0.13.0
[INFO] [stderr]    Compiling rand v0.10.3
[INFO] [stderr]    Compiling md-5 v0.11.0
[INFO] [stderr]    Compiling sha2 v0.10.9
[INFO] [stderr]    Compiling futures-intrusive v0.5.0
[INFO] [stderr]    Compiling crossbeam-queue v0.3.14
[INFO] [stderr]    Compiling hashlink v0.11.1
[INFO] [stderr]    Compiling synstructure v0.14.0
[INFO] [stderr]    Compiling zerovec-derive v0.11.6
[INFO] [stderr]    Compiling displaydoc v0.2.7
[INFO] [stderr]    Compiling thiserror-impl v2.0.21
[INFO] [stderr]    Compiling zerofrom-derive v0.1.8
[INFO] [stderr]    Compiling yoke-derive v0.8.4
[INFO] [stderr]    Compiling zerofrom v0.1.8
[INFO] [stderr]    Compiling yoke v0.8.3
[INFO] [stderr]    Compiling zerovec v0.11.8
[INFO] [stderr]    Compiling zerotrie v0.2.5
[INFO] [stderr]    Compiling thiserror v2.0.21
[INFO] [stderr]    Compiling tinystr v0.8.4
[INFO] [stderr]    Compiling potential_utf v0.1.6
[INFO] [stderr]    Compiling icu_collections v2.3.0
[INFO] [stderr]    Compiling icu_locale_core v2.3.0
[INFO] [stderr]    Compiling tracing-attributes v0.1.31
[INFO] [stderr]    Compiling icu_provider v2.3.1
[INFO] [stderr]    Compiling tracing v0.1.44
[INFO] [stderr]    Compiling icu_normalizer v2.3.0
[INFO] [stderr]    Compiling icu_properties v2.3.0
[INFO] [stderr]    Compiling idna_adapter v1.2.2
[INFO] [stderr]    Compiling idna v1.1.0
[INFO] [stderr]    Compiling url v2.5.8
[INFO] [stderr]    Compiling sqlx-core v0.9.0
[INFO] [stderr]    Compiling sqlx-postgres v0.9.0
[INFO] [stderr]    Compiling sqlx v0.9.0
[INFO] [stderr]    Compiling sqlx-pg-test-template-runner v0.1.2 (/opt/rustwide/workdir)
[INFO] [stdout] error[E0277]: dynamic SQL strings should be audited for possible injections
[INFO] [stdout]    --> src/lib.rs:45:17
[INFO] [stdout]     |
[INFO] [stdout]  45 |     sqlx::query(&format!("DROP DATABASE IF EXISTS {}", db_name))
[INFO] [stdout]     |     ----------- ^^^^^^^^^^^^^^^^^^^^^^^^^^^^^^^^^^^^^^^^^^^^^^^ dynamic SQL string
[INFO] [stdout]     |     |
[INFO] [stdout]     |     required by a bound introduced by this call
[INFO] [stdout]     |
[INFO] [stdout]     = help: the trait `SqlSafeStr` is not implemented for `&String`
[INFO] [stdout]     = note: prefer literal SQL strings with bind parameters or `QueryBuilder` to add dynamic data to a query.
[INFO] [stdout]             
[INFO] [stdout]             To bypass this error, manually audit for potential injection vulnerabilities and wrap with `AssertSqlSafe()`.
[INFO] [stdout]             For details, see the docs for `SqlSafeStr`.
[INFO] [stdout]             
[INFO] [stdout]     = note: this trait is only implemented for `&'static str`, not all `&str` like the compiler error may suggest
[INFO] [stdout] help: the trait `SqlSafeStr` is implemented for `&str`
[INFO] [stdout]    --> /opt/rustwide/cargo-home/registry/src/index.crates.io-1949cf8c6b5b557f/sqlx-core-0.9.0/src/sql_str.rs:52:1
[INFO] [stdout]     |
[INFO] [stdout]  52 | impl SqlSafeStr for &'static str {
[INFO] [stdout]     | ^^^^^^^^^^^^^^^^^^^^^^^^^^^^^^^^
[INFO] [stdout] note: required by a bound in `sqlx::query`
[INFO] [stdout]    --> /opt/rustwide/cargo-home/registry/src/index.crates.io-1949cf8c6b5b557f/sqlx-core-0.9.0/src/query.rs:653:32
[INFO] [stdout]     |
[INFO] [stdout] 653 | pub fn query<'a, DB>(sql: impl SqlSafeStr) -> Query<'a, DB, <DB as Database>::Arguments>
[INFO] [stdout]     |                                ^^^^^^^^^^ required by this bound in `query`
[INFO] [stdout] 
[INFO] [stdout] 
[INFO] [stdout] error[E0277]: dynamic SQL strings should be audited for possible injections
[INFO] [stdout]    --> src/lib.rs:49:17
[INFO] [stdout]     |
[INFO] [stdout]  49 |       sqlx::query(&format!(
[INFO] [stdout]     |  _____-----------_^
[INFO] [stdout]     | |     |
[INFO] [stdout]     | |     required by a bound introduced by this call
[INFO] [stdout]  50 | |         "CREATE DATABASE {} WITH TEMPLATE {}",
[INFO] [stdout]  51 | |         db_name, template_db_name
[INFO] [stdout]  52 | |     ))
[INFO] [stdout]     | |_____^ dynamic SQL string
[INFO] [stdout]     |
[INFO] [stdout]     = help: the trait `SqlSafeStr` is not implemented for `&String`
[INFO] [stdout]     = note: prefer literal SQL strings with bind parameters or `QueryBuilder` to add dynamic data to a query.
[INFO] [stdout]             
[INFO] [stdout]             To bypass this error, manually audit for potential injection vulnerabilities and wrap with `AssertSqlSafe()`.
[INFO] [stdout]             For details, see the docs for `SqlSafeStr`.
[INFO] [stdout]             
[INFO] [stdout]     = note: this trait is only implemented for `&'static str`, not all `&str` like the compiler error may suggest
[INFO] [stdout] help: the trait `SqlSafeStr` is implemented for `&str`
[INFO] [stdout]    --> /opt/rustwide/cargo-home/registry/src/index.crates.io-1949cf8c6b5b557f/sqlx-core-0.9.0/src/sql_str.rs:52:1
[INFO] [stdout]     |
[INFO] [stdout]  52 | impl SqlSafeStr for &'static str {
[INFO] [stdout]     | ^^^^^^^^^^^^^^^^^^^^^^^^^^^^^^^^
[INFO] [stdout] note: required by a bound in `sqlx::query`
[INFO] [stdout]    --> /opt/rustwide/cargo-home/registry/src/index.crates.io-1949cf8c6b5b557f/sqlx-core-0.9.0/src/query.rs:653:32
[INFO] [stdout]     |
[INFO] [stdout] 653 | pub fn query<'a, DB>(sql: impl SqlSafeStr) -> Query<'a, DB, <DB as Database>::Arguments>
[INFO] [stdout]     |                                ^^^^^^^^^^ required by this bound in `query`
[INFO] [stdout] 
[INFO] [stdout] 
[INFO] [stdout] error[E0277]: dynamic SQL strings should be audited for possible injections
[INFO] [stdout]    --> src/lib.rs:56:17
[INFO] [stdout]     |
[INFO] [stdout]  56 |       sqlx::query(&format!(
[INFO] [stdout]     |  _____-----------_^
[INFO] [stdout]     | |     |
[INFO] [stdout]     | |     required by a bound introduced by this call
[INFO] [stdout]  57 | |         "COMMENT ON DATABASE {} IS '{}'",
[INFO] [stdout]  58 | |         db_name, module_path
[INFO] [stdout]  59 | |     ))
[INFO] [stdout]     | |_____^ dynamic SQL string
[INFO] [stdout]     |
[INFO] [stdout]     = help: the trait `SqlSafeStr` is not implemented for `&String`
[INFO] [stdout]     = note: prefer literal SQL strings with bind parameters or `QueryBuilder` to add dynamic data to a query.
[INFO] [stdout]             
[INFO] [stdout]             To bypass this error, manually audit for potential injection vulnerabilities and wrap with `AssertSqlSafe()`.
[INFO] [stdout]             For details, see the docs for `SqlSafeStr`.
[INFO] [stdout]             
[INFO] [stdout]     = note: this trait is only implemented for `&'static str`, not all `&str` like the compiler error may suggest
[INFO] [stdout] help: the trait `SqlSafeStr` is implemented for `&str`
[INFO] [stdout]    --> /opt/rustwide/cargo-home/registry/src/index.crates.io-1949cf8c6b5b557f/sqlx-core-0.9.0/src/sql_str.rs:52:1
[INFO] [stdout]     |
[INFO] [stdout]  52 | impl SqlSafeStr for &'static str {
[INFO] [stdout]     | ^^^^^^^^^^^^^^^^^^^^^^^^^^^^^^^^
[INFO] [stdout] note: required by a bound in `sqlx::query`
[INFO] [stdout]    --> /opt/rustwide/cargo-home/registry/src/index.crates.io-1949cf8c6b5b557f/sqlx-core-0.9.0/src/query.rs:653:32
[INFO] [stdout]     |
[INFO] [stdout] 653 | pub fn query<'a, DB>(sql: impl SqlSafeStr) -> Query<'a, DB, <DB as Database>::Arguments>
[INFO] [stdout]     |                                ^^^^^^^^^^ required by this bound in `query`
[INFO] [stdout] 
[INFO] [stdout] 
[INFO] [stdout] error[E0277]: dynamic SQL strings should be audited for possible injections
[INFO] [stdout]    --> src/lib.rs:99:17
[INFO] [stdout]     |
[INFO] [stdout]  99 |     sqlx::query(&format!("DROP DATABASE IF EXISTS {} WITH (FORCE)", db_name))
[INFO] [stdout]     |     ----------- ^^^^^^^^^^^^^^^^^^^^^^^^^^^^^^^^^^^^^^^^^^^^^^^^^^^^^^^^^^^^ dynamic SQL string
[INFO] [stdout]     |     |
[INFO] [stdout]     |     required by a bound introduced by this call
[INFO] [stdout]     |
[INFO] [stdout]     = help: the trait `SqlSafeStr` is not implemented for `&String`
[INFO] [stdout]     = note: prefer literal SQL strings with bind parameters or `QueryBuilder` to add dynamic data to a query.
[INFO] [stdout]             
[INFO] [stdout]             To bypass this error, manually audit for potential injection vulnerabilities and wrap with `AssertSqlSafe()`.
[INFO] [stdout]             For details, see the docs for `SqlSafeStr`.
[INFO] [stdout]             
[INFO] [stdout]     = note: this trait is only implemented for `&'static str`, not all `&str` like the compiler error may suggest
[INFO] [stdout] help: the trait `SqlSafeStr` is implemented for `&str`
[INFO] [stdout]    --> /opt/rustwide/cargo-home/registry/src/index.crates.io-1949cf8c6b5b557f/sqlx-core-0.9.0/src/sql_str.rs:52:1
[INFO] [stdout]     |
[INFO] [stdout]  52 | impl SqlSafeStr for &'static str {
[INFO] [stdout]     | ^^^^^^^^^^^^^^^^^^^^^^^^^^^^^^^^
[INFO] [stdout] note: required by a bound in `sqlx::query`
[INFO] [stdout]    --> /opt/rustwide/cargo-home/registry/src/index.crates.io-1949cf8c6b5b557f/sqlx-core-0.9.0/src/query.rs:653:32
[INFO] [stdout]     |
[INFO] [stdout] 653 | pub fn query<'a, DB>(sql: impl SqlSafeStr) -> Query<'a, DB, <DB as Database>::Arguments>
[INFO] [stdout]     |                                ^^^^^^^^^^ required by this bound in `query`
[INFO] [stdout] 
[INFO] [stdout] 
[INFO] [stdout] For more information about this error, try `rustc --explain E0277`.
[INFO] [stdout] 
[INFO] [stderr] error: could not compile `sqlx-pg-test-template-runner` (lib) due to 4 previous errors
[INFO] [stderr] warning: build failed, waiting for other jobs to finish...
[INFO] running `Command { std: "docker" "inspect" "b102c975af70de06af525b8cd887f60baf5f29617e9d82a997ed3558f20f904b", kill_on_drop: false }`
[INFO] running `Command { std: "docker" "rm" "-f" "b102c975af70de06af525b8cd887f60baf5f29617e9d82a997ed3558f20f904b", kill_on_drop: false }`
[INFO] [stdout] b102c975af70de06af525b8cd887f60baf5f29617e9d82a997ed3558f20f904b
