[INFO] fetching crate sqlx-etorreborre-sqlite 0.7.9...
[INFO] testing sqlx-etorreborre-sqlite-0.7.9 against 1.99.0-beta.8+cargoflags=--release for beta-release-1.100-2
[INFO] extracting crate sqlx-etorreborre-sqlite 0.7.9 into /workspace/builds/worker-5-tc1/source
[INFO] started tweaking crates.io crate sqlx-etorreborre-sqlite 0.7.9
[INFO] finished tweaking crates.io crate sqlx-etorreborre-sqlite 0.7.9
[INFO] tweaked toml for crates.io crate sqlx-etorreborre-sqlite 0.7.9 written to /workspace/builds/worker-5-tc1/source/Cargo.toml
[INFO] validating manifest of crates.io crate sqlx-etorreborre-sqlite 0.7.9 on toolchain 1.99.0-beta.8
[INFO] running `Command { std: CARGO_HOME="/workspace/cargo-home" RUSTUP_HOME="/workspace/rustup-home" "/workspace/cargo-home/bin/cargo" "+1.99.0-beta.8" "metadata" "--manifest-path" "Cargo.toml" "--no-deps", kill_on_drop: false }`
[INFO] running `Command { std: CARGO_HOME="/workspace/cargo-home" RUSTUP_HOME="/workspace/rustup-home" "/workspace/cargo-home/bin/cargo" "+1.99.0-beta.8" "generate-lockfile" "--manifest-path" "Cargo.toml", kill_on_drop: false }`
[INFO] [stderr]     Blocking waiting for file lock on package cache
[INFO] [stderr]     Updating crates.io index
[INFO] [stderr]     Blocking waiting for file lock on package cache
[INFO] [stderr]      Locking 153 packages to highest compatible versions
[INFO] [stderr]       Adding atoi v2.0.0 (available: v3.1.1)
[INFO] [stderr]       Adding flume v0.11.1 (available: v0.12.0)
[INFO] [stderr]       Adding generic-array v0.14.7 (available: v0.14.9)
[INFO] [stderr]       Adding libsqlite3-sys v0.27.0 (available: v0.38.2)
[INFO] running `Command { std: CARGO_HOME="/workspace/cargo-home" RUSTUP_HOME="/workspace/rustup-home" "/workspace/cargo-home/bin/cargo" "+1.99.0-beta.8" "fetch" "--manifest-path" "Cargo.toml", kill_on_drop: false }`
[INFO] [stderr]     Blocking waiting for file lock on package cache
[INFO] [stderr]  Downloading crates ...
[INFO] [stderr]   Downloaded sqlx-macros v0.9.0
[INFO] [stderr]   Downloaded sqlx-macros-core v0.9.0
[INFO] running `Command { std: "docker" "create" "-v" "/var/lib/crater-agent-workspace/builds/worker-5-tc1/source:/opt/rustwide/workdir:ro,Z" "-v" "/var/lib/crater-agent-workspace/builds/worker-5-tc1/target:/opt/rustwide/target:rw,Z" "-v" "/var/lib/crater-agent-workspace/cargo-home:/opt/rustwide/cargo-home:ro,Z" "-v" "/var/lib/crater-agent-workspace/rustup-home:/opt/rustwide/rustup-home:ro,Z" "-m" "1610612736" "--network" "none" "ghcr.io/rust-lang/crates-build-env/linux@sha256:77db811e55d90add9212f6832c23229e3de5f1c1f9905e8cb07319ea15df73ac" "sleep" "infinity", kill_on_drop: false }`
[INFO] [stdout] c941bffc5c2403b7002e9814aa7fbe0144a4e64948904e463a3a35ed09544324
[INFO] running `Command { std: "docker" "start" "c941bffc5c2403b7002e9814aa7fbe0144a4e64948904e463a3a35ed09544324", kill_on_drop: false }`
[INFO] running `Command { std: "docker" "inspect" "c941bffc5c2403b7002e9814aa7fbe0144a4e64948904e463a3a35ed09544324", kill_on_drop: false }`
[INFO] running `Command { std: "docker" "exec" "-e" "SOURCE_DIR=/opt/rustwide/workdir" "-e" "CARGO_HOME=/opt/rustwide/cargo-home" "-e" "RUSTUP_HOME=/opt/rustwide/rustup-home" "-e" "CARGO_TARGET_DIR=/opt/rustwide/target" "-w" "/opt/rustwide/workdir" "--user" "0:0" "c941bffc5c2403b7002e9814aa7fbe0144a4e64948904e463a3a35ed09544324" "/opt/rustwide/cargo-home/bin/cargo" "+1.99.0-beta.8" "metadata" "--no-deps" "--format-version=1", kill_on_drop: false }`
[INFO] running `Command { std: "docker" "inspect" "c941bffc5c2403b7002e9814aa7fbe0144a4e64948904e463a3a35ed09544324", kill_on_drop: false }`
[INFO] running `Command { std: "docker" "exec" "-e" "SOURCE_DIR=/opt/rustwide/workdir" "-e" "CARGO_HOME=/opt/rustwide/cargo-home" "-e" "RUSTUP_HOME=/opt/rustwide/rustup-home" "-e" "CARGO_TARGET_DIR=/opt/rustwide/target" "-e" "CARGO_INCREMENTAL=0" "-e" "RUST_BACKTRACE=full" "-e" "RUSTFLAGS=--cap-lints=warn" "-e" "RUSTDOCFLAGS=--cap-lints=warn" "-w" "/opt/rustwide/workdir" "--user" "0:0" "c941bffc5c2403b7002e9814aa7fbe0144a4e64948904e463a3a35ed09544324" "/opt/rustwide/cargo-home/bin/cargo" "+1.99.0-beta.8" "build" "--frozen" "--message-format=json" "--release", kill_on_drop: false }`
[INFO] [stderr]    Compiling futures-core v0.3.34
[INFO] [stderr]    Compiling syn v2.0.119
[INFO] [stderr]    Compiling futures-sink v0.3.34
[INFO] [stderr]    Compiling crossbeam-utils v0.8.23
[INFO] [stderr]    Compiling getrandom v0.3.4
[INFO] [stderr]    Compiling futures-task v0.3.34
[INFO] [stderr]    Compiling parking_lot_core v0.9.12
[INFO] [stderr]    Compiling form_urlencoded v1.2.2
[INFO] [stderr]    Compiling libsqlite3-sys v0.27.0
[INFO] [stderr]    Compiling idna v1.1.0
[INFO] [stderr]    Compiling nom v7.1.3
[INFO] [stderr]    Compiling unicode_categories v0.1.1
[INFO] [stderr]    Compiling atoi v2.0.0
[INFO] [stderr]    Compiling event-listener v2.5.3
[INFO] [stderr]    Compiling either v1.19.0
[INFO] [stderr]    Compiling urlencoding v2.1.3
[INFO] [stderr]    Compiling ahash v0.8.12
[INFO] [stderr]    Compiling futures-util v0.3.34
[INFO] [stderr]    Compiling futures-channel v0.3.34
[INFO] [stderr]    Compiling flume v0.11.1
[INFO] [stderr]    Compiling parking_lot v0.12.5
[INFO] [stderr]    Compiling url v2.5.8
[INFO] [stderr]    Compiling hashbrown v0.14.5
[INFO] [stderr]    Compiling futures-intrusive v0.5.0
[INFO] [stderr]    Compiling crossbeam-queue v0.3.14
[INFO] [stderr]    Compiling hashlink v0.8.4
[INFO] [stderr]    Compiling sqlformat v0.2.6
[INFO] [stderr]    Compiling futures-executor v0.3.34
[INFO] [stderr]    Compiling thiserror-impl v1.0.69
[INFO] [stderr]    Compiling tracing-attributes v0.1.31
[INFO] [stderr]    Compiling tracing v0.1.44
[INFO] [stderr]    Compiling thiserror v1.0.69
[INFO] [stderr]    Compiling sqlx-etorreborre-core v0.7.9
[INFO] [stderr]    Compiling sqlx-etorreborre-sqlite v0.7.9 (/opt/rustwide/workdir)
[INFO] [stdout] warning: use of deprecated module `std::i32`: all constants in this module replaced by associated constants on the type
[INFO] [stdout]  --> src/statement/virtual.rs:6:16
[INFO] [stdout]   |
[INFO] [stdout] 6 | use std::{cmp, i32};
[INFO] [stdout]   |                ^^^
[INFO] [stdout]   |
[INFO] [stdout]   = note: `#[warn(deprecated)]` on by default
[INFO] [stdout] 
[INFO] [stdout] 
[INFO] [stdout] warning: use of deprecated constant `std::i32::MAX`: replaced by the `MAX` associated constant on this type
[INFO] [stdout]   --> src/statement/virtual.rs:62:22
[INFO] [stdout]    |
[INFO] [stdout] 62 |                 i32::MAX
[INFO] [stdout]    |                      ^^^
[INFO] [stdout] 
[INFO] [stdout] 
[INFO] [stdout] warning: use of deprecated associated function `core::num::<impl i32>::max_value`: replaced by the `MAX` associated constant on this type
[INFO] [stdout]   --> src/statement/virtual.rs:59:31
[INFO] [stdout]    |
[INFO] [stdout] 59 |         if query.len() > i32::max_value() as usize {
[INFO] [stdout]    |                               ^^^^^^^^^
[INFO] [stdout] 
[INFO] [stdout] 
[INFO] [stdout] warning: field `0` is never read
[INFO] [stdout]   --> src/connection/handle.rs:20:39
[INFO] [stdout]    |
[INFO] [stdout] 20 | pub(crate) struct ConnectionHandleRaw(NonNull<sqlite3>);
[INFO] [stdout]    |                   ------------------- ^^^^^^^^^^^^^^^^
[INFO] [stdout]    |                   |
[INFO] [stdout]    |                   field in this struct
[INFO] [stdout]    |
[INFO] [stdout]    = help: consider removing this field
[INFO] [stdout]    = note: `ConnectionHandleRaw` has derived impls for the traits `Debug` and `Clone`, but these are intentionally ignored during dead code analysis
[INFO] [stdout]    = note: `#[warn(dead_code)]` (part of `#[warn(unused)]`) on by default
[INFO] [stdout] 
[INFO] [stdout] 
[INFO] [stderr]     Finished `release` profile [optimized] target(s) in 1m 37s
[INFO] running `Command { std: "docker" "inspect" "c941bffc5c2403b7002e9814aa7fbe0144a4e64948904e463a3a35ed09544324", kill_on_drop: false }`
[INFO] running `Command { std: "docker" "exec" "-e" "SOURCE_DIR=/opt/rustwide/workdir" "-e" "CARGO_HOME=/opt/rustwide/cargo-home" "-e" "RUSTUP_HOME=/opt/rustwide/rustup-home" "-e" "CARGO_TARGET_DIR=/opt/rustwide/target" "-e" "CARGO_INCREMENTAL=0" "-e" "RUST_BACKTRACE=full" "-e" "RUSTFLAGS=--cap-lints=warn" "-e" "RUSTDOCFLAGS=--cap-lints=warn" "-w" "/opt/rustwide/workdir" "--user" "0:0" "c941bffc5c2403b7002e9814aa7fbe0144a4e64948904e463a3a35ed09544324" "/opt/rustwide/cargo-home/bin/cargo" "+1.99.0-beta.8" "test" "--frozen" "--no-run" "--message-format=json" "--release", kill_on_drop: false }`
[INFO] [stderr]    Compiling litemap v0.8.3
[INFO] [stderr]    Compiling writeable v0.6.4
[INFO] [stderr]    Compiling smallvec v1.16.3
[INFO] [stderr]    Compiling icu_properties_data v2.3.0
[INFO] [stderr]    Compiling icu_normalizer_data v2.3.0
[INFO] [stderr]    Compiling futures-core v0.3.34
[INFO] [stderr]    Compiling serde_core v1.0.229
[INFO] [stderr]    Compiling generic-array v0.14.7
[INFO] [stderr]    Compiling equivalent v1.0.3
[INFO] [stderr]    Compiling zerofrom v0.1.8
[INFO] [stderr]    Compiling socket2 v0.6.5
[INFO] [stderr]    Compiling mio v1.2.4
[INFO] [stderr]    Compiling serde v1.0.229
[INFO] [stderr]    Compiling crossbeam-utils v0.8.23
[INFO] [stderr]    Compiling bytes v1.12.1
[INFO] [stderr]    Compiling thiserror v2.0.21
[INFO] [stderr]    Compiling foldhash v0.2.0
[INFO] [stderr]    Compiling zmij v1.0.23
[INFO] [stderr]    Compiling yoke v0.8.3
[INFO] [stderr]    Compiling thiserror-impl v2.0.21
[INFO] [stderr]    Compiling futures-io v0.3.34
[INFO] [stderr]    Compiling log v0.4.34
[INFO] [stderr]    Compiling futures-sink v0.3.34
[INFO] [stderr]    Compiling hashbrown v0.16.1
[INFO] [stderr]    Compiling futures-task v0.3.34
[INFO] [stderr]    Compiling tracing v0.1.44
[INFO] [stderr]    Compiling futures-util v0.3.34
[INFO] [stderr]    Compiling serde_json v1.0.154
[INFO] [stderr]    Compiling indexmap v2.14.2
[INFO] [stderr]    Compiling event-listener v5.4.2
[INFO] [stderr]    Compiling zerovec v0.11.8
[INFO] [stderr]    Compiling zerotrie v0.2.5
[INFO] [stderr]    Compiling parking_lot_core v0.9.12
[INFO] [stderr]    Compiling tokio v1.53.3
[INFO] [stderr]    Compiling tinystr v0.8.4
[INFO] [stderr]    Compiling potential_utf v0.1.6
[INFO] [stderr]    Compiling icu_collections v2.3.0
[INFO] [stderr]    Compiling parking_lot v0.12.5
[INFO] [stderr]    Compiling crossbeam-queue v0.3.14
[INFO] [stderr]    Compiling icu_locale_core v2.3.0
[INFO] [stderr]    Compiling block-buffer v0.10.4
[INFO] [stderr]    Compiling crypto-common v0.1.7
[INFO] [stderr]    Compiling base64 v0.22.1
[INFO] [stderr]    Compiling futures-intrusive v0.5.0
[INFO] [stderr]    Compiling digest v0.10.7
[INFO] [stderr]    Compiling futures-channel v0.3.34
[INFO] [stderr]    Compiling sha2 v0.10.9
[INFO] [stderr]    Compiling flume v0.11.1
[INFO] [stderr]    Compiling hashlink v0.11.1
[INFO] [stderr]    Compiling either v1.19.0
[INFO] [stderr]    Compiling icu_provider v2.3.1
[INFO] [stderr]    Compiling icu_normalizer v2.3.0
[INFO] [stderr]    Compiling icu_properties v2.3.0
[INFO] [stderr]    Compiling futures-executor v0.3.34
[INFO] [stderr]    Compiling idna_adapter v1.2.2
[INFO] [stderr]    Compiling idna v1.1.0
[INFO] [stderr]    Compiling url v2.5.8
[INFO] [stderr]    Compiling tokio-stream v0.1.19
[INFO] [stderr]    Compiling sqlx-etorreborre-core v0.7.9
[INFO] [stderr]    Compiling sqlx-core v0.9.0
[INFO] [stderr]    Compiling sqlx-etorreborre-sqlite v0.7.9 (/opt/rustwide/workdir)
[INFO] [stdout] warning: use of deprecated module `std::i32`: all constants in this module replaced by associated constants on the type
[INFO] [stdout]  --> src/statement/virtual.rs:6:16
[INFO] [stdout]   |
[INFO] [stdout] 6 | use std::{cmp, i32};
[INFO] [stdout]   |                ^^^
[INFO] [stdout]   |
[INFO] [stdout]   = note: `#[warn(deprecated)]` on by default
[INFO] [stdout] 
[INFO] [stdout] 
[INFO] [stdout] warning: use of deprecated constant `std::i32::MAX`: replaced by the `MAX` associated constant on this type
[INFO] [stdout]   --> src/statement/virtual.rs:62:22
[INFO] [stdout]    |
[INFO] [stdout] 62 |                 i32::MAX
[INFO] [stdout]    |                      ^^^
[INFO] [stdout] 
[INFO] [stdout] 
[INFO] [stdout] warning: use of deprecated associated function `core::num::<impl i32>::max_value`: replaced by the `MAX` associated constant on this type
[INFO] [stdout]   --> src/statement/virtual.rs:59:31
[INFO] [stdout]    |
[INFO] [stdout] 59 |         if query.len() > i32::max_value() as usize {
[INFO] [stdout]    |                               ^^^^^^^^^
[INFO] [stdout] 
[INFO] [stdout] 
[INFO] [stderr]    Compiling sqlx-macros-core v0.9.0
[INFO] [stdout] warning: field `0` is never read
[INFO] [stdout]   --> src/connection/handle.rs:20:39
[INFO] [stdout]    |
[INFO] [stdout] 20 | pub(crate) struct ConnectionHandleRaw(NonNull<sqlite3>);
[INFO] [stdout]    |                   ------------------- ^^^^^^^^^^^^^^^^
[INFO] [stdout]    |                   |
[INFO] [stdout]    |                   field in this struct
[INFO] [stdout]    |
[INFO] [stdout]    = help: consider removing this field
[INFO] [stdout]    = note: `ConnectionHandleRaw` has derived impls for the traits `Debug` and `Clone`, but these are intentionally ignored during dead code analysis
[INFO] [stdout]    = note: `#[warn(dead_code)]` (part of `#[warn(unused)]`) on by default
[INFO] [stdout] 
[INFO] [stdout] 
[INFO] [stderr]    Compiling sqlx-macros v0.9.0
[INFO] [stderr]    Compiling sqlx-etorreborre v0.7.9
[INFO] [stdout] error[E0432]: unresolved imports `sqlx_macros::FromRow`, `sqlx_macros::Type`
[INFO] [stdout]   --> /opt/rustwide/cargo-home/registry/src/index.crates.io-1949cf8c6b5b557f/sqlx-etorreborre-0.7.9/src/lib.rs:59:23
[INFO] [stdout]    |
[INFO] [stdout] 59 | pub use sqlx_macros::{FromRow, Type};
[INFO] [stdout]    |                       ^^^^^^^  ^^^^ no `Type` in the root
[INFO] [stdout]    |                       |
[INFO] [stdout]    |                       no `FromRow` in the root
[INFO] [stdout] 
[INFO] [stdout] 
[INFO] [stdout] error[E0432]: unresolved import `sqlx_macros::test`
[INFO] [stdout]   --> /opt/rustwide/cargo-home/registry/src/index.crates.io-1949cf8c6b5b557f/sqlx-etorreborre-0.7.9/src/lib.rs:65:9
[INFO] [stdout]    |
[INFO] [stdout] 65 | pub use sqlx_macros::test;
[INFO] [stdout]    |         ^^^^^^^^^^^^^----
[INFO] [stdout]    |                      |
[INFO] [stdout]    |                      no `test` in the root
[INFO] [stdout]    |
[INFO] [stdout] note: found an item that was configured out
[INFO] [stdout]   --> /opt/rustwide/cargo-home/registry/src/index.crates.io-1949cf8c6b5b557f/sqlx-macros-0.9.0/src/lib.rs:87:8
[INFO] [stdout]    |
[INFO] [stdout] 85 | #[cfg(feature = "macros")]
[INFO] [stdout]    |       ------------------ the item is gated behind the `macros` feature
[INFO] [stdout] 86 | #[proc_macro_attribute]
[INFO] [stdout] 87 | pub fn test(args: TokenStream, input: TokenStream) -> TokenStream {
[INFO] [stdout]    |        ^^^^
[INFO] [stdout] 
[INFO] [stdout] 
[INFO] [stdout] error[E0432]: unresolved import `sqlx_macros::Type`
[INFO] [stdout]    --> /opt/rustwide/cargo-home/registry/src/index.crates.io-1949cf8c6b5b557f/sqlx-etorreborre-0.7.9/src/lib.rs:108:13
[INFO] [stdout]     |
[INFO] [stdout] 108 |     pub use sqlx_macros::Type;
[INFO] [stdout]     |             ^^^^^^^^^^^^^----
[INFO] [stdout]     |                          |
[INFO] [stdout]     |                          no `Type` in the root
[INFO] [stdout] 
[INFO] [stdout] 
[INFO] [stdout] error[E0432]: unresolved import `sqlx_macros::Encode`
[INFO] [stdout]    --> /opt/rustwide/cargo-home/registry/src/index.crates.io-1949cf8c6b5b557f/sqlx-etorreborre-0.7.9/src/lib.rs:117:13
[INFO] [stdout]     |
[INFO] [stdout] 117 |     pub use sqlx_macros::Encode;
[INFO] [stdout]     |             ^^^^^^^^^^^^^------
[INFO] [stdout]     |                          |
[INFO] [stdout]     |                          no `Encode` in the root
[INFO] [stdout] 
[INFO] [stdout] 
[INFO] [stdout] error[E0432]: unresolved import `sqlx_macros::Decode`
[INFO] [stdout]    --> /opt/rustwide/cargo-home/registry/src/index.crates.io-1949cf8c6b5b557f/sqlx-etorreborre-0.7.9/src/lib.rs:128:13
[INFO] [stdout]     |
[INFO] [stdout] 128 |     pub use sqlx_macros::Decode;
[INFO] [stdout]     |             ^^^^^^^^^^^^^------
[INFO] [stdout]     |                          |
[INFO] [stdout]     |                          no `Decode` in the root
[INFO] [stdout] 
[INFO] [stdout] 
[INFO] [stdout] For more information about this error, try `rustc --explain E0432`.
[INFO] [stdout] 
[INFO] [stderr] error: could not compile `sqlx-etorreborre` (lib) due to 5 previous errors
[INFO] [stderr] warning: build failed, waiting for other jobs to finish...
[INFO] running `Command { std: "docker" "inspect" "c941bffc5c2403b7002e9814aa7fbe0144a4e64948904e463a3a35ed09544324", kill_on_drop: false }`
[INFO] running `Command { std: "docker" "rm" "-f" "c941bffc5c2403b7002e9814aa7fbe0144a4e64948904e463a3a35ed09544324", kill_on_drop: false }`
[INFO] [stdout] c941bffc5c2403b7002e9814aa7fbe0144a4e64948904e463a3a35ed09544324
