[INFO] fetching crate sqlx-build-trust-postgres 0.7.9...
[INFO] testing sqlx-build-trust-postgres-0.7.9 against 1.99.0-beta.8+cargoflags=--release for beta-release-1.100-2
[INFO] extracting crate sqlx-build-trust-postgres 0.7.9 into /workspace/builds/worker-5-tc1/source
[INFO] started tweaking crates.io crate sqlx-build-trust-postgres 0.7.9
[INFO] finished tweaking crates.io crate sqlx-build-trust-postgres 0.7.9
[INFO] tweaked toml for crates.io crate sqlx-build-trust-postgres 0.7.9 written to /workspace/builds/worker-5-tc1/source/Cargo.toml
[INFO] validating manifest of crates.io crate sqlx-build-trust-postgres 0.7.9 on toolchain 1.99.0-beta.8
[INFO] running `Command { std: CARGO_HOME="/workspace/cargo-home" RUSTUP_HOME="/workspace/rustup-home" "/workspace/cargo-home/bin/cargo" "+1.99.0-beta.8" "metadata" "--manifest-path" "Cargo.toml" "--no-deps", kill_on_drop: false }`
[INFO] running `Command { std: CARGO_HOME="/workspace/cargo-home" RUSTUP_HOME="/workspace/rustup-home" "/workspace/cargo-home/bin/cargo" "+1.99.0-beta.8" "generate-lockfile" "--manifest-path" "Cargo.toml", kill_on_drop: false }`
[INFO] [stderr]     Updating crates.io index
[INFO] [stderr]     Blocking waiting for file lock on package cache
[INFO] [stderr]      Locking 174 packages to highest compatible versions
[INFO] [stderr]       Adding atoi v2.0.0 (available: v3.1.1)
[INFO] [stderr]       Adding base64 v0.21.7 (available: v0.23.1)
[INFO] [stderr]       Adding bigdecimal v0.3.1 (available: v0.4.11)
[INFO] [stderr]       Adding bit-vec v0.6.3 (available: v0.10.1)
[INFO] [stderr]       Adding etcetera v0.8.0 (available: v0.11.0)
[INFO] [stderr]       Adding generic-array v0.14.7 (available: v0.14.9)
[INFO] [stderr]       Adding hkdf v0.12.4 (available: v0.13.0)
[INFO] [stderr]       Adding hmac v0.12.1 (available: v0.13.0)
[INFO] [stderr]       Adding ipnetwork v0.20.0 (available: v0.21.1)
[INFO] [stderr]       Adding md-5 v0.10.6 (available: v0.11.0)
[INFO] [stderr]       Adding num-bigint v0.4.8 (available: v0.5.1)
[INFO] [stderr]       Adding rand v0.8.8 (available: v0.10.3)
[INFO] [stderr]       Adding sha2 v0.10.9 (available: v0.11.1)
[INFO] [stderr]       Adding thiserror v1.0.69 (available: v2.0.21)
[INFO] [stderr]       Adding whoami v1.6.1 (available: v2.1.3)
[INFO] running `Command { std: CARGO_HOME="/workspace/cargo-home" RUSTUP_HOME="/workspace/rustup-home" "/workspace/cargo-home/bin/cargo" "+1.99.0-beta.8" "fetch" "--manifest-path" "Cargo.toml", kill_on_drop: false }`
[INFO] [stderr]  Downloading crates ...
[INFO] [stderr]   Downloaded wasite v0.1.0
[INFO] [stderr]   Downloaded libredox v0.1.25
[INFO] [stderr]   Downloaded redox_syscall v0.9.5
[INFO] [stderr]   Downloaded whoami v1.6.1
[INFO] [stderr]   Downloaded uuid v1.28.0
[INFO] [stderr]   Downloaded rand v0.9.5
[INFO] [stderr]   Downloaded crc v3.4.0
[INFO] [stderr]   Downloaded mac_address v1.2.1
[INFO] [stderr]   Downloaded atoi v2.0.0
[INFO] [stderr]   Downloaded etcetera v0.8.0
[INFO] [stderr]   Downloaded hashlink v0.8.4
[INFO] [stderr]   Downloaded bigdecimal v0.3.1
[INFO] [stderr]   Downloaded ipnetwork v0.20.0
[INFO] [stderr]   Downloaded dotenvy v0.15.7
[INFO] [stderr]   Downloaded bit-vec v0.6.3
[INFO] [stderr]   Downloaded crc-catalog v2.5.0
[INFO] [stderr]   Downloaded sqlformat v0.2.6
[INFO] [stderr]   Downloaded crossbeam-queue v0.3.14
[INFO] [stderr]   Downloaded unicode-properties v0.1.4
[INFO] [stderr]   Downloaded stringprep v0.1.5
[INFO] [stderr]   Downloaded unicode-bidi v0.3.18
[INFO] [stderr]   Downloaded futures-intrusive v0.5.0
[INFO] [stderr]   Downloaded sqlx-build-trust-core v0.7.9
[INFO] [stderr]   Downloaded unicode_categories v0.1.1
[INFO] [stderr]   Downloaded hkdf v0.12.4
[INFO] [stderr]   Downloaded rust_decimal v1.43.0
[INFO] running `Command { std: "docker" "create" "-v" "/var/lib/crater-agent-workspace/builds/worker-5-tc1/source:/opt/rustwide/workdir:ro,Z" "-v" "/var/lib/crater-agent-workspace/builds/worker-5-tc1/target:/opt/rustwide/target:rw,Z" "-v" "/var/lib/crater-agent-workspace/cargo-home:/opt/rustwide/cargo-home:ro,Z" "-v" "/var/lib/crater-agent-workspace/rustup-home:/opt/rustwide/rustup-home:ro,Z" "-m" "1610612736" "--network" "none" "ghcr.io/rust-lang/crates-build-env/linux@sha256:77db811e55d90add9212f6832c23229e3de5f1c1f9905e8cb07319ea15df73ac" "sleep" "infinity", kill_on_drop: false }`
[INFO] [stdout] f8f93c4bec8fba3097721efbea1bd2217c3f40c85a911cc964b7f19556ca48da
[INFO] running `Command { std: "docker" "start" "f8f93c4bec8fba3097721efbea1bd2217c3f40c85a911cc964b7f19556ca48da", kill_on_drop: false }`
[INFO] running `Command { std: "docker" "inspect" "f8f93c4bec8fba3097721efbea1bd2217c3f40c85a911cc964b7f19556ca48da", kill_on_drop: false }`
[INFO] running `Command { std: "docker" "exec" "-e" "SOURCE_DIR=/opt/rustwide/workdir" "-e" "CARGO_HOME=/opt/rustwide/cargo-home" "-e" "RUSTUP_HOME=/opt/rustwide/rustup-home" "-e" "CARGO_TARGET_DIR=/opt/rustwide/target" "-w" "/opt/rustwide/workdir" "--user" "0:0" "f8f93c4bec8fba3097721efbea1bd2217c3f40c85a911cc964b7f19556ca48da" "/opt/rustwide/cargo-home/bin/cargo" "+1.99.0-beta.8" "metadata" "--no-deps" "--format-version=1", kill_on_drop: false }`
[INFO] running `Command { std: "docker" "inspect" "f8f93c4bec8fba3097721efbea1bd2217c3f40c85a911cc964b7f19556ca48da", kill_on_drop: false }`
[INFO] running `Command { std: "docker" "exec" "-e" "SOURCE_DIR=/opt/rustwide/workdir" "-e" "CARGO_HOME=/opt/rustwide/cargo-home" "-e" "RUSTUP_HOME=/opt/rustwide/rustup-home" "-e" "CARGO_TARGET_DIR=/opt/rustwide/target" "-e" "CARGO_INCREMENTAL=0" "-e" "RUST_BACKTRACE=full" "-e" "RUSTFLAGS=--cap-lints=warn" "-e" "RUSTDOCFLAGS=--cap-lints=warn" "-w" "/opt/rustwide/workdir" "--user" "0:0" "f8f93c4bec8fba3097721efbea1bd2217c3f40c85a911cc964b7f19556ca48da" "/opt/rustwide/cargo-home/bin/cargo" "+1.99.0-beta.8" "build" "--frozen" "--message-format=json" "--release", kill_on_drop: false }`
[INFO] [stderr]    Compiling proc-macro2 v1.0.107
[INFO] [stderr]    Compiling stable_deref_trait v1.2.1
[INFO] [stderr]    Compiling litemap v0.8.3
[INFO] [stderr]    Compiling libc v0.2.191
[INFO] [stderr]    Compiling generic-array v0.14.7
[INFO] [stderr]    Compiling typenum v1.20.1
[INFO] [stderr]    Compiling writeable v0.6.4
[INFO] [stderr]    Compiling smallvec v1.16.3
[INFO] [stderr]    Compiling icu_normalizer_data v2.3.0
[INFO] [stderr]    Compiling utf8_iter v1.0.4
[INFO] [stderr]    Compiling icu_properties_data v2.3.0
[INFO] [stderr]    Compiling getrandom v0.3.4
[INFO] [stderr]    Compiling ahash v0.8.12
[INFO] [stderr]    Compiling memchr v2.8.3
[INFO] [stderr]    Compiling subtle v2.6.1
[INFO] [stderr]    Compiling parking_lot_core v0.9.12
[INFO] [stderr]    Compiling num-traits v0.2.19
[INFO] [stderr]    Compiling crossbeam-utils v0.8.23
[INFO] [stderr]    Compiling scopeguard v1.2.0
[INFO] [stderr]    Compiling futures-core v0.3.34
[INFO] [stderr]    Compiling lock_api v0.4.14
[INFO] [stderr]    Compiling serde_json v1.0.154
[INFO] [stderr]    Compiling percent-encoding v2.3.2
[INFO] [stderr]    Compiling minimal-lexical v0.2.1
[INFO] [stderr]    Compiling pin-project-lite v0.2.17
[INFO] [stderr]    Compiling allocator-api2 v0.2.21
[INFO] [stderr]    Compiling quote v1.0.47
[INFO] [stderr]    Compiling futures-sink v0.3.34
[INFO] [stderr]    Compiling form_urlencoded v1.2.2
[INFO] [stderr]    Compiling syn v3.0.9
[INFO] [stderr]    Compiling syn v2.0.119
[INFO] [stderr]    Compiling nom v7.1.3
[INFO] [stderr]    Compiling getrandom v0.2.17
[INFO] [stderr]    Compiling block-buffer v0.10.4
[INFO] [stderr]    Compiling crypto-common v0.1.7
[INFO] [stderr]    Compiling hashbrown v0.14.5
[INFO] [stderr]    Compiling rand_core v0.6.4
[INFO] [stderr]    Compiling digest v0.10.7
[INFO] [stderr]    Compiling parking_lot v0.12.5
[INFO] [stderr]    Compiling tracing-core v0.1.36
[INFO] [stderr]    Compiling unicode_categories v0.1.1
[INFO] [stderr]    Compiling log v0.4.34
[INFO] [stderr]    Compiling hashbrown v0.17.1
[INFO] [stderr]    Compiling equivalent v1.0.3
[INFO] [stderr]    Compiling slab v0.4.12
[INFO] [stderr]    Compiling futures-task v0.3.34
[INFO] [stderr]    Compiling futures-io v0.3.34
[INFO] [stderr]    Compiling futures-util v0.3.34
[INFO] [stderr]    Compiling hashlink v0.8.4
[INFO] [stderr]    Compiling futures-intrusive v0.5.0
[INFO] [stderr]    Compiling indexmap v2.14.2
[INFO] [stderr]    Compiling sqlformat v0.2.6
[INFO] [stderr]    Compiling rand_chacha v0.3.1
[INFO] [stderr]    Compiling hmac v0.12.1
[INFO] [stderr]    Compiling atoi v2.0.0
[INFO] [stderr]    Compiling crossbeam-queue v0.3.14
[INFO] [stderr]    Compiling futures-channel v0.3.34
[INFO] [stderr]    Compiling byteorder v1.5.0
[INFO] [stderr]    Compiling synstructure v0.14.0
[INFO] [stderr]    Compiling bytes v1.12.1
[INFO] [stderr]    Compiling unicode-bidi v0.3.18
[INFO] [stderr]    Compiling event-listener v2.5.3
[INFO] [stderr]    Compiling unicode-properties v0.1.4
[INFO] [stderr]    Compiling either v1.19.0
[INFO] [stderr]    Compiling zerofrom-derive v0.1.8
[INFO] [stderr]    Compiling yoke-derive v0.8.4
[INFO] [stderr]    Compiling zerovec-derive v0.11.6
[INFO] [stderr]    Compiling zerofrom v0.1.8
[INFO] [stderr]    Compiling displaydoc v0.2.7
[INFO] [stderr]    Compiling yoke v0.8.3
[INFO] [stderr]    Compiling serde_derive v1.0.229
[INFO] [stderr]    Compiling crc-catalog v2.5.0
[INFO] [stderr]    Compiling crc v3.4.0
[INFO] [stderr]    Compiling sha2 v0.10.9
[INFO] [stderr]    Compiling zerotrie v0.2.5
[INFO] [stderr]    Compiling zerovec v0.11.8
[INFO] [stderr]    Compiling stringprep v0.1.5
[INFO] [stderr]    Compiling rand v0.8.8
[INFO] [stderr]    Compiling thiserror-impl v1.0.69
[INFO] [stderr]    Compiling tracing-attributes v0.1.31
[INFO] [stderr]    Compiling tinystr v0.8.4
[INFO] [stderr]    Compiling icu_locale_core v2.3.0
[INFO] [stderr]    Compiling potential_utf v0.1.6
[INFO] [stderr]    Compiling icu_collections v2.3.0
[INFO] [stderr]    Compiling thiserror v1.0.69
[INFO] [stderr]    Compiling hkdf v0.12.4
[INFO] [stderr]    Compiling tracing v0.1.44
[INFO] [stderr]    Compiling md-5 v0.10.6
[INFO] [stderr]    Compiling bitflags v2.13.2
[INFO] [stderr]    Compiling whoami v1.6.1
[INFO] [stderr]    Compiling base64 v0.21.7
[INFO] [stderr]    Compiling dotenvy v0.15.7
[INFO] [stderr]    Compiling home v0.5.12
[INFO] [stderr]    Compiling serde v1.0.229
[INFO] [stderr]    Compiling icu_provider v2.3.1
[INFO] [stderr]    Compiling icu_normalizer v2.3.0
[INFO] [stderr]    Compiling icu_properties v2.3.0
[INFO] [stderr]    Compiling idna_adapter v1.2.2
[INFO] [stderr]    Compiling idna v1.1.0
[INFO] [stderr]    Compiling url v2.5.8
[INFO] [stderr]    Compiling sqlx-build-trust-core v0.7.9
[INFO] [stderr]    Compiling sqlx-build-trust-postgres v0.7.9 (/opt/rustwide/workdir)
[INFO] [stdout] warning: unexpected `cfg` condition value: `_rt-tokio`
[INFO] [stdout]    --> src/copy.rs:232:23
[INFO] [stdout]     |
[INFO] [stdout] 232 |                 #[cfg(feature = "_rt-tokio")]
[INFO] [stdout]     |                       ^^^^^^^^^^^^^^^^^^^^^
[INFO] [stdout]     |
[INFO] [stdout]     = note: expected values for `feature` are: `any`, `bigdecimal`, `bit-vec`, `chrono`, `ipnetwork`, `json`, `mac_address`, `migrate`, `offline`, `rust_decimal`, `time`, and `uuid`
[INFO] [stdout]     = help: consider adding `_rt-tokio` as a feature in `Cargo.toml`
[INFO] [stdout]     = note: see <https://doc.rust-lang.org/nightly/rustc/check-cfg/cargo-specifics.html> for more information about checking conditional configuration
[INFO] [stdout]     = note: `#[warn(unexpected_cfgs)]` on by default
[INFO] [stdout] 
[INFO] [stdout] 
[INFO] [stdout] warning: unexpected `cfg` condition value: `_rt-tokio`
[INFO] [stdout]    --> src/copy.rs:234:27
[INFO] [stdout]     |
[INFO] [stdout] 234 |                 #[cfg(not(feature = "_rt-tokio"))]
[INFO] [stdout]     |                           ^^^^^^^^^^^^^^^^^^^^^
[INFO] [stdout]     |
[INFO] [stdout]     = note: expected values for `feature` are: `any`, `bigdecimal`, `bit-vec`, `chrono`, `ipnetwork`, `json`, `mac_address`, `migrate`, `offline`, `rust_decimal`, `time`, and `uuid`
[INFO] [stdout]     = help: consider adding `_rt-tokio` as a feature in `Cargo.toml`
[INFO] [stdout]     = note: see <https://doc.rust-lang.org/nightly/rustc/check-cfg/cargo-specifics.html> for more information about checking conditional configuration
[INFO] [stdout] 
[INFO] [stdout] 
[INFO] [stdout] warning: use of deprecated module `std::i16`: all constants in this module replaced by associated constants on the type
[INFO] [stdout]  --> src/message/parse.rs:1:10
[INFO] [stdout]   |
[INFO] [stdout] 1 | use std::i16;
[INFO] [stdout]   |          ^^^
[INFO] [stdout]   |
[INFO] [stdout]   = note: `#[warn(deprecated)]` on by default
[INFO] [stdout] 
[INFO] [stdout] 
[INFO] [stdout] warning: this function depends on never type fallback being `()`
[INFO] [stdout]   --> src/connection/executor.rs:23:1
[INFO] [stdout]    |
[INFO] [stdout] 23 | / async fn prepare(
[INFO] [stdout] 24 | |     conn: &mut PgConnection,
[INFO] [stdout] 25 | |     sql: &str,
[INFO] [stdout] 26 | |     parameters: &[PgTypeInfo],
[INFO] [stdout] 27 | |     metadata: Option<Arc<PgStatementMetadata>>,
[INFO] [stdout] 28 | | ) -> Result<(Oid, Arc<PgStatementMetadata>), Error> {
[INFO] [stdout]    | |___________________________________________________^
[INFO] [stdout]    |
[INFO] [stdout]    = help: specify the types explicitly
[INFO] [stdout] note: in edition 2024, the requirement `!: sqlx_core::io::Decode<'_>` will fail
[INFO] [stdout]   --> src/connection/executor.rs:68:10
[INFO] [stdout]    |
[INFO] [stdout] 68 |         .recv_expect(MessageFormat::ParseComplete)
[INFO] [stdout]    |          ^^^^^^^^^^^
[INFO] [stdout]    = warning: this was previously accepted by the compiler but is being phased out; it will become a hard error in Rust 2024 and in a future release in all editions!
[INFO] [stdout]    = note: for more information, see <https://doc.rust-lang.org/edition-guide/rust-2024/never-type-fallback.html>
[INFO] [stdout]    = note: `#[warn(dependency_on_unit_never_type_fallback)]` (part of `#[warn(rust_2024_compatibility)]`) on by default
[INFO] [stdout] help: use `()` annotations to avoid fallback changes
[INFO] [stdout]    |
[INFO] [stdout] 66 |     let _: () = conn
[INFO] [stdout]    |          ++++
[INFO] [stdout] 
[INFO] [stdout] 
[INFO] [stdout] warning: this function depends on never type fallback being `()`
[INFO] [stdout]    --> src/copy.rs:262:5
[INFO] [stdout]     |
[INFO] [stdout] 262 |     pub async fn abort(mut self, msg: impl Into<String>) -> Result<()> {
[INFO] [stdout]     |     ^^^^^^^^^^^^^^^^^^^^^^^^^^^^^^^^^^^^^^^^^^^^^^^^^^^^^^^^^^^^^^^^^^
[INFO] [stdout]     |
[INFO] [stdout]     = help: specify the types explicitly
[INFO] [stdout] note: in edition 2024, the requirement `!: sqlx_core::io::Decode<'_>` will fail
[INFO] [stdout]    --> src/copy.rs:280:30
[INFO] [stdout]     |
[INFO] [stdout] 280 | ...                   .recv_expect(MessageFormat::ReadyForQuery)
[INFO] [stdout]     |                        ^^^^^^^^^^^
[INFO] [stdout]     = warning: this was previously accepted by the compiler but is being phased out; it will become a hard error in Rust 2024 and in a future release in all editions!
[INFO] [stdout]     = note: for more information, see <https://doc.rust-lang.org/edition-guide/rust-2024/never-type-fallback.html>
[INFO] [stdout] help: use `()` annotations to avoid fallback changes
[INFO] [stdout]     |
[INFO] [stdout] 280 |                             .recv_expect::<()>(MessageFormat::ReadyForQuery)
[INFO] [stdout]     |                                         ++++++
[INFO] [stdout] 
[INFO] [stdout] 
[INFO] [stdout] warning: this function depends on never type fallback being `()`
[INFO] [stdout]    --> src/copy.rs:294:5
[INFO] [stdout]     |
[INFO] [stdout] 294 |     pub async fn finish(mut self) -> Result<u64> {
[INFO] [stdout]     |     ^^^^^^^^^^^^^^^^^^^^^^^^^^^^^^^^^^^^^^^^^^^^
[INFO] [stdout]     |
[INFO] [stdout]     = help: specify the types explicitly
[INFO] [stdout] note: in edition 2024, the requirement `!: sqlx_core::io::Decode<'_>` will fail
[INFO] [stdout]    --> src/copy.rs:314:14
[INFO] [stdout]     |
[INFO] [stdout] 314 |             .recv_expect(MessageFormat::ReadyForQuery)
[INFO] [stdout]     |              ^^^^^^^^^^^
[INFO] [stdout]     = warning: this was previously accepted by the compiler but is being phased out; it will become a hard error in Rust 2024 and in a future release in all editions!
[INFO] [stdout]     = note: for more information, see <https://doc.rust-lang.org/edition-guide/rust-2024/never-type-fallback.html>
[INFO] [stdout] help: use `()` annotations to avoid fallback changes
[INFO] [stdout]     |
[INFO] [stdout] 314 |             .recv_expect::<()>(MessageFormat::ReadyForQuery)
[INFO] [stdout]     |                         ++++++
[INFO] [stdout] 
[INFO] [stdout] 
[INFO] [stdout] warning: this function depends on never type fallback being `()`
[INFO] [stdout]    --> src/copy.rs:331:1
[INFO] [stdout]     |
[INFO] [stdout] 331 | / async fn pg_begin_copy_out<'c, C: DerefMut<Target = PgConnection> + Send + 'c>(
[INFO] [stdout] 332 | |     mut conn: C,
[INFO] [stdout] 333 | |     statement: &str,
[INFO] [stdout] 334 | | ) -> Result<BoxStream<'c, Result<Bytes>>> {
[INFO] [stdout]     | |_________________________________________^
[INFO] [stdout]     |
[INFO] [stdout]     = help: specify the types explicitly
[INFO] [stdout] note: in edition 2024, the requirement `!: sqlx_core::io::Decode<'_>` will fail
[INFO] [stdout]    --> src/copy.rs:350:33
[INFO] [stdout]     |
[INFO] [stdout] 350 |                     conn.stream.recv_expect(MessageFormat::CommandComplete).await?;
[INFO] [stdout]     |                                 ^^^^^^^^^^^
[INFO] [stdout]     = warning: this was previously accepted by the compiler but is being phased out; it will become a hard error in Rust 2024 and in a future release in all editions!
[INFO] [stdout]     = note: for more information, see <https://doc.rust-lang.org/edition-guide/rust-2024/never-type-fallback.html>
[INFO] [stdout] help: use `()` annotations to avoid fallback changes
[INFO] [stdout]     |
[INFO] [stdout] 350 ~                     conn.stream.recv_expect::<()>(MessageFormat::CommandComplete).await?;
[INFO] [stdout] 351 ~                     conn.stream.recv_expect::<()>(MessageFormat::ReadyForQuery).await?;
[INFO] [stdout]     |
[INFO] [stdout] 
[INFO] [stdout] 
[INFO] [stdout] warning: use of deprecated method `futures_channel::mpsc::UnboundedReceiver::<T>::try_next`: please use `try_recv` instead
[INFO] [stdout]    --> src/listener.rs:242:56
[INFO] [stdout]     |
[INFO] [stdout] 242 |         if let Ok(Some(notification)) = self.buffer_rx.try_next() {
[INFO] [stdout]     |                                                        ^^^^^^^^
[INFO] [stdout] 
[INFO] [stdout] 
[INFO] [stdout] warning: trait `PgPoolCopyExt` is never used
[INFO] [stdout]   --> src/copy.rs:68:11
[INFO] [stdout]    |
[INFO] [stdout] 68 | pub trait PgPoolCopyExt {
[INFO] [stdout]    |           ^^^^^^^^^^^^^
[INFO] [stdout]    |
[INFO] [stdout]    = note: `#[warn(dead_code)]` (part of `#[warn(unused)]`) on by default
[INFO] [stdout] 
[INFO] [stdout] 
[INFO] [stdout] warning: struct `BufGuard` is never constructed
[INFO] [stdout]    --> src/copy.rs:215:16
[INFO] [stdout]     |
[INFO] [stdout] 215 |         struct BufGuard<'s>(&'s mut Vec<u8>);
[INFO] [stdout]     |                ^^^^^^^^
[INFO] [stdout] 
[INFO] [stdout] 
[INFO] [stdout] warning: struct `Flush` is never constructed
[INFO] [stdout]   --> src/message/flush.rs:10:12
[INFO] [stdout]    |
[INFO] [stdout] 10 | pub struct Flush;
[INFO] [stdout]    |            ^^^^^
[INFO] [stdout] 
[INFO] [stdout] 
[INFO] [stdout] warning: fields `data_type_size`, `type_modifier`, and `format` are never read
[INFO] [stdout]   --> src/message/row_description.rs:30:9
[INFO] [stdout]    |
[INFO] [stdout] 13 | pub struct Field {
[INFO] [stdout]    |            ----- fields in this struct
[INFO] [stdout] ...
[INFO] [stdout] 30 |     pub data_type_size: i16,
[INFO] [stdout]    |         ^^^^^^^^^^^^^^
[INFO] [stdout] ...
[INFO] [stdout] 34 |     pub type_modifier: i32,
[INFO] [stdout]    |         ^^^^^^^^^^^^^
[INFO] [stdout] ...
[INFO] [stdout] 37 |     pub format: i16,
[INFO] [stdout]    |         ^^^^^^
[INFO] [stdout]    |
[INFO] [stdout]    = note: `Field` has a derived impl for the trait `Debug`, but this is intentionally ignored during dead code analysis
[INFO] [stdout] 
[INFO] [stdout] 
[INFO] [stderr]     Finished `release` profile [optimized] target(s) in 1m 33s
[INFO] [stderr] warning: the following packages contain code that will be rejected by a future version of Rust: sqlx-build-trust-postgres v0.7.9 (/opt/rustwide/workdir)
[INFO] [stderr] note: to see what the problems were, use the option `--future-incompat-report`, or run `cargo report future-incompatibilities --id 1`
[INFO] running `Command { std: "docker" "inspect" "f8f93c4bec8fba3097721efbea1bd2217c3f40c85a911cc964b7f19556ca48da", kill_on_drop: false }`
[INFO] running `Command { std: "docker" "exec" "-e" "SOURCE_DIR=/opt/rustwide/workdir" "-e" "CARGO_HOME=/opt/rustwide/cargo-home" "-e" "RUSTUP_HOME=/opt/rustwide/rustup-home" "-e" "CARGO_TARGET_DIR=/opt/rustwide/target" "-e" "CARGO_INCREMENTAL=0" "-e" "RUST_BACKTRACE=full" "-e" "RUSTFLAGS=--cap-lints=warn" "-e" "RUSTDOCFLAGS=--cap-lints=warn" "-w" "/opt/rustwide/workdir" "--user" "0:0" "f8f93c4bec8fba3097721efbea1bd2217c3f40c85a911cc964b7f19556ca48da" "/opt/rustwide/cargo-home/bin/cargo" "+1.99.0-beta.8" "test" "--frozen" "--no-run" "--message-format=json" "--release", kill_on_drop: false }`
[INFO] [stderr]    Compiling sqlx-build-trust-postgres v0.7.9 (/opt/rustwide/workdir)
[INFO] [stdout] warning: unexpected `cfg` condition value: `_rt-tokio`
[INFO] [stdout]    --> src/copy.rs:232:23
[INFO] [stdout]     |
[INFO] [stdout] 232 |                 #[cfg(feature = "_rt-tokio")]
[INFO] [stdout]     |                       ^^^^^^^^^^^^^^^^^^^^^
[INFO] [stdout]     |
[INFO] [stdout]     = note: expected values for `feature` are: `any`, `bigdecimal`, `bit-vec`, `chrono`, `ipnetwork`, `json`, `mac_address`, `migrate`, `offline`, `rust_decimal`, `time`, and `uuid`
[INFO] [stdout]     = help: consider adding `_rt-tokio` as a feature in `Cargo.toml`
[INFO] [stdout]     = note: see <https://doc.rust-lang.org/nightly/rustc/check-cfg/cargo-specifics.html> for more information about checking conditional configuration
[INFO] [stdout]     = note: `#[warn(unexpected_cfgs)]` on by default
[INFO] [stdout] 
[INFO] [stdout] 
[INFO] [stdout] warning: unexpected `cfg` condition value: `_rt-tokio`
[INFO] [stdout]    --> src/copy.rs:234:27
[INFO] [stdout]     |
[INFO] [stdout] 234 |                 #[cfg(not(feature = "_rt-tokio"))]
[INFO] [stdout]     |                           ^^^^^^^^^^^^^^^^^^^^^
[INFO] [stdout]     |
[INFO] [stdout]     = note: expected values for `feature` are: `any`, `bigdecimal`, `bit-vec`, `chrono`, `ipnetwork`, `json`, `mac_address`, `migrate`, `offline`, `rust_decimal`, `time`, and `uuid`
[INFO] [stdout]     = help: consider adding `_rt-tokio` as a feature in `Cargo.toml`
[INFO] [stdout]     = note: see <https://doc.rust-lang.org/nightly/rustc/check-cfg/cargo-specifics.html> for more information about checking conditional configuration
[INFO] [stdout] 
[INFO] [stdout] 
[INFO] [stdout] warning: use of deprecated module `std::i16`: all constants in this module replaced by associated constants on the type
[INFO] [stdout]  --> src/message/parse.rs:1:10
[INFO] [stdout]   |
[INFO] [stdout] 1 | use std::i16;
[INFO] [stdout]   |          ^^^
[INFO] [stdout]   |
[INFO] [stdout]   = note: `#[warn(deprecated)]` on by default
[INFO] [stdout] 
[INFO] [stdout] 
[INFO] [stdout] warning: this function depends on never type fallback being `()`
[INFO] [stdout]   --> src/connection/executor.rs:23:1
[INFO] [stdout]    |
[INFO] [stdout] 23 | / async fn prepare(
[INFO] [stdout] 24 | |     conn: &mut PgConnection,
[INFO] [stdout] 25 | |     sql: &str,
[INFO] [stdout] 26 | |     parameters: &[PgTypeInfo],
[INFO] [stdout] 27 | |     metadata: Option<Arc<PgStatementMetadata>>,
[INFO] [stdout] 28 | | ) -> Result<(Oid, Arc<PgStatementMetadata>), Error> {
[INFO] [stdout]    | |___________________________________________________^
[INFO] [stdout]    |
[INFO] [stdout]    = help: specify the types explicitly
[INFO] [stdout] note: in edition 2024, the requirement `!: sqlx_core::io::Decode<'_>` will fail
[INFO] [stdout]   --> src/connection/executor.rs:68:10
[INFO] [stdout]    |
[INFO] [stdout] 68 |         .recv_expect(MessageFormat::ParseComplete)
[INFO] [stdout]    |          ^^^^^^^^^^^
[INFO] [stdout]    = warning: this was previously accepted by the compiler but is being phased out; it will become a hard error in Rust 2024 and in a future release in all editions!
[INFO] [stdout]    = note: for more information, see <https://doc.rust-lang.org/edition-guide/rust-2024/never-type-fallback.html>
[INFO] [stdout]    = note: `#[warn(dependency_on_unit_never_type_fallback)]` (part of `#[warn(rust_2024_compatibility)]`) on by default
[INFO] [stdout] help: use `()` annotations to avoid fallback changes
[INFO] [stdout]    |
[INFO] [stdout] 66 |     let _: () = conn
[INFO] [stdout]    |          ++++
[INFO] [stdout] 
[INFO] [stdout] 
[INFO] [stdout] warning: this function depends on never type fallback being `()`
[INFO] [stdout]    --> src/copy.rs:262:5
[INFO] [stdout]     |
[INFO] [stdout] 262 |     pub async fn abort(mut self, msg: impl Into<String>) -> Result<()> {
[INFO] [stdout]     |     ^^^^^^^^^^^^^^^^^^^^^^^^^^^^^^^^^^^^^^^^^^^^^^^^^^^^^^^^^^^^^^^^^^
[INFO] [stdout]     |
[INFO] [stdout]     = help: specify the types explicitly
[INFO] [stdout] note: in edition 2024, the requirement `!: sqlx_core::io::Decode<'_>` will fail
[INFO] [stdout]    --> src/copy.rs:280:30
[INFO] [stdout]     |
[INFO] [stdout] 280 | ...                   .recv_expect(MessageFormat::ReadyForQuery)
[INFO] [stdout]     |                        ^^^^^^^^^^^
[INFO] [stdout]     = warning: this was previously accepted by the compiler but is being phased out; it will become a hard error in Rust 2024 and in a future release in all editions!
[INFO] [stdout]     = note: for more information, see <https://doc.rust-lang.org/edition-guide/rust-2024/never-type-fallback.html>
[INFO] [stdout] help: use `()` annotations to avoid fallback changes
[INFO] [stdout]     |
[INFO] [stdout] 280 |                             .recv_expect::<()>(MessageFormat::ReadyForQuery)
[INFO] [stdout]     |                                         ++++++
[INFO] [stdout] 
[INFO] [stdout] 
[INFO] [stdout] warning: this function depends on never type fallback being `()`
[INFO] [stdout]    --> src/copy.rs:294:5
[INFO] [stdout]     |
[INFO] [stdout] 294 |     pub async fn finish(mut self) -> Result<u64> {
[INFO] [stdout]     |     ^^^^^^^^^^^^^^^^^^^^^^^^^^^^^^^^^^^^^^^^^^^^
[INFO] [stdout]     |
[INFO] [stdout]     = help: specify the types explicitly
[INFO] [stdout] note: in edition 2024, the requirement `!: sqlx_core::io::Decode<'_>` will fail
[INFO] [stdout]    --> src/copy.rs:314:14
[INFO] [stdout]     |
[INFO] [stdout] 314 |             .recv_expect(MessageFormat::ReadyForQuery)
[INFO] [stdout]     |              ^^^^^^^^^^^
[INFO] [stdout]     = warning: this was previously accepted by the compiler but is being phased out; it will become a hard error in Rust 2024 and in a future release in all editions!
[INFO] [stdout]     = note: for more information, see <https://doc.rust-lang.org/edition-guide/rust-2024/never-type-fallback.html>
[INFO] [stdout] help: use `()` annotations to avoid fallback changes
[INFO] [stdout]     |
[INFO] [stdout] 314 |             .recv_expect::<()>(MessageFormat::ReadyForQuery)
[INFO] [stdout]     |                         ++++++
[INFO] [stdout] 
[INFO] [stdout] 
[INFO] [stdout] warning: this function depends on never type fallback being `()`
[INFO] [stdout]    --> src/copy.rs:331:1
[INFO] [stdout]     |
[INFO] [stdout] 331 | / async fn pg_begin_copy_out<'c, C: DerefMut<Target = PgConnection> + Send + 'c>(
[INFO] [stdout] 332 | |     mut conn: C,
[INFO] [stdout] 333 | |     statement: &str,
[INFO] [stdout] 334 | | ) -> Result<BoxStream<'c, Result<Bytes>>> {
[INFO] [stdout]     | |_________________________________________^
[INFO] [stdout]     |
[INFO] [stdout]     = help: specify the types explicitly
[INFO] [stdout] note: in edition 2024, the requirement `!: sqlx_core::io::Decode<'_>` will fail
[INFO] [stdout]    --> src/copy.rs:350:33
[INFO] [stdout]     |
[INFO] [stdout] 350 |                     conn.stream.recv_expect(MessageFormat::CommandComplete).await?;
[INFO] [stdout]     |                                 ^^^^^^^^^^^
[INFO] [stdout]     = warning: this was previously accepted by the compiler but is being phased out; it will become a hard error in Rust 2024 and in a future release in all editions!
[INFO] [stdout]     = note: for more information, see <https://doc.rust-lang.org/edition-guide/rust-2024/never-type-fallback.html>
[INFO] [stdout] help: use `()` annotations to avoid fallback changes
[INFO] [stdout]     |
[INFO] [stdout] 350 ~                     conn.stream.recv_expect::<()>(MessageFormat::CommandComplete).await?;
[INFO] [stdout] 351 ~                     conn.stream.recv_expect::<()>(MessageFormat::ReadyForQuery).await?;
[INFO] [stdout]     |
[INFO] [stdout] 
[INFO] [stdout] 
[INFO] [stdout] warning: use of deprecated method `futures_channel::mpsc::UnboundedReceiver::<T>::try_next`: please use `try_recv` instead
[INFO] [stdout]    --> src/listener.rs:242:56
[INFO] [stdout]     |
[INFO] [stdout] 242 |         if let Ok(Some(notification)) = self.buffer_rx.try_next() {
[INFO] [stdout]     |                                                        ^^^^^^^^
[INFO] [stdout] 
[INFO] [stdout] 
[INFO] [stdout] warning: trait `PgPoolCopyExt` is never used
[INFO] [stdout]   --> src/copy.rs:68:11
[INFO] [stdout]    |
[INFO] [stdout] 68 | pub trait PgPoolCopyExt {
[INFO] [stdout]    |           ^^^^^^^^^^^^^
[INFO] [stdout]    |
[INFO] [stdout]    = note: `#[warn(dead_code)]` (part of `#[warn(unused)]`) on by default
[INFO] [stdout] 
[INFO] [stdout] 
[INFO] [stdout] warning: struct `BufGuard` is never constructed
[INFO] [stdout]    --> src/copy.rs:215:16
[INFO] [stdout]     |
[INFO] [stdout] 215 |         struct BufGuard<'s>(&'s mut Vec<u8>);
[INFO] [stdout]     |                ^^^^^^^^
[INFO] [stdout] 
[INFO] [stdout] 
[INFO] [stdout] warning: struct `Flush` is never constructed
[INFO] [stdout]   --> src/message/flush.rs:10:12
[INFO] [stdout]    |
[INFO] [stdout] 10 | pub struct Flush;
[INFO] [stdout]    |            ^^^^^
[INFO] [stdout] 
[INFO] [stdout] 
[INFO] [stdout] warning: fields `data_type_size`, `type_modifier`, and `format` are never read
[INFO] [stdout]   --> src/message/row_description.rs:30:9
[INFO] [stdout]    |
[INFO] [stdout] 13 | pub struct Field {
[INFO] [stdout]    |            ----- fields in this struct
[INFO] [stdout] ...
[INFO] [stdout] 30 |     pub data_type_size: i16,
[INFO] [stdout]    |         ^^^^^^^^^^^^^^
[INFO] [stdout] ...
[INFO] [stdout] 34 |     pub type_modifier: i32,
[INFO] [stdout]    |         ^^^^^^^^^^^^^
[INFO] [stdout] ...
[INFO] [stdout] 37 |     pub format: i16,
[INFO] [stdout]    |         ^^^^^^
[INFO] [stdout]    |
[INFO] [stdout]    = note: `Field` has a derived impl for the trait `Debug`, but this is intentionally ignored during dead code analysis
[INFO] [stdout] 
[INFO] [stdout] 
[INFO] [stdout] error[E0658]: use of unstable library feature `test`: `bench` is a part of custom test frameworks which are unstable
[INFO] [stdout]    --> src/connection/sasl.rs:211:3
[INFO] [stdout]     |
[INFO] [stdout] 211 | #[bench]
[INFO] [stdout]     |   ^^^^^
[INFO] [stdout]     |
[INFO] [stdout]     = note: see issue #50297 <https://github.com/rust-lang/rust/issues/50297> for more information
[INFO] [stdout] 
[INFO] [stdout] 
[INFO] [stdout] error[E0658]: use of unstable library feature `test`: `bench` is a part of custom test frameworks which are unstable
[INFO] [stdout]   --> src/message/backend_key_data.rs:41:3
[INFO] [stdout]    |
[INFO] [stdout] 41 | #[bench]
[INFO] [stdout]    |   ^^^^^
[INFO] [stdout]    |
[INFO] [stdout]    = note: see issue #50297 <https://github.com/rust-lang/rust/issues/50297> for more information
[INFO] [stdout] 
[INFO] [stdout] 
[INFO] [stdout] error[E0658]: use of unstable library feature `test`: `bench` is a part of custom test frameworks which are unstable
[INFO] [stdout]   --> src/message/command_complete.rs:62:3
[INFO] [stdout]    |
[INFO] [stdout] 62 | #[bench]
[INFO] [stdout]    |   ^^^^^
[INFO] [stdout]    |
[INFO] [stdout]    = note: see issue #50297 <https://github.com/rust-lang/rust/issues/50297> for more information
[INFO] [stdout] 
[INFO] [stdout] 
[INFO] [stdout] error[E0658]: use of unstable library feature `test`: `bench` is a part of custom test frameworks which are unstable
[INFO] [stdout]   --> src/message/command_complete.rs:72:3
[INFO] [stdout]    |
[INFO] [stdout] 72 | #[bench]
[INFO] [stdout]    |   ^^^^^
[INFO] [stdout]    |
[INFO] [stdout]    = note: see issue #50297 <https://github.com/rust-lang/rust/issues/50297> for more information
[INFO] [stdout] 
[INFO] [stdout] 
[INFO] [stdout] error[E0658]: use of unstable library feature `test`: `bench` is a part of custom test frameworks which are unstable
[INFO] [stdout]   --> src/message/data_row.rs:77:3
[INFO] [stdout]    |
[INFO] [stdout] 77 | #[bench]
[INFO] [stdout]    |   ^^^^^
[INFO] [stdout]    |
[INFO] [stdout]    = note: see issue #50297 <https://github.com/rust-lang/rust/issues/50297> for more information
[INFO] [stdout] 
[INFO] [stdout] 
[INFO] [stdout] error[E0658]: use of unstable library feature `test`: `bench` is a part of custom test frameworks which are unstable
[INFO] [stdout]   --> src/message/data_row.rs:89:3
[INFO] [stdout]    |
[INFO] [stdout] 89 | #[bench]
[INFO] [stdout]    |   ^^^^^
[INFO] [stdout]    |
[INFO] [stdout]    = note: see issue #50297 <https://github.com/rust-lang/rust/issues/50297> for more information
[INFO] [stdout] 
[INFO] [stdout] 
[INFO] [stdout] error[E0658]: use of unstable library feature `test`: `bench` is a part of custom test frameworks which are unstable
[INFO] [stdout]    --> src/message/describe.rs:102:3
[INFO] [stdout]     |
[INFO] [stdout] 102 | #[bench]
[INFO] [stdout]     |   ^^^^^
[INFO] [stdout]     |
[INFO] [stdout]     = note: see issue #50297 <https://github.com/rust-lang/rust/issues/50297> for more information
[INFO] [stdout] 
[INFO] [stdout] 
[INFO] [stdout] error[E0658]: use of unstable library feature `test`: `bench` is a part of custom test frameworks which are unstable
[INFO] [stdout]    --> src/message/describe.rs:116:3
[INFO] [stdout]     |
[INFO] [stdout] 116 | #[bench]
[INFO] [stdout]     |   ^^^^^
[INFO] [stdout]     |
[INFO] [stdout]     = note: see issue #50297 <https://github.com/rust-lang/rust/issues/50297> for more information
[INFO] [stdout] 
[INFO] [stdout] 
[INFO] [stdout] error[E0658]: use of unstable library feature `test`: `bench` is a part of custom test frameworks which are unstable
[INFO] [stdout]   --> src/message/parameter_description.rs:47:3
[INFO] [stdout]    |
[INFO] [stdout] 47 | #[bench]
[INFO] [stdout]    |   ^^^^^
[INFO] [stdout]    |
[INFO] [stdout]    = note: see issue #50297 <https://github.com/rust-lang/rust/issues/50297> for more information
[INFO] [stdout] 
[INFO] [stdout] 
[INFO] [stdout] error[E0658]: use of unstable library feature `test`: `bench` is a part of custom test frameworks which are unstable
[INFO] [stdout]   --> src/message/parameter_status.rs:42:3
[INFO] [stdout]    |
[INFO] [stdout] 42 | #[bench]
[INFO] [stdout]    |   ^^^^^
[INFO] [stdout]    |
[INFO] [stdout]    = note: see issue #50297 <https://github.com/rust-lang/rust/issues/50297> for more information
[INFO] [stdout] 
[INFO] [stdout] 
[INFO] [stdout] error[E0658]: use of unstable library feature `test`: `bench` is a part of custom test frameworks which are unstable
[INFO] [stdout]    --> src/message/password.rs:102:3
[INFO] [stdout]     |
[INFO] [stdout] 102 | #[bench]
[INFO] [stdout]     |   ^^^^^
[INFO] [stdout]     |
[INFO] [stdout]     = note: see issue #50297 <https://github.com/rust-lang/rust/issues/50297> for more information
[INFO] [stdout] 
[INFO] [stdout] 
[INFO] [stdout] error[E0658]: use of unstable library feature `test`: `bench` is a part of custom test frameworks which are unstable
[INFO] [stdout]    --> src/message/password.rs:116:3
[INFO] [stdout]     |
[INFO] [stdout] 116 | #[bench]
[INFO] [stdout]     |   ^^^^^
[INFO] [stdout]     |
[INFO] [stdout]     = note: see issue #50297 <https://github.com/rust-lang/rust/issues/50297> for more information
[INFO] [stdout] 
[INFO] [stdout] 
[INFO] [stdout] error[E0658]: use of unstable library feature `test`: `bench` is a part of custom test frameworks which are unstable
[INFO] [stdout]    --> src/message/response.rs:231:3
[INFO] [stdout]     |
[INFO] [stdout] 231 | #[bench]
[INFO] [stdout]     |   ^^^^^
[INFO] [stdout]     |
[INFO] [stdout]     = note: see issue #50297 <https://github.com/rust-lang/rust/issues/50297> for more information
[INFO] [stdout] 
[INFO] [stdout] 
[INFO] [stdout] error[E0658]: use of unstable library feature `test`: `bench` is a part of custom test frameworks which are unstable
[INFO] [stdout]    --> src/message/response.rs:243:3
[INFO] [stdout]     |
[INFO] [stdout] 243 | #[bench]
[INFO] [stdout]     |   ^^^^^
[INFO] [stdout]     |
[INFO] [stdout]     = note: see issue #50297 <https://github.com/rust-lang/rust/issues/50297> for more information
[INFO] [stdout] 
[INFO] [stdout] 
[INFO] [stdout] error[E0658]: use of unstable library feature `test`: `bench` is a part of custom test frameworks which are unstable
[INFO] [stdout]   --> src/message/startup.rs:77:3
[INFO] [stdout]    |
[INFO] [stdout] 77 | #[bench]
[INFO] [stdout]    |   ^^^^^
[INFO] [stdout]    |
[INFO] [stdout]    = note: see issue #50297 <https://github.com/rust-lang/rust/issues/50297> for more information
[INFO] [stdout] 
[INFO] [stdout] 
[INFO] [stdout] error[E0432]: unresolved import `test`
[INFO] [stdout]    --> src/connection/sasl.rs:213:9
[INFO] [stdout]     |
[INFO] [stdout] 213 |     use test::black_box;
[INFO] [stdout]     |         ^^^^ use of unresolved module or unlinked crate `test`
[INFO] [stdout]     |
[INFO] [stdout]     = help: if you wanted to use a crate named `test`, use `cargo add test` to add it to your `Cargo.toml`
[INFO] [stdout] 
[INFO] [stdout] 
[INFO] [stdout] error[E0432]: unresolved import `test`
[INFO] [stdout]    --> src/message/describe.rs:104:9
[INFO] [stdout]     |
[INFO] [stdout] 104 |     use test::black_box;
[INFO] [stdout]     |         ^^^^ use of unresolved module or unlinked crate `test`
[INFO] [stdout]     |
[INFO] [stdout]     = help: if you wanted to use a crate named `test`, use `cargo add test` to add it to your `Cargo.toml`
[INFO] [stdout] 
[INFO] [stdout] 
[INFO] [stdout] error[E0432]: unresolved import `test`
[INFO] [stdout]    --> src/message/describe.rs:118:9
[INFO] [stdout]     |
[INFO] [stdout] 118 |     use test::black_box;
[INFO] [stdout]     |         ^^^^ use of unresolved module or unlinked crate `test`
[INFO] [stdout]     |
[INFO] [stdout]     = help: if you wanted to use a crate named `test`, use `cargo add test` to add it to your `Cargo.toml`
[INFO] [stdout] 
[INFO] [stdout] 
[INFO] [stdout] error[E0432]: unresolved import `test`
[INFO] [stdout]    --> src/message/password.rs:104:9
[INFO] [stdout]     |
[INFO] [stdout] 104 |     use test::black_box;
[INFO] [stdout]     |         ^^^^ use of unresolved module or unlinked crate `test`
[INFO] [stdout]     |
[INFO] [stdout]     = help: if you wanted to use a crate named `test`, use `cargo add test` to add it to your `Cargo.toml`
[INFO] [stdout] 
[INFO] [stdout] 
[INFO] [stdout] error[E0432]: unresolved import `test`
[INFO] [stdout]    --> src/message/password.rs:118:9
[INFO] [stdout]     |
[INFO] [stdout] 118 |     use test::black_box;
[INFO] [stdout]     |         ^^^^ use of unresolved module or unlinked crate `test`
[INFO] [stdout]     |
[INFO] [stdout]     = help: if you wanted to use a crate named `test`, use `cargo add test` to add it to your `Cargo.toml`
[INFO] [stdout] 
[INFO] [stdout] 
[INFO] [stdout] error[E0432]: unresolved import `test`
[INFO] [stdout]   --> src/message/startup.rs:79:9
[INFO] [stdout]    |
[INFO] [stdout] 79 |     use test::black_box;
[INFO] [stdout]    |         ^^^^ use of unresolved module or unlinked crate `test`
[INFO] [stdout]    |
[INFO] [stdout]    = help: if you wanted to use a crate named `test`, use `cargo add test` to add it to your `Cargo.toml`
[INFO] [stdout] 
[INFO] [stdout] 
[INFO] [stdout] warning: unexpected `cfg` condition value: `_rt-tokio`
[INFO] [stdout]    --> src/copy.rs:232:23
[INFO] [stdout]     |
[INFO] [stdout] 232 |                 #[cfg(feature = "_rt-tokio")]
[INFO] [stdout]     |                       ^^^^^^^^^^^^^^^^^^^^^
[INFO] [stdout]     |
[INFO] [stdout]     = note: expected values for `feature` are: `any`, `bigdecimal`, `bit-vec`, `chrono`, `ipnetwork`, `json`, `mac_address`, `migrate`, `offline`, `rust_decimal`, `time`, and `uuid`
[INFO] [stdout]     = help: consider adding `_rt-tokio` as a feature in `Cargo.toml`
[INFO] [stdout]     = note: see <https://doc.rust-lang.org/nightly/rustc/check-cfg/cargo-specifics.html> for more information about checking conditional configuration
[INFO] [stdout]     = note: `#[warn(unexpected_cfgs)]` on by default
[INFO] [stdout] 
[INFO] [stdout] 
[INFO] [stdout] warning: unexpected `cfg` condition value: `_rt-tokio`
[INFO] [stdout]    --> src/copy.rs:234:27
[INFO] [stdout]     |
[INFO] [stdout] 234 |                 #[cfg(not(feature = "_rt-tokio"))]
[INFO] [stdout]     |                           ^^^^^^^^^^^^^^^^^^^^^
[INFO] [stdout]     |
[INFO] [stdout]     = note: expected values for `feature` are: `any`, `bigdecimal`, `bit-vec`, `chrono`, `ipnetwork`, `json`, `mac_address`, `migrate`, `offline`, `rust_decimal`, `time`, and `uuid`
[INFO] [stdout]     = help: consider adding `_rt-tokio` as a feature in `Cargo.toml`
[INFO] [stdout]     = note: see <https://doc.rust-lang.org/nightly/rustc/check-cfg/cargo-specifics.html> for more information about checking conditional configuration
[INFO] [stdout] 
[INFO] [stdout] 
[INFO] [stdout] warning: use of deprecated module `std::i16`: all constants in this module replaced by associated constants on the type
[INFO] [stdout]  --> src/message/parse.rs:1:10
[INFO] [stdout]   |
[INFO] [stdout] 1 | use std::i16;
[INFO] [stdout]   |          ^^^
[INFO] [stdout]   |
[INFO] [stdout]   = note: `#[warn(deprecated)]` on by default
[INFO] [stdout] 
[INFO] [stdout] 
[INFO] [stdout] warning: this function depends on never type fallback being `()`
[INFO] [stdout]   --> src/connection/executor.rs:23:1
[INFO] [stdout]    |
[INFO] [stdout] 23 | / async fn prepare(
[INFO] [stdout] 24 | |     conn: &mut PgConnection,
[INFO] [stdout] 25 | |     sql: &str,
[INFO] [stdout] 26 | |     parameters: &[PgTypeInfo],
[INFO] [stdout] 27 | |     metadata: Option<Arc<PgStatementMetadata>>,
[INFO] [stdout] 28 | | ) -> Result<(Oid, Arc<PgStatementMetadata>), Error> {
[INFO] [stdout]    | |___________________________________________________^
[INFO] [stdout]    |
[INFO] [stdout]    = help: specify the types explicitly
[INFO] [stdout] note: in edition 2024, the requirement `!: sqlx_core::io::Decode<'_>` will fail
[INFO] [stdout]   --> src/connection/executor.rs:68:10
[INFO] [stdout]    |
[INFO] [stdout] 68 |         .recv_expect(MessageFormat::ParseComplete)
[INFO] [stdout]    |          ^^^^^^^^^^^
[INFO] [stdout]    = warning: this was previously accepted by the compiler but is being phased out; it will become a hard error in Rust 2024 and in a future release in all editions!
[INFO] [stdout]    = note: for more information, see <https://doc.rust-lang.org/edition-guide/rust-2024/never-type-fallback.html>
[INFO] [stdout]    = note: `#[warn(dependency_on_unit_never_type_fallback)]` (part of `#[warn(rust_2024_compatibility)]`) on by default
[INFO] [stdout] help: use `()` annotations to avoid fallback changes
[INFO] [stdout]    |
[INFO] [stdout] 66 |     let _: () = conn
[INFO] [stdout]    |          ++++
[INFO] [stdout] 
[INFO] [stdout] 
[INFO] [stdout] warning: this function depends on never type fallback being `()`
[INFO] [stdout]    --> src/copy.rs:262:5
[INFO] [stdout]     |
[INFO] [stdout] 262 |     pub async fn abort(mut self, msg: impl Into<String>) -> Result<()> {
[INFO] [stdout]     |     ^^^^^^^^^^^^^^^^^^^^^^^^^^^^^^^^^^^^^^^^^^^^^^^^^^^^^^^^^^^^^^^^^^
[INFO] [stdout]     |
[INFO] [stdout]     = help: specify the types explicitly
[INFO] [stdout] note: in edition 2024, the requirement `!: sqlx_core::io::Decode<'_>` will fail
[INFO] [stdout]    --> src/copy.rs:280:30
[INFO] [stdout]     |
[INFO] [stdout] 280 | ...                   .recv_expect(MessageFormat::ReadyForQuery)
[INFO] [stdout]     |                        ^^^^^^^^^^^
[INFO] [stdout]     = warning: this was previously accepted by the compiler but is being phased out; it will become a hard error in Rust 2024 and in a future release in all editions!
[INFO] [stdout]     = note: for more information, see <https://doc.rust-lang.org/edition-guide/rust-2024/never-type-fallback.html>
[INFO] [stdout] help: use `()` annotations to avoid fallback changes
[INFO] [stdout]     |
[INFO] [stdout] 280 |                             .recv_expect::<()>(MessageFormat::ReadyForQuery)
[INFO] [stdout]     |                                         ++++++
[INFO] [stdout] 
[INFO] [stdout] 
[INFO] [stdout] warning: this function depends on never type fallback being `()`
[INFO] [stdout]    --> src/copy.rs:294:5
[INFO] [stdout]     |
[INFO] [stdout] 294 |     pub async fn finish(mut self) -> Result<u64> {
[INFO] [stdout]     |     ^^^^^^^^^^^^^^^^^^^^^^^^^^^^^^^^^^^^^^^^^^^^
[INFO] [stdout]     |
[INFO] [stdout]     = help: specify the types explicitly
[INFO] [stdout] note: in edition 2024, the requirement `!: sqlx_core::io::Decode<'_>` will fail
[INFO] [stdout]    --> src/copy.rs:314:14
[INFO] [stdout]     |
[INFO] [stdout] 314 |             .recv_expect(MessageFormat::ReadyForQuery)
[INFO] [stdout]     |              ^^^^^^^^^^^
[INFO] [stdout]     = warning: this was previously accepted by the compiler but is being phased out; it will become a hard error in Rust 2024 and in a future release in all editions!
[INFO] [stdout]     = note: for more information, see <https://doc.rust-lang.org/edition-guide/rust-2024/never-type-fallback.html>
[INFO] [stdout] help: use `()` annotations to avoid fallback changes
[INFO] [stdout]     |
[INFO] [stdout] 314 |             .recv_expect::<()>(MessageFormat::ReadyForQuery)
[INFO] [stdout]     |                         ++++++
[INFO] [stdout] 
[INFO] [stdout] 
[INFO] [stdout] warning: this function depends on never type fallback being `()`
[INFO] [stdout]    --> src/copy.rs:331:1
[INFO] [stdout]     |
[INFO] [stdout] 331 | / async fn pg_begin_copy_out<'c, C: DerefMut<Target = PgConnection> + Send + 'c>(
[INFO] [stdout] 332 | |     mut conn: C,
[INFO] [stdout] 333 | |     statement: &str,
[INFO] [stdout] 334 | | ) -> Result<BoxStream<'c, Result<Bytes>>> {
[INFO] [stdout]     | |_________________________________________^
[INFO] [stdout]     |
[INFO] [stdout]     = help: specify the types explicitly
[INFO] [stdout] note: in edition 2024, the requirement `!: sqlx_core::io::Decode<'_>` will fail
[INFO] [stdout]    --> src/copy.rs:350:33
[INFO] [stdout]     |
[INFO] [stdout] 350 |                     conn.stream.recv_expect(MessageFormat::CommandComplete).await?;
[INFO] [stdout]     |                                 ^^^^^^^^^^^
[INFO] [stdout]     = warning: this was previously accepted by the compiler but is being phased out; it will become a hard error in Rust 2024 and in a future release in all editions!
[INFO] [stdout]     = note: for more information, see <https://doc.rust-lang.org/edition-guide/rust-2024/never-type-fallback.html>
[INFO] [stdout] help: use `()` annotations to avoid fallback changes
[INFO] [stdout]     |
[INFO] [stdout] 350 ~                     conn.stream.recv_expect::<()>(MessageFormat::CommandComplete).await?;
[INFO] [stdout] 351 ~                     conn.stream.recv_expect::<()>(MessageFormat::ReadyForQuery).await?;
[INFO] [stdout]     |
[INFO] [stdout] 
[INFO] [stdout] 
[INFO] [stdout] warning: use of deprecated method `futures_channel::mpsc::UnboundedReceiver::<T>::try_next`: please use `try_recv` instead
[INFO] [stdout]    --> src/listener.rs:242:56
[INFO] [stdout]     |
[INFO] [stdout] 242 |         if let Ok(Some(notification)) = self.buffer_rx.try_next() {
[INFO] [stdout]     |                                                        ^^^^^^^^
[INFO] [stdout] 
[INFO] [stdout] 
[INFO] [stdout] error[E0433]: cannot find module or crate `test` in this scope
[INFO] [stdout]    --> src/connection/sasl.rs:222:13
[INFO] [stdout]     |
[INFO] [stdout] 222 |             test::black_box("secret_password"),
[INFO] [stdout]     |             ^^^^ use of unresolved module or unlinked crate `test`
[INFO] [stdout]     |
[INFO] [stdout]     = help: if you wanted to use a crate named `test`, use `cargo add test` to add it to your `Cargo.toml`
[INFO] [stdout] 
[INFO] [stdout] 
[INFO] [stdout] error[E0433]: cannot find module or crate `test` in this scope
[INFO] [stdout]    --> src/connection/sasl.rs:223:13
[INFO] [stdout]     |
[INFO] [stdout] 223 |             test::black_box(&nonce),
[INFO] [stdout]     |             ^^^^ use of unresolved module or unlinked crate `test`
[INFO] [stdout]     |
[INFO] [stdout]     = help: if you wanted to use a crate named `test`, use `cargo add test` to add it to your `Cargo.toml`
[INFO] [stdout] 
[INFO] [stdout] 
[INFO] [stdout] error[E0433]: cannot find module or crate `test` in this scope
[INFO] [stdout]    --> src/connection/sasl.rs:224:13
[INFO] [stdout]     |
[INFO] [stdout] 224 |             test::black_box(4096),
[INFO] [stdout]     |             ^^^^ use of unresolved module or unlinked crate `test`
[INFO] [stdout]     |
[INFO] [stdout]     = help: if you wanted to use a crate named `test`, use `cargo add test` to add it to your `Cargo.toml`
[INFO] [stdout] 
[INFO] [stdout] 
[INFO] [stdout] error[E0433]: cannot find module or crate `test` in this scope
[INFO] [stdout]   --> src/message/backend_key_data.rs:46:32
[INFO] [stdout]    |
[INFO] [stdout] 46 |         BackendKeyData::decode(test::black_box(Bytes::from_static(DATA))).unwrap();
[INFO] [stdout]    |                                ^^^^ use of unresolved module or unlinked crate `test`
[INFO] [stdout]    |
[INFO] [stdout]    = help: if you wanted to use a crate named `test`, use `cargo add test` to add it to your `Cargo.toml`
[INFO] [stdout] 
[INFO] [stdout] 
[INFO] [stdout] error[E0433]: cannot find module or crate `test` in this scope
[INFO] [stdout]   --> src/message/command_complete.rs:67:41
[INFO] [stdout]    |
[INFO] [stdout] 67 |         let _ = CommandComplete::decode(test::black_box(Bytes::from_static(DATA)));
[INFO] [stdout]    |                                         ^^^^ use of unresolved module or unlinked crate `test`
[INFO] [stdout]    |
[INFO] [stdout]    = help: if you wanted to use a crate named `test`, use `cargo add test` to add it to your `Cargo.toml`
[INFO] [stdout] 
[INFO] [stdout] 
[INFO] [stdout] error[E0433]: cannot find module or crate `test` in this scope
[INFO] [stdout]   --> src/message/command_complete.rs:79:21
[INFO] [stdout]    |
[INFO] [stdout] 79 |         let _rows = test::black_box(&data).rows_affected();
[INFO] [stdout]    |                     ^^^^ use of unresolved module or unlinked crate `test`
[INFO] [stdout]    |
[INFO] [stdout]    = help: if you wanted to use a crate named `test`, use `cargo add test` to add it to your `Cargo.toml`
[INFO] [stdout] 
[INFO] [stdout] 
[INFO] [stdout] error[E0433]: cannot find module or crate `test` in this scope
[INFO] [stdout]   --> src/message/data_row.rs:81:31
[INFO] [stdout]    |
[INFO] [stdout] 81 |     let row = DataRow::decode(test::black_box(Bytes::from_static(DATA))).unwrap();
[INFO] [stdout]    |                               ^^^^ use of unresolved module or unlinked crate `test`
[INFO] [stdout]    |
[INFO] [stdout]    = help: if you wanted to use a crate named `test`, use `cargo add test` to add it to your `Cargo.toml`
[INFO] [stdout] 
[INFO] [stdout] 
[INFO] [stdout] error[E0433]: cannot find module or crate `test` in this scope
[INFO] [stdout]   --> src/message/data_row.rs:84:22
[INFO] [stdout]    |
[INFO] [stdout] 84 |         let _value = test::black_box(&row).get(3);
[INFO] [stdout]    |                      ^^^^ use of unresolved module or unlinked crate `test`
[INFO] [stdout]    |
[INFO] [stdout]    = help: if you wanted to use a crate named `test`, use `cargo add test` to add it to your `Cargo.toml`
[INFO] [stdout] 
[INFO] [stdout] 
[INFO] [stdout] error[E0433]: cannot find module or crate `test` in this scope
[INFO] [stdout]   --> src/message/data_row.rs:94:33
[INFO] [stdout]    |
[INFO] [stdout] 94 |         let _ = DataRow::decode(test::black_box(Bytes::from_static(DATA)));
[INFO] [stdout]    |                                 ^^^^ use of unresolved module or unlinked crate `test`
[INFO] [stdout]    |
[INFO] [stdout]    = help: if you wanted to use a crate named `test`, use `cargo add test` to add it to your `Cargo.toml`
[INFO] [stdout] 
[INFO] [stdout] 
[INFO] [stdout] error[E0308]: mismatched types
[INFO] [stdout]    --> src/message/describe.rs:111:36
[INFO] [stdout]     |
[INFO] [stdout] 111 |         black_box(Describe::Portal(5)).encode(&mut buf);
[INFO] [stdout]     |                   ---------------- ^ expected `Oid`, found integer
[INFO] [stdout]     |                   |
[INFO] [stdout]     |                   arguments to this enum variant are incorrect
[INFO] [stdout]     |
[INFO] [stdout] note: tuple variant defined here
[INFO] [stdout]    --> src/message/describe.rs:17:5
[INFO] [stdout]     |
[INFO] [stdout]  17 |     Portal(Oid),
[INFO] [stdout]     |     ^^^^^^
[INFO] [stdout] help: try wrapping the expression in `types::oid::Oid`
[INFO] [stdout]     |
[INFO] [stdout] 111 |         black_box(Describe::Portal(types::oid::Oid(5))).encode(&mut buf);
[INFO] [stdout]     |                                    ++++++++++++++++ +
[INFO] [stdout] 
[INFO] [stdout] 
[INFO] [stdout] error[E0433]: cannot find module or crate `test` in this scope
[INFO] [stdout]   --> src/message/parameter_description.rs:52:38
[INFO] [stdout]    |
[INFO] [stdout] 52 |         ParameterDescription::decode(test::black_box(Bytes::from_static(DATA))).unwrap();
[INFO] [stdout]    |                                      ^^^^ use of unresolved module or unlinked crate `test`
[INFO] [stdout]    |
[INFO] [stdout]    = help: if you wanted to use a crate named `test`, use `cargo add test` to add it to your `Cargo.toml`
[INFO] [stdout] 
[INFO] [stdout] 
[INFO] [stdout] error[E0433]: cannot find module or crate `test` in this scope
[INFO] [stdout]   --> src/message/parameter_status.rs:47:33
[INFO] [stdout]    |
[INFO] [stdout] 47 |         ParameterStatus::decode(test::black_box(Bytes::from_static(DATA))).unwrap();
[INFO] [stdout]    |                                 ^^^^ use of unresolved module or unlinked crate `test`
[INFO] [stdout]    |
[INFO] [stdout]    = help: if you wanted to use a crate named `test`, use `cargo add test` to add it to your `Cargo.toml`
[INFO] [stdout] 
[INFO] [stdout] 
[INFO] [stdout] error[E0433]: cannot find module or crate `test` in this scope
[INFO] [stdout]    --> src/message/response.rs:235:30
[INFO] [stdout]     |
[INFO] [stdout] 235 |     let res = Notice::decode(test::black_box(Bytes::from_static(DATA))).unwrap();
[INFO] [stdout]     |                              ^^^^ use of unresolved module or unlinked crate `test`
[INFO] [stdout]     |
[INFO] [stdout]     = help: if you wanted to use a crate named `test`, use `cargo add test` to add it to your `Cargo.toml`
[INFO] [stdout] 
[INFO] [stdout] 
[INFO] [stdout] error[E0433]: cannot find module or crate `test` in this scope
[INFO] [stdout]    --> src/message/response.rs:238:17
[INFO] [stdout]     |
[INFO] [stdout] 238 |         let _ = test::black_box(&res).message();
[INFO] [stdout]     |                 ^^^^ use of unresolved module or unlinked crate `test`
[INFO] [stdout]     |
[INFO] [stdout]     = help: if you wanted to use a crate named `test`, use `cargo add test` to add it to your `Cargo.toml`
[INFO] [stdout] 
[INFO] [stdout] 
[INFO] [stdout] error[E0433]: cannot find module or crate `test` in this scope
[INFO] [stdout]    --> src/message/response.rs:248:32
[INFO] [stdout]     |
[INFO] [stdout] 248 |         let _ = Notice::decode(test::black_box(Bytes::from_static(DATA)));
[INFO] [stdout]     |                                ^^^^ use of unresolved module or unlinked crate `test`
[INFO] [stdout]     |
[INFO] [stdout]     = help: if you wanted to use a crate named `test`, use `cargo add test` to add it to your `Cargo.toml`
[INFO] [stdout] 
[INFO] [stdout] 
[INFO] [stdout] error[E0433]: cannot find module or crate `test` in this scope
[INFO] [stdout]    --> src/connection/sasl.rs:212:26
[INFO] [stdout]     |
[INFO] [stdout] 212 | fn bench_sasl_hi(b: &mut test::Bencher) {
[INFO] [stdout]     |                          ^^^^ use of unresolved module or unlinked crate `test`
[INFO] [stdout]     |
[INFO] [stdout]     = help: if you wanted to use a crate named `test`, use `cargo add test` to add it to your `Cargo.toml`
[INFO] [stdout] 
[INFO] [stdout] 
[INFO] [stdout] error[E0433]: cannot find module or crate `test` in this scope
[INFO] [stdout]   --> src/message/startup.rs:78:33
[INFO] [stdout]    |
[INFO] [stdout] 78 | fn bench_encode_startup(b: &mut test::Bencher) {
[INFO] [stdout]    |                                 ^^^^ use of unresolved module or unlinked crate `test`
[INFO] [stdout]    |
[INFO] [stdout]    = help: if you wanted to use a crate named `test`, use `cargo add test` to add it to your `Cargo.toml`
[INFO] [stdout] 
[INFO] [stdout] 
[INFO] [stdout] error[E0433]: cannot find module or crate `test` in this scope
[INFO] [stdout]    --> src/message/describe.rs:103:41
[INFO] [stdout]     |
[INFO] [stdout] 103 | fn bench_encode_describe_portal(b: &mut test::Bencher) {
[INFO] [stdout]     |                                         ^^^^ use of unresolved module or unlinked crate `test`
[INFO] [stdout]     |
[INFO] [stdout]     = help: if you wanted to use a crate named `test`, use `cargo add test` to add it to your `Cargo.toml`
[INFO] [stdout] 
[INFO] [stdout] 
[INFO] [stdout] error[E0433]: cannot find module or crate `test` in this scope
[INFO] [stdout]    --> src/message/response.rs:244:40
[INFO] [stdout]     |
[INFO] [stdout] 244 | fn bench_decode_error_response(b: &mut test::Bencher) {
[INFO] [stdout]     |                                        ^^^^ use of unresolved module or unlinked crate `test`
[INFO] [stdout]     |
[INFO] [stdout]     = help: if you wanted to use a crate named `test`, use `cargo add test` to add it to your `Cargo.toml`
[INFO] [stdout] 
[INFO] [stdout] 
[INFO] [stdout] error[E0433]: cannot find module or crate `test` in this scope
[INFO] [stdout]   --> src/message/backend_key_data.rs:42:42
[INFO] [stdout]    |
[INFO] [stdout] 42 | fn bench_decode_backend_key_data(b: &mut test::Bencher) {
[INFO] [stdout]    |                                          ^^^^ use of unresolved module or unlinked crate `test`
[INFO] [stdout]    |
[INFO] [stdout]    = help: if you wanted to use a crate named `test`, use `cargo add test` to add it to your `Cargo.toml`
[INFO] [stdout] 
[INFO] [stdout] 
[INFO] [stdout] error[E0433]: cannot find module or crate `test` in this scope
[INFO] [stdout]    --> src/message/describe.rs:117:52
[INFO] [stdout]     |
[INFO] [stdout] 117 | fn bench_encode_describe_unnamed_statement(b: &mut test::Bencher) {
[INFO] [stdout]     |                                                    ^^^^ use of unresolved module or unlinked crate `test`
[INFO] [stdout]     |
[INFO] [stdout]     = help: if you wanted to use a crate named `test`, use `cargo add test` to add it to your `Cargo.toml`
[INFO] [stdout] 
[INFO] [stdout] 
[INFO] [stdout] error[E0433]: cannot find module or crate `test` in this scope
[INFO] [stdout]   --> src/message/command_complete.rs:63:42
[INFO] [stdout]    |
[INFO] [stdout] 63 | fn bench_decode_command_complete(b: &mut test::Bencher) {
[INFO] [stdout]    |                                          ^^^^ use of unresolved module or unlinked crate `test`
[INFO] [stdout]    |
[INFO] [stdout]    = help: if you wanted to use a crate named `test`, use `cargo add test` to add it to your `Cargo.toml`
[INFO] [stdout] 
[INFO] [stdout] 
[INFO] [stdout] error[E0433]: cannot find module or crate `test` in this scope
[INFO] [stdout]   --> src/message/parameter_description.rs:48:47
[INFO] [stdout]    |
[INFO] [stdout] 48 | fn bench_decode_parameter_description(b: &mut test::Bencher) {
[INFO] [stdout]    |                                               ^^^^ use of unresolved module or unlinked crate `test`
[INFO] [stdout]    |
[INFO] [stdout]    = help: if you wanted to use a crate named `test`, use `cargo add test` to add it to your `Cargo.toml`
[INFO] [stdout] 
[INFO] [stdout] 
[INFO] [stdout] error[E0433]: cannot find module or crate `test` in this scope
[INFO] [stdout]   --> src/message/command_complete.rs:73:56
[INFO] [stdout]    |
[INFO] [stdout] 73 | fn bench_decode_command_complete_rows_affected(b: &mut test::Bencher) {
[INFO] [stdout]    |                                                        ^^^^ use of unresolved module or unlinked crate `test`
[INFO] [stdout]    |
[INFO] [stdout]    = help: if you wanted to use a crate named `test`, use `cargo add test` to add it to your `Cargo.toml`
[INFO] [stdout] 
[INFO] [stdout] 
[INFO] [stdout] error[E0433]: cannot find module or crate `test` in this scope
[INFO] [stdout]    --> src/message/response.rs:232:45
[INFO] [stdout]     |
[INFO] [stdout] 232 | fn bench_error_response_get_message(b: &mut test::Bencher) {
[INFO] [stdout]     |                                             ^^^^ use of unresolved module or unlinked crate `test`
[INFO] [stdout]     |
[INFO] [stdout]     = help: if you wanted to use a crate named `test`, use `cargo add test` to add it to your `Cargo.toml`
[INFO] [stdout] 
[INFO] [stdout] 
[INFO] [stdout] error[E0433]: cannot find module or crate `test` in this scope
[INFO] [stdout]   --> src/message/data_row.rs:78:31
[INFO] [stdout]    |
[INFO] [stdout] 78 | fn bench_data_row_get(b: &mut test::Bencher) {
[INFO] [stdout]    |                               ^^^^ use of unresolved module or unlinked crate `test`
[INFO] [stdout]    |
[INFO] [stdout]    = help: if you wanted to use a crate named `test`, use `cargo add test` to add it to your `Cargo.toml`
[INFO] [stdout] 
[INFO] [stdout] 
[INFO] [stdout] error[E0433]: cannot find module or crate `test` in this scope
[INFO] [stdout]    --> src/message/password.rs:117:38
[INFO] [stdout]     |
[INFO] [stdout] 117 | fn bench_encode_md5_password(b: &mut test::Bencher) {
[INFO] [stdout]     |                                      ^^^^ use of unresolved module or unlinked crate `test`
[INFO] [stdout]     |
[INFO] [stdout]     = help: if you wanted to use a crate named `test`, use `cargo add test` to add it to your `Cargo.toml`
[INFO] [stdout] 
[INFO] [stdout] 
[INFO] [stdout] error[E0433]: cannot find module or crate `test` in this scope
[INFO] [stdout]    --> src/message/password.rs:103:40
[INFO] [stdout]     |
[INFO] [stdout] 103 | fn bench_encode_clear_password(b: &mut test::Bencher) {
[INFO] [stdout]     |                                        ^^^^ use of unresolved module or unlinked crate `test`
[INFO] [stdout]     |
[INFO] [stdout]     = help: if you wanted to use a crate named `test`, use `cargo add test` to add it to your `Cargo.toml`
[INFO] [stdout] 
[INFO] [stdout] 
[INFO] [stdout] error[E0433]: cannot find module or crate `test` in this scope
[INFO] [stdout]   --> src/message/data_row.rs:90:34
[INFO] [stdout]    |
[INFO] [stdout] 90 | fn bench_decode_data_row(b: &mut test::Bencher) {
[INFO] [stdout]    |                                  ^^^^ use of unresolved module or unlinked crate `test`
[INFO] [stdout]    |
[INFO] [stdout]    = help: if you wanted to use a crate named `test`, use `cargo add test` to add it to your `Cargo.toml`
[INFO] [stdout] 
[INFO] [stdout] 
[INFO] [stdout] error[E0433]: cannot find module or crate `test` in this scope
[INFO] [stdout]   --> src/message/parameter_status.rs:43:42
[INFO] [stdout]    |
[INFO] [stdout] 43 | fn bench_decode_parameter_status(b: &mut test::Bencher) {
[INFO] [stdout]    |                                          ^^^^ use of unresolved module or unlinked crate `test`
[INFO] [stdout]    |
[INFO] [stdout]    = help: if you wanted to use a crate named `test`, use `cargo add test` to add it to your `Cargo.toml`
[INFO] [stdout] 
[INFO] [stdout] 
[INFO] [stdout] Some errors have detailed explanations: E0308, E0432, E0433, E0658.
[INFO] [stdout] 
[INFO] [stdout] For more information about an error, try `rustc --explain E0308`.
[INFO] [stdout] 
[INFO] [stderr] error: could not compile `sqlx-build-trust-postgres` (lib test) due to 51 previous errors; 12 warnings emitted
[INFO] running `Command { std: "docker" "inspect" "f8f93c4bec8fba3097721efbea1bd2217c3f40c85a911cc964b7f19556ca48da", kill_on_drop: false }`
[INFO] running `Command { std: "docker" "rm" "-f" "f8f93c4bec8fba3097721efbea1bd2217c3f40c85a911cc964b7f19556ca48da", kill_on_drop: false }`
[INFO] [stdout] f8f93c4bec8fba3097721efbea1bd2217c3f40c85a911cc964b7f19556ca48da
