[INFO] fetching crate sqlo 0.2.0...
[INFO] testing sqlo-0.2.0 against 1.99.0-beta.8+cargoflags=--release for beta-release-1.100-2
[INFO] extracting crate sqlo 0.2.0 into /workspace/builds/worker-7-tc1/source
[INFO] started tweaking crates.io crate sqlo 0.2.0
[INFO] finished tweaking crates.io crate sqlo 0.2.0
[INFO] tweaked toml for crates.io crate sqlo 0.2.0 written to /workspace/builds/worker-7-tc1/source/Cargo.toml
[INFO] validating manifest of crates.io crate sqlo 0.2.0 on toolchain 1.99.0-beta.8
[INFO] running `Command { std: CARGO_HOME="/workspace/cargo-home" RUSTUP_HOME="/workspace/rustup-home" "/workspace/cargo-home/bin/cargo" "+1.99.0-beta.8" "metadata" "--manifest-path" "Cargo.toml" "--no-deps", kill_on_drop: false }`
[INFO] running `Command { std: CARGO_HOME="/workspace/cargo-home" RUSTUP_HOME="/workspace/rustup-home" "/workspace/cargo-home/bin/cargo" "+1.99.0-beta.8" "generate-lockfile" "--manifest-path" "Cargo.toml", kill_on_drop: false }`
[INFO] [stderr]     Updating crates.io index
[INFO] [stderr]      Locking 259 packages to highest compatible versions
[INFO] [stderr]       Adding bigdecimal v0.3.1 (available: v0.4.11)
[INFO] [stderr]       Adding darling v0.14.4 (available: v0.24.1)
[INFO] [stderr]       Adding futures-lite v1.13.0 (available: v2.6.1)
[INFO] [stderr]       Adding generic-array v0.14.7 (available: v0.14.9)
[INFO] [stderr]       Adding heck v0.4.1 (available: v0.5.0)
[INFO] [stderr]       Adding indexmap v1.9.3 (available: v2.14.2)
[INFO] [stderr]       Adding itertools v0.10.5 (available: v0.15.0)
[INFO] [stderr]       Adding regex-macro v0.2.0 (available: v0.3.0)
[INFO] [stderr]       Adding sqlx v0.6.3 (available: v0.9.0)
[INFO] [stderr]       Adding syn v1.0.109 (available: v3.0.9)
[INFO] running `Command { std: CARGO_HOME="/workspace/cargo-home" RUSTUP_HOME="/workspace/rustup-home" "/workspace/cargo-home/bin/cargo" "+1.99.0-beta.8" "fetch" "--manifest-path" "Cargo.toml", kill_on_drop: false }`
[INFO] [stderr]  Downloading crates ...
[INFO] [stderr]   Downloaded pin-utils v0.1.1
[INFO] [stderr]   Downloaded sqlx-rt v0.6.3
[INFO] [stderr]   Downloaded value-bag v1.14.1
[INFO] [stderr]   Downloaded sqlx v0.6.3
[INFO] [stderr]   Downloaded sqlx-macros v0.6.3
[INFO] [stderr]   Downloaded async-native-tls v0.4.0
[INFO] [stderr]   Downloaded wasite v0.1.0
[INFO] [stderr]   Downloaded sha1 v0.10.7
[INFO] [stderr]   Downloaded stringprep v0.1.5
[INFO] [stderr]   Downloaded sqlformat v0.2.6
[INFO] [stderr]   Downloaded dirs-sys v0.3.7
[INFO] [stderr]   Downloaded redox_syscall v0.9.5
[INFO] [stderr]   Downloaded instant v0.1.13
[INFO] [stderr]   Downloaded crc v3.4.0
[INFO] [stderr]   Downloaded whoami v1.6.1
[INFO] [stderr]   Downloaded crypto-bigint v0.3.2
[INFO] [stderr]   Downloaded pkcs1 v0.3.3
[INFO] [stderr]   Downloaded hashlink v0.8.4
[INFO] [stderr]   Downloaded pem-rfc7468 v0.3.1
[INFO] [stderr]   Downloaded parking_lot_core v0.8.6
[INFO] [stderr]   Downloaded dotenvy v0.15.7
[INFO] [stderr]   Downloaded bigdecimal v0.3.1
[INFO] [stderr]   Downloaded atoi v1.0.0
[INFO] [stderr]   Downloaded rsa v0.6.1
[INFO] [stderr]   Downloaded parking_lot v0.11.2
[INFO] [stderr]   Downloaded dirs v4.0.0
[INFO] [stderr]   Downloaded crc-catalog v2.5.0
[INFO] [stderr]   Downloaded waker-fn v1.2.0
[INFO] [stderr]   Downloaded crossbeam-queue v0.3.14
[INFO] [stderr]   Downloaded regex-macro v0.2.0
[INFO] [stderr]   Downloaded flume v0.10.14
[INFO] [stderr]   Downloaded unicode_categories v0.1.1
[INFO] [stderr]   Downloaded futures-intrusive v0.4.2
[INFO] [stderr]   Downloaded sqlx-core v0.6.3
[INFO] [stderr]   Downloaded libsqlite3-sys v0.24.2
[INFO] running `Command { std: "docker" "create" "-v" "/var/lib/crater-agent-workspace/builds/worker-7-tc1/source:/opt/rustwide/workdir:ro,Z" "-v" "/var/lib/crater-agent-workspace/builds/worker-7-tc1/target:/opt/rustwide/target:rw,Z" "-v" "/var/lib/crater-agent-workspace/cargo-home:/opt/rustwide/cargo-home:ro,Z" "-v" "/var/lib/crater-agent-workspace/rustup-home:/opt/rustwide/rustup-home:ro,Z" "-m" "1610612736" "--network" "none" "ghcr.io/rust-lang/crates-build-env/linux@sha256:77db811e55d90add9212f6832c23229e3de5f1c1f9905e8cb07319ea15df73ac" "sleep" "infinity", kill_on_drop: false }`
[INFO] [stdout] 9a22b0ca2c21cff63092264f99ebf4c8dd16af3308a95280e373086b1d23c0e1
[INFO] running `Command { std: "docker" "start" "9a22b0ca2c21cff63092264f99ebf4c8dd16af3308a95280e373086b1d23c0e1", kill_on_drop: false }`
[INFO] running `Command { std: "docker" "inspect" "9a22b0ca2c21cff63092264f99ebf4c8dd16af3308a95280e373086b1d23c0e1", kill_on_drop: false }`
[INFO] running `Command { std: "docker" "exec" "-e" "SOURCE_DIR=/opt/rustwide/workdir" "-e" "CARGO_HOME=/opt/rustwide/cargo-home" "-e" "RUSTUP_HOME=/opt/rustwide/rustup-home" "-e" "CARGO_TARGET_DIR=/opt/rustwide/target" "-w" "/opt/rustwide/workdir" "--user" "0:0" "9a22b0ca2c21cff63092264f99ebf4c8dd16af3308a95280e373086b1d23c0e1" "/opt/rustwide/cargo-home/bin/cargo" "+1.99.0-beta.8" "metadata" "--no-deps" "--format-version=1", kill_on_drop: false }`
[INFO] running `Command { std: "docker" "inspect" "9a22b0ca2c21cff63092264f99ebf4c8dd16af3308a95280e373086b1d23c0e1", kill_on_drop: false }`
[INFO] running `Command { std: "docker" "exec" "-e" "SOURCE_DIR=/opt/rustwide/workdir" "-e" "CARGO_HOME=/opt/rustwide/cargo-home" "-e" "RUSTUP_HOME=/opt/rustwide/rustup-home" "-e" "CARGO_TARGET_DIR=/opt/rustwide/target" "-e" "CARGO_INCREMENTAL=0" "-e" "RUST_BACKTRACE=full" "-e" "RUSTFLAGS=--cap-lints=warn" "-e" "RUSTDOCFLAGS=--cap-lints=warn" "-w" "/opt/rustwide/workdir" "--user" "0:0" "9a22b0ca2c21cff63092264f99ebf4c8dd16af3308a95280e373086b1d23c0e1" "/opt/rustwide/cargo-home/bin/cargo" "+1.99.0-beta.8" "build" "--frozen" "--message-format=json" "--release", kill_on_drop: false }`
[INFO] [stderr]    Compiling unicode-ident v1.0.27
[INFO] [stderr]    Compiling memchr v2.8.3
[INFO] [stderr]    Compiling syn v1.0.109
[INFO] [stderr]    Compiling serde_core v1.0.229
[INFO] [stderr]    Compiling regex-syntax v0.8.11
[INFO] [stderr]    Compiling serde_json v1.0.154
[INFO] [stderr]    Compiling serde v1.0.229
[INFO] [stderr]    Compiling paste v1.0.15
[INFO] [stderr]    Compiling once_cell v1.21.4
[INFO] [stderr]    Compiling either v1.19.0
[INFO] [stderr]    Compiling indexmap v1.9.3
[INFO] [stderr]    Compiling zmij v1.0.23
[INFO] [stderr]    Compiling itoa v1.0.18
[INFO] [stderr]    Compiling hashbrown v0.12.3
[INFO] [stderr]    Compiling glob v0.3.4
[INFO] [stderr]    Compiling lazy_static v1.5.1
[INFO] [stderr]    Compiling proc-macro2 v1.0.107
[INFO] [stderr]    Compiling quote v1.0.47
[INFO] [stderr]    Compiling itertools v0.10.5
[INFO] [stderr]    Compiling syn v3.0.9
[INFO] [stderr]    Compiling aho-corasick v1.1.5
[INFO] [stderr]    Compiling regex-automata v0.4.18
[INFO] [stderr]    Compiling serde_derive v1.0.229
[INFO] [stderr]    Compiling darling_core v0.14.4
[INFO] [stderr]    Compiling regex v1.13.1
[INFO] [stderr]    Compiling regex-macro v0.2.0
[INFO] [stderr]    Compiling darling_macro v0.14.4
[INFO] [stderr]    Compiling darling v0.14.4
[INFO] [stderr]    Compiling sqlo v0.2.0 (/opt/rustwide/workdir)
[INFO] [stdout] error[E0432]: unresolved imports `crate::database::db_ident`, `crate::database::db_query_result_path`, `crate::database::db_sqlx_path`, `crate::database::qmarks`
[INFO] [stdout]  --> src/methods/delete.rs:4:23
[INFO] [stdout]   |
[INFO] [stdout] 4 | use crate::database::{db_ident, db_query_result_path, db_sqlx_path, qmarks};
[INFO] [stdout]   |                       ^^^^^^^^  ^^^^^^^^^^^^^^^^^^^^  ^^^^^^^^^^^^  ^^^^^^ no `qmarks` in `database`
[INFO] [stdout]   |                       |         |                     |
[INFO] [stdout]   |                       |         |                     no `db_sqlx_path` in `database`
[INFO] [stdout]   |                       |         no `db_query_result_path` in `database`
[INFO] [stdout]   |                       no `db_ident` in `database`
[INFO] [stdout] 
[INFO] [stdout] 
[INFO] [stdout] error[E0432]: unresolved imports `crate::database::db_ident`, `crate::database::qmarks`
[INFO] [stdout]  --> src/methods/get.rs:1:23
[INFO] [stdout]   |
[INFO] [stdout] 1 | use crate::database::{db_ident, qmarks};
[INFO] [stdout]   |                       ^^^^^^^^  ^^^^^^ no `qmarks` in `database`
[INFO] [stdout]   |                       |
[INFO] [stdout]   |                       no `db_ident` in `database`
[INFO] [stdout] 
[INFO] [stdout] 
[INFO] [stdout] error[E0432]: unresolved imports `crate::database::db_ident`, `crate::database::db_query_result_path`, `crate::database::qmarks`, `crate::database::qmarks_with_col`
[INFO] [stdout]  --> src/methods/save.rs:2:16
[INFO] [stdout]   |
[INFO] [stdout] 2 |     database::{db_ident, db_query_result_path, qmarks, qmarks_with_col},
[INFO] [stdout]   |                ^^^^^^^^  ^^^^^^^^^^^^^^^^^^^^  ^^^^^^  ^^^^^^^^^^^^^^^ no `qmarks_with_col` in `database`
[INFO] [stdout]   |                |         |                     |
[INFO] [stdout]   |                |         |                     no `qmarks` in `database`
[INFO] [stdout]   |                |         no `db_query_result_path` in `database`
[INFO] [stdout]   |                no `db_ident` in `database`
[INFO] [stdout] 
[INFO] [stdout] 
[INFO] [stdout] error[E0432]: unresolved import `super::parse_dbg_symbol`
[INFO] [stdout]    --> src/macros/insert_parser.rs:4:5
[INFO] [stdout]     |
[INFO] [stdout]   4 |     parse_dbg_symbol, parse_sqlo_struct_ident, Assigns, Clauses, Column, Fetch, PkValue,
[INFO] [stdout]     |     ^^^^^^^^^^^^^^^^ no `parse_dbg_symbol` in `macros`
[INFO] [stdout]     |
[INFO] [stdout] note: found an item that was configured out
[INFO] [stdout]    --> src/macros/builder/parsers.rs:118:8
[INFO] [stdout]     |
[INFO] [stdout] 117 | #[cfg(debug_assertions)]
[INFO] [stdout]     |       ---------------- the item is gated here
[INFO] [stdout] 118 | pub fn parse_dbg_symbol(input: ParseStream) -> syn::Result<bool> {
[INFO] [stdout]     |        ^^^^^^^^^^^^^^^^
[INFO] [stdout] 
[INFO] [stdout] 
[INFO] [stdout] error[E0432]: unresolved import `super::parse_dbg_symbol`
[INFO] [stdout]    --> src/macros/update_parser.rs:4:22
[INFO] [stdout]     |
[INFO] [stdout]   4 |     parse_bracketed, parse_dbg_symbol, parse_optional_field_member, parse_optional_where,
[INFO] [stdout]     |                      ^^^^^^^^^^^^^^^^ no `parse_dbg_symbol` in `macros`
[INFO] [stdout]     |
[INFO] [stdout] note: found an item that was configured out
[INFO] [stdout]    --> src/macros/builder/parsers.rs:118:8
[INFO] [stdout]     |
[INFO] [stdout] 117 | #[cfg(debug_assertions)]
[INFO] [stdout]     |       ---------------- the item is gated here
[INFO] [stdout] 118 | pub fn parse_dbg_symbol(input: ParseStream) -> syn::Result<bool> {
[INFO] [stdout]     |        ^^^^^^^^^^^^^^^^
[INFO] [stdout] 
[INFO] [stdout] 
[INFO] [stdout] error[E0407]: method `debug` is not a member of trait `QueryParser`
[INFO] [stdout]   --> src/macros/insert_parser.rs:17:5
[INFO] [stdout]    |
[INFO] [stdout] 17 | /     fn debug(&self) -> bool {
[INFO] [stdout] 18 | |         self.debug
[INFO] [stdout] 19 | |     }
[INFO] [stdout]    | |_____^ not a member of trait `QueryParser`
[INFO] [stdout] 
[INFO] [stdout] 
[INFO] [stdout] error[E0407]: method `debug` is not a member of trait `QueryParser`
[INFO] [stdout]   --> src/macros/select_parser.rs:73:5
[INFO] [stdout]    |
[INFO] [stdout] 73 | /     fn debug(&self) -> bool {
[INFO] [stdout] 74 | |         self.debug
[INFO] [stdout] 75 | |     }
[INFO] [stdout]    | |_____^ not a member of trait `QueryParser`
[INFO] [stdout] 
[INFO] [stdout] 
[INFO] [stdout] error[E0407]: method `debug` is not a member of trait `QueryParser`
[INFO] [stdout]   --> src/macros/update_parser.rs:21:5
[INFO] [stdout]    |
[INFO] [stdout] 21 | /     fn debug(&self) -> bool {
[INFO] [stdout] 22 | |         self.debug
[INFO] [stdout] 23 | |     }
[INFO] [stdout]    | |_____^ not a member of trait `QueryParser`
[INFO] [stdout] 
[INFO] [stdout] 
[INFO] [stdout] error[E0425]: cannot find value `debug` in this scope
[INFO] [stdout]   --> src/macros/insert_parser.rs:68:13
[INFO] [stdout]    |
[INFO] [stdout] 68 |             debug,
[INFO] [stdout]    |             ^^^^^ not found in this scope
[INFO] [stdout] 
[INFO] [stdout] 
[INFO] [stdout] error[E0425]: cannot find value `debug` in this scope
[INFO] [stdout]   --> src/macros/select_parser.rs:60:13
[INFO] [stdout]    |
[INFO] [stdout] 60 |             debug,
[INFO] [stdout]    |             ^^^^^ not found in this scope
[INFO] [stdout] 
[INFO] [stdout] 
[INFO] [stdout] error[E0425]: cannot find value `debug` in this scope
[INFO] [stdout]   --> src/macros/update_parser.rs:83:13
[INFO] [stdout]    |
[INFO] [stdout] 83 |             debug,
[INFO] [stdout]    |             ^^^^^ not found in this scope
[INFO] [stdout] 
[INFO] [stdout] 
[INFO] [stdout] warning: unused import: `OrderElem`
[INFO] [stdout]   --> src/macros/clauses/mod.rs:13:29
[INFO] [stdout]    |
[INFO] [stdout] 13 | pub use order_by::{OrderBy, OrderElem};
[INFO] [stdout]    |                             ^^^^^^^^^
[INFO] [stdout]    |
[INFO] [stdout]    = note: `#[warn(unused_imports)]` (part of `#[warn(unused)]`) on by default
[INFO] [stdout] 
[INFO] [stdout] 
[INFO] [stdout] warning: unused import: `Assign`
[INFO] [stdout]   --> src/macros/columns/mod.rs:13:22
[INFO] [stdout]    |
[INFO] [stdout] 13 | pub use assignment::{Assign, Assigns};
[INFO] [stdout]    |                      ^^^^^^
[INFO] [stdout] 
[INFO] [stdout] 
[INFO] [stdout] error[E0609]: no field `debug` on type `&InsertParser`
[INFO] [stdout]   --> src/macros/insert_parser.rs:18:14
[INFO] [stdout]    |
[INFO] [stdout] 18 |         self.debug
[INFO] [stdout]    |              ^^^^^ unknown field
[INFO] [stdout]    |
[INFO] [stdout]    = note: available fields are: `entity`, `assignments`, `fetch`
[INFO] [stdout] 
[INFO] [stdout] 
[INFO] [stdout] error[E0560]: struct `InsertParser` has no field named `debug`
[INFO] [stdout]   --> src/macros/insert_parser.rs:68:13
[INFO] [stdout]    |
[INFO] [stdout] 68 |             debug,
[INFO] [stdout]    |             ^^^^^ `InsertParser` does not have this field
[INFO] [stdout]    |
[INFO] [stdout]    = note: all struct fields are already assigned
[INFO] [stdout] 
[INFO] [stdout] 
[INFO] [stdout] error[E0560]: struct `SelectParser` has no field named `debug`
[INFO] [stdout]   --> src/macros/select_parser.rs:60:13
[INFO] [stdout]    |
[INFO] [stdout] 60 |             debug,
[INFO] [stdout]    |             ^^^^^ `SelectParser` does not have this field
[INFO] [stdout]    |
[INFO] [stdout]    = note: all struct fields are already assigned
[INFO] [stdout] 
[INFO] [stdout] 
[INFO] [stdout] error[E0609]: no field `debug` on type `&SelectParser`
[INFO] [stdout]   --> src/macros/select_parser.rs:74:14
[INFO] [stdout]    |
[INFO] [stdout] 74 |         self.debug
[INFO] [stdout]    |              ^^^^^ unknown field
[INFO] [stdout]    |
[INFO] [stdout]    = note: available fields are: `entity`, `related`, `customs`, `custom_struct`, `pk_value` ... and 2 others
[INFO] [stdout] 
[INFO] [stdout] 
[INFO] [stdout] error[E0609]: no field `debug` on type `&UpdateParser`
[INFO] [stdout]   --> src/macros/update_parser.rs:22:14
[INFO] [stdout]    |
[INFO] [stdout] 22 |         self.debug
[INFO] [stdout]    |              ^^^^^ unknown field
[INFO] [stdout]    |
[INFO] [stdout]    = note: available fields are: `entity`, `pk_value`, `related`, `clauses`, `assignments`, `fetch`
[INFO] [stdout] 
[INFO] [stdout] 
[INFO] [stdout] error[E0560]: struct `UpdateParser` has no field named `debug`
[INFO] [stdout]   --> src/macros/update_parser.rs:83:13
[INFO] [stdout]    |
[INFO] [stdout] 83 |             debug,
[INFO] [stdout]    |             ^^^^^ `UpdateParser` does not have this field
[INFO] [stdout]    |
[INFO] [stdout]    = note: all struct fields are already assigned
[INFO] [stdout] 
[INFO] [stdout] 
[INFO] [stdout] warning: unused import: `Parse`
[INFO] [stdout]  --> src/macros/builder/parsers.rs:3:13
[INFO] [stdout]   |
[INFO] [stdout] 3 |     parse::{Parse, ParseStream},
[INFO] [stdout]   |             ^^^^^
[INFO] [stdout] 
[INFO] [stdout] 
[INFO] [stdout] Some errors have detailed explanations: E0407, E0425, E0432, E0560, E0609.
[INFO] [stdout] 
[INFO] [stdout] For more information about an error, try `rustc --explain E0407`.
[INFO] [stdout] 
[INFO] [stderr] error: could not compile `sqlo` (lib) due to 17 previous errors; 3 warnings emitted
[INFO] running `Command { std: "docker" "inspect" "9a22b0ca2c21cff63092264f99ebf4c8dd16af3308a95280e373086b1d23c0e1", kill_on_drop: false }`
[INFO] running `Command { std: "docker" "rm" "-f" "9a22b0ca2c21cff63092264f99ebf4c8dd16af3308a95280e373086b1d23c0e1", kill_on_drop: false }`
[INFO] [stdout] 9a22b0ca2c21cff63092264f99ebf4c8dd16af3308a95280e373086b1d23c0e1
