[INFO] fetching crate spo-rhai_codegen 2.0.0...
[INFO] testing spo-rhai_codegen-2.0.0 against 1.100.0-beta.1+cargoflags=--release for beta-release-1.100-2
[INFO] extracting crate spo-rhai_codegen 2.0.0 into /workspace/builds/worker-4-tc2/source
[INFO] started tweaking crates.io crate spo-rhai_codegen 2.0.0
[INFO] finished tweaking crates.io crate spo-rhai_codegen 2.0.0
[INFO] tweaked toml for crates.io crate spo-rhai_codegen 2.0.0 written to /workspace/builds/worker-4-tc2/source/Cargo.toml
[INFO] validating manifest of crates.io crate spo-rhai_codegen 2.0.0 on toolchain 1.100.0-beta.1
[INFO] running `Command { std: CARGO_HOME="/workspace/cargo-home" RUSTUP_HOME="/workspace/rustup-home" "/workspace/cargo-home/bin/cargo" "+1.100.0-beta.1" "metadata" "--manifest-path" "Cargo.toml" "--no-deps", kill_on_drop: false }`
[INFO] running `Command { std: CARGO_HOME="/workspace/cargo-home" RUSTUP_HOME="/workspace/rustup-home" "/workspace/cargo-home/bin/cargo" "+1.100.0-beta.1" "generate-lockfile" "--manifest-path" "Cargo.toml", kill_on_drop: false }`
[INFO] [stderr]     Updating crates.io index
[INFO] [stderr]      Locking 28 packages to highest compatible versions
[INFO] [stderr]       Adding syn v2.0.119 (available: v3.0.9)
[INFO] running `Command { std: CARGO_HOME="/workspace/cargo-home" RUSTUP_HOME="/workspace/rustup-home" "/workspace/cargo-home/bin/cargo" "+1.100.0-beta.1" "fetch" "--manifest-path" "Cargo.toml", kill_on_drop: false }`
[INFO] running `Command { std: "docker" "create" "-v" "/var/lib/crater-agent-workspace/builds/worker-4-tc2/source:/opt/rustwide/workdir:ro,Z" "-v" "/var/lib/crater-agent-workspace/builds/worker-4-tc2/target:/opt/rustwide/target:rw,Z" "-v" "/var/lib/crater-agent-workspace/cargo-home:/opt/rustwide/cargo-home:ro,Z" "-v" "/var/lib/crater-agent-workspace/rustup-home:/opt/rustwide/rustup-home:ro,Z" "-m" "1610612736" "--network" "none" "ghcr.io/rust-lang/crates-build-env/linux@sha256:77db811e55d90add9212f6832c23229e3de5f1c1f9905e8cb07319ea15df73ac" "sleep" "infinity", kill_on_drop: false }`
[INFO] [stdout] a24e26c4551dc1b3dd298a030baa89e124c274a750269622586ac263b0857f3e
[INFO] running `Command { std: "docker" "start" "a24e26c4551dc1b3dd298a030baa89e124c274a750269622586ac263b0857f3e", kill_on_drop: false }`
[INFO] running `Command { std: "docker" "inspect" "a24e26c4551dc1b3dd298a030baa89e124c274a750269622586ac263b0857f3e", kill_on_drop: false }`
[INFO] running `Command { std: "docker" "exec" "-e" "SOURCE_DIR=/opt/rustwide/workdir" "-e" "CARGO_HOME=/opt/rustwide/cargo-home" "-e" "RUSTUP_HOME=/opt/rustwide/rustup-home" "-e" "CARGO_TARGET_DIR=/opt/rustwide/target" "-w" "/opt/rustwide/workdir" "--user" "0:0" "a24e26c4551dc1b3dd298a030baa89e124c274a750269622586ac263b0857f3e" "/opt/rustwide/cargo-home/bin/cargo" "+1.100.0-beta.1" "metadata" "--no-deps" "--format-version=1", kill_on_drop: false }`
[INFO] running `Command { std: "docker" "inspect" "a24e26c4551dc1b3dd298a030baa89e124c274a750269622586ac263b0857f3e", kill_on_drop: false }`
[INFO] running `Command { std: "docker" "exec" "-e" "SOURCE_DIR=/opt/rustwide/workdir" "-e" "CARGO_HOME=/opt/rustwide/cargo-home" "-e" "RUSTUP_HOME=/opt/rustwide/rustup-home" "-e" "CARGO_TARGET_DIR=/opt/rustwide/target" "-e" "CARGO_INCREMENTAL=0" "-e" "RUST_BACKTRACE=full" "-e" "RUSTFLAGS=--cap-lints=warn" "-e" "RUSTDOCFLAGS=--cap-lints=warn" "-w" "/opt/rustwide/workdir" "--user" "0:0" "a24e26c4551dc1b3dd298a030baa89e124c274a750269622586ac263b0857f3e" "/opt/rustwide/cargo-home/bin/cargo" "+1.100.0-beta.1" "build" "--frozen" "--message-format=json" "--release", kill_on_drop: false }`
[INFO] [stderr]    Compiling syn v2.0.119
[INFO] [stderr]    Compiling spo-rhai_codegen v2.0.0 (/opt/rustwide/workdir)
[INFO] [stdout] warning: unexpected `cfg` condition name: `no_std`
[INFO] [stdout]  --> src/function.rs:8:7
[INFO] [stdout]   |
[INFO] [stdout] 8 | #[cfg(no_std)]
[INFO] [stdout]   |       ^^^^^^
[INFO] [stdout]   |
[INFO] [stdout]   = help: expected names are: `docsrs`, `feature`, and `test` and 34 more
[INFO] [stdout]   = help: consider using a Cargo feature instead
[INFO] [stdout]   = help: or consider adding in `Cargo.toml` the `check-cfg` lint config for the lint:
[INFO] [stdout]            [lints.rust]
[INFO] [stdout]            unexpected_cfgs = { level = "warn", check-cfg = ['cfg(no_std)'] }
[INFO] [stdout]   = help: or consider adding `println!("cargo::rustc-check-cfg=cfg(no_std)");` to the top of the `build.rs`
[INFO] [stdout]   = note: see <https://doc.rust-lang.org/nightly/rustc/check-cfg/cargo-specifics.html> for more information about checking conditional configuration
[INFO] [stdout]   = note: `#[warn(unexpected_cfgs)]` on by default
[INFO] [stdout] 
[INFO] [stdout] 
[INFO] [stdout] warning: unexpected `cfg` condition name: `no_std`
[INFO] [stdout]   --> src/function.rs:10:11
[INFO] [stdout]    |
[INFO] [stdout] 10 | #[cfg(not(no_std))]
[INFO] [stdout]    |           ^^^^^^
[INFO] [stdout]    |
[INFO] [stdout]    = help: consider using a Cargo feature instead
[INFO] [stdout]    = help: or consider adding in `Cargo.toml` the `check-cfg` lint config for the lint:
[INFO] [stdout]             [lints.rust]
[INFO] [stdout]             unexpected_cfgs = { level = "warn", check-cfg = ['cfg(no_std)'] }
[INFO] [stdout]    = help: or consider adding `println!("cargo::rustc-check-cfg=cfg(no_std)");` to the top of the `build.rs`
[INFO] [stdout]    = note: see <https://doc.rust-lang.org/nightly/rustc/check-cfg/cargo-specifics.html> for more information about checking conditional configuration
[INFO] [stdout] 
[INFO] [stdout] 
[INFO] [stdout] warning: unexpected `cfg` condition name: `no_std`
[INFO] [stdout]  --> src/module.rs:4:7
[INFO] [stdout]   |
[INFO] [stdout] 4 | #[cfg(no_std)]
[INFO] [stdout]   |       ^^^^^^
[INFO] [stdout]   |
[INFO] [stdout]   = help: consider using a Cargo feature instead
[INFO] [stdout]   = help: or consider adding in `Cargo.toml` the `check-cfg` lint config for the lint:
[INFO] [stdout]            [lints.rust]
[INFO] [stdout]            unexpected_cfgs = { level = "warn", check-cfg = ['cfg(no_std)'] }
[INFO] [stdout]   = help: or consider adding `println!("cargo::rustc-check-cfg=cfg(no_std)");` to the top of the `build.rs`
[INFO] [stdout]   = note: see <https://doc.rust-lang.org/nightly/rustc/check-cfg/cargo-specifics.html> for more information about checking conditional configuration
[INFO] [stdout] 
[INFO] [stdout] 
[INFO] [stdout] warning: unexpected `cfg` condition name: `no_std`
[INFO] [stdout]  --> src/module.rs:6:11
[INFO] [stdout]   |
[INFO] [stdout] 6 | #[cfg(not(no_std))]
[INFO] [stdout]   |           ^^^^^^
[INFO] [stdout]   |
[INFO] [stdout]   = help: consider using a Cargo feature instead
[INFO] [stdout]   = help: or consider adding in `Cargo.toml` the `check-cfg` lint config for the lint:
[INFO] [stdout]            [lints.rust]
[INFO] [stdout]            unexpected_cfgs = { level = "warn", check-cfg = ['cfg(no_std)'] }
[INFO] [stdout]   = help: or consider adding `println!("cargo::rustc-check-cfg=cfg(no_std)");` to the top of the `build.rs`
[INFO] [stdout]   = note: see <https://doc.rust-lang.org/nightly/rustc/check-cfg/cargo-specifics.html> for more information about checking conditional configuration
[INFO] [stdout] 
[INFO] [stdout] 
[INFO] [stdout] warning: fields `typ` and `expr` are never read
[INFO] [stdout]   --> src/rhai_module.rs:16:9
[INFO] [stdout]    |
[INFO] [stdout] 14 | pub struct ExportedConst {
[INFO] [stdout]    |            ------------- fields in this struct
[INFO] [stdout] 15 |     pub name: String,
[INFO] [stdout] 16 |     pub typ: Box<syn::Type>,
[INFO] [stdout]    |         ^^^
[INFO] [stdout] 17 |     pub expr: syn::Expr,
[INFO] [stdout]    |         ^^^^
[INFO] [stdout]    |
[INFO] [stdout]    = note: `ExportedConst` has a derived impl for the trait `Debug`, but this is intentionally ignored during dead code analysis
[INFO] [stdout]    = note: `#[warn(dead_code)]` (part of `#[warn(unused)]`) on by default
[INFO] [stdout] 
[INFO] [stdout] 
[INFO] [stdout] warning: hiding a lifetime that's elided elsewhere is confusing
[INFO] [stdout]    --> src/function.rs:474:26
[INFO] [stdout]     |
[INFO] [stdout] 474 |     pub fn exported_name(&self) -> Cow<str> {
[INFO] [stdout]     |                          ^^^^^     ^^^^^^^^ the same lifetime is hidden here
[INFO] [stdout]     |                          |
[INFO] [stdout]     |                          the lifetime is elided here
[INFO] [stdout]     |
[INFO] [stdout]     = help: the same lifetime is referred to in inconsistent ways, making the signature confusing
[INFO] [stdout]     = note: `#[warn(mismatched_lifetime_syntaxes)]` on by default
[INFO] [stdout] help: use `'_` for type paths
[INFO] [stdout]     |
[INFO] [stdout] 474 |     pub fn exported_name(&self) -> Cow<'_, str> {
[INFO] [stdout]     |                                        +++
[INFO] [stdout] 
[INFO] [stdout] 
[INFO] [stdout] warning: hiding a lifetime that's elided elsewhere is confusing
[INFO] [stdout]    --> src/module.rs:225:26
[INFO] [stdout]     |
[INFO] [stdout] 225 |     pub fn exported_name(&self) -> Cow<str> {
[INFO] [stdout]     |                          ^^^^^     ^^^^^^^^ the same lifetime is hidden here
[INFO] [stdout]     |                          |
[INFO] [stdout]     |                          the lifetime is elided here
[INFO] [stdout]     |
[INFO] [stdout]     = help: the same lifetime is referred to in inconsistent ways, making the signature confusing
[INFO] [stdout] help: use `'_` for type paths
[INFO] [stdout]     |
[INFO] [stdout] 225 |     pub fn exported_name(&self) -> Cow<'_, str> {
[INFO] [stdout]     |                                        +++
[INFO] [stdout] 
[INFO] [stdout] 
[INFO] [stderr]     Finished `release` profile [optimized] target(s) in 12.93s
[INFO] running `Command { std: "docker" "inspect" "a24e26c4551dc1b3dd298a030baa89e124c274a750269622586ac263b0857f3e", kill_on_drop: false }`
[INFO] running `Command { std: "docker" "exec" "-e" "SOURCE_DIR=/opt/rustwide/workdir" "-e" "CARGO_HOME=/opt/rustwide/cargo-home" "-e" "RUSTUP_HOME=/opt/rustwide/rustup-home" "-e" "CARGO_TARGET_DIR=/opt/rustwide/target" "-e" "CARGO_INCREMENTAL=0" "-e" "RUST_BACKTRACE=full" "-e" "RUSTFLAGS=--cap-lints=warn" "-e" "RUSTDOCFLAGS=--cap-lints=warn" "-w" "/opt/rustwide/workdir" "--user" "0:0" "a24e26c4551dc1b3dd298a030baa89e124c274a750269622586ac263b0857f3e" "/opt/rustwide/cargo-home/bin/cargo" "+1.100.0-beta.1" "test" "--frozen" "--no-run" "--message-format=json" "--release", kill_on_drop: false }`
[INFO] [stderr]    Compiling serde v1.0.229
[INFO] [stderr]    Compiling serde_core v1.0.229
[INFO] [stderr]    Compiling unicode-ident v1.0.27
[INFO] [stderr]    Compiling toml_writer v1.1.3+spec-1.1.0
[INFO] [stderr]    Compiling glob v0.3.4
[INFO] [stderr]    Compiling proc-macro2 v1.0.107
[INFO] [stderr]    Compiling quote v1.0.47
[INFO] [stderr]    Compiling toml_parser v1.1.5+spec-1.1.0
[INFO] [stderr]    Compiling winnow v1.0.4
[INFO] [stderr]    Compiling serde_spanned v1.1.2
[INFO] [stderr]    Compiling toml_datetime v1.1.2+spec-1.1.0
[INFO] [stderr]    Compiling target-tuple v1.0.2
[INFO] [stderr]    Compiling serde_json v1.0.154
[INFO] [stderr]    Compiling syn v3.0.9
[INFO] [stderr]    Compiling spo-rhai_codegen v2.0.0 (/opt/rustwide/workdir)
[INFO] [stderr]    Compiling termcolor v1.4.1
[INFO] [stdout] warning: unexpected `cfg` condition name: `no_std`
[INFO] [stdout]  --> src/function.rs:8:7
[INFO] [stdout]   |
[INFO] [stdout] 8 | #[cfg(no_std)]
[INFO] [stdout]   |       ^^^^^^
[INFO] [stdout]   |
[INFO] [stdout]   = help: expected names are: `docsrs`, `feature`, and `test` and 34 more
[INFO] [stdout]   = help: consider using a Cargo feature instead
[INFO] [stdout]   = help: or consider adding in `Cargo.toml` the `check-cfg` lint config for the lint:
[INFO] [stdout]            [lints.rust]
[INFO] [stdout]            unexpected_cfgs = { level = "warn", check-cfg = ['cfg(no_std)'] }
[INFO] [stdout]   = help: or consider adding `println!("cargo::rustc-check-cfg=cfg(no_std)");` to the top of the `build.rs`
[INFO] [stdout]   = note: see <https://doc.rust-lang.org/nightly/rustc/check-cfg/cargo-specifics.html> for more information about checking conditional configuration
[INFO] [stdout]   = note: `#[warn(unexpected_cfgs)]` on by default
[INFO] [stdout] 
[INFO] [stdout] 
[INFO] [stdout] warning: unexpected `cfg` condition name: `no_std`
[INFO] [stdout]   --> src/function.rs:10:11
[INFO] [stdout]    |
[INFO] [stdout] 10 | #[cfg(not(no_std))]
[INFO] [stdout]    |           ^^^^^^
[INFO] [stdout]    |
[INFO] [stdout]    = help: consider using a Cargo feature instead
[INFO] [stdout]    = help: or consider adding in `Cargo.toml` the `check-cfg` lint config for the lint:
[INFO] [stdout]             [lints.rust]
[INFO] [stdout]             unexpected_cfgs = { level = "warn", check-cfg = ['cfg(no_std)'] }
[INFO] [stdout]    = help: or consider adding `println!("cargo::rustc-check-cfg=cfg(no_std)");` to the top of the `build.rs`
[INFO] [stdout]    = note: see <https://doc.rust-lang.org/nightly/rustc/check-cfg/cargo-specifics.html> for more information about checking conditional configuration
[INFO] [stdout] 
[INFO] [stdout] 
[INFO] [stdout] warning: unexpected `cfg` condition name: `no_std`
[INFO] [stdout]  --> src/module.rs:4:7
[INFO] [stdout]   |
[INFO] [stdout] 4 | #[cfg(no_std)]
[INFO] [stdout]   |       ^^^^^^
[INFO] [stdout]   |
[INFO] [stdout]   = help: consider using a Cargo feature instead
[INFO] [stdout]   = help: or consider adding in `Cargo.toml` the `check-cfg` lint config for the lint:
[INFO] [stdout]            [lints.rust]
[INFO] [stdout]            unexpected_cfgs = { level = "warn", check-cfg = ['cfg(no_std)'] }
[INFO] [stdout]   = help: or consider adding `println!("cargo::rustc-check-cfg=cfg(no_std)");` to the top of the `build.rs`
[INFO] [stdout]   = note: see <https://doc.rust-lang.org/nightly/rustc/check-cfg/cargo-specifics.html> for more information about checking conditional configuration
[INFO] [stdout] 
[INFO] [stdout] 
[INFO] [stdout] warning: unexpected `cfg` condition name: `no_std`
[INFO] [stdout]  --> src/module.rs:6:11
[INFO] [stdout]   |
[INFO] [stdout] 6 | #[cfg(not(no_std))]
[INFO] [stdout]   |           ^^^^^^
[INFO] [stdout]   |
[INFO] [stdout]   = help: consider using a Cargo feature instead
[INFO] [stdout]   = help: or consider adding in `Cargo.toml` the `check-cfg` lint config for the lint:
[INFO] [stdout]            [lints.rust]
[INFO] [stdout]            unexpected_cfgs = { level = "warn", check-cfg = ['cfg(no_std)'] }
[INFO] [stdout]   = help: or consider adding `println!("cargo::rustc-check-cfg=cfg(no_std)");` to the top of the `build.rs`
[INFO] [stdout]   = note: see <https://doc.rust-lang.org/nightly/rustc/check-cfg/cargo-specifics.html> for more information about checking conditional configuration
[INFO] [stdout] 
[INFO] [stdout] 
[INFO] [stdout] warning: fields `typ` and `expr` are never read
[INFO] [stdout]   --> src/rhai_module.rs:16:9
[INFO] [stdout]    |
[INFO] [stdout] 14 | pub struct ExportedConst {
[INFO] [stdout]    |            ------------- fields in this struct
[INFO] [stdout] 15 |     pub name: String,
[INFO] [stdout] 16 |     pub typ: Box<syn::Type>,
[INFO] [stdout]    |         ^^^
[INFO] [stdout] 17 |     pub expr: syn::Expr,
[INFO] [stdout]    |         ^^^^
[INFO] [stdout]    |
[INFO] [stdout]    = note: `ExportedConst` has a derived impl for the trait `Debug`, but this is intentionally ignored during dead code analysis
[INFO] [stdout]    = note: `#[warn(dead_code)]` (part of `#[warn(unused)]`) on by default
[INFO] [stdout] 
[INFO] [stdout] 
[INFO] [stdout] warning: hiding a lifetime that's elided elsewhere is confusing
[INFO] [stdout]    --> src/function.rs:474:26
[INFO] [stdout]     |
[INFO] [stdout] 474 |     pub fn exported_name(&self) -> Cow<str> {
[INFO] [stdout]     |                          ^^^^^     ^^^^^^^^ the same lifetime is hidden here
[INFO] [stdout]     |                          |
[INFO] [stdout]     |                          the lifetime is elided here
[INFO] [stdout]     |
[INFO] [stdout]     = help: the same lifetime is referred to in inconsistent ways, making the signature confusing
[INFO] [stdout]     = note: `#[warn(mismatched_lifetime_syntaxes)]` on by default
[INFO] [stdout] help: use `'_` for type paths
[INFO] [stdout]     |
[INFO] [stdout] 474 |     pub fn exported_name(&self) -> Cow<'_, str> {
[INFO] [stdout]     |                                        +++
[INFO] [stdout] 
[INFO] [stdout] 
[INFO] [stdout] warning: hiding a lifetime that's elided elsewhere is confusing
[INFO] [stdout]    --> src/module.rs:225:26
[INFO] [stdout]     |
[INFO] [stdout] 225 |     pub fn exported_name(&self) -> Cow<str> {
[INFO] [stdout]     |                          ^^^^^     ^^^^^^^^ the same lifetime is hidden here
[INFO] [stdout]     |                          |
[INFO] [stdout]     |                          the lifetime is elided here
[INFO] [stdout]     |
[INFO] [stdout]     = help: the same lifetime is referred to in inconsistent ways, making the signature confusing
[INFO] [stdout] help: use `'_` for type paths
[INFO] [stdout]     |
[INFO] [stdout] 225 |     pub fn exported_name(&self) -> Cow<'_, str> {
[INFO] [stdout]     |                                        +++
[INFO] [stdout] 
[INFO] [stdout] 
[INFO] [stderr]    Compiling toml v1.1.8+spec-1.1.0
[INFO] [stderr]    Compiling syn v2.0.119
[INFO] [stderr]    Compiling serde_derive v1.0.229
[INFO] [stderr]    Compiling trybuild v1.0.122
[INFO] [stdout] warning: unexpected `cfg` condition name: `no_std`
[INFO] [stdout]  --> src/function.rs:8:7
[INFO] [stdout]   |
[INFO] [stdout] 8 | #[cfg(no_std)]
[INFO] [stdout]   |       ^^^^^^
[INFO] [stdout]   |
[INFO] [stdout]   = help: expected names are: `docsrs`, `feature`, and `test` and 34 more
[INFO] [stdout]   = help: consider using a Cargo feature instead
[INFO] [stdout]   = help: or consider adding in `Cargo.toml` the `check-cfg` lint config for the lint:
[INFO] [stdout]            [lints.rust]
[INFO] [stdout]            unexpected_cfgs = { level = "warn", check-cfg = ['cfg(no_std)'] }
[INFO] [stdout]   = help: or consider adding `println!("cargo::rustc-check-cfg=cfg(no_std)");` to the top of the `build.rs`
[INFO] [stdout]   = note: see <https://doc.rust-lang.org/nightly/rustc/check-cfg/cargo-specifics.html> for more information about checking conditional configuration
[INFO] [stdout]   = note: `#[warn(unexpected_cfgs)]` on by default
[INFO] [stdout] 
[INFO] [stdout] 
[INFO] [stdout] warning: unexpected `cfg` condition name: `no_std`
[INFO] [stdout]   --> src/function.rs:10:11
[INFO] [stdout]    |
[INFO] [stdout] 10 | #[cfg(not(no_std))]
[INFO] [stdout]    |           ^^^^^^
[INFO] [stdout]    |
[INFO] [stdout]    = help: consider using a Cargo feature instead
[INFO] [stdout]    = help: or consider adding in `Cargo.toml` the `check-cfg` lint config for the lint:
[INFO] [stdout]             [lints.rust]
[INFO] [stdout]             unexpected_cfgs = { level = "warn", check-cfg = ['cfg(no_std)'] }
[INFO] [stdout]    = help: or consider adding `println!("cargo::rustc-check-cfg=cfg(no_std)");` to the top of the `build.rs`
[INFO] [stdout]    = note: see <https://doc.rust-lang.org/nightly/rustc/check-cfg/cargo-specifics.html> for more information about checking conditional configuration
[INFO] [stdout] 
[INFO] [stdout] 
[INFO] [stdout] warning: unexpected `cfg` condition name: `no_std`
[INFO] [stdout]  --> src/module.rs:4:7
[INFO] [stdout]   |
[INFO] [stdout] 4 | #[cfg(no_std)]
[INFO] [stdout]   |       ^^^^^^
[INFO] [stdout]   |
[INFO] [stdout]   = help: consider using a Cargo feature instead
[INFO] [stdout]   = help: or consider adding in `Cargo.toml` the `check-cfg` lint config for the lint:
[INFO] [stdout]            [lints.rust]
[INFO] [stdout]            unexpected_cfgs = { level = "warn", check-cfg = ['cfg(no_std)'] }
[INFO] [stdout]   = help: or consider adding `println!("cargo::rustc-check-cfg=cfg(no_std)");` to the top of the `build.rs`
[INFO] [stdout]   = note: see <https://doc.rust-lang.org/nightly/rustc/check-cfg/cargo-specifics.html> for more information about checking conditional configuration
[INFO] [stdout] 
[INFO] [stdout] 
[INFO] [stdout] warning: unexpected `cfg` condition name: `no_std`
[INFO] [stdout]  --> src/module.rs:6:11
[INFO] [stdout]   |
[INFO] [stdout] 6 | #[cfg(not(no_std))]
[INFO] [stdout]   |           ^^^^^^
[INFO] [stdout]   |
[INFO] [stdout]   = help: consider using a Cargo feature instead
[INFO] [stdout]   = help: or consider adding in `Cargo.toml` the `check-cfg` lint config for the lint:
[INFO] [stdout]            [lints.rust]
[INFO] [stdout]            unexpected_cfgs = { level = "warn", check-cfg = ['cfg(no_std)'] }
[INFO] [stdout]   = help: or consider adding `println!("cargo::rustc-check-cfg=cfg(no_std)");` to the top of the `build.rs`
[INFO] [stdout]   = note: see <https://doc.rust-lang.org/nightly/rustc/check-cfg/cargo-specifics.html> for more information about checking conditional configuration
[INFO] [stdout] 
[INFO] [stdout] 
[INFO] [stdout] warning: field `typ` is never read
[INFO] [stdout]   --> src/rhai_module.rs:16:9
[INFO] [stdout]    |
[INFO] [stdout] 14 | pub struct ExportedConst {
[INFO] [stdout]    |            ------------- field in this struct
[INFO] [stdout] 15 |     pub name: String,
[INFO] [stdout] 16 |     pub typ: Box<syn::Type>,
[INFO] [stdout]    |         ^^^
[INFO] [stdout]    |
[INFO] [stdout]    = note: `ExportedConst` has a derived impl for the trait `Debug`, but this is intentionally ignored during dead code analysis
[INFO] [stdout]    = note: `#[warn(dead_code)]` (part of `#[warn(unused)]`) on by default
[INFO] [stdout] 
[INFO] [stdout] 
[INFO] [stdout] warning: hiding a lifetime that's elided elsewhere is confusing
[INFO] [stdout]    --> src/function.rs:474:26
[INFO] [stdout]     |
[INFO] [stdout] 474 |     pub fn exported_name(&self) -> Cow<str> {
[INFO] [stdout]     |                          ^^^^^     ^^^^^^^^ the same lifetime is hidden here
[INFO] [stdout]     |                          |
[INFO] [stdout]     |                          the lifetime is elided here
[INFO] [stdout]     |
[INFO] [stdout]     = help: the same lifetime is referred to in inconsistent ways, making the signature confusing
[INFO] [stdout]     = note: `#[warn(mismatched_lifetime_syntaxes)]` on by default
[INFO] [stdout] help: use `'_` for type paths
[INFO] [stdout]     |
[INFO] [stdout] 474 |     pub fn exported_name(&self) -> Cow<'_, str> {
[INFO] [stdout]     |                                        +++
[INFO] [stdout] 
[INFO] [stdout] 
[INFO] [stdout] warning: hiding a lifetime that's elided elsewhere is confusing
[INFO] [stdout]    --> src/module.rs:225:26
[INFO] [stdout]     |
[INFO] [stdout] 225 |     pub fn exported_name(&self) -> Cow<str> {
[INFO] [stdout]     |                          ^^^^^     ^^^^^^^^ the same lifetime is hidden here
[INFO] [stdout]     |                          |
[INFO] [stdout]     |                          the lifetime is elided here
[INFO] [stdout]     |
[INFO] [stdout]     = help: the same lifetime is referred to in inconsistent ways, making the signature confusing
[INFO] [stdout] help: use `'_` for type paths
[INFO] [stdout]     |
[INFO] [stdout] 225 |     pub fn exported_name(&self) -> Cow<'_, str> {
[INFO] [stdout]     |                                        +++
[INFO] [stdout] 
[INFO] [stdout] 
[INFO] [stdout] error[E0433]: cannot find module or crate `rhai` in this scope
[INFO] [stdout]  --> tests/test_nested.rs:4:9
[INFO] [stdout]   |
[INFO] [stdout] 4 |     use rhai::plugin::*;
[INFO] [stdout]   |         ^^^^ use of unresolved module or unlinked crate `rhai`
[INFO] [stdout]   |
[INFO] [stdout]   = help: if you wanted to use a crate named `rhai`, use `cargo add rhai` to add it to your `Cargo.toml`
[INFO] [stdout] 
[INFO] [stdout] 
[INFO] [stdout] error[E0433]: cannot find module or crate `rhai` in this scope
[INFO] [stdout]   --> tests/test_nested.rs:32:9
[INFO] [stdout]    |
[INFO] [stdout] 32 |     use rhai::plugin::*;
[INFO] [stdout]    |         ^^^^ use of unresolved module or unlinked crate `rhai`
[INFO] [stdout]    |
[INFO] [stdout]    = help: if you wanted to use a crate named `rhai`, use `cargo add rhai` to add it to your `Cargo.toml`
[INFO] [stdout] 
[INFO] [stdout] 
[INFO] [stdout] error[E0433]: cannot find module or crate `rhai` in this scope
[INFO] [stdout]   --> tests/test_nested.rs:67:9
[INFO] [stdout]    |
[INFO] [stdout] 67 |     use rhai::plugin::*;
[INFO] [stdout]    |         ^^^^ use of unresolved module or unlinked crate `rhai`
[INFO] [stdout]    |
[INFO] [stdout]    = help: if you wanted to use a crate named `rhai`, use `cargo add rhai` to add it to your `Cargo.toml`
[INFO] [stdout] 
[INFO] [stdout] 
[INFO] [stdout] error[E0432]: unresolved import `rhai`
[INFO] [stdout]  --> tests/test_nested.rs:1:5
[INFO] [stdout]   |
[INFO] [stdout] 1 | use rhai::{Array, Engine, EvalAltResult, FLOAT};
[INFO] [stdout]   |     ^^^^ use of unresolved module or unlinked crate `rhai`
[INFO] [stdout]   |
[INFO] [stdout]   = help: if you wanted to use a crate named `rhai`, use `cargo add rhai` to add it to your `Cargo.toml`
[INFO] [stdout] 
[INFO] [stdout] 
[INFO] [stdout] error[E0432]: unresolved import `rhai`
[INFO] [stdout]   --> tests/test_nested.rs:72:17
[INFO] [stdout]    |
[INFO] [stdout] 72 |             use rhai::{FLOAT, INT};
[INFO] [stdout]    |                 ^^^^ use of unresolved module or unlinked crate `rhai`
[INFO] [stdout]    |
[INFO] [stdout]    = help: if you wanted to use a crate named `rhai`, use `cargo add rhai` to add it to your `Cargo.toml`
[INFO] [stdout] 
[INFO] [stdout] 
[INFO] [stdout] error[E0432]: unresolved import `rhai`
[INFO] [stdout]   --> tests/test_nested.rs:84:17
[INFO] [stdout]    |
[INFO] [stdout] 84 |             use rhai::{FLOAT, INT};
[INFO] [stdout]    |                 ^^^^ use of unresolved module or unlinked crate `rhai`
[INFO] [stdout]    |
[INFO] [stdout]    = help: if you wanted to use a crate named `rhai`, use `cargo add rhai` to add it to your `Cargo.toml`
[INFO] [stdout] 
[INFO] [stdout] 
[INFO] [stdout] error[E0432]: unresolved import `rhai`
[INFO] [stdout]    --> tests/test_nested.rs:111:17
[INFO] [stdout]     |
[INFO] [stdout] 111 |             use rhai::{FLOAT, INT};
[INFO] [stdout]     |                 ^^^^ use of unresolved module or unlinked crate `rhai`
[INFO] [stdout]     |
[INFO] [stdout]     = help: if you wanted to use a crate named `rhai`, use `cargo add rhai` to add it to your `Cargo.toml`
[INFO] [stdout] 
[INFO] [stdout] 
[INFO] [stdout] error[E0433]: cannot find module or crate `rhai` in this scope
[INFO] [stdout]   --> tests/test_nested.rs:38:17
[INFO] [stdout]    |
[INFO] [stdout] 38 |             use rhai::plugin::*;
[INFO] [stdout]    |                 ^^^^ use of unresolved module or unlinked crate `rhai`
[INFO] [stdout]    |
[INFO] [stdout]    = help: if you wanted to use a crate named `rhai`, use `cargo add rhai` to add it to your `Cargo.toml`
[INFO] [stdout] 
[INFO] [stdout] 
[INFO] [stdout] error[E0433]: cannot find module or crate `rhai` in this scope
[INFO] [stdout]  --> tests/test_nested.rs:8:13
[INFO] [stdout]   |
[INFO] [stdout] 8 |         use rhai::plugin::*;
[INFO] [stdout]   |             ^^^^ use of unresolved module or unlinked crate `rhai`
[INFO] [stdout]   |
[INFO] [stdout]   = help: if you wanted to use a crate named `rhai`, use `cargo add rhai` to add it to your `Cargo.toml`
[INFO] [stdout] 
[INFO] [stdout] 
[INFO] [stdout] error[E0432]: unresolved import `rhai`
[INFO] [stdout]   --> tests/test_nested.rs:98:17
[INFO] [stdout]    |
[INFO] [stdout] 98 |             use rhai::{FLOAT, INT};
[INFO] [stdout]    |                 ^^^^ use of unresolved module or unlinked crate `rhai`
[INFO] [stdout]    |
[INFO] [stdout]    = help: if you wanted to use a crate named `rhai`, use `cargo add rhai` to add it to your `Cargo.toml`
[INFO] [stdout] 
[INFO] [stdout] 
[INFO] [stdout] error[E0432]: unresolved import `rhai`
[INFO] [stdout]   --> tests/test_nested.rs:39:17
[INFO] [stdout]    |
[INFO] [stdout] 39 |             use rhai::FLOAT;
[INFO] [stdout]    |                 ^^^^ use of unresolved module or unlinked crate `rhai`
[INFO] [stdout]    |
[INFO] [stdout]    = help: if you wanted to use a crate named `rhai`, use `cargo add rhai` to add it to your `Cargo.toml`
[INFO] [stdout] 
[INFO] [stdout] 
[INFO] [stdout] error[E0432]: unresolved import `rhai`
[INFO] [stdout]  --> tests/test_nested.rs:9:13
[INFO] [stdout]   |
[INFO] [stdout] 9 |         use rhai::FLOAT;
[INFO] [stdout]   |             ^^^^ use of unresolved module or unlinked crate `rhai`
[INFO] [stdout]   |
[INFO] [stdout]   = help: if you wanted to use a crate named `rhai`, use `cargo add rhai` to add it to your `Cargo.toml`
[INFO] [stdout] 
[INFO] [stdout] 
[INFO] [stdout] error[E0433]: cannot find module or crate `rhai` in this scope
[INFO] [stdout]    --> tests/test_nested.rs:127:13
[INFO] [stdout]     |
[INFO] [stdout] 127 |     let m = rhai::exported_module!(crate::export_nested_by_prefix::my_adds);
[INFO] [stdout]     |             ^^^^ use of unresolved module or unlinked crate `rhai`
[INFO] [stdout] 
[INFO] [stdout] 
[INFO] [stdout] error[E0433]: cannot find module or crate `rhai` in this scope
[INFO] [stdout]   --> tests/test_nested.rs:51:13
[INFO] [stdout]    |
[INFO] [stdout] 51 |     let m = rhai::exported_module!(crate::one_fn_sub_module_nested_attr::advanced_math);
[INFO] [stdout]    |             ^^^^ use of unresolved module or unlinked crate `rhai`
[INFO] [stdout] 
[INFO] [stdout] 
[INFO] [stdout] error[E0433]: cannot find module or crate `rhai` in this scope
[INFO] [stdout]   --> tests/test_nested.rs:21:13
[INFO] [stdout]    |
[INFO] [stdout] 21 |     let m = rhai::exported_module!(crate::one_fn_module_nested_attr::advanced_math);
[INFO] [stdout]    |             ^^^^ use of unresolved module or unlinked crate `rhai`
[INFO] [stdout] 
[INFO] [stdout] 
[INFO] [stdout] error: cannot find attribute `export_module` in this scope
[INFO] [stdout]   --> tests/test_nested.rs:69:7
[INFO] [stdout]    |
[INFO] [stdout] 69 |     #[export_module(export_prefix = "foo_")]
[INFO] [stdout]    |       ^^^^^^^^^^^^^
[INFO] [stdout]    |
[INFO] [stdout] help: a built-in attribute with a similar name exists
[INFO] [stdout]    |
[INFO] [stdout] 69 -     #[export_module(export_prefix = "foo_")]
[INFO] [stdout] 69 +     #[export_stable(export_prefix = "foo_")]
[INFO] [stdout]    |
[INFO] [stdout] 
[INFO] [stdout] 
[INFO] [stdout] error: cannot find attribute `rhai_mod` in this scope
[INFO] [stdout]   --> tests/test_nested.rs:96:11
[INFO] [stdout]    |
[INFO] [stdout] 96 |         #[rhai_mod(name = "foo_third_adders")]
[INFO] [stdout]    |           ^^^^^^^^
[INFO] [stdout] 
[INFO] [stdout] 
[INFO] [stdout] error[E0433]: cannot find module or crate `rhai` in this scope
[INFO] [stdout]  --> tests/test_functions.rs:1:5
[INFO] [stdout]   |
[INFO] [stdout] 1 | use rhai::plugin::*;
[INFO] [stdout]   |     ^^^^ use of unresolved module or unlinked crate `rhai`
[INFO] [stdout]   |
[INFO] [stdout]   = help: if you wanted to use a crate named `rhai`, use `cargo add rhai` to add it to your `Cargo.toml`
[INFO] [stdout] 
[INFO] [stdout] 
[INFO] [stdout] error[E0433]: cannot find module or crate `rhai` in this scope
[INFO] [stdout]  --> tests/test_functions.rs:5:9
[INFO] [stdout]   |
[INFO] [stdout] 5 |     use rhai::plugin::*;
[INFO] [stdout]   |         ^^^^ use of unresolved module or unlinked crate `rhai`
[INFO] [stdout]   |
[INFO] [stdout]   = help: if you wanted to use a crate named `rhai`, use `cargo add rhai` to add it to your `Cargo.toml`
[INFO] [stdout] 
[INFO] [stdout] 
[INFO] [stdout] error[E0433]: cannot find module or crate `rhai` in this scope
[INFO] [stdout]   --> tests/test_functions.rs:32:9
[INFO] [stdout]    |
[INFO] [stdout] 32 |     use rhai::plugin::*;
[INFO] [stdout]    |         ^^^^ use of unresolved module or unlinked crate `rhai`
[INFO] [stdout]    |
[INFO] [stdout]    = help: if you wanted to use a crate named `rhai`, use `cargo add rhai` to add it to your `Cargo.toml`
[INFO] [stdout] 
[INFO] [stdout] 
[INFO] [stdout] error[E0433]: cannot find module or crate `rhai` in this scope
[INFO] [stdout]   --> tests/test_functions.rs:61:9
[INFO] [stdout]    |
[INFO] [stdout] 61 |     use rhai::plugin::*;
[INFO] [stdout]    |         ^^^^ use of unresolved module or unlinked crate `rhai`
[INFO] [stdout]    |
[INFO] [stdout]    = help: if you wanted to use a crate named `rhai`, use `cargo add rhai` to add it to your `Cargo.toml`
[INFO] [stdout] 
[INFO] [stdout] 
[INFO] [stdout] error[E0433]: cannot find module or crate `rhai` in this scope
[INFO] [stdout]   --> tests/test_functions.rs:85:9
[INFO] [stdout]    |
[INFO] [stdout] 85 |     use rhai::plugin::*;
[INFO] [stdout]    |         ^^^^ use of unresolved module or unlinked crate `rhai`
[INFO] [stdout]    |
[INFO] [stdout]    = help: if you wanted to use a crate named `rhai`, use `cargo add rhai` to add it to your `Cargo.toml`
[INFO] [stdout] 
[INFO] [stdout] 
[INFO] [stdout] error[E0433]: cannot find module or crate `rhai` in this scope
[INFO] [stdout]    --> tests/test_functions.rs:144:9
[INFO] [stdout]     |
[INFO] [stdout] 144 |     use rhai::plugin::*;
[INFO] [stdout]     |         ^^^^ use of unresolved module or unlinked crate `rhai`
[INFO] [stdout]     |
[INFO] [stdout]     = help: if you wanted to use a crate named `rhai`, use `cargo add rhai` to add it to your `Cargo.toml`
[INFO] [stdout] 
[INFO] [stdout] 
[INFO] [stdout] error: cannot find attribute `export_module` in this scope
[INFO] [stdout]   --> tests/test_nested.rs:34:7
[INFO] [stdout]    |
[INFO] [stdout] 34 |     #[export_module]
[INFO] [stdout]    |       ^^^^^^^^^^^^^
[INFO] [stdout]    |
[INFO] [stdout] help: a built-in attribute with a similar name exists
[INFO] [stdout]    |
[INFO] [stdout] 34 -     #[export_module]
[INFO] [stdout] 34 +     #[export_stable]
[INFO] [stdout]    |
[INFO] [stdout] 
[INFO] [stdout] 
[INFO] [stdout] error[E0432]: unresolved import `rhai`
[INFO] [stdout]  --> tests/test_functions.rs:2:5
[INFO] [stdout]   |
[INFO] [stdout] 2 | use rhai::{Engine, EvalAltResult, Module, FLOAT};
[INFO] [stdout]   |     ^^^^ use of unresolved module or unlinked crate `rhai`
[INFO] [stdout]   |
[INFO] [stdout]   = help: if you wanted to use a crate named `rhai`, use `cargo add rhai` to add it to your `Cargo.toml`
[INFO] [stdout] 
[INFO] [stdout] 
[INFO] [stdout] error[E0432]: unresolved import `rhai`
[INFO] [stdout]  --> tests/test_functions.rs:6:9
[INFO] [stdout]   |
[INFO] [stdout] 6 |     use rhai::FLOAT;
[INFO] [stdout]   |         ^^^^ use of unresolved module or unlinked crate `rhai`
[INFO] [stdout]   |
[INFO] [stdout]   = help: if you wanted to use a crate named `rhai`, use `cargo add rhai` to add it to your `Cargo.toml`
[INFO] [stdout] 
[INFO] [stdout] 
[INFO] [stdout] error[E0432]: unresolved import `rhai`
[INFO] [stdout]   --> tests/test_functions.rs:33:9
[INFO] [stdout]    |
[INFO] [stdout] 33 |     use rhai::FLOAT;
[INFO] [stdout]    |         ^^^^ use of unresolved module or unlinked crate `rhai`
[INFO] [stdout]    |
[INFO] [stdout]    = help: if you wanted to use a crate named `rhai`, use `cargo add rhai` to add it to your `Cargo.toml`
[INFO] [stdout] 
[INFO] [stdout] 
[INFO] [stdout] error[E0432]: unresolved import `rhai`
[INFO] [stdout]   --> tests/test_functions.rs:86:9
[INFO] [stdout]    |
[INFO] [stdout] 86 |     use rhai::INT;
[INFO] [stdout]    |         ^^^^ use of unresolved module or unlinked crate `rhai`
[INFO] [stdout]    |
[INFO] [stdout]    = help: if you wanted to use a crate named `rhai`, use `cargo add rhai` to add it to your `Cargo.toml`
[INFO] [stdout] 
[INFO] [stdout] 
[INFO] [stdout] error[E0432]: unresolved import `rhai`
[INFO] [stdout]    --> tests/test_functions.rs:145:9
[INFO] [stdout]     |
[INFO] [stdout] 145 |     use rhai::FLOAT;
[INFO] [stdout]     |         ^^^^ use of unresolved module or unlinked crate `rhai`
[INFO] [stdout]     |
[INFO] [stdout]     = help: if you wanted to use a crate named `rhai`, use `cargo add rhai` to add it to your `Cargo.toml`
[INFO] [stdout] 
[INFO] [stdout] 
[INFO] [stdout] error[E0433]: cannot find module or crate `rhai` in this scope
[INFO] [stdout]   --> tests/test_functions.rs:19:5
[INFO] [stdout]    |
[INFO] [stdout] 19 |     rhai::set_exported_fn!(m, "euclidean_distance", raw_fn::distance_function);
[INFO] [stdout]    |     ^^^^ use of unresolved module or unlinked crate `rhai`
[INFO] [stdout] 
[INFO] [stdout] 
[INFO] [stdout] error[E0433]: cannot find module or crate `rhai` in this scope
[INFO] [stdout]   --> tests/test_functions.rs:46:5
[INFO] [stdout]    |
[INFO] [stdout] 46 |     rhai::set_exported_fn!(m, "add_in_place", raw_fn_mut::add_in_place);
[INFO] [stdout]    |     ^^^^ use of unresolved module or unlinked crate `rhai`
[INFO] [stdout] 
[INFO] [stdout] 
[INFO] [stdout] error[E0433]: cannot find module or crate `rhai` in this scope
[INFO] [stdout]   --> tests/test_functions.rs:75:5
[INFO] [stdout]    |
[INFO] [stdout] 75 |     rhai::set_exported_fn!(m, "write_out_str", raw_fn_str::write_out_str);
[INFO] [stdout]    |     ^^^^ use of unresolved module or unlinked crate `rhai`
[INFO] [stdout] 
[INFO] [stdout] 
[INFO] [stdout] error[E0433]: cannot find module or crate `rhai` in this scope
[INFO] [stdout]    --> tests/test_functions.rs:125:5
[INFO] [stdout]     |
[INFO] [stdout] 125 |     rhai::set_exported_fn!(m, "new_message", mut_opaque_ref::new_message);
[INFO] [stdout]     |     ^^^^ use of unresolved module or unlinked crate `rhai`
[INFO] [stdout] 
[INFO] [stdout] 
[INFO] [stdout] error[E0433]: cannot find module or crate `rhai` in this scope
[INFO] [stdout]    --> tests/test_functions.rs:126:5
[INFO] [stdout]     |
[INFO] [stdout] 126 |     rhai::set_exported_fn!(m, "new_os_message", mut_opaque_ref::new_os_message);
[INFO] [stdout]     |     ^^^^ use of unresolved module or unlinked crate `rhai`
[INFO] [stdout] 
[INFO] [stdout] 
[INFO] [stdout] error[E0433]: cannot find module or crate `rhai` in this scope
[INFO] [stdout]    --> tests/test_functions.rs:127:5
[INFO] [stdout]     |
[INFO] [stdout] 127 |     rhai::set_exported_fn!(m, "write_out_message", mut_opaque_ref::write_out_message);
[INFO] [stdout]     |     ^^^^ use of unresolved module or unlinked crate `rhai`
[INFO] [stdout] 
[INFO] [stdout] 
[INFO] [stdout] error[E0433]: cannot find module or crate `rhai` in this scope
[INFO] [stdout]    --> tests/test_functions.rs:163:5
[INFO] [stdout]     |
[INFO] [stdout] 163 |     rhai::set_exported_fn!(m, "euclidean_distance", raw_returning_fn::distance_function);
[INFO] [stdout]     |     ^^^^ use of unresolved module or unlinked crate `rhai`
[INFO] [stdout] 
[INFO] [stdout] 
[INFO] [stdout] error: cannot find attribute `rhai_mod` in this scope
[INFO] [stdout]   --> tests/test_nested.rs:36:11
[INFO] [stdout]    |
[INFO] [stdout] 36 |         #[rhai_mod(name = "constants")]
[INFO] [stdout]    |           ^^^^^^^^
[INFO] [stdout] 
[INFO] [stdout] 
[INFO] [stdout] error: cannot find attribute `rhai_fn` in this scope
[INFO] [stdout]   --> tests/test_nested.rs:40:15
[INFO] [stdout]    |
[INFO] [stdout] 40 |             #[rhai_fn(return_raw)]
[INFO] [stdout]    |               ^^^^^^^
[INFO] [stdout] 
[INFO] [stdout] 
[INFO] [stdout] error: cannot find attribute `export_module` in this scope
[INFO] [stdout]  --> tests/test_nested.rs:6:7
[INFO] [stdout]   |
[INFO] [stdout] 6 |     #[export_module]
[INFO] [stdout]   |       ^^^^^^^^^^^^^
[INFO] [stdout]   |
[INFO] [stdout] help: a built-in attribute with a similar name exists
[INFO] [stdout]   |
[INFO] [stdout] 6 -     #[export_module]
[INFO] [stdout] 6 +     #[export_stable]
[INFO] [stdout]   |
[INFO] [stdout] 
[INFO] [stdout] 
[INFO] [stdout] error: cannot find attribute `rhai_fn` in this scope
[INFO] [stdout]   --> tests/test_nested.rs:11:11
[INFO] [stdout]    |
[INFO] [stdout] 11 |         #[rhai_fn(return_raw)]
[INFO] [stdout]    |           ^^^^^^^
[INFO] [stdout] 
[INFO] [stdout] 
[INFO] [stdout] error: cannot find attribute `export_fn` in this scope
[INFO] [stdout]  --> tests/test_functions.rs:8:7
[INFO] [stdout]   |
[INFO] [stdout] 8 |     #[export_fn]
[INFO] [stdout]   |       ^^^^^^^^^
[INFO] [stdout] 
[INFO] [stdout] 
[INFO] [stdout] error[E0425]: cannot find type `EvalAltResult` in this scope
[INFO] [stdout]   --> tests/test_nested.rs:12:57
[INFO] [stdout]    |
[INFO] [stdout] 12 |         pub fn get_mystic_number() -> Result<FLOAT, Box<EvalAltResult>> {
[INFO] [stdout]    |                                                         ^^^^^^^^^^^^^ not found in this scope
[INFO] [stdout]    |
[INFO] [stdout] help: you might be missing a type parameter
[INFO] [stdout]    |
[INFO] [stdout] 12 |         pub fn get_mystic_number<EvalAltResult>() -> Result<FLOAT, Box<EvalAltResult>> {
[INFO] [stdout]    |                                 +++++++++++++++
[INFO] [stdout] 
[INFO] [stdout] 
[INFO] [stdout] error[E0425]: cannot find type `EvalAltResult` in this scope
[INFO] [stdout]   --> tests/test_nested.rs:41:61
[INFO] [stdout]    |
[INFO] [stdout] 41 |             pub fn get_mystic_number() -> Result<FLOAT, Box<EvalAltResult>> {
[INFO] [stdout]    |                                                             ^^^^^^^^^^^^^ not found in this scope
[INFO] [stdout]    |
[INFO] [stdout] help: you might be missing a type parameter
[INFO] [stdout]    |
[INFO] [stdout] 41 |             pub fn get_mystic_number<EvalAltResult>() -> Result<FLOAT, Box<EvalAltResult>> {
[INFO] [stdout]    |                                     +++++++++++++++
[INFO] [stdout] 
[INFO] [stdout] 
[INFO] [stdout] error: cannot find attribute `export_fn` in this scope
[INFO] [stdout]   --> tests/test_functions.rs:35:7
[INFO] [stdout]    |
[INFO] [stdout] 35 |     #[export_fn]
[INFO] [stdout]    |       ^^^^^^^^^
[INFO] [stdout] 
[INFO] [stdout] 
[INFO] [stdout] error: cannot find attribute `export_fn` in this scope
[INFO] [stdout]   --> tests/test_functions.rs:63:7
[INFO] [stdout]    |
[INFO] [stdout] 63 |     #[export_fn]
[INFO] [stdout]    |       ^^^^^^^^^
[INFO] [stdout] 
[INFO] [stdout] 
[INFO] [stdout] error: cannot find attribute `export_fn` in this scope
[INFO] [stdout]   --> tests/test_functions.rs:96:7
[INFO] [stdout]    |
[INFO] [stdout] 96 |     #[export_fn]
[INFO] [stdout]    |       ^^^^^^^^^
[INFO] [stdout] 
[INFO] [stdout] 
[INFO] [stdout] error: cannot find attribute `export_fn` in this scope
[INFO] [stdout]    --> tests/test_functions.rs:105:7
[INFO] [stdout]     |
[INFO] [stdout] 105 |     #[export_fn]
[INFO] [stdout]     |       ^^^^^^^^^
[INFO] [stdout] 
[INFO] [stdout] 
[INFO] [stdout] error: cannot find attribute `export_fn` in this scope
[INFO] [stdout]    --> tests/test_functions.rs:114:7
[INFO] [stdout]     |
[INFO] [stdout] 114 |     #[export_fn]
[INFO] [stdout]     |       ^^^^^^^^^
[INFO] [stdout] 
[INFO] [stdout] 
[INFO] [stdout] error: cannot find attribute `export_fn` in this scope
[INFO] [stdout]    --> tests/test_functions.rs:147:7
[INFO] [stdout]     |
[INFO] [stdout] 147 |     #[export_fn(return_raw)]
[INFO] [stdout]     |       ^^^^^^^^^
[INFO] [stdout] 
[INFO] [stdout] 
[INFO] [stdout] Some errors have detailed explanations: E0425, E0432, E0433.
[INFO] [stdout] 
[INFO] [stdout] For more information about an error, try `rustc --explain E0425`.
[INFO] [stdout] 
[INFO] [stderr] error: could not compile `spo-rhai_codegen` (test "test_nested") due to 24 previous errors
[INFO] [stderr] warning: build failed, waiting for other jobs to finish...
[INFO] [stdout] error[E0433]: cannot find module or crate `rhai` in this scope
[INFO] [stdout]    --> tests/test_functions.rs:153:17
[INFO] [stdout]     |
[INFO] [stdout] 153 |     ) -> Result<rhai::FLOAT, Box<rhai::EvalAltResult>> {
[INFO] [stdout]     |                 ^^^^ use of unresolved module or unlinked crate `rhai`
[INFO] [stdout]     |
[INFO] [stdout]     = help: if you wanted to use a crate named `rhai`, use `cargo add rhai` to add it to your `Cargo.toml`
[INFO] [stdout] 
[INFO] [stdout] 
[INFO] [stdout] error[E0433]: cannot find module or crate `rhai` in this scope
[INFO] [stdout]    --> tests/test_functions.rs:153:34
[INFO] [stdout]     |
[INFO] [stdout] 153 |     ) -> Result<rhai::FLOAT, Box<rhai::EvalAltResult>> {
[INFO] [stdout]     |                                  ^^^^ use of unresolved module or unlinked crate `rhai`
[INFO] [stdout]     |
[INFO] [stdout]     = help: if you wanted to use a crate named `rhai`, use `cargo add rhai` to add it to your `Cargo.toml`
[INFO] [stdout] 
[INFO] [stdout] 
[INFO] [stdout] Some errors have detailed explanations: E0432, E0433.
[INFO] [stdout] 
[INFO] [stdout] For more information about an error, try `rustc --explain E0432`.
[INFO] [stdout] 
[INFO] [stderr] error: could not compile `spo-rhai_codegen` (test "test_functions") due to 27 previous errors
[INFO] running `Command { std: "docker" "inspect" "a24e26c4551dc1b3dd298a030baa89e124c274a750269622586ac263b0857f3e", kill_on_drop: false }`
[INFO] running `Command { std: "docker" "rm" "-f" "a24e26c4551dc1b3dd298a030baa89e124c274a750269622586ac263b0857f3e", kill_on_drop: false }`
[INFO] [stdout] a24e26c4551dc1b3dd298a030baa89e124c274a750269622586ac263b0857f3e
