[INFO] fetching crate spl-feature-proposal-cli 1.2.0...
[INFO] testing spl-feature-proposal-cli-1.2.0 against 1.100.0-beta.1+cargoflags=--release for beta-release-1.100-2
[INFO] extracting crate spl-feature-proposal-cli 1.2.0 into /workspace/builds/worker-2-tc2/source
[INFO] started tweaking crates.io crate spl-feature-proposal-cli 1.2.0
[INFO] finished tweaking crates.io crate spl-feature-proposal-cli 1.2.0
[INFO] tweaked toml for crates.io crate spl-feature-proposal-cli 1.2.0 written to /workspace/builds/worker-2-tc2/source/Cargo.toml
[INFO] validating manifest of crates.io crate spl-feature-proposal-cli 1.2.0 on toolchain 1.100.0-beta.1
[INFO] running `Command { std: CARGO_HOME="/workspace/cargo-home" RUSTUP_HOME="/workspace/rustup-home" "/workspace/cargo-home/bin/cargo" "+1.100.0-beta.1" "metadata" "--manifest-path" "Cargo.toml" "--no-deps", kill_on_drop: false }`
[INFO] crate crates.io crate spl-feature-proposal-cli 1.2.0 already has a lockfile, it will not be regenerated
[INFO] running `Command { std: CARGO_HOME="/workspace/cargo-home" RUSTUP_HOME="/workspace/rustup-home" "/workspace/cargo-home/bin/cargo" "+1.100.0-beta.1" "fetch" "--manifest-path" "Cargo.toml", kill_on_drop: false }`
[INFO] running `Command { std: "docker" "create" "-v" "/var/lib/crater-agent-workspace/builds/worker-2-tc2/source:/opt/rustwide/workdir:ro,Z" "-v" "/var/lib/crater-agent-workspace/builds/worker-2-tc2/target:/opt/rustwide/target:rw,Z" "-v" "/var/lib/crater-agent-workspace/cargo-home:/opt/rustwide/cargo-home:ro,Z" "-v" "/var/lib/crater-agent-workspace/rustup-home:/opt/rustwide/rustup-home:ro,Z" "-m" "1610612736" "--network" "none" "ghcr.io/rust-lang/crates-build-env/linux@sha256:77db811e55d90add9212f6832c23229e3de5f1c1f9905e8cb07319ea15df73ac" "sleep" "infinity", kill_on_drop: false }`
[INFO] [stdout] b68bb479b8af41863e534ddae191b9450045f1130d0b94ca467882a939038201
[INFO] running `Command { std: "docker" "start" "b68bb479b8af41863e534ddae191b9450045f1130d0b94ca467882a939038201", kill_on_drop: false }`
[INFO] running `Command { std: "docker" "inspect" "b68bb479b8af41863e534ddae191b9450045f1130d0b94ca467882a939038201", kill_on_drop: false }`
[INFO] running `Command { std: "docker" "exec" "-e" "SOURCE_DIR=/opt/rustwide/workdir" "-e" "CARGO_HOME=/opt/rustwide/cargo-home" "-e" "RUSTUP_HOME=/opt/rustwide/rustup-home" "-e" "CARGO_TARGET_DIR=/opt/rustwide/target" "-w" "/opt/rustwide/workdir" "--user" "0:0" "b68bb479b8af41863e534ddae191b9450045f1130d0b94ca467882a939038201" "/opt/rustwide/cargo-home/bin/cargo" "+1.100.0-beta.1" "metadata" "--no-deps" "--format-version=1", kill_on_drop: false }`
[INFO] running `Command { std: "docker" "inspect" "b68bb479b8af41863e534ddae191b9450045f1130d0b94ca467882a939038201", kill_on_drop: false }`
[INFO] running `Command { std: "docker" "exec" "-e" "SOURCE_DIR=/opt/rustwide/workdir" "-e" "CARGO_HOME=/opt/rustwide/cargo-home" "-e" "RUSTUP_HOME=/opt/rustwide/rustup-home" "-e" "CARGO_TARGET_DIR=/opt/rustwide/target" "-e" "CARGO_INCREMENTAL=0" "-e" "RUST_BACKTRACE=full" "-e" "RUSTFLAGS=--cap-lints=warn" "-e" "RUSTDOCFLAGS=--cap-lints=warn" "-w" "/opt/rustwide/workdir" "--user" "0:0" "b68bb479b8af41863e534ddae191b9450045f1130d0b94ca467882a939038201" "/opt/rustwide/cargo-home/bin/cargo" "+1.100.0-beta.1" "build" "--frozen" "--message-format=json" "--release", kill_on_drop: false }`
[INFO] [stderr]    Compiling libc v0.2.81
[INFO] [stderr]    Compiling syn v1.0.54
[INFO] [stderr]    Compiling spin v0.5.2
[INFO] [stderr]    Compiling log v0.4.11
[INFO] [stderr]    Compiling serde_derive v1.0.118
[INFO] [stderr]    Compiling serde v1.0.118
[INFO] [stderr]    Compiling memchr v2.3.4
[INFO] [stderr]    Compiling lazy_static v1.4.0
[INFO] [stderr]    Compiling typenum v1.12.0
[INFO] [stderr]    Compiling byteorder v1.3.4
[INFO] [stderr]    Compiling slab v0.4.2
[INFO] [stderr]    Compiling crossbeam-utils v0.7.2
[INFO] [stderr]    Compiling getrandom v0.1.15
[INFO] [stderr]    Compiling proc-macro-hack v0.5.19
[INFO] [stderr]    Compiling either v1.6.1
[INFO] [stderr]    Compiling futures v0.1.30
[INFO] [stderr]    Compiling regex-syntax v0.6.21
[INFO] [stderr]    Compiling aho-corasick v0.7.15
[INFO] [stderr]    Compiling generic-array v0.12.3
[INFO] [stderr]    Compiling num_cpus v1.13.0
[INFO] [stderr]    Compiling jobserver v0.1.21
[INFO] [stderr]    Compiling cc v1.0.49
[INFO] [stderr]    Compiling iovec v0.1.4
[INFO] [stderr]    Compiling digest v0.8.1
[INFO] [stderr]    Compiling net2 v0.2.36
[INFO] [stderr]    Compiling rand_core v0.5.1
[INFO] [stderr]    Compiling mio v0.6.23
[INFO] [stderr]    Compiling thread_local v1.0.1
[INFO] [stderr]    Compiling smallvec v1.5.1
[INFO] [stderr]    Compiling rand_chacha v0.2.2
[INFO] [stderr]    Compiling block-buffer v0.7.3
[INFO] [stderr]    Compiling generic-array v0.14.4
[INFO] [stderr]    Compiling rand v0.7.3
[INFO] [stderr]    Compiling instant v0.1.9
[INFO] [stderr]    Compiling itoa v0.4.6
[INFO] [stderr]    Compiling parking_lot_core v0.8.1
[INFO] [stderr]    Compiling tokio-executor v0.1.10
[INFO] [stderr]    Compiling regex v1.4.2
[INFO] [stderr]    Compiling ring v0.16.12
[INFO] [stderr]    Compiling lock_api v0.4.2
[INFO] [stderr]    Compiling crunchy v0.2.2
[INFO] [stderr]    Compiling futures-core v0.3.8
[INFO] [stderr]    Compiling subtle v2.3.0
[INFO] [stderr]    Compiling parking_lot v0.11.1
[INFO] [stderr]    Compiling sha2 v0.8.2
[INFO] [stderr]    Compiling bytes v0.4.12
[INFO] [stderr]    Compiling synstructure v0.12.4
[INFO] [stderr]    Compiling unicase v2.6.0
[INFO] [stderr]    Compiling pin-project-internal v0.4.27
[INFO] [stderr]    Compiling untrusted v0.7.1
[INFO] [stderr]    Compiling tinyvec v1.1.0
[INFO] [stderr]    Compiling tokio-io v0.1.13
[INFO] [stderr]    Compiling once_cell v1.5.2
[INFO] [stderr]    Compiling atty v0.2.14
[INFO] [stderr]    Compiling parking_lot v0.9.0
[INFO] [stderr]    Compiling memoffset v0.5.6
[INFO] [stderr]    Compiling pin-project-lite v0.1.11
[INFO] [stderr]    Compiling proc-macro-nested v0.1.6
[INFO] [stderr]    Compiling tokio v0.2.23
[INFO] [stderr]    Compiling parking_lot_core v0.6.2
[INFO] [stderr]    Compiling http v0.2.1
[INFO] [stderr]    Compiling tracing-core v0.1.17
[INFO] [stderr]    Compiling unicode-normalization v0.1.16
[INFO] [stderr]    Compiling zeroize_derive v1.0.1
[INFO] [stderr]    Compiling zeroize v1.1.1
[INFO] [stderr]    Compiling pin-project-internal v1.0.2
[INFO] [stderr]    Compiling solana-frozen-abi-macro v1.4.14
[INFO] [stderr]    Compiling indexmap v1.6.0
[INFO] [stderr]    Compiling crossbeam-epoch v0.8.2
[INFO] [stderr]    Compiling termcolor v1.1.2
[INFO] [stderr]    Compiling rustversion v1.0.4
[INFO] [stderr]    Compiling pin-project-lite v0.2.0
[INFO] [stderr]    Compiling httparse v1.3.4
[INFO] [stderr]    Compiling form_urlencoded v1.0.0
[INFO] [stderr]    Compiling env_logger v0.7.1
[INFO] [stderr]    Compiling tracing v0.1.22
[INFO] [stderr]    Compiling webpki v0.21.2
[INFO] [stderr]    Compiling pin-project v0.4.27
[INFO] [stderr]    Compiling pin-project v1.0.2
[INFO] [stderr]    Compiling curve25519-dalek v2.1.0
[INFO] [stderr]    Compiling thiserror-impl v1.0.22
[INFO] [stderr]    Compiling futures-macro v0.3.8
[INFO] [stderr]    Compiling futures-task v0.3.8
[INFO] [stderr]    Compiling unicode-bidi v0.3.4
[INFO] [stderr]    Compiling tokio-sync v0.1.8
[INFO] [stderr]    Compiling solana-frozen-abi v1.4.14
[INFO] [stderr]    Compiling pkg-config v0.3.19
[INFO] [stderr]    Compiling futures-sink v0.3.8
[INFO] [stderr]    Compiling futures-io v0.3.8
[INFO] [stderr]    Compiling futures-util v0.3.8
[INFO] [stderr]    Compiling crypto-mac v0.7.0
[INFO] [stderr]    Compiling tokio-util v0.3.1
[INFO] [stderr]    Compiling tokio-reactor v0.1.12
[INFO] [stderr]    Compiling idna v0.2.0
[INFO] [stderr]    Compiling thiserror v1.0.22
[INFO] [stderr]    Compiling tracing-futures v0.2.4
[INFO] [stderr]    Compiling sct v0.6.0
[INFO] [stderr]    Compiling solana-logger v1.4.14
[INFO] [stderr]    Compiling memmap v0.7.0
[INFO] [stderr]    Compiling solana-program v1.4.14
[INFO] [stderr]    Compiling proc-macro2 v0.4.30
[INFO] [stderr]    Compiling bs58 v0.3.1
[INFO] [stderr]    Compiling serde_json v1.0.60
[INFO] [stderr]    Compiling want v0.3.0
[INFO] [stderr]    Compiling bv v0.11.1
[INFO] [stderr]    Compiling solana-sdk-macro v1.4.14
[INFO] [stderr]    Compiling serde_bytes v0.11.5
[INFO] [stderr]    Compiling bincode v1.3.1
[INFO] [stderr]    Compiling rustls v0.18.1
[INFO] [stderr]    Compiling url v2.2.0
[INFO] [stderr]    Compiling crossbeam-deque v0.7.3
[INFO] [stderr]    Compiling mime_guess v2.0.3
[INFO] [stderr]    Compiling http-body v0.3.1
[INFO] [stderr]    Compiling h2 v0.2.7
[INFO] [stderr]    Compiling num-derive v0.3.3
[INFO] [stderr]    Compiling tokio-codec v0.1.2
[INFO] [stderr]    Compiling futures-channel v0.3.8
[INFO] [stderr]    Compiling socket2 v0.3.17
[INFO] [stderr]    Compiling crossbeam-queue v0.2.3
[INFO] [stderr]    Compiling itertools v0.9.0
[INFO] [stderr]    Compiling proc-macro2 v1.0.24
[INFO] [stderr]    Compiling tower-service v0.3.0
[INFO] [stderr]    Compiling unicode-xid v0.2.1
[INFO] [stderr]    Compiling arrayref v0.3.6
[INFO] [stderr]    Compiling hex v0.4.2
[INFO] [stderr]    Compiling encoding_rs v0.8.26
[INFO] [stderr]    Compiling unicode-xid v0.1.0
[INFO] [stderr]    Compiling backtrace v0.3.55
[INFO] [stderr]    Compiling tokio-threadpool v0.1.18
[INFO] [stderr]    Compiling tokio-rustls v0.14.1
[INFO] [stderr]    Compiling hmac v0.7.1
[INFO] [stderr]    Compiling mio-uds v0.6.8
[INFO] [stderr]    Compiling signature v1.2.2
[INFO] [stderr]    Compiling syn v0.15.44
[INFO] [stderr]    Compiling winapi v0.3.9
[INFO] [stderr]    Compiling ed25519 v1.0.3
[INFO] [stderr]    Compiling tokio-uds v0.2.7
[INFO] [stderr]    Compiling tokio-fs v0.1.7
[INFO] [stderr]    Compiling hyper v0.13.9
[INFO] [stderr]    Compiling quote v1.0.7
[INFO] [stderr]    Compiling quote v0.6.13
[INFO] [stderr]    Compiling tokio-udp v0.1.6
[INFO] [stderr]    Compiling digest v0.9.0
[INFO] [stderr]    Compiling serde_urlencoded v0.7.0
[INFO] [stderr]    Compiling tokio-tcp v0.1.4
[INFO] [stderr]    Compiling webpki-roots v0.20.0
[INFO] [stderr]    Compiling tokio-timer v0.2.13
[INFO] [stderr]    Compiling tokio-current-thread v0.1.7
[INFO] [stderr]    Compiling ipnet v2.3.0
[INFO] [stderr]    Compiling block-buffer v0.9.0
[INFO] [stderr]    Compiling tokio v0.1.22
[INFO] [stderr]    Compiling ed25519-dalek v1.0.0-pre.4
[INFO] [stderr]    Compiling hmac-drbg v0.2.0
[INFO] [stderr]    Compiling pbkdf2 v0.3.0
[INFO] [stderr]    Compiling time v0.1.44
[INFO] [stderr]    Compiling solana-sdk v1.4.14
[INFO] [stderr]    Compiling keccak v0.1.0
[INFO] [stderr]    Compiling hyper-rustls v0.21.0
[INFO] [stderr]    Compiling reqwest v0.10.9
[INFO] [stderr]    Compiling sha3 v0.9.1
[INFO] [stderr]    Compiling chrono v0.4.19
[INFO] [stderr]    Compiling libsecp256k1 v0.3.5
[INFO] [stderr]    Compiling assert_matches v1.4.0
[INFO] [stderr]    Compiling crossbeam-utils v0.8.1
[INFO] [stderr]    Compiling memoffset v0.6.1
[INFO] [stderr]    Compiling getrandom v0.2.0
[INFO] [stderr]    Compiling const_fn v0.4.3
[INFO] [stderr]    Compiling glob v0.3.0
[INFO] [stderr]    Compiling fs_extra v1.2.0
[INFO] [stderr]    Compiling solana-crate-features v1.4.14
[INFO] [stderr]    Compiling tiny-keccak v2.0.2
[INFO] [stderr]    Compiling zstd-sys v1.4.17+zstd.1.4.5
[INFO] [stderr]    Compiling jemalloc-sys v0.3.2
[INFO] [stderr]    Compiling openssl-sys v0.9.58
[INFO] [stderr]    Compiling gethostname v0.2.1
[INFO] [stderr]    Compiling terminal_size v0.1.15
[INFO] [stderr]    Compiling cfg-if v0.1.10
[INFO] [stderr]    Compiling tempfile v3.1.0
[INFO] [stderr] warning: openssl-sys@0.9.58: build/expando.c:4:24: error: pasting "RUST_VERSION_OPENSSL_" and "(" does not give a valid preprocessing token
[INFO] [stderr] warning: openssl-sys@0.9.58:     4 | #define VERSION2(n, v) RUST_VERSION_##n##_##v
[INFO] [stderr] warning: openssl-sys@0.9.58:       |                        ^~~~~~~~~~~~~
[INFO] [stderr] warning: openssl-sys@0.9.58: build/expando.c:5:23: note: in expansion of macro 'VERSION2'
[INFO] [stderr] warning: openssl-sys@0.9.58:     5 | #define VERSION(n, v) VERSION2(n, v)
[INFO] [stderr] warning: openssl-sys@0.9.58:       |                       ^~~~~~~~
[INFO] [stderr] warning: openssl-sys@0.9.58: build/expando.c:10:1: note: in expansion of macro 'VERSION'
[INFO] [stderr] warning: openssl-sys@0.9.58:    10 | VERSION(OPENSSL, OPENSSL_VERSION_NUMBER)
[INFO] [stderr] warning: openssl-sys@0.9.58:       | ^~~~~~~
[INFO] [stderr] error: failed to run custom build command for `openssl-sys v0.9.58`
[INFO] [stderr] note: To improve backtraces for build dependencies, set the CARGO_PROFILE_RELEASE_BUILD_OVERRIDE_DEBUG=true environment variable to enable debug information generation.
[INFO] [stderr] 
[INFO] [stderr] Caused by:
[INFO] [stderr]   process didn't exit successfully: `/opt/rustwide/target/release/build/openssl-sys/9a8547ccd4ced7df/out/build_script_main` (exit status: 101)
[INFO] [stderr]   --- stdout
[INFO] [stderr]   cargo:rustc-cfg=const_fn
[INFO] [stderr]   cargo:rerun-if-env-changed=X86_64_UNKNOWN_LINUX_GNU_OPENSSL_LIB_DIR
[INFO] [stderr]   X86_64_UNKNOWN_LINUX_GNU_OPENSSL_LIB_DIR unset
[INFO] [stderr]   cargo:rerun-if-env-changed=OPENSSL_LIB_DIR
[INFO] [stderr]   OPENSSL_LIB_DIR unset
[INFO] [stderr]   cargo:rerun-if-env-changed=X86_64_UNKNOWN_LINUX_GNU_OPENSSL_INCLUDE_DIR
[INFO] [stderr]   X86_64_UNKNOWN_LINUX_GNU_OPENSSL_INCLUDE_DIR unset
[INFO] [stderr]   cargo:rerun-if-env-changed=OPENSSL_INCLUDE_DIR
[INFO] [stderr]   OPENSSL_INCLUDE_DIR unset
[INFO] [stderr]   cargo:rerun-if-env-changed=X86_64_UNKNOWN_LINUX_GNU_OPENSSL_DIR
[INFO] [stderr]   X86_64_UNKNOWN_LINUX_GNU_OPENSSL_DIR unset
[INFO] [stderr]   cargo:rerun-if-env-changed=OPENSSL_DIR
[INFO] [stderr]   OPENSSL_DIR unset
[INFO] [stderr]   cargo:rerun-if-env-changed=OPENSSL_NO_PKG_CONFIG
[INFO] [stderr]   cargo:rerun-if-env-changed=PKG_CONFIG
[INFO] [stderr]   cargo:rerun-if-env-changed=OPENSSL_STATIC
[INFO] [stderr]   cargo:rerun-if-env-changed=OPENSSL_DYNAMIC
[INFO] [stderr]   cargo:rerun-if-env-changed=PKG_CONFIG_ALL_STATIC
[INFO] [stderr]   cargo:rerun-if-env-changed=PKG_CONFIG_ALL_DYNAMIC
[INFO] [stderr]   cargo:rerun-if-env-changed=PKG_CONFIG_PATH_x86_64-unknown-linux-gnu
[INFO] [stderr]   cargo:rerun-if-env-changed=PKG_CONFIG_PATH_x86_64_unknown_linux_gnu
[INFO] [stderr]   cargo:rerun-if-env-changed=HOST_PKG_CONFIG_PATH
[INFO] [stderr]   cargo:rerun-if-env-changed=PKG_CONFIG_PATH
[INFO] [stderr]   cargo:rerun-if-env-changed=PKG_CONFIG_LIBDIR_x86_64-unknown-linux-gnu
[INFO] [stderr]   cargo:rerun-if-env-changed=PKG_CONFIG_LIBDIR_x86_64_unknown_linux_gnu
[INFO] [stderr]   cargo:rerun-if-env-changed=HOST_PKG_CONFIG_LIBDIR
[INFO] [stderr]   cargo:rerun-if-env-changed=PKG_CONFIG_LIBDIR
[INFO] [stderr]   cargo:rerun-if-env-changed=PKG_CONFIG_SYSROOT_DIR_x86_64-unknown-linux-gnu
[INFO] [stderr]   cargo:rerun-if-env-changed=PKG_CONFIG_SYSROOT_DIR_x86_64_unknown_linux_gnu
[INFO] [stderr]   cargo:rerun-if-env-changed=HOST_PKG_CONFIG_SYSROOT_DIR
[INFO] [stderr]   cargo:rerun-if-env-changed=PKG_CONFIG_SYSROOT_DIR
[INFO] [stderr]   cargo:rerun-if-env-changed=PKG_CONFIG_SYSROOT_DIR
[INFO] [stderr]   cargo:rerun-if-env-changed=SYSROOT
[INFO] [stderr]   cargo:rerun-if-env-changed=OPENSSL_STATIC
[INFO] [stderr]   cargo:rerun-if-env-changed=OPENSSL_DYNAMIC
[INFO] [stderr]   cargo:rerun-if-env-changed=PKG_CONFIG_ALL_STATIC
[INFO] [stderr]   cargo:rerun-if-env-changed=PKG_CONFIG_ALL_DYNAMIC
[INFO] [stderr]   cargo:rustc-link-lib=ssl
[INFO] [stderr]   cargo:rustc-link-lib=crypto
[INFO] [stderr]   cargo:rerun-if-env-changed=PKG_CONFIG
[INFO] [stderr]   cargo:rerun-if-env-changed=OPENSSL_STATIC
[INFO] [stderr]   cargo:rerun-if-env-changed=OPENSSL_DYNAMIC
[INFO] [stderr]   cargo:rerun-if-env-changed=PKG_CONFIG_ALL_STATIC
[INFO] [stderr]   cargo:rerun-if-env-changed=PKG_CONFIG_ALL_DYNAMIC
[INFO] [stderr]   cargo:rerun-if-env-changed=PKG_CONFIG_PATH_x86_64-unknown-linux-gnu
[INFO] [stderr]   cargo:rerun-if-env-changed=PKG_CONFIG_PATH_x86_64_unknown_linux_gnu
[INFO] [stderr]   cargo:rerun-if-env-changed=HOST_PKG_CONFIG_PATH
[INFO] [stderr]   cargo:rerun-if-env-changed=PKG_CONFIG_PATH
[INFO] [stderr]   cargo:rerun-if-env-changed=PKG_CONFIG_LIBDIR_x86_64-unknown-linux-gnu
[INFO] [stderr]   cargo:rerun-if-env-changed=PKG_CONFIG_LIBDIR_x86_64_unknown_linux_gnu
[INFO] [stderr]   cargo:rerun-if-env-changed=HOST_PKG_CONFIG_LIBDIR
[INFO] [stderr]   cargo:rerun-if-env-changed=PKG_CONFIG_LIBDIR
[INFO] [stderr]   cargo:rerun-if-env-changed=PKG_CONFIG_SYSROOT_DIR_x86_64-unknown-linux-gnu
[INFO] [stderr]   cargo:rerun-if-env-changed=PKG_CONFIG_SYSROOT_DIR_x86_64_unknown_linux_gnu
[INFO] [stderr]   cargo:rerun-if-env-changed=HOST_PKG_CONFIG_SYSROOT_DIR
[INFO] [stderr]   cargo:rerun-if-env-changed=PKG_CONFIG_SYSROOT_DIR
[INFO] [stderr]   OPT_LEVEL = Some("3")
[INFO] [stderr]   TARGET = Some("x86_64-unknown-linux-gnu")
[INFO] [stderr]   HOST = Some("x86_64-unknown-linux-gnu")
[INFO] [stderr]   CC_x86_64-unknown-linux-gnu = None
[INFO] [stderr]   CC_x86_64_unknown_linux_gnu = None
[INFO] [stderr]   HOST_CC = None
[INFO] [stderr]   CC = None
[INFO] [stderr]   CFLAGS_x86_64-unknown-linux-gnu = None
[INFO] [stderr]   CFLAGS_x86_64_unknown_linux_gnu = None
[INFO] [stderr]   HOST_CFLAGS = None
[INFO] [stderr]   CFLAGS = None
[INFO] [stderr]   CRATE_CC_NO_DEFAULTS = None
[INFO] [stderr]   DEBUG = Some("false")
[INFO] [stderr]   CARGO_CFG_TARGET_FEATURE = Some("fxsr,sse,sse2")
[INFO] [stderr]   running: "cc" "-O3" "-ffunction-sections" "-fdata-sections" "-fPIC" "-m64" "-I" "/usr/include" "-Wall" "-Wextra" "-E" "build/expando.c"
[INFO] [stderr]   cargo:warning=build/expando.c:4:24: error: pasting "RUST_VERSION_OPENSSL_" and "(" does not give a valid preprocessing token
[INFO] [stderr]   cargo:warning=    4 | #define VERSION2(n, v) RUST_VERSION_##n##_##v
[INFO] [stderr]   cargo:warning=      |                        ^~~~~~~~~~~~~
[INFO] [stderr]   cargo:warning=build/expando.c:5:23: note: in expansion of macro 'VERSION2'
[INFO] [stderr]   cargo:warning=    5 | #define VERSION(n, v) VERSION2(n, v)
[INFO] [stderr]   cargo:warning=      |                       ^~~~~~~~
[INFO] [stderr]   cargo:warning=build/expando.c:10:1: note: in expansion of macro 'VERSION'
[INFO] [stderr]   cargo:warning=   10 | VERSION(OPENSSL, OPENSSL_VERSION_NUMBER)
[INFO] [stderr]   cargo:warning=      | ^~~~~~~
[INFO] [stderr]   exit status: 1
[INFO] [stderr] 
[INFO] [stderr]   --- stderr
[INFO] [stderr] 
[INFO] [stderr]   thread 'main' (3338) panicked at /opt/rustwide/cargo-home/registry/src/index.crates.io-1949cf8c6b5b557f/openssl-sys-0.9.58/build/main.rs:140:13:
[INFO] [stderr] 
[INFO] [stderr]   Header expansion error:
[INFO] [stderr]   Error { kind: ToolExecError, message: "Command \"cc\" \"-O3\" \"-ffunction-sections\" \"-fdata-sections\" \"-fPIC\" \"-m64\" \"-I\" \"/usr/include\" \"-Wall\" \"-Wextra\" \"-E\" \"build/expando.c\" with args \"cc\" did not execute successfully (status code exit status: 1)." }
[INFO] [stderr] 
[INFO] [stderr]   Failed to find OpenSSL development headers.
[INFO] [stderr] 
[INFO] [stderr]   You can try fixing this setting the `OPENSSL_DIR` environment variable
[INFO] [stderr]   pointing to your OpenSSL installation or installing OpenSSL headers package
[INFO] [stderr]   specific to your distribution:
[INFO] [stderr] 
[INFO] [stderr]       # On Ubuntu
[INFO] [stderr]       sudo apt-get install libssl-dev
[INFO] [stderr]       # On Arch Linux
[INFO] [stderr]       sudo pacman -S openssl
[INFO] [stderr]       # On Fedora
[INFO] [stderr]       sudo dnf install openssl-devel
[INFO] [stderr] 
[INFO] [stderr]   See rust-openssl README for more information:
[INFO] [stderr] 
[INFO] [stderr]       https://github.com/sfackler/rust-openssl#linux
[INFO] [stderr] 
[INFO] [stderr]   stack backtrace:
[INFO] [stderr]      0:     0x5ce9afef84d1 - <<std[617be2ca0a6fd877]::sys::backtrace::BacktraceLock>::print::DisplayBacktrace as core[a373ad73a504971]::fmt::Display>::fmt
[INFO] [stderr]      1:     0x5ce9aff0caea - core[a373ad73a504971]::fmt::write
[INFO] [stderr]      2:     0x5ce9afefe20c - <std[617be2ca0a6fd877]::sys::stdio::unix::Stderr as core[a373ad73a504971]::io::write::Write>::write_fmt
[INFO] [stderr]      3:     0x5ce9afed78f6 - std[617be2ca0a6fd877]::panicking::default_hook::{closure#0}
[INFO] [stderr]      4:     0x5ce9afef3041 - std[617be2ca0a6fd877]::panicking::default_hook
[INFO] [stderr]      5:     0x5ce9afef31fb - std[617be2ca0a6fd877]::panicking::panic_with_hook
[INFO] [stderr]      6:     0x5ce9afed79a2 - std[617be2ca0a6fd877]::panicking::panic_handler::{closure#0}
[INFO] [stderr]      7:     0x5ce9afed03a9 - std[617be2ca0a6fd877]::sys::backtrace::__rust_end_short_backtrace::<std[617be2ca0a6fd877]::panicking::panic_handler::{closure#0}, !>
[INFO] [stderr]      8:     0x5ce9afed827d - __rustc[ea4f61d10b84890b]::rust_begin_unwind
[INFO] [stderr]      9:     0x5ce9aff0d25c - core[a373ad73a504971]::panicking::panic_fmt
[INFO] [stderr]     10:     0x5ce9afe6af41 - build_script_main[d2e8fe52b015fe78]::validate_headers
[INFO] [stderr]     11:     0x5ce9afe6df63 - build_script_main[d2e8fe52b015fe78]::find_normal::try_pkg_config
[INFO] [stderr]     12:     0x5ce9afe6e328 - build_script_main[d2e8fe52b015fe78]::find_normal::find_openssl_dir
[INFO] [stderr]     13:     0x5ce9afe69297 - build_script_main[d2e8fe52b015fe78]::find_normal::get_openssl::{closure#0}
[INFO] [stderr]     14:     0x5ce9afe67ac0 - <core[a373ad73a504971]::option::Option<std[617be2ca0a6fd877]::ffi::os_str::OsString>>::unwrap_or_else::<build_script_main[d2e8fe52b015fe78]::find_normal::get_openssl::{closure#0}>
[INFO] [stderr]     15:     0x5ce9afe6d82c - build_script_main[d2e8fe52b015fe78]::find_normal::get_openssl
[INFO] [stderr]     16:     0x5ce9afe6936d - build_script_main[d2e8fe52b015fe78]::find_openssl
[INFO] [stderr]     17:     0x5ce9afe6b561 - build_script_main[d2e8fe52b015fe78]::main
[INFO] [stderr]     18:     0x5ce9afe701f3 - <fn() as core[a373ad73a504971]::ops::function::FnOnce<()>>::call_once
[INFO] [stderr]     19:     0x5ce9afe682be - std[617be2ca0a6fd877]::sys::backtrace::__rust_begin_short_backtrace::<fn(), ()>
[INFO] [stderr]     20:     0x5ce9afe68769 - std[617be2ca0a6fd877]::rt::lang_start::<()>::{closure#0}
[INFO] [stderr]     21:     0x5ce9afef2448 - std[617be2ca0a6fd877]::rt::lang_start_internal
[INFO] [stderr]     22:     0x5ce9afe68061 - std[617be2ca0a6fd877]::rt::lang_start::<()>
[INFO] [stderr]     23:     0x5ce9afe70365 - main
[INFO] [stderr]     24:     0x775db765a601 - <unknown>
[INFO] [stderr]     25:     0x775db765a718 - __libc_start_main
[INFO] [stderr]     26:     0x5ce9afe67825 - _start
[INFO] [stderr]     27:                0x0 - <unknown>
[INFO] [stderr] warning: build failed, waiting for other jobs to finish...
[INFO] running `Command { std: "docker" "inspect" "b68bb479b8af41863e534ddae191b9450045f1130d0b94ca467882a939038201", kill_on_drop: false }`
[INFO] running `Command { std: "docker" "rm" "-f" "b68bb479b8af41863e534ddae191b9450045f1130d0b94ca467882a939038201", kill_on_drop: false }`
[INFO] [stdout] b68bb479b8af41863e534ddae191b9450045f1130d0b94ca467882a939038201
