[INFO] fetching crate spider-optimize 0.7.0...
[INFO] testing spider-optimize-0.7.0 against 1.100.0-beta.1+cargoflags=--release for beta-release-1.100-2
[INFO] extracting crate spider-optimize 0.7.0 into /workspace/builds/worker-1-tc2/source
[INFO] started tweaking crates.io crate spider-optimize 0.7.0
[INFO] finished tweaking crates.io crate spider-optimize 0.7.0
[INFO] tweaked toml for crates.io crate spider-optimize 0.7.0 written to /workspace/builds/worker-1-tc2/source/Cargo.toml
[INFO] validating manifest of crates.io crate spider-optimize 0.7.0 on toolchain 1.100.0-beta.1
[INFO] running `Command { std: CARGO_HOME="/workspace/cargo-home" RUSTUP_HOME="/workspace/rustup-home" "/workspace/cargo-home/bin/cargo" "+1.100.0-beta.1" "metadata" "--manifest-path" "Cargo.toml" "--no-deps", kill_on_drop: false }`
[INFO] crate crates.io crate spider-optimize 0.7.0 already has a lockfile, it will not be regenerated
[INFO] running `Command { std: CARGO_HOME="/workspace/cargo-home" RUSTUP_HOME="/workspace/rustup-home" "/workspace/cargo-home/bin/cargo" "+1.100.0-beta.1" "fetch" "--manifest-path" "Cargo.toml", kill_on_drop: false }`
[INFO] running `Command { std: "docker" "create" "-v" "/var/lib/crater-agent-workspace/builds/worker-1-tc2/source:/opt/rustwide/workdir:ro,Z" "-v" "/var/lib/crater-agent-workspace/builds/worker-1-tc2/target:/opt/rustwide/target:rw,Z" "-v" "/var/lib/crater-agent-workspace/cargo-home:/opt/rustwide/cargo-home:ro,Z" "-v" "/var/lib/crater-agent-workspace/rustup-home:/opt/rustwide/rustup-home:ro,Z" "-m" "1610612736" "--network" "none" "ghcr.io/rust-lang/crates-build-env/linux@sha256:77db811e55d90add9212f6832c23229e3de5f1c1f9905e8cb07319ea15df73ac" "sleep" "infinity", kill_on_drop: false }`
[INFO] [stdout] a9e60484b28f1731b70f5a3d81df54f8f827b69ea629bbdd63934cce15fc7722
[INFO] running `Command { std: "docker" "start" "a9e60484b28f1731b70f5a3d81df54f8f827b69ea629bbdd63934cce15fc7722", kill_on_drop: false }`
[INFO] running `Command { std: "docker" "inspect" "a9e60484b28f1731b70f5a3d81df54f8f827b69ea629bbdd63934cce15fc7722", kill_on_drop: false }`
[INFO] running `Command { std: "docker" "exec" "-e" "SOURCE_DIR=/opt/rustwide/workdir" "-e" "CARGO_HOME=/opt/rustwide/cargo-home" "-e" "RUSTUP_HOME=/opt/rustwide/rustup-home" "-e" "CARGO_TARGET_DIR=/opt/rustwide/target" "-w" "/opt/rustwide/workdir" "--user" "0:0" "a9e60484b28f1731b70f5a3d81df54f8f827b69ea629bbdd63934cce15fc7722" "/opt/rustwide/cargo-home/bin/cargo" "+1.100.0-beta.1" "metadata" "--no-deps" "--format-version=1", kill_on_drop: false }`
[INFO] running `Command { std: "docker" "inspect" "a9e60484b28f1731b70f5a3d81df54f8f827b69ea629bbdd63934cce15fc7722", kill_on_drop: false }`
[INFO] running `Command { std: "docker" "exec" "-e" "SOURCE_DIR=/opt/rustwide/workdir" "-e" "CARGO_HOME=/opt/rustwide/cargo-home" "-e" "RUSTUP_HOME=/opt/rustwide/rustup-home" "-e" "CARGO_TARGET_DIR=/opt/rustwide/target" "-e" "CARGO_INCREMENTAL=0" "-e" "RUST_BACKTRACE=full" "-e" "RUSTFLAGS=--cap-lints=warn" "-e" "RUSTDOCFLAGS=--cap-lints=warn" "-w" "/opt/rustwide/workdir" "--user" "0:0" "a9e60484b28f1731b70f5a3d81df54f8f827b69ea629bbdd63934cce15fc7722" "/opt/rustwide/cargo-home/bin/cargo" "+1.100.0-beta.1" "build" "--frozen" "--message-format=json" "--release", kill_on_drop: false }`
[INFO] [stderr]    Compiling litemap v0.8.3
[INFO] [stderr]    Compiling writeable v0.6.4
[INFO] [stderr]    Compiling icu_properties_data v2.3.0
[INFO] [stderr]    Compiling icu_normalizer_data v2.3.0
[INFO] [stderr]    Compiling smallvec v1.16.1
[INFO] [stderr]    Compiling form_urlencoded v1.2.2
[INFO] [stderr]    Compiling syn v3.0.5
[INFO] [stderr]    Compiling synstructure v0.14.0
[INFO] [stderr]    Compiling zerovec-derive v0.11.6
[INFO] [stderr]    Compiling displaydoc v0.2.7
[INFO] [stderr]    Compiling serde_derive v1.0.229
[INFO] [stderr]    Compiling zerofrom-derive v0.1.8
[INFO] [stderr]    Compiling yoke-derive v0.8.3
[INFO] [stderr]    Compiling zerofrom v0.1.8
[INFO] [stderr]    Compiling yoke v0.8.3
[INFO] [stderr]    Compiling zerotrie v0.2.5
[INFO] [stderr]    Compiling zerovec v0.11.8
[INFO] [stderr]    Compiling tinystr v0.8.4
[INFO] [stderr]    Compiling potential_utf v0.1.6
[INFO] [stderr]    Compiling icu_collections v2.3.0
[INFO] [stderr]    Compiling icu_locale_core v2.3.0
[INFO] [stderr]    Compiling serde v1.0.229
[INFO] [stderr]    Compiling icu_provider v2.3.1
[INFO] [stderr]    Compiling icu_properties v2.3.0
[INFO] [stderr]    Compiling icu_normalizer v2.3.0
[INFO] [stderr]    Compiling idna_adapter v1.2.2
[INFO] [stderr]    Compiling idna v1.1.0
[INFO] [stderr]    Compiling url v2.5.8
[INFO] [stderr]    Compiling spider-route v0.7.0
[INFO] [stderr]    Compiling spider-optimize v0.7.0 (/opt/rustwide/workdir)
[INFO] [stderr]     Finished `release` profile [optimized] target(s) in 12.99s
[INFO] running `Command { std: "docker" "inspect" "a9e60484b28f1731b70f5a3d81df54f8f827b69ea629bbdd63934cce15fc7722", kill_on_drop: false }`
[INFO] running `Command { std: "docker" "exec" "-e" "SOURCE_DIR=/opt/rustwide/workdir" "-e" "CARGO_HOME=/opt/rustwide/cargo-home" "-e" "RUSTUP_HOME=/opt/rustwide/rustup-home" "-e" "CARGO_TARGET_DIR=/opt/rustwide/target" "-e" "CARGO_INCREMENTAL=0" "-e" "RUST_BACKTRACE=full" "-e" "RUSTFLAGS=--cap-lints=warn" "-e" "RUSTDOCFLAGS=--cap-lints=warn" "-w" "/opt/rustwide/workdir" "--user" "0:0" "a9e60484b28f1731b70f5a3d81df54f8f827b69ea629bbdd63934cce15fc7722" "/opt/rustwide/cargo-home/bin/cargo" "+1.100.0-beta.1" "test" "--frozen" "--no-run" "--message-format=json" "--release", kill_on_drop: false }`
[INFO] [stderr]    Compiling crossbeam-utils v0.8.23
[INFO] [stderr]    Compiling zerocopy v0.8.57
[INFO] [stderr]    Compiling crossbeam-epoch v0.9.21
[INFO] [stderr]    Compiling crossbeam-deque v0.8.8
[INFO] [stderr]    Compiling clap_lex v1.1.1
[INFO] [stderr]    Compiling zerocopy-derive v0.8.57
[INFO] [stderr]    Compiling criterion-plot v0.6.0
[INFO] [stderr]    Compiling serde v1.0.229
[INFO] [stderr]    Compiling clap_builder v4.6.7
[INFO] [stderr]    Compiling tinytemplate v1.2.1
[INFO] [stderr]    Compiling spider-route v0.7.0
[INFO] [stderr]    Compiling rayon-core v1.13.0
[INFO] [stderr]    Compiling spider-optimize v0.7.0 (/opt/rustwide/workdir)
[INFO] [stderr]    Compiling rayon v1.12.0
[INFO] [stderr]    Compiling clap v4.6.7
[INFO] [stderr]    Compiling half v2.7.1
[INFO] [stderr]    Compiling ciborium-ll v0.2.2
[INFO] [stderr]    Compiling ciborium v0.2.2
[INFO] [stderr]    Compiling criterion v0.7.0
[INFO] [stdout] error[E0433]: cannot find module or crate `spider_cloud_agent` in this scope
[INFO] [stdout]   --> src/lib.rs:89:9
[INFO] [stdout]    |
[INFO] [stdout] 89 |     use spider_cloud_agent::params::{RequestParams, Timeout, WaitFor};
[INFO] [stdout]    |         ^^^^^^^^^^^^^^^^^^ use of unresolved module or unlinked crate `spider_cloud_agent`
[INFO] [stdout]    |
[INFO] [stdout]    = help: if you wanted to use a crate named `spider_cloud_agent`, use `cargo add spider_cloud_agent` to add it to your `Cargo.toml`
[INFO] [stdout] 
[INFO] [stdout] 
[INFO] [stdout] error[E0433]: cannot find module or crate `spider_cloud_agent` in this scope
[INFO] [stdout]    --> src/candidates.rs:321:9
[INFO] [stdout]     |
[INFO] [stdout] 321 |     use spider_cloud_agent::params::{Timeout, WaitFor};
[INFO] [stdout]     |         ^^^^^^^^^^^^^^^^^^ use of unresolved module or unlinked crate `spider_cloud_agent`
[INFO] [stdout]     |
[INFO] [stdout]     = help: if you wanted to use a crate named `spider_cloud_agent`, use `cargo add spider_cloud_agent` to add it to your `Cargo.toml`
[INFO] [stdout] 
[INFO] [stdout] 
[INFO] [stdout] error[E0433]: cannot find module or crate `spider_cloud_agent` in this scope
[INFO] [stdout]    --> src/edit.rs:292:9
[INFO] [stdout]     |
[INFO] [stdout] 292 |     use spider_cloud_agent::params::{RequestParams, Timeout, WaitFor};
[INFO] [stdout]     |         ^^^^^^^^^^^^^^^^^^ use of unresolved module or unlinked crate `spider_cloud_agent`
[INFO] [stdout]     |
[INFO] [stdout]     = help: if you wanted to use a crate named `spider_cloud_agent`, use `cargo add spider_cloud_agent` to add it to your `Cargo.toml`
[INFO] [stdout] 
[INFO] [stdout] 
[INFO] [stdout] error[E0433]: cannot find module or crate `spider_cloud_agent` in this scope
[INFO] [stdout]    --> src/observe.rs:237:9
[INFO] [stdout]     |
[INFO] [stdout] 237 |     use spider_cloud_agent::params::RequestParams;
[INFO] [stdout]     |         ^^^^^^^^^^^^^^^^^^ use of unresolved module or unlinked crate `spider_cloud_agent`
[INFO] [stdout]     |
[INFO] [stdout]     = help: if you wanted to use a crate named `spider_cloud_agent`, use `cargo add spider_cloud_agent` to add it to your `Cargo.toml`
[INFO] [stdout] 
[INFO] [stdout] 
[INFO] [stdout] error[E0433]: cannot find module or crate `spider_cloud_agent` in this scope
[INFO] [stdout]    --> src/schema.rs:780:9
[INFO] [stdout]     |
[INFO] [stdout] 780 |     use spider_cloud_agent::params::{
[INFO] [stdout]     |         ^^^^^^^^^^^^^^^^^^ use of unresolved module or unlinked crate `spider_cloud_agent`
[INFO] [stdout]     |
[INFO] [stdout]     = help: if you wanted to use a crate named `spider_cloud_agent`, use `cargo add spider_cloud_agent` to add it to your `Cargo.toml`
[INFO] [stdout] 
[INFO] [stdout] 
[INFO] [stdout] error[E0432]: unresolved import `spider_cloud_agent`
[INFO] [stdout]    --> src/schema.rs:785:9
[INFO] [stdout]     |
[INFO] [stdout] 785 |     use spider_cloud_agent::{Credits, WholeCredits};
[INFO] [stdout]     |         ^^^^^^^^^^^^^^^^^^ use of unresolved module or unlinked crate `spider_cloud_agent`
[INFO] [stdout]     |
[INFO] [stdout]     = help: if you wanted to use a crate named `spider_cloud_agent`, use `cargo add spider_cloud_agent` to add it to your `Cargo.toml`
[INFO] [stdout] 
[INFO] [stdout] 
[INFO] [stdout] error[E0433]: cannot find module or crate `spider_cloud_agent` in this scope
[INFO] [stdout]    --> src/features.rs:431:41
[INFO] [stdout]     |
[INFO] [stdout] 431 |         hostile.current.wait_for = Some(spider_cloud_agent::params::WaitFor::idle_network(
[INFO] [stdout]     |                                         ^^^^^^^^^^^^^^^^^^ use of unresolved module or unlinked crate `spider_cloud_agent`
[INFO] [stdout]     |
[INFO] [stdout]     = help: if you wanted to use a crate named `spider_cloud_agent`, use `cargo add spider_cloud_agent` to add it to your `Cargo.toml`
[INFO] [stdout] 
[INFO] [stdout] 
[INFO] [stdout] error[E0433]: cannot find module or crate `spider_cloud_agent` in this scope
[INFO] [stdout]    --> src/features.rs:432:13
[INFO] [stdout]     |
[INFO] [stdout] 432 |             spider_cloud_agent::params::Timeout::from_secs(u64::MAX / 1_000),
[INFO] [stdout]     |             ^^^^^^^^^^^^^^^^^^ use of unresolved module or unlinked crate `spider_cloud_agent`
[INFO] [stdout]     |
[INFO] [stdout]     = help: if you wanted to use a crate named `spider_cloud_agent`, use `cargo add spider_cloud_agent` to add it to your `Cargo.toml`
[INFO] [stdout] help: there is an enum variant `std::sync::mpsc::RecvTimeoutError::Timeout`; try using the variant's enum
[INFO] [stdout]     |
[INFO] [stdout] 432 -             spider_cloud_agent::params::Timeout::from_secs(u64::MAX / 1_000),
[INFO] [stdout] 432 +             std::sync::mpsc::RecvTimeoutError::from_secs(u64::MAX / 1_000),
[INFO] [stdout]     |
[INFO] [stdout] 
[INFO] [stdout] 
[INFO] [stdout] Some errors have detailed explanations: E0432, E0433.
[INFO] [stdout] 
[INFO] [stdout] For more information about an error, try `rustc --explain E0432`.
[INFO] [stdout] 
[INFO] [stderr] error: could not compile `spider-optimize` (lib test) due to 8 previous errors
[INFO] running `Command { std: "docker" "inspect" "a9e60484b28f1731b70f5a3d81df54f8f827b69ea629bbdd63934cce15fc7722", kill_on_drop: false }`
[INFO] running `Command { std: "docker" "rm" "-f" "a9e60484b28f1731b70f5a3d81df54f8f827b69ea629bbdd63934cce15fc7722", kill_on_drop: false }`
[INFO] [stdout] a9e60484b28f1731b70f5a3d81df54f8f827b69ea629bbdd63934cce15fc7722
