[INFO] fetching crate sperr-sys 0.2.1+sperr.0.8.5...
[INFO] testing sperr-sys-0.2.1+sperr.0.8.5 against 1.99.0-beta.8+cargoflags=--release for beta-release-1.100-2
[INFO] extracting crate sperr-sys 0.2.1+sperr.0.8.5 into /workspace/builds/worker-4-tc1/source
[INFO] started tweaking crates.io crate sperr-sys 0.2.1+sperr.0.8.5
[INFO] finished tweaking crates.io crate sperr-sys 0.2.1+sperr.0.8.5
[INFO] tweaked toml for crates.io crate sperr-sys 0.2.1+sperr.0.8.5 written to /workspace/builds/worker-4-tc1/source/Cargo.toml
[INFO] validating manifest of crates.io crate sperr-sys 0.2.1+sperr.0.8.5 on toolchain 1.99.0-beta.8
[INFO] running `Command { std: CARGO_HOME="/workspace/cargo-home" RUSTUP_HOME="/workspace/rustup-home" "/workspace/cargo-home/bin/cargo" "+1.99.0-beta.8" "metadata" "--manifest-path" "Cargo.toml" "--no-deps", kill_on_drop: false }`
[INFO] running `Command { std: CARGO_HOME="/workspace/cargo-home" RUSTUP_HOME="/workspace/rustup-home" "/workspace/cargo-home/bin/cargo" "+1.99.0-beta.8" "generate-lockfile" "--manifest-path" "Cargo.toml", kill_on_drop: false }`
[INFO] [stderr]     Updating crates.io index
[INFO] [stderr]      Locking 29 packages to highest compatible versions
[INFO] [stderr]       Adding bindgen v0.72.1 (available: v0.73.2)
[INFO] running `Command { std: CARGO_HOME="/workspace/cargo-home" RUSTUP_HOME="/workspace/rustup-home" "/workspace/cargo-home/bin/cargo" "+1.99.0-beta.8" "fetch" "--manifest-path" "Cargo.toml", kill_on_drop: false }`
[INFO] [stderr]  Downloading crates ...
[INFO] [stderr]   Downloaded openmp-sys v1.3.0
[INFO] running `Command { std: "docker" "create" "-v" "/var/lib/crater-agent-workspace/builds/worker-4-tc1/source:/opt/rustwide/workdir:ro,Z" "-v" "/var/lib/crater-agent-workspace/builds/worker-4-tc1/target:/opt/rustwide/target:rw,Z" "-v" "/var/lib/crater-agent-workspace/cargo-home:/opt/rustwide/cargo-home:ro,Z" "-v" "/var/lib/crater-agent-workspace/rustup-home:/opt/rustwide/rustup-home:ro,Z" "-m" "1610612736" "--network" "none" "ghcr.io/rust-lang/crates-build-env/linux@sha256:77db811e55d90add9212f6832c23229e3de5f1c1f9905e8cb07319ea15df73ac" "sleep" "infinity", kill_on_drop: false }`
[INFO] [stdout] bdc26d58c5779dbd4a75379f4bb8c07a2493596be0e44df4061bd4fa9f037163
[INFO] running `Command { std: "docker" "start" "bdc26d58c5779dbd4a75379f4bb8c07a2493596be0e44df4061bd4fa9f037163", kill_on_drop: false }`
[INFO] running `Command { std: "docker" "inspect" "bdc26d58c5779dbd4a75379f4bb8c07a2493596be0e44df4061bd4fa9f037163", kill_on_drop: false }`
[INFO] running `Command { std: "docker" "exec" "-e" "SOURCE_DIR=/opt/rustwide/workdir" "-e" "CARGO_HOME=/opt/rustwide/cargo-home" "-e" "RUSTUP_HOME=/opt/rustwide/rustup-home" "-e" "CARGO_TARGET_DIR=/opt/rustwide/target" "-w" "/opt/rustwide/workdir" "--user" "0:0" "bdc26d58c5779dbd4a75379f4bb8c07a2493596be0e44df4061bd4fa9f037163" "/opt/rustwide/cargo-home/bin/cargo" "+1.99.0-beta.8" "metadata" "--no-deps" "--format-version=1", kill_on_drop: false }`
[INFO] running `Command { std: "docker" "inspect" "bdc26d58c5779dbd4a75379f4bb8c07a2493596be0e44df4061bd4fa9f037163", kill_on_drop: false }`
[INFO] running `Command { std: "docker" "exec" "-e" "SOURCE_DIR=/opt/rustwide/workdir" "-e" "CARGO_HOME=/opt/rustwide/cargo-home" "-e" "RUSTUP_HOME=/opt/rustwide/rustup-home" "-e" "CARGO_TARGET_DIR=/opt/rustwide/target" "-e" "CARGO_INCREMENTAL=0" "-e" "RUST_BACKTRACE=full" "-e" "RUSTFLAGS=--cap-lints=warn" "-e" "RUSTDOCFLAGS=--cap-lints=warn" "-w" "/opt/rustwide/workdir" "--user" "0:0" "bdc26d58c5779dbd4a75379f4bb8c07a2493596be0e44df4061bd4fa9f037163" "/opt/rustwide/cargo-home/bin/cargo" "+1.99.0-beta.8" "build" "--frozen" "--message-format=json" "--release", kill_on_drop: false }`
[INFO] [stderr]    Compiling glob v0.3.4
[INFO] [stderr]    Compiling regex-syntax v0.8.11
[INFO] [stderr]    Compiling minimal-lexical v0.2.1
[INFO] [stderr]    Compiling bindgen v0.72.1
[INFO] [stderr]    Compiling rustc-hash v2.1.3
[INFO] [stderr]    Compiling bitflags v2.13.2
[INFO] [stderr]    Compiling libloading v0.8.9
[INFO] [stderr]    Compiling itertools v0.13.0
[INFO] [stderr]    Compiling quote v1.0.47
[INFO] [stderr]    Compiling cmake v0.1.58
[INFO] [stderr]    Compiling syn v2.0.119
[INFO] [stderr]    Compiling clang-sys v1.9.1
[INFO] [stderr]    Compiling nom v7.1.3
[INFO] [stderr]    Compiling regex-automata v0.4.18
[INFO] [stderr]    Compiling cexpr v0.6.0
[INFO] [stderr]    Compiling regex v1.13.1
[INFO] [stderr]    Compiling sperr-sys v0.2.1+sperr.0.8.5 (/opt/rustwide/workdir)
[INFO] [stderr] error: failed to run custom build command for `sperr-sys v0.2.1+sperr.0.8.5 (/opt/rustwide/workdir)`
[INFO] [stderr] note: To improve backtraces for build dependencies, set the CARGO_PROFILE_RELEASE_BUILD_OVERRIDE_DEBUG=true environment variable to enable debug information generation.
[INFO] [stderr] 
[INFO] [stderr] Caused by:
[INFO] [stderr]   process didn't exit successfully: `/opt/rustwide/target/release/build/sperr-sys-3f40b9ac1305edd1/build-script-build` (exit status: 101)
[INFO] [stderr]   --- stdout
[INFO] [stderr]   cargo::rerun-if-changed=build.rs
[INFO] [stderr]   cargo::rerun-if-changed=lib.cpp
[INFO] [stderr]   cargo::rerun-if-changed=wrapper.hpp
[INFO] [stderr]   cargo::rerun-if-changed=SPERR
[INFO] [stderr]   CMAKE_TOOLCHAIN_FILE_x86_64-unknown-linux-gnu = None
[INFO] [stderr]   CMAKE_TOOLCHAIN_FILE_x86_64_unknown_linux_gnu = None
[INFO] [stderr]   HOST_CMAKE_TOOLCHAIN_FILE = None
[INFO] [stderr]   CMAKE_TOOLCHAIN_FILE = None
[INFO] [stderr]   CMAKE_GENERATOR_x86_64-unknown-linux-gnu = None
[INFO] [stderr]   CMAKE_GENERATOR_x86_64_unknown_linux_gnu = None
[INFO] [stderr]   HOST_CMAKE_GENERATOR = None
[INFO] [stderr]   CMAKE_GENERATOR = None
[INFO] [stderr]   CMAKE_PREFIX_PATH_x86_64-unknown-linux-gnu = None
[INFO] [stderr]   CMAKE_PREFIX_PATH_x86_64_unknown_linux_gnu = None
[INFO] [stderr]   HOST_CMAKE_PREFIX_PATH = None
[INFO] [stderr]   CMAKE_PREFIX_PATH = None
[INFO] [stderr]   CMAKE_x86_64-unknown-linux-gnu = None
[INFO] [stderr]   CMAKE_x86_64_unknown_linux_gnu = None
[INFO] [stderr]   HOST_CMAKE = None
[INFO] [stderr]   CMAKE = None
[INFO] [stderr]   -- The CXX compiler identification is GNU 15.2.0
[INFO] [stderr]   -- Detecting CXX compiler ABI info
[INFO] [stderr]   -- Detecting CXX compiler ABI info - done
[INFO] [stderr]   -- Check for working CXX compiler: /usr/bin/c++ - skipped
[INFO] [stderr]   -- Detecting CXX compile features
[INFO] [stderr]   -- Detecting CXX compile features - done
[INFO] [stderr]   -- Little endian machine, good!
[INFO] [stderr]   -- Found Git: /usr/bin/git (found version "2.53.0")
[INFO] [stderr]   -- Repository Git Branch: , SHA1: 
[INFO] [stderr]   -- AVX2 compilation enabled.
[INFO] [stderr]   -- IPO / LTO not supported
[INFO] [stderr]   -- Configuring done (0.7s)
[INFO] [stderr]   -- Generating done (0.0s)
[INFO] [stderr]   -- Build files have been written to: /opt/rustwide/target/release/build/sperr-sys-21c36260d5daa80b/out/build
[INFO] [stderr]   [  4%] Building CXX object src/CMakeFiles/SPERR.dir/Bitmask.cpp.o
[INFO] [stderr]   [  8%] Building CXX object src/CMakeFiles/SPERR.dir/CDF97.cpp.o
[INFO] [stderr]   [ 12%] Building CXX object src/CMakeFiles/SPERR.dir/SPECK_INT.cpp.o
[INFO] [stderr]   [ 16%] Building CXX object src/CMakeFiles/SPERR.dir/Bitstream.cpp.o
[INFO] [stderr]   [ 20%] Building CXX object src/CMakeFiles/SPERR.dir/SPECK3D_INT.cpp.o
[INFO] [stderr]   [ 24%] Building CXX object src/CMakeFiles/SPERR.dir/SPECK3D_INT_DEC.cpp.o
[INFO] [stderr]   [ 28%] Building CXX object src/CMakeFiles/SPERR.dir/SPECK2D_INT.cpp.o
[INFO] [stderr]   [ 36%] Building CXX object src/CMakeFiles/SPERR.dir/SPECK3D_INT_ENC.cpp.o
[INFO] [stderr]   [ 36%] Building CXX object src/CMakeFiles/SPERR.dir/SPECK1D_INT_ENC.cpp.o
[INFO] [stderr]   [ 44%] Building CXX object src/CMakeFiles/SPERR.dir/sperr_helper.cpp.o
[INFO] [stderr]   [ 44%] Building CXX object src/CMakeFiles/SPERR.dir/SPECK2D_INT_ENC.cpp.o
[INFO] [stderr]   [ 48%] Building CXX object src/CMakeFiles/SPERR.dir/SPECK2D_INT_DEC.cpp.o
[INFO] [stderr]   [ 52%] Building CXX object src/CMakeFiles/SPERR.dir/SPECK_FLT.cpp.o
[INFO] [stderr]   [ 56%] Building CXX object src/CMakeFiles/SPERR.dir/Conditioner.cpp.o
[INFO] [stderr]   [ 60%] Building CXX object src/CMakeFiles/SPERR.dir/SPECK1D_INT_DEC.cpp.o
[INFO] [stderr]   [ 64%] Building CXX object src/CMakeFiles/SPERR.dir/SPECK1D_INT.cpp.o
[INFO] [stderr]   [ 68%] Building CXX object src/CMakeFiles/SPERR.dir/SPECK3D_FLT.cpp.o
[INFO] [stderr] 
[INFO] [stderr]   --- stderr
[INFO] [stderr]   running: cd "/opt/rustwide/target/release/build/sperr-sys-21c36260d5daa80b/out/build" && CMAKE_PREFIX_PATH="" LC_ALL="C" "cmake" "/opt/rustwide/workdir/SPERR" "-B" "/opt/rustwide/target/release/build/sperr-sys-21c36260d5daa80b/out/build" "-DBUILD_SHARED_LIBS=OFF" "-DBUILD_UNIT_TESTS=OFF" "-DBUILD_CLI_UTILITIES=OFF" "-DUSE_OMP=OFF" "-DCMAKE_INSTALL_PREFIX=/opt/rustwide/target/release/build/sperr-sys-21c36260d5daa80b/out" "-DCMAKE_C_FLAGS= -DEXPERIMENTING -ffunction-sections -fdata-sections -fPIC -m64 -w" "-DCMAKE_C_COMPILER=/usr/bin/cc" "-DCMAKE_CXX_FLAGS= -DEXPERIMENTING -ffunction-sections -fdata-sections -fPIC -m64 -w" "-DCMAKE_CXX_COMPILER=/usr/bin/c++" "-DCMAKE_ASM_FLAGS= -ffunction-sections -fdata-sections -fPIC -m64 -w" "-DCMAKE_ASM_COMPILER=/usr/bin/cc" "-DCMAKE_BUILD_TYPE=Release"
[INFO] [stderr]   fatal: not a git repository (or any parent up to mount point /opt/rustwide)
[INFO] [stderr]   Stopping at filesystem boundary (GIT_DISCOVERY_ACROSS_FILESYSTEM not set).
[INFO] [stderr]   fatal: not a git repository (or any parent up to mount point /opt/rustwide)
[INFO] [stderr]   Stopping at filesystem boundary (GIT_DISCOVERY_ACROSS_FILESYSTEM not set).
[INFO] [stderr]   CMake Warning:
[INFO] [stderr]     Manually-specified variables were not used by the project:
[INFO] [stderr] 
[INFO] [stderr]       CMAKE_ASM_COMPILER
[INFO] [stderr]       CMAKE_ASM_FLAGS
[INFO] [stderr]       CMAKE_C_COMPILER
[INFO] [stderr]       CMAKE_C_FLAGS
[INFO] [stderr] 
[INFO] [stderr] 
[INFO] [stderr]   running: cd "/opt/rustwide/target/release/build/sperr-sys-21c36260d5daa80b/out/build" && LC_ALL="C" MAKEFLAGS="-j --jobserver-fds=4,5 --jobserver-auth=4,5" "cmake" "--build" "/opt/rustwide/target/release/build/sperr-sys-21c36260d5daa80b/out/build" "--target" "install" "--config" "Release"
[INFO] [stderr]   c++: fatal error: Killed signal terminated program cc1plus
[INFO] [stderr]   compilation terminated.
[INFO] [stderr]   gmake[2]: *** [src/CMakeFiles/SPERR.dir/build.make:135: src/CMakeFiles/SPERR.dir/CDF97.cpp.o] Error 1
[INFO] [stderr]   gmake[2]: *** Waiting for unfinished jobs....
[INFO] [stderr]   c++: fatal error: Killed signal terminated program cc1plus
[INFO] [stderr]   compilation terminated.
[INFO] [stderr]   gmake[2]: *** [src/CMakeFiles/SPERR.dir/build.make:93: src/CMakeFiles/SPERR.dir/Bitstream.cpp.o] Error 1
[INFO] [stderr]   gmake[1]: *** [CMakeFiles/Makefile2:106: src/CMakeFiles/SPERR.dir/all] Error 2
[INFO] [stderr]   gmake: *** [Makefile:136: all] Error 2
[INFO] [stderr] 
[INFO] [stderr]   thread 'main' (331) panicked at /opt/rustwide/cargo-home/registry/src/index.crates.io-1949cf8c6b5b557f/cmake-0.1.58/src/lib.rs:1132:5:
[INFO] [stderr] 
[INFO] [stderr]   command did not execute successfully, got: exit status: 2
[INFO] [stderr] 
[INFO] [stderr]   build script failed, must exit now
[INFO] [stderr]   stack backtrace:
[INFO] [stderr]      0:     0x579b92f3d421 - <<std[70759c8f55707aa4]::sys::backtrace::BacktraceLock>::print::DisplayBacktrace as core[df12db4294e9bfd3]::fmt::Display>::fmt
[INFO] [stderr]      1:     0x579b92f5601a - core[df12db4294e9bfd3]::fmt::write
[INFO] [stderr]      2:     0x579b92f4396c - <std[70759c8f55707aa4]::sys::stdio::unix::Stderr as core[df12db4294e9bfd3]::io::write::Write>::write_fmt
[INFO] [stderr]      3:     0x579b92f15946 - std[70759c8f55707aa4]::panicking::default_hook::{closure#0}
[INFO] [stderr]      4:     0x579b92f33fe1 - std[70759c8f55707aa4]::panicking::default_hook
[INFO] [stderr]      5:     0x579b92f3430b - std[70759c8f55707aa4]::panicking::panic_with_hook
[INFO] [stderr]      6:     0x579b92f159f2 - std[70759c8f55707aa4]::panicking::panic_handler::{closure#0}
[INFO] [stderr]      7:     0x579b92f0e549 - std[70759c8f55707aa4]::sys::backtrace::__rust_end_short_backtrace::<std[70759c8f55707aa4]::panicking::panic_handler::{closure#0}, !>
[INFO] [stderr]      8:     0x579b92f166cd - __rustc[8fa7c3cbc660c2b3]::rust_begin_unwind
[INFO] [stderr]      9:     0x579b92f5683c - core[df12db4294e9bfd3]::panicking::panic_fmt
[INFO] [stderr]     10:     0x579b92e6d617 - cmake[7e771a39bb3c34a8]::fail
[INFO] [stderr]     11:     0x579b92e6d2a3 - cmake[7e771a39bb3c34a8]::run
[INFO] [stderr]     12:     0x579b92e73275 - <cmake[7e771a39bb3c34a8]::Config>::build
[INFO] [stderr]     13:     0x579b929dda70 - build_script_build[94f3804bbf5e2d9c]::main
[INFO] [stderr]     14:     0x579b929dfcb3 - <fn() as core[df12db4294e9bfd3]::ops::function::FnOnce<()>>::call_once
[INFO] [stderr]     15:     0x579b929dd826 - std[70759c8f55707aa4]::sys::backtrace::__rust_begin_short_backtrace::<fn(), ()>
[INFO] [stderr]     16:     0x579b929dd839 - std[70759c8f55707aa4]::rt::lang_start::<()>::{closure#0}
[INFO] [stderr]     17:     0x579b92f32ef9 - std[70759c8f55707aa4]::rt::lang_start_internal
[INFO] [stderr]     18:     0x579b929dd0f1 - std[70759c8f55707aa4]::rt::lang_start::<()>
[INFO] [stderr]     19:     0x579b929dff15 - main
[INFO] [stderr]     20:     0x7f8252acb601 - <unknown>
[INFO] [stderr]     21:     0x7f8252acb718 - __libc_start_main
[INFO] [stderr]     22:     0x579b929db8a5 - _start
[INFO] [stderr]     23:                0x0 - <unknown>
[INFO] running `Command { std: "docker" "inspect" "bdc26d58c5779dbd4a75379f4bb8c07a2493596be0e44df4061bd4fa9f037163", kill_on_drop: false }`
[INFO] running `Command { std: "docker" "rm" "-f" "bdc26d58c5779dbd4a75379f4bb8c07a2493596be0e44df4061bd4fa9f037163", kill_on_drop: false }`
[INFO] [stdout] bdc26d58c5779dbd4a75379f4bb8c07a2493596be0e44df4061bd4fa9f037163
