[INFO] fetching crate specta-jsonschema 0.0.3...
[INFO] testing specta-jsonschema-0.0.3 against 1.99.0-beta.8+cargoflags=--release for beta-release-1.100-2
[INFO] extracting crate specta-jsonschema 0.0.3 into /workspace/builds/worker-7-tc1/source
[INFO] started tweaking crates.io crate specta-jsonschema 0.0.3
[INFO] removed 0 missing examples
[INFO] removed 0 missing tests
[INFO] finished tweaking crates.io crate specta-jsonschema 0.0.3
[INFO] tweaked toml for crates.io crate specta-jsonschema 0.0.3 written to /workspace/builds/worker-7-tc1/source/Cargo.toml
[INFO] validating manifest of crates.io crate specta-jsonschema 0.0.3 on toolchain 1.99.0-beta.8
[INFO] running `Command { std: CARGO_HOME="/workspace/cargo-home" RUSTUP_HOME="/workspace/rustup-home" "/workspace/cargo-home/bin/cargo" "+1.99.0-beta.8" "metadata" "--manifest-path" "Cargo.toml" "--no-deps", kill_on_drop: false }`
[INFO] crate crates.io crate specta-jsonschema 0.0.3 already has a lockfile, it will not be regenerated
[INFO] running `Command { std: CARGO_HOME="/workspace/cargo-home" RUSTUP_HOME="/workspace/rustup-home" "/workspace/cargo-home/bin/cargo" "+1.99.0-beta.8" "fetch" "--manifest-path" "Cargo.toml", kill_on_drop: false }`
[INFO] [stderr]     Updating crates.io index
[INFO] [stderr]  Downloading crates ...
[INFO] [stderr]   Downloaded specta v2.0.0-rc.25
[INFO] [stderr]   Downloaded specta-macros v2.0.0-rc.25
[INFO] running `Command { std: "docker" "create" "-v" "/var/lib/crater-agent-workspace/builds/worker-7-tc1/source:/opt/rustwide/workdir:ro,Z" "-v" "/var/lib/crater-agent-workspace/builds/worker-7-tc1/target:/opt/rustwide/target:rw,Z" "-v" "/var/lib/crater-agent-workspace/cargo-home:/opt/rustwide/cargo-home:ro,Z" "-v" "/var/lib/crater-agent-workspace/rustup-home:/opt/rustwide/rustup-home:ro,Z" "-m" "1610612736" "--network" "none" "ghcr.io/rust-lang/crates-build-env/linux@sha256:77db811e55d90add9212f6832c23229e3de5f1c1f9905e8cb07319ea15df73ac" "sleep" "infinity", kill_on_drop: false }`
[INFO] [stdout] c601e73f37034305c8190af4dd1627d87ef5aca6eaf3ed4b04f80bd9772b1f14
[INFO] running `Command { std: "docker" "start" "c601e73f37034305c8190af4dd1627d87ef5aca6eaf3ed4b04f80bd9772b1f14", kill_on_drop: false }`
[INFO] running `Command { std: "docker" "inspect" "c601e73f37034305c8190af4dd1627d87ef5aca6eaf3ed4b04f80bd9772b1f14", kill_on_drop: false }`
[INFO] running `Command { std: "docker" "exec" "-e" "SOURCE_DIR=/opt/rustwide/workdir" "-e" "CARGO_HOME=/opt/rustwide/cargo-home" "-e" "RUSTUP_HOME=/opt/rustwide/rustup-home" "-e" "CARGO_TARGET_DIR=/opt/rustwide/target" "-w" "/opt/rustwide/workdir" "--user" "0:0" "c601e73f37034305c8190af4dd1627d87ef5aca6eaf3ed4b04f80bd9772b1f14" "/opt/rustwide/cargo-home/bin/cargo" "+1.99.0-beta.8" "metadata" "--no-deps" "--format-version=1", kill_on_drop: false }`
[INFO] running `Command { std: "docker" "inspect" "c601e73f37034305c8190af4dd1627d87ef5aca6eaf3ed4b04f80bd9772b1f14", kill_on_drop: false }`
[INFO] running `Command { std: "docker" "exec" "-e" "SOURCE_DIR=/opt/rustwide/workdir" "-e" "CARGO_HOME=/opt/rustwide/cargo-home" "-e" "RUSTUP_HOME=/opt/rustwide/rustup-home" "-e" "CARGO_TARGET_DIR=/opt/rustwide/target" "-e" "CARGO_INCREMENTAL=0" "-e" "RUST_BACKTRACE=full" "-e" "RUSTFLAGS=--cap-lints=warn" "-e" "RUSTDOCFLAGS=--cap-lints=warn" "-w" "/opt/rustwide/workdir" "--user" "0:0" "c601e73f37034305c8190af4dd1627d87ef5aca6eaf3ed4b04f80bd9772b1f14" "/opt/rustwide/cargo-home/bin/cargo" "+1.99.0-beta.8" "build" "--frozen" "--message-format=json" "--release", kill_on_drop: false }`
[INFO] [stderr]    Compiling syn v2.0.117
[INFO] [stderr]    Compiling specta v2.0.0-rc.25
[INFO] [stderr]    Compiling serde_json v1.0.149
[INFO] [stderr]    Compiling serde_derive v1.0.228
[INFO] [stderr]    Compiling ref-cast-impl v1.0.25
[INFO] [stderr]    Compiling thiserror-impl v2.0.18
[INFO] [stderr]    Compiling ref-cast v1.0.25
[INFO] [stderr]    Compiling thiserror v2.0.18
[INFO] [stderr]    Compiling serde v1.0.228
[INFO] [stderr]    Compiling schemars v1.2.1
[INFO] [stderr]    Compiling specta-jsonschema v0.0.3 (/opt/rustwide/workdir)
[INFO] [stderr]     Finished `release` profile [optimized] target(s) in 17.21s
[INFO] running `Command { std: "docker" "inspect" "c601e73f37034305c8190af4dd1627d87ef5aca6eaf3ed4b04f80bd9772b1f14", kill_on_drop: false }`
[INFO] running `Command { std: "docker" "exec" "-e" "SOURCE_DIR=/opt/rustwide/workdir" "-e" "CARGO_HOME=/opt/rustwide/cargo-home" "-e" "RUSTUP_HOME=/opt/rustwide/rustup-home" "-e" "CARGO_TARGET_DIR=/opt/rustwide/target" "-e" "CARGO_INCREMENTAL=0" "-e" "RUST_BACKTRACE=full" "-e" "RUSTFLAGS=--cap-lints=warn" "-e" "RUSTDOCFLAGS=--cap-lints=warn" "-w" "/opt/rustwide/workdir" "--user" "0:0" "c601e73f37034305c8190af4dd1627d87ef5aca6eaf3ed4b04f80bd9772b1f14" "/opt/rustwide/cargo-home/bin/cargo" "+1.99.0-beta.8" "test" "--frozen" "--no-run" "--message-format=json" "--release", kill_on_drop: false }`
[INFO] [stderr]    Compiling syn v2.0.117
[INFO] [stderr]    Compiling small_ctor v0.1.2
[INFO] [stderr]    Compiling specta v2.0.0-rc.25
[INFO] [stderr]    Compiling rustix v1.1.4
[INFO] [stderr]    Compiling console v0.16.3
[INFO] [stderr]    Compiling tempfile v3.27.0
[INFO] [stderr]    Compiling serde_derive v1.0.228
[INFO] [stderr]    Compiling ref-cast-impl v1.0.25
[INFO] [stderr]    Compiling thiserror-impl v2.0.18
[INFO] [stderr]    Compiling specta-macros v2.0.0-rc.25
[INFO] [stderr]    Compiling ref-cast v1.0.25
[INFO] [stderr]    Compiling thiserror v2.0.18
[INFO] [stderr]    Compiling serde v1.0.228
[INFO] [stderr]    Compiling schemars v1.2.1
[INFO] [stderr]    Compiling insta v1.47.2
[INFO] [stderr]    Compiling specta-jsonschema v0.0.3 (/opt/rustwide/workdir)
[INFO] [stdout] error[E0433]: cannot find module or crate `specta_serde` in this scope
[INFO] [stdout]   --> tests/basic.rs:27:55
[INFO] [stdout]    |
[INFO] [stdout] 27 |     let result = JsonSchema::default().export(&types, specta_serde::Format);
[INFO] [stdout]    |                                                       ^^^^^^^^^^^^ use of unresolved module or unlinked crate `specta_serde`
[INFO] [stdout]    |
[INFO] [stdout]    = help: if you wanted to use a crate named `specta_serde`, use `cargo add specta_serde` to add it to your `Cargo.toml`
[INFO] [stdout] 
[INFO] [stdout] 
[INFO] [stdout] error[E0433]: cannot find module or crate `specta_serde` in this scope
[INFO] [stdout]   --> tests/basic.rs:42:25
[INFO] [stdout]    |
[INFO] [stdout] 42 |         .export(&types, specta_serde::Format);
[INFO] [stdout]    |                         ^^^^^^^^^^^^ use of unresolved module or unlinked crate `specta_serde`
[INFO] [stdout]    |
[INFO] [stdout]    = help: if you wanted to use a crate named `specta_serde`, use `cargo add specta_serde` to add it to your `Cargo.toml`
[INFO] [stdout] 
[INFO] [stdout] 
[INFO] [stdout] error[E0433]: cannot find module or crate `specta_serde` in this scope
[INFO] [stdout]   --> tests/basic.rs:60:55
[INFO] [stdout]    |
[INFO] [stdout] 60 |     let result = JsonSchema::default().export(&types, specta_serde::Format);
[INFO] [stdout]    |                                                       ^^^^^^^^^^^^ use of unresolved module or unlinked crate `specta_serde`
[INFO] [stdout]    |
[INFO] [stdout]    = help: if you wanted to use a crate named `specta_serde`, use `cargo add specta_serde` to add it to your `Cargo.toml`
[INFO] [stdout] 
[INFO] [stdout] 
[INFO] [stdout] error[E0433]: cannot find module or crate `specta_serde` in this scope
[INFO] [stdout]   --> tests/basic.rs:70:55
[INFO] [stdout]    |
[INFO] [stdout] 70 |     let result = JsonSchema::default().export(&types, specta_serde::Format);
[INFO] [stdout]    |                                                       ^^^^^^^^^^^^ use of unresolved module or unlinked crate `specta_serde`
[INFO] [stdout]    |
[INFO] [stdout]    = help: if you wanted to use a crate named `specta_serde`, use `cargo add specta_serde` to add it to your `Cargo.toml`
[INFO] [stdout] 
[INFO] [stdout] 
[INFO] [stdout] error[E0433]: cannot find module or crate `specta_serde` in this scope
[INFO] [stdout]   --> tests/basic.rs:81:55
[INFO] [stdout]    |
[INFO] [stdout] 81 |     let result = JsonSchema::default().export(&types, specta_serde::Format);
[INFO] [stdout]    |                                                       ^^^^^^^^^^^^ use of unresolved module or unlinked crate `specta_serde`
[INFO] [stdout]    |
[INFO] [stdout]    = help: if you wanted to use a crate named `specta_serde`, use `cargo add specta_serde` to add it to your `Cargo.toml`
[INFO] [stdout] 
[INFO] [stdout] 
[INFO] [stdout] error[E0433]: cannot find module or crate `specta_serde` in this scope
[INFO] [stdout]    --> tests/basic.rs:100:25
[INFO] [stdout]     |
[INFO] [stdout] 100 |         .export(&types, specta_serde::Format)
[INFO] [stdout]     |                         ^^^^^^^^^^^^ use of unresolved module or unlinked crate `specta_serde`
[INFO] [stdout]     |
[INFO] [stdout]     = help: if you wanted to use a crate named `specta_serde`, use `cargo add specta_serde` to add it to your `Cargo.toml`
[INFO] [stdout] 
[INFO] [stdout] 
[INFO] [stdout] error[E0433]: cannot find module or crate `specta_serde` in this scope
[INFO] [stdout]    --> tests/basic.rs:121:35
[INFO] [stdout]     |
[INFO] [stdout] 121 |         .export_to(&path, &types, specta_serde::Format)
[INFO] [stdout]     |                                   ^^^^^^^^^^^^ use of unresolved module or unlinked crate `specta_serde`
[INFO] [stdout]     |
[INFO] [stdout]     = help: if you wanted to use a crate named `specta_serde`, use `cargo add specta_serde` to add it to your `Cargo.toml`
[INFO] [stdout] 
[INFO] [stdout] 
[INFO] [stdout] For more information about this error, try `rustc --explain E0433`.
[INFO] [stdout] 
[INFO] [stdout] error[E0433]: cannot find module or crate `specta_serde` in this scope
[INFO] [stdout]   --> examples/jsonschema.rs:45:25
[INFO] [stdout]    |
[INFO] [stdout] 45 |         .export(&types, specta_serde::Format)
[INFO] [stdout]    |                         ^^^^^^^^^^^^ use of unresolved module or unlinked crate `specta_serde`
[INFO] [stdout]    |
[INFO] [stdout]    = help: if you wanted to use a crate named `specta_serde`, use `cargo add specta_serde` to add it to your `Cargo.toml`
[INFO] [stdout] 
[INFO] [stdout] 
[INFO] [stderr] error: could not compile `specta-jsonschema` (test "basic") due to 7 previous errors
[INFO] [stderr] warning: build failed, waiting for other jobs to finish...
[INFO] [stdout] For more information about this error, try `rustc --explain E0433`.
[INFO] [stdout] 
[INFO] [stderr] error: could not compile `specta-jsonschema` (example "jsonschema") due to 1 previous error
[INFO] running `Command { std: "docker" "inspect" "c601e73f37034305c8190af4dd1627d87ef5aca6eaf3ed4b04f80bd9772b1f14", kill_on_drop: false }`
[INFO] running `Command { std: "docker" "rm" "-f" "c601e73f37034305c8190af4dd1627d87ef5aca6eaf3ed4b04f80bd9772b1f14", kill_on_drop: false }`
[INFO] [stdout] c601e73f37034305c8190af4dd1627d87ef5aca6eaf3ed4b04f80bd9772b1f14
