[INFO] fetching crate spacetimedb-table 2.12.0...
[INFO] testing spacetimedb-table-2.12.0 against 1.99.0-beta.8+cargoflags=--release for beta-release-1.100-2
[INFO] extracting crate spacetimedb-table 2.12.0 into /workspace/builds/worker-3-tc1/source
[INFO] started tweaking crates.io crate spacetimedb-table 2.12.0
[INFO] finished tweaking crates.io crate spacetimedb-table 2.12.0
[INFO] tweaked toml for crates.io crate spacetimedb-table 2.12.0 written to /workspace/builds/worker-3-tc1/source/Cargo.toml
[INFO] validating manifest of crates.io crate spacetimedb-table 2.12.0 on toolchain 1.99.0-beta.8
[INFO] running `Command { std: CARGO_HOME="/workspace/cargo-home" RUSTUP_HOME="/workspace/rustup-home" "/workspace/cargo-home/bin/cargo" "+1.99.0-beta.8" "metadata" "--manifest-path" "Cargo.toml" "--no-deps", kill_on_drop: false }`
[INFO] crate crates.io crate spacetimedb-table 2.12.0 already has a lockfile, it will not be regenerated
[INFO] running `Command { std: CARGO_HOME="/workspace/cargo-home" RUSTUP_HOME="/workspace/rustup-home" "/workspace/cargo-home/bin/cargo" "+1.99.0-beta.8" "fetch" "--manifest-path" "Cargo.toml", kill_on_drop: false }`
[INFO] [stderr]     Blocking waiting for file lock on package cache
[INFO] [stderr]     Updating crates.io index
[INFO] [stderr]     Blocking waiting for file lock on package cache
[INFO] [stderr]  Downloading crates ...
[INFO] [stderr]   Downloaded spacetimedb-memory-usage v2.12.0
[INFO] [stderr]   Downloaded spacetimedb-primitives v2.12.0
[INFO] [stderr]   Downloaded find-msvc-tools v0.1.4
[INFO] [stderr]   Downloaded spacetimedb-bindings-macro v2.12.0
[INFO] [stderr]   Downloaded spacetimedb-data-structures v2.12.0
[INFO] [stderr]   Downloaded proptest-derive v0.5.1
[INFO] [stderr]   Downloaded ethnum v1.5.3
[INFO] [stderr]   Downloaded spacetimedb-lib v2.12.0
[INFO] [stderr]   Downloaded clap v4.5.50
[INFO] [stderr]   Downloaded cc v1.2.41
[INFO] [stderr]   Downloaded insta v1.43.2
[INFO] [stderr]   Downloaded spacetimedb-schema v2.12.0
[INFO] [stderr]   Downloaded spacetimedb-sats v2.12.0
[INFO] [stderr]   Downloaded clap_builder v4.5.50
[INFO] [stderr]   Downloaded proptest v1.8.0
[INFO] [stderr]   Downloaded syn v2.0.107
[INFO] [stderr]   Downloaded web-sys v0.3.81
[INFO] [stderr]   Downloaded tokio v1.48.0
[INFO] running `Command { std: "docker" "create" "-v" "/var/lib/crater-agent-workspace/builds/worker-3-tc1/source:/opt/rustwide/workdir:ro,Z" "-v" "/var/lib/crater-agent-workspace/builds/worker-3-tc1/target:/opt/rustwide/target:rw,Z" "-v" "/var/lib/crater-agent-workspace/cargo-home:/opt/rustwide/cargo-home:ro,Z" "-v" "/var/lib/crater-agent-workspace/rustup-home:/opt/rustwide/rustup-home:ro,Z" "-m" "1610612736" "--network" "none" "ghcr.io/rust-lang/crates-build-env/linux@sha256:77db811e55d90add9212f6832c23229e3de5f1c1f9905e8cb07319ea15df73ac" "sleep" "infinity", kill_on_drop: false }`
[INFO] [stdout] 4abc8b50e09bf6299b11071378f43b7bdf365be0a28e214dc2201d73cc70200e
[INFO] running `Command { std: "docker" "start" "4abc8b50e09bf6299b11071378f43b7bdf365be0a28e214dc2201d73cc70200e", kill_on_drop: false }`
[INFO] running `Command { std: "docker" "inspect" "4abc8b50e09bf6299b11071378f43b7bdf365be0a28e214dc2201d73cc70200e", kill_on_drop: false }`
[INFO] running `Command { std: "docker" "exec" "-e" "SOURCE_DIR=/opt/rustwide/workdir" "-e" "CARGO_HOME=/opt/rustwide/cargo-home" "-e" "RUSTUP_HOME=/opt/rustwide/rustup-home" "-e" "CARGO_TARGET_DIR=/opt/rustwide/target" "-w" "/opt/rustwide/workdir" "--user" "0:0" "4abc8b50e09bf6299b11071378f43b7bdf365be0a28e214dc2201d73cc70200e" "/opt/rustwide/cargo-home/bin/cargo" "+1.99.0-beta.8" "metadata" "--no-deps" "--format-version=1", kill_on_drop: false }`
[INFO] running `Command { std: "docker" "inspect" "4abc8b50e09bf6299b11071378f43b7bdf365be0a28e214dc2201d73cc70200e", kill_on_drop: false }`
[INFO] running `Command { std: "docker" "exec" "-e" "SOURCE_DIR=/opt/rustwide/workdir" "-e" "CARGO_HOME=/opt/rustwide/cargo-home" "-e" "RUSTUP_HOME=/opt/rustwide/rustup-home" "-e" "CARGO_TARGET_DIR=/opt/rustwide/target" "-e" "CARGO_INCREMENTAL=0" "-e" "RUST_BACKTRACE=full" "-e" "RUSTFLAGS=--cap-lints=warn" "-e" "RUSTDOCFLAGS=--cap-lints=warn" "-w" "/opt/rustwide/workdir" "--user" "0:0" "4abc8b50e09bf6299b11071378f43b7bdf365be0a28e214dc2201d73cc70200e" "/opt/rustwide/cargo-home/bin/cargo" "+1.99.0-beta.8" "build" "--frozen" "--message-format=json" "--release", kill_on_drop: false }`
[INFO] [stderr]    Compiling proc-macro2 v1.0.101
[INFO] [stderr]    Compiling quote v1.0.41
[INFO] [stderr]    Compiling unicode-ident v1.0.19
[INFO] [stderr]    Compiling libc v0.2.177
[INFO] [stderr]    Compiling zerocopy v0.8.27
[INFO] [stderr]    Compiling num-traits v0.2.19
[INFO] [stderr]    Compiling serde v1.0.228
[INFO] [stderr]    Compiling find-msvc-tools v0.1.4
[INFO] [stderr]    Compiling generic-array v0.14.9
[INFO] [stderr]    Compiling smallvec v1.15.1
[INFO] [stderr]    Compiling anyhow v1.0.100
[INFO] [stderr]    Compiling nohash-hasher v0.2.0
[INFO] [stderr]    Compiling castaway v0.2.4
[INFO] [stderr]    Compiling itertools v0.12.1
[INFO] [stderr]    Compiling arrayvec v0.7.6
[INFO] [stderr]    Compiling rayon v1.11.0
[INFO] [stderr]    Compiling regex-syntax v0.8.8
[INFO] [stderr]    Compiling keccak v0.1.5
[INFO] [stderr]    Compiling humantime v2.3.0
[INFO] [stderr]    Compiling heck v0.4.1
[INFO] [stderr]    Compiling cc v1.2.41
[INFO] [stderr]    Compiling constant_time_eq v0.3.1
[INFO] [stderr]    Compiling convert_case v0.4.0
[INFO] [stderr]    Compiling lean_string v0.5.1
[INFO] [stderr]    Compiling second-stack v0.3.5
[INFO] [stderr]    Compiling crossbeam-queue v0.3.12
[INFO] [stderr]    Compiling fixedbitset v0.4.2
[INFO] [stderr]    Compiling similar v2.7.0
[INFO] [stderr]    Compiling unicode-normalization v0.1.24
[INFO] [stderr]    Compiling ethnum v1.5.3
[INFO] [stderr]    Compiling toml v0.5.11
[INFO] [stderr]    Compiling syn v2.0.107
[INFO] [stderr]    Compiling foldhash v0.2.0
[INFO] [stderr]    Compiling crypto-common v0.1.6
[INFO] [stderr]    Compiling block-buffer v0.10.4
[INFO] [stderr]    Compiling getrandom v0.3.4
[INFO] [stderr]    Compiling console v0.15.11
[INFO] [stderr]    Compiling approx v0.3.2
[INFO] [stderr]    Compiling digest v0.10.7
[INFO] [stderr]    Compiling decorum v0.3.1
[INFO] [stderr]    Compiling chrono v0.4.42
[INFO] [stderr]    Compiling rand_core v0.9.3
[INFO] [stderr]    Compiling sha3 v0.10.8
[INFO] [stderr]    Compiling uuid v1.18.1
[INFO] [stderr]    Compiling blake3 v1.8.2
[INFO] [stderr]    Compiling hashbrown v0.16.1
[INFO] [stderr]    Compiling ppv-lite86 v0.2.21
[INFO] [stderr]    Compiling regex-automata v0.4.13
[INFO] [stderr]    Compiling ahash v0.8.12
[INFO] [stderr]    Compiling rand_chacha v0.9.0
[INFO] [stderr]    Compiling spacetimedb-memory-usage v2.12.0
[INFO] [stderr]    Compiling indexmap v2.12.0
[INFO] [stderr]    Compiling rand v0.9.2
[INFO] [stderr]    Compiling petgraph v0.6.5
[INFO] [stderr]    Compiling regex v1.12.2
[INFO] [stderr]    Compiling insta v1.43.2
[INFO] [stderr]    Compiling thiserror-impl v1.0.69
[INFO] [stderr]    Compiling enum-as-inner v0.6.1
[INFO] [stderr]    Compiling bytemuck_derive v1.10.2
[INFO] [stderr]    Compiling spacetimedb-bindings-macro v2.12.0
[INFO] [stderr]    Compiling enum-map-derive v0.17.0
[INFO] [stderr]    Compiling derive_more v0.99.20
[INFO] [stderr]    Compiling enum-map v2.7.3
[INFO] [stderr]    Compiling spacetimedb-primitives v2.12.0
[INFO] [stderr]    Compiling bytemuck v1.24.0
[INFO] [stderr]    Compiling thiserror v1.0.69
[INFO] [stderr]    Compiling spacetimedb-data-structures v2.12.0
[INFO] [stderr]    Compiling spacetimedb-sats v2.12.0
[INFO] [stderr]    Compiling spacetimedb-lib v2.12.0
[INFO] [stderr]    Compiling spacetimedb-schema v2.12.0
[INFO] [stderr]    Compiling spacetimedb-table v2.12.0 (/opt/rustwide/workdir)
[INFO] [stderr]     Finished `release` profile [optimized] target(s) in 1m 53s
[INFO] running `Command { std: "docker" "inspect" "4abc8b50e09bf6299b11071378f43b7bdf365be0a28e214dc2201d73cc70200e", kill_on_drop: false }`
[INFO] running `Command { std: "docker" "exec" "-e" "SOURCE_DIR=/opt/rustwide/workdir" "-e" "CARGO_HOME=/opt/rustwide/cargo-home" "-e" "RUSTUP_HOME=/opt/rustwide/rustup-home" "-e" "CARGO_TARGET_DIR=/opt/rustwide/target" "-e" "CARGO_INCREMENTAL=0" "-e" "RUST_BACKTRACE=full" "-e" "RUSTFLAGS=--cap-lints=warn" "-e" "RUSTDOCFLAGS=--cap-lints=warn" "-w" "/opt/rustwide/workdir" "--user" "0:0" "4abc8b50e09bf6299b11071378f43b7bdf365be0a28e214dc2201d73cc70200e" "/opt/rustwide/cargo-home/bin/cargo" "+1.99.0-beta.8" "test" "--frozen" "--no-run" "--message-format=json" "--release", kill_on_drop: false }`
[INFO] [stderr]    Compiling zerocopy v0.8.27
[INFO] [stderr]    Compiling bitflags v2.10.0
[INFO] [stderr]    Compiling regex-syntax v0.8.8
[INFO] [stderr]    Compiling syn v2.0.107
[INFO] [stderr]    Compiling approx v0.3.2
[INFO] [stderr]    Compiling rustix v1.1.2
[INFO] [stderr]    Compiling chrono v0.4.42
[INFO] [stderr]    Compiling futures-sink v0.3.31
[INFO] [stderr]    Compiling futures-core v0.3.31
[INFO] [stderr]    Compiling hashbrown v0.16.1
[INFO] [stderr]    Compiling linux-raw-sys v0.11.0
[INFO] [stderr]    Compiling memchr v2.7.6
[INFO] [stderr]    Compiling clap_lex v0.7.6
[INFO] [stderr]    Compiling wait-timeout v0.2.1
[INFO] [stderr]    Compiling itertools v0.10.5
[INFO] [stderr]    Compiling futures-io v0.3.31
[INFO] [stderr]    Compiling tokio v1.48.0
[INFO] [stderr]    Compiling rand_xorshift v0.4.0
[INFO] [stderr]    Compiling futures-channel v0.3.31
[INFO] [stderr]    Compiling futures-util v0.3.31
[INFO] [stderr]    Compiling is-terminal v0.4.16
[INFO] [stderr]    Compiling decorum v0.3.1
[INFO] [stderr]    Compiling clap_builder v4.5.50
[INFO] [stderr]    Compiling serde_json v1.0.145
[INFO] [stderr]    Compiling indexmap v2.12.0
[INFO] [stderr]    Compiling criterion-plot v0.5.0
[INFO] [stderr]    Compiling petgraph v0.6.5
[INFO] [stderr]    Compiling regex-automata v0.4.13
[INFO] [stderr]    Compiling tempfile v3.23.0
[INFO] [stderr]    Compiling futures v0.3.31
[INFO] [stderr]    Compiling clap v4.5.50
[INFO] [stderr]    Compiling rusty-fork v0.3.1
[INFO] [stderr]    Compiling regex v1.12.2
[INFO] [stderr]    Compiling zerocopy-derive v0.8.27
[INFO] [stderr]    Compiling serde_derive v1.0.228
[INFO] [stderr]    Compiling thiserror-impl v1.0.69
[INFO] [stderr]    Compiling bytemuck_derive v1.10.2
[INFO] [stderr]    Compiling enum-as-inner v0.6.1
[INFO] [stderr]    Compiling spacetimedb-bindings-macro v2.12.0
[INFO] [stderr]    Compiling enum-map-derive v0.17.0
[INFO] [stderr]    Compiling derive_more v0.99.20
[INFO] [stderr]    Compiling proptest-derive v0.5.1
[INFO] [stderr]    Compiling enum-map v2.7.3
[INFO] [stderr]    Compiling bytemuck v1.24.0
[INFO] [stderr]    Compiling thiserror v1.0.69
[INFO] [stderr]    Compiling serde v1.0.228
[INFO] [stderr]    Compiling ethnum v1.5.3
[INFO] [stderr]    Compiling toml v0.5.11
[INFO] [stderr]    Compiling tinytemplate v1.2.1
[INFO] [stderr]    Compiling ppv-lite86 v0.2.21
[INFO] [stderr]    Compiling ahash v0.8.12
[INFO] [stderr]    Compiling half v2.7.1
[INFO] [stderr]    Compiling ciborium-ll v0.2.2
[INFO] [stderr]    Compiling rand_chacha v0.9.0
[INFO] [stderr]    Compiling ciborium v0.2.2
[INFO] [stderr]    Compiling spacetimedb-memory-usage v2.12.0
[INFO] [stderr]    Compiling rand v0.9.2
[INFO] [stderr]    Compiling spacetimedb-primitives v2.12.0
[INFO] [stderr]    Compiling spacetimedb-data-structures v2.12.0
[INFO] [stderr]    Compiling insta v1.43.2
[INFO] [stderr]    Compiling criterion v0.5.1
[INFO] [stderr]    Compiling spacetimedb-sats v2.12.0
[INFO] [stderr]    Compiling proptest v1.8.0
[INFO] [stderr]    Compiling spacetimedb-lib v2.12.0
[INFO] [stderr]    Compiling spacetimedb-schema v2.12.0
[INFO] [stderr]    Compiling spacetimedb-table v2.12.0 (/opt/rustwide/workdir)
[INFO] [stdout] error[E0432]: unresolved import `spacetimedb_sats::proptest`
[INFO] [stdout]    --> src/bflatn_to.rs:562:27
[INFO] [stdout]     |
[INFO] [stdout] 562 |     use spacetimedb_sats::proptest::generate_typed_row;
[INFO] [stdout]     |                           ^^^^^^^^ could not find `proptest` in `spacetimedb_sats`
[INFO] [stdout]     |
[INFO] [stdout] note: found an item that was configured out
[INFO] [stdout]    --> /opt/rustwide/cargo-home/registry/src/index.crates.io-1949cf8c6b5b557f/spacetimedb-sats-2.12.0/src/lib.rs:37:9
[INFO] [stdout]     |
[INFO] [stdout]  36 | #[cfg(any(test, feature = "proptest"))]
[INFO] [stdout]     |          ---------------------------- the item is gated here
[INFO] [stdout]  37 | pub mod proptest;
[INFO] [stdout]     |         ^^^^^^^^
[INFO] [stdout] 
[INFO] [stdout] 
[INFO] [stdout] error[E0432]: unresolved import `spacetimedb_sats::proptest`
[INFO] [stdout]    --> src/eq_to_pv.rs:231:27
[INFO] [stdout]     |
[INFO] [stdout] 231 |     use spacetimedb_sats::proptest::generate_typed_row;
[INFO] [stdout]     |                           ^^^^^^^^ could not find `proptest` in `spacetimedb_sats`
[INFO] [stdout]     |
[INFO] [stdout] note: found an item that was configured out
[INFO] [stdout]    --> /opt/rustwide/cargo-home/registry/src/index.crates.io-1949cf8c6b5b557f/spacetimedb-sats-2.12.0/src/lib.rs:37:9
[INFO] [stdout]     |
[INFO] [stdout]  36 | #[cfg(any(test, feature = "proptest"))]
[INFO] [stdout]     |          ---------------------------- the item is gated here
[INFO] [stdout]  37 | pub mod proptest;
[INFO] [stdout]     |         ^^^^^^^^
[INFO] [stdout] 
[INFO] [stdout] 
[INFO] [stdout] error[E0432]: unresolved import `spacetimedb_sats::proptest`
[INFO] [stdout]    --> src/read_column.rs:373:37
[INFO] [stdout]     |
[INFO] [stdout] 373 |     use spacetimedb_sats::{product, proptest::generate_typed_row};
[INFO] [stdout]     |                                     ^^^^^^^^ could not find `proptest` in `spacetimedb_sats`
[INFO] [stdout]     |
[INFO] [stdout] note: found an item that was configured out
[INFO] [stdout]    --> /opt/rustwide/cargo-home/registry/src/index.crates.io-1949cf8c6b5b557f/spacetimedb-sats-2.12.0/src/lib.rs:37:9
[INFO] [stdout]     |
[INFO] [stdout]  36 | #[cfg(any(test, feature = "proptest"))]
[INFO] [stdout]     |          ---------------------------- the item is gated here
[INFO] [stdout]  37 | pub mod proptest;
[INFO] [stdout]     |         ^^^^^^^^
[INFO] [stdout] 
[INFO] [stdout] 
[INFO] [stdout] error[E0432]: unresolved import `spacetimedb_sats::proptest`
[INFO] [stdout]    --> src/row_hash.rs:234:27
[INFO] [stdout]     |
[INFO] [stdout] 234 |     use spacetimedb_sats::proptest::generate_typed_row;
[INFO] [stdout]     |                           ^^^^^^^^ could not find `proptest` in `spacetimedb_sats`
[INFO] [stdout]     |
[INFO] [stdout] note: found an item that was configured out
[INFO] [stdout]    --> /opt/rustwide/cargo-home/registry/src/index.crates.io-1949cf8c6b5b557f/spacetimedb-sats-2.12.0/src/lib.rs:37:9
[INFO] [stdout]     |
[INFO] [stdout]  36 | #[cfg(any(test, feature = "proptest"))]
[INFO] [stdout]     |          ---------------------------- the item is gated here
[INFO] [stdout]  37 | pub mod proptest;
[INFO] [stdout]     |         ^^^^^^^^
[INFO] [stdout] 
[INFO] [stdout] 
[INFO] [stdout] error[E0432]: unresolved import `spacetimedb_sats::proptest`
[INFO] [stdout]    --> src/static_bsatn_validator.rs:379:27
[INFO] [stdout]     |
[INFO] [stdout] 379 |     use spacetimedb_sats::proptest::generate_typed_row;
[INFO] [stdout]     |                           ^^^^^^^^ could not find `proptest` in `spacetimedb_sats`
[INFO] [stdout]     |
[INFO] [stdout] note: found an item that was configured out
[INFO] [stdout]    --> /opt/rustwide/cargo-home/registry/src/index.crates.io-1949cf8c6b5b557f/spacetimedb-sats-2.12.0/src/lib.rs:37:9
[INFO] [stdout]     |
[INFO] [stdout]  36 | #[cfg(any(test, feature = "proptest"))]
[INFO] [stdout]     |          ---------------------------- the item is gated here
[INFO] [stdout]  37 | pub mod proptest;
[INFO] [stdout]     |         ^^^^^^^^
[INFO] [stdout] 
[INFO] [stdout] 
[INFO] [stdout] error[E0432]: unresolved import `spacetimedb_sats::proptest`
[INFO] [stdout]    --> src/static_layout.rs:429:35
[INFO] [stdout]     |
[INFO] [stdout] 429 |     use spacetimedb_sats::{bsatn, proptest::generate_typed_row, AlgebraicType, ProductType};
[INFO] [stdout]     |                                   ^^^^^^^^ could not find `proptest` in `spacetimedb_sats`
[INFO] [stdout]     |
[INFO] [stdout] note: found an item that was configured out
[INFO] [stdout]    --> /opt/rustwide/cargo-home/registry/src/index.crates.io-1949cf8c6b5b557f/spacetimedb-sats-2.12.0/src/lib.rs:37:9
[INFO] [stdout]     |
[INFO] [stdout]  36 | #[cfg(any(test, feature = "proptest"))]
[INFO] [stdout]     |          ---------------------------- the item is gated here
[INFO] [stdout]  37 | pub mod proptest;
[INFO] [stdout]     |         ^^^^^^^^
[INFO] [stdout] 
[INFO] [stdout] 
[INFO] [stdout] error[E0432]: unresolved import `spacetimedb_sats::proptest`
[INFO] [stdout]     --> src/table.rs:2575:27
[INFO] [stdout]      |
[INFO] [stdout] 2575 |     use spacetimedb_sats::proptest::{generate_typed_row, generate_typed_row_vec, SIZE};
[INFO] [stdout]      |                           ^^^^^^^^ could not find `proptest` in `spacetimedb_sats`
[INFO] [stdout]      |
[INFO] [stdout] note: found an item that was configured out
[INFO] [stdout]     --> /opt/rustwide/cargo-home/registry/src/index.crates.io-1949cf8c6b5b557f/spacetimedb-sats-2.12.0/src/lib.rs:37:9
[INFO] [stdout]      |
[INFO] [stdout]   36 | #[cfg(any(test, feature = "proptest"))]
[INFO] [stdout]      |          ---------------------------- the item is gated here
[INFO] [stdout]   37 | pub mod proptest;
[INFO] [stdout]      |         ^^^^^^^^
[INFO] [stdout] 
[INFO] [stdout] 
[INFO] [stdout] error[E0432]: unresolved import `spacetimedb_sats::proptest`
[INFO] [stdout]    --> src/table_index/bytes_key.rs:599:27
[INFO] [stdout]     |
[INFO] [stdout] 599 |     use spacetimedb_sats::proptest::{gen_with, generate_product_value, generate_row_type, generate_typed_row, SIZE};
[INFO] [stdout]     |                           ^^^^^^^^ could not find `proptest` in `spacetimedb_sats`
[INFO] [stdout]     |
[INFO] [stdout] note: found an item that was configured out
[INFO] [stdout]    --> /opt/rustwide/cargo-home/registry/src/index.crates.io-1949cf8c6b5b557f/spacetimedb-sats-2.12.0/src/lib.rs:37:9
[INFO] [stdout]     |
[INFO] [stdout]  36 | #[cfg(any(test, feature = "proptest"))]
[INFO] [stdout]     |          ---------------------------- the item is gated here
[INFO] [stdout]  37 | pub mod proptest;
[INFO] [stdout]     |         ^^^^^^^^
[INFO] [stdout] 
[INFO] [stdout] 
[INFO] [stdout] error[E0432]: unresolved import `spacetimedb_sats::proptest`
[INFO] [stdout]     --> src/table_index/mod.rs:2787:27
[INFO] [stdout]      |
[INFO] [stdout] 2787 |     use spacetimedb_sats::proptest::{
[INFO] [stdout]      |                           ^^^^^^^^ could not find `proptest` in `spacetimedb_sats`
[INFO] [stdout]      |
[INFO] [stdout] note: found an item that was configured out
[INFO] [stdout]     --> /opt/rustwide/cargo-home/registry/src/index.crates.io-1949cf8c6b5b557f/spacetimedb-sats-2.12.0/src/lib.rs:37:9
[INFO] [stdout]      |
[INFO] [stdout]   36 | #[cfg(any(test, feature = "proptest"))]
[INFO] [stdout]      |          ---------------------------- the item is gated here
[INFO] [stdout]   37 | pub mod proptest;
[INFO] [stdout]      |         ^^^^^^^^
[INFO] [stdout] 
[INFO] [stdout] 
[INFO] [stdout] error[E0432]: unresolved import `spacetimedb_sats::proptest`
[INFO] [stdout]     --> src/table_index/mod.rs:2793:9
[INFO] [stdout]      |
[INFO] [stdout] 2793 |         proptest::{generate_product_value, generate_row_type},
[INFO] [stdout]      |         ^^^^^^^^ could not find `proptest` in `spacetimedb_sats`
[INFO] [stdout]      |
[INFO] [stdout] note: found an item that was configured out
[INFO] [stdout]     --> /opt/rustwide/cargo-home/registry/src/index.crates.io-1949cf8c6b5b557f/spacetimedb-sats-2.12.0/src/lib.rs:37:9
[INFO] [stdout]      |
[INFO] [stdout]   36 | #[cfg(any(test, feature = "proptest"))]
[INFO] [stdout]      |          ---------------------------- the item is gated here
[INFO] [stdout]   37 | pub mod proptest;
[INFO] [stdout]      |         ^^^^^^^^
[INFO] [stdout] 
[INFO] [stdout] 
[INFO] [stdout] error[E0599]: no associated function or constant named `from_product_type` found for struct `spacetimedb_schema::schema::TableSchema` in the current scope
[INFO] [stdout]     --> src/table.rs:2584:35
[INFO] [stdout]      |
[INFO] [stdout] 2584 |         let schema = TableSchema::from_product_type(ty);
[INFO] [stdout]      |                                   ^^^^^^^^^^^^^^^^^ associated function or constant not found in `spacetimedb_schema::schema::TableSchema`
[INFO] [stdout]      |
[INFO] [stdout] note: if you're trying to build a new `spacetimedb_schema::schema::TableSchema` consider using one of the following associated functions:
[INFO] [stdout]       spacetimedb_schema::schema::TableSchema::new
[INFO] [stdout]       spacetimedb_schema::schema::TableSchema::from_view_def_for_codegen
[INFO] [stdout]       spacetimedb_schema::schema::TableSchema::from_view_def_for_datastore
[INFO] [stdout]     --> /opt/rustwide/cargo-home/registry/src/index.crates.io-1949cf8c6b5b557f/spacetimedb-schema-2.12.0/src/schema.rs:207:5
[INFO] [stdout]      |
[INFO] [stdout]  207 | /     pub fn new(
[INFO] [stdout]  208 | |         table_id: TableId,
[INFO] [stdout]  209 | |         table_name: TableName,
[INFO] [stdout]  210 | |         view_info: Option<ViewDefInfo>,
[INFO] [stdout] ...    |
[INFO] [stdout]  221 | |         outbox: Option<OutboxSchema>,
[INFO] [stdout]  222 | |     ) -> Self {
[INFO] [stdout]      | |_____________^
[INFO] [stdout] ...
[INFO] [stdout]  751 |       pub fn from_view_def_for_codegen(module_def: &ModuleDef, view_def: &ViewDef) -> Self {
[INFO] [stdout]      |       ^^^^^^^^^^^^^^^^^^^^^^^^^^^^^^^^^^^^^^^^^^^^^^^^^^^^^^^^^^^^^^^^^^^^^^^^^^^^^^^^^^^^
[INFO] [stdout] ...
[INFO] [stdout]  838 |       pub fn from_view_def_for_datastore(module_def: &ModuleDef, view_def: &ViewDef) -> Self {
[INFO] [stdout]      |       ^^^^^^^^^^^^^^^^^^^^^^^^^^^^^^^^^^^^^^^^^^^^^^^^^^^^^^^^^^^^^^^^^^^^^^^^^^^^^^^^^^^^^^
[INFO] [stdout] 
[INFO] [stdout] 
[INFO] [stdout] Some errors have detailed explanations: E0432, E0599.
[INFO] [stdout] 
[INFO] [stdout] For more information about an error, try `rustc --explain E0432`.
[INFO] [stdout] 
[INFO] [stderr] error: could not compile `spacetimedb-table` (lib test) due to 11 previous errors
[INFO] [stderr] warning: build failed, waiting for other jobs to finish...
[INFO] running `Command { std: "docker" "inspect" "4abc8b50e09bf6299b11071378f43b7bdf365be0a28e214dc2201d73cc70200e", kill_on_drop: false }`
[INFO] running `Command { std: "docker" "rm" "-f" "4abc8b50e09bf6299b11071378f43b7bdf365be0a28e214dc2201d73cc70200e", kill_on_drop: false }`
[INFO] [stdout] 4abc8b50e09bf6299b11071378f43b7bdf365be0a28e214dc2201d73cc70200e
