[INFO] fetching crate spacetimedb-datastore 2.12.0...
[INFO] testing spacetimedb-datastore-2.12.0 against 1.99.0-beta.8+cargoflags=--release for beta-release-1.100-2
[INFO] extracting crate spacetimedb-datastore 2.12.0 into /workspace/builds/worker-1-tc1/source
[INFO] started tweaking crates.io crate spacetimedb-datastore 2.12.0
[INFO] finished tweaking crates.io crate spacetimedb-datastore 2.12.0
[INFO] tweaked toml for crates.io crate spacetimedb-datastore 2.12.0 written to /workspace/builds/worker-1-tc1/source/Cargo.toml
[INFO] validating manifest of crates.io crate spacetimedb-datastore 2.12.0 on toolchain 1.99.0-beta.8
[INFO] running `Command { std: CARGO_HOME="/workspace/cargo-home" RUSTUP_HOME="/workspace/rustup-home" "/workspace/cargo-home/bin/cargo" "+1.99.0-beta.8" "metadata" "--manifest-path" "Cargo.toml" "--no-deps", kill_on_drop: false }`
[INFO] crate crates.io crate spacetimedb-datastore 2.12.0 already has a lockfile, it will not be regenerated
[INFO] running `Command { std: CARGO_HOME="/workspace/cargo-home" RUSTUP_HOME="/workspace/rustup-home" "/workspace/cargo-home/bin/cargo" "+1.99.0-beta.8" "fetch" "--manifest-path" "Cargo.toml", kill_on_drop: false }`
[INFO] [stderr]     Updating crates.io index
[INFO] [stderr]     Blocking waiting for file lock on package cache
[INFO] [stderr]  Downloading crates ...
[INFO] [stderr]   Downloaded thin-vec v0.2.14
[INFO] [stderr]   Downloaded spacetimedb-memory-usage v2.12.0
[INFO] [stderr]   Downloaded spacetimedb-primitives v2.12.0
[INFO] [stderr]   Downloaded spacetimedb-metrics v2.12.0
[INFO] [stderr]   Downloaded junction v1.3.0
[INFO] [stderr]   Downloaded spacetimedb-bindings-macro v2.12.0
[INFO] [stderr]   Downloaded spacetimedb-data-structures v2.12.0
[INFO] [stderr]   Downloaded spacetimedb-paths v2.12.0
[INFO] [stderr]   Downloaded spacetimedb-fs-utils v2.12.0
[INFO] [stderr]   Downloaded spacetimedb-runtime v2.12.0
[INFO] [stderr]   Downloaded spacetimedb-lib v2.12.0
[INFO] [stderr]   Downloaded spacetimedb-snapshot v2.12.0
[INFO] [stderr]   Downloaded spacetimedb-sql-parser v2.12.0
[INFO] [stderr]   Downloaded spacetimedb-durability v2.12.0
[INFO] [stderr]   Downloaded spacetimedb-expr v2.12.0
[INFO] [stderr]   Downloaded spacetimedb-physical-plan v2.12.0
[INFO] [stderr]   Downloaded spacetimedb-execution v2.12.0
[INFO] [stderr]   Downloaded cc v1.2.41
[INFO] [stderr]   Downloaded spacetimedb-sats v2.12.0
[INFO] [stderr]   Downloaded insta v1.43.2
[INFO] [stderr]   Downloaded zstd-framed v0.1.1
[INFO] [stderr]   Downloaded spacetimedb-table v2.12.0
[INFO] [stderr]   Downloaded spacetimedb-commitlog v2.12.0
[INFO] [stderr]   Downloaded bigdecimal v0.4.9
[INFO] [stderr]   Downloaded spacetimedb-schema v2.12.0
[INFO] [stderr]   Downloaded syn v2.0.107
[INFO] running `Command { std: "docker" "create" "-v" "/var/lib/crater-agent-workspace/builds/worker-1-tc1/source:/opt/rustwide/workdir:ro,Z" "-v" "/var/lib/crater-agent-workspace/builds/worker-1-tc1/target:/opt/rustwide/target:rw,Z" "-v" "/var/lib/crater-agent-workspace/cargo-home:/opt/rustwide/cargo-home:ro,Z" "-v" "/var/lib/crater-agent-workspace/rustup-home:/opt/rustwide/rustup-home:ro,Z" "-m" "1610612736" "--network" "none" "ghcr.io/rust-lang/crates-build-env/linux@sha256:77db811e55d90add9212f6832c23229e3de5f1c1f9905e8cb07319ea15df73ac" "sleep" "infinity", kill_on_drop: false }`
[INFO] [stdout] 7275b26d94282e1fa86332e3a3f6ec21d3d2355a7ad3ca1bb339123c2f077e13
[INFO] running `Command { std: "docker" "start" "7275b26d94282e1fa86332e3a3f6ec21d3d2355a7ad3ca1bb339123c2f077e13", kill_on_drop: false }`
[INFO] running `Command { std: "docker" "inspect" "7275b26d94282e1fa86332e3a3f6ec21d3d2355a7ad3ca1bb339123c2f077e13", kill_on_drop: false }`
[INFO] running `Command { std: "docker" "exec" "-e" "SOURCE_DIR=/opt/rustwide/workdir" "-e" "CARGO_HOME=/opt/rustwide/cargo-home" "-e" "RUSTUP_HOME=/opt/rustwide/rustup-home" "-e" "CARGO_TARGET_DIR=/opt/rustwide/target" "-w" "/opt/rustwide/workdir" "--user" "0:0" "7275b26d94282e1fa86332e3a3f6ec21d3d2355a7ad3ca1bb339123c2f077e13" "/opt/rustwide/cargo-home/bin/cargo" "+1.99.0-beta.8" "metadata" "--no-deps" "--format-version=1", kill_on_drop: false }`
[INFO] running `Command { std: "docker" "inspect" "7275b26d94282e1fa86332e3a3f6ec21d3d2355a7ad3ca1bb339123c2f077e13", kill_on_drop: false }`
[INFO] running `Command { std: "docker" "exec" "-e" "SOURCE_DIR=/opt/rustwide/workdir" "-e" "CARGO_HOME=/opt/rustwide/cargo-home" "-e" "RUSTUP_HOME=/opt/rustwide/rustup-home" "-e" "CARGO_TARGET_DIR=/opt/rustwide/target" "-e" "CARGO_INCREMENTAL=0" "-e" "RUST_BACKTRACE=full" "-e" "RUSTFLAGS=--cap-lints=warn" "-e" "RUSTDOCFLAGS=--cap-lints=warn" "-w" "/opt/rustwide/workdir" "--user" "0:0" "7275b26d94282e1fa86332e3a3f6ec21d3d2355a7ad3ca1bb339123c2f077e13" "/opt/rustwide/cargo-home/bin/cargo" "+1.99.0-beta.8" "build" "--frozen" "--message-format=json" "--release", kill_on_drop: false }`
[INFO] [stderr]    Compiling libc v0.2.177
[INFO] [stderr]    Compiling smallvec v1.15.1
[INFO] [stderr]    Compiling find-msvc-tools v0.1.4
[INFO] [stderr]    Compiling quote v1.0.41
[INFO] [stderr]    Compiling scopeguard v1.2.0
[INFO] [stderr]    Compiling rayon v1.11.0
[INFO] [stderr]    Compiling object v0.37.3
[INFO] [stderr]    Compiling gimli v0.32.3
[INFO] [stderr]    Compiling lock_api v0.4.14
[INFO] [stderr]    Compiling syn v2.0.107
[INFO] [stderr]    Compiling miniz_oxide v0.8.9
[INFO] [stderr]    Compiling approx v0.3.2
[INFO] [stderr]    Compiling thiserror v2.0.17
[INFO] [stderr]    Compiling rustc-demangle v0.1.26
[INFO] [stderr]    Compiling anyhow v1.0.100
[INFO] [stderr]    Compiling decorum v0.3.1
[INFO] [stderr]    Compiling parking_lot_core v0.9.12
[INFO] [stderr]    Compiling jobserver v0.1.34
[INFO] [stderr]    Compiling parking_lot v0.12.5
[INFO] [stderr]    Compiling getrandom v0.3.4
[INFO] [stderr]    Compiling cc v1.2.41
[INFO] [stderr]    Compiling rand_core v0.9.3
[INFO] [stderr]    Compiling itertools v0.12.1
[INFO] [stderr]    Compiling rand_chacha v0.9.0
[INFO] [stderr]    Compiling chrono v0.4.42
[INFO] [stderr]    Compiling hashbrown v0.16.1
[INFO] [stderr]    Compiling addr2line v0.25.1
[INFO] [stderr]    Compiling blake3 v1.8.2
[INFO] [stderr]    Compiling rand v0.9.2
[INFO] [stderr]    Compiling keccak v0.1.5
[INFO] [stderr]    Compiling humantime v2.3.0
[INFO] [stderr]    Compiling convert_case v0.4.0
[INFO] [stderr]    Compiling lean_string v0.5.1
[INFO] [stderr]    Compiling sha3 v0.10.8
[INFO] [stderr]    Compiling uuid v1.18.1
[INFO] [stderr]    Compiling second-stack v0.3.5
[INFO] [stderr]    Compiling backtrace v0.3.76
[INFO] [stderr]    Compiling zstd-sys v2.0.16+zstd.1.5.7
[INFO] [stderr]    Compiling signal-hook-registry v1.4.6
[INFO] [stderr]    Compiling mio v1.1.0
[INFO] [stderr]    Compiling socket2 v0.6.1
[INFO] [stderr]    Compiling ahash v0.8.12
[INFO] [stderr]    Compiling regex-syntax v0.8.8
[INFO] [stderr]    Compiling zstd-safe v7.2.4
[INFO] [stderr]    Compiling tinyvec v1.10.0
[INFO] [stderr]    Compiling indexmap v2.12.0
[INFO] [stderr]    Compiling console v0.15.11
[INFO] [stderr]    Compiling crossbeam-queue v0.3.12
[INFO] [stderr]    Compiling thiserror-impl v1.0.69
[INFO] [stderr]    Compiling serde_derive v1.0.228
[INFO] [stderr]    Compiling thiserror-impl v2.0.17
[INFO] [stderr]    Compiling enum-as-inner v0.6.1
[INFO] [stderr]    Compiling bytemuck_derive v1.10.2
[INFO] [stderr]    Compiling spacetimedb-bindings-macro v2.12.0
[INFO] [stderr]    Compiling thiserror v1.0.69
[INFO] [stderr]    Compiling protobuf-support v3.7.2
[INFO] [stderr]    Compiling derive_more v0.99.20
[INFO] [stderr]    Compiling protobuf v3.7.2
[INFO] [stderr]    Compiling bytemuck v1.24.0
[INFO] [stderr]    Compiling enum-map-derive v0.17.0
[INFO] [stderr]    Compiling tokio-macros v2.6.0
[INFO] [stderr]    Compiling tokio v1.48.0
[INFO] [stderr]    Compiling serde v1.0.228
[INFO] [stderr]    Compiling enum-map v2.7.3
[INFO] [stderr]    Compiling regex-automata v0.4.13
[INFO] [stderr]    Compiling rustix v1.1.2
[INFO] [stderr]    Compiling fixedbitset v0.4.2
[INFO] [stderr]    Compiling semver v1.0.27
[INFO] [stderr]    Compiling ethnum v1.5.3
[INFO] [stderr]    Compiling toml v0.5.11
[INFO] [stderr]    Compiling similar v2.7.0
[INFO] [stderr]    Compiling spacetimedb-memory-usage v2.12.0
[INFO] [stderr]    Compiling spacetimedb-primitives v2.12.0
[INFO] [stderr]    Compiling regex v1.12.2
[INFO] [stderr]    Compiling prometheus v0.14.0
[INFO] [stderr]    Compiling convert_case v0.6.0
[INFO] [stderr]    Compiling insta v1.43.2
[INFO] [stderr]    Compiling spacetimedb-data-structures v2.12.0
[INFO] [stderr]    Compiling spacetimedb-metrics v2.12.0
[INFO] [stderr]    Compiling rustc_version v0.4.1
[INFO] [stderr]    Compiling spacetimedb-sats v2.12.0
[INFO] [stderr]    Compiling petgraph v0.6.5
[INFO] [stderr]    Compiling unicode-normalization v0.1.24
[INFO] [stderr]    Compiling linux-raw-sys v0.11.0
[INFO] [stderr]    Compiling unicode-ident v1.0.19
[INFO] [stderr]    Compiling libm v0.2.15
[INFO] [stderr]    Compiling crc32c v0.6.8
[INFO] [stderr]    Compiling futures-channel v0.3.31
[INFO] [stderr]    Compiling futures-macro v0.3.31
[INFO] [stderr]    Compiling fs2 v0.4.3
[INFO] [stderr]    Compiling concurrent-queue v2.5.0
[INFO] [stderr]    Compiling bigdecimal v0.4.9
[INFO] [stderr]    Compiling futures-util v0.3.31
[INFO] [stderr]    Compiling spacetimedb-lib v2.12.0
[INFO] [stderr]    Compiling tempfile v3.23.0
[INFO] [stderr]    Compiling event-listener v5.4.1
[INFO] [stderr]    Compiling sqlparser v0.38.0
[INFO] [stderr]    Compiling xdg v2.5.2
[INFO] [stderr]    Compiling spacetimedb-schema v2.12.0
[INFO] [stderr]    Compiling foldhash v0.2.0
[INFO] [stderr]    Compiling pretty_assertions v1.4.1
[INFO] [stderr]    Compiling spacetimedb-paths v2.12.0
[INFO] [stderr]    Compiling event-listener-strategy v0.5.4
[INFO] [stderr]    Compiling futures-executor v0.3.31
[INFO] [stderr]    Compiling tracing-attributes v0.1.30
[INFO] [stderr]    Compiling spacetimedb-sql-parser v2.12.0
[INFO] [stderr]    Compiling memmap2 v0.9.8
[INFO] [stderr]    Compiling tracing v0.1.41
[INFO] [stderr]    Compiling futures v0.3.31
[INFO] [stderr]    Compiling async-channel v2.5.0
[INFO] [stderr]    Compiling spacetimedb-runtime v2.12.0
[INFO] [stderr]    Compiling tokio-util v0.7.16
[INFO] [stderr]    Compiling spacetimedb-table v2.12.0
[INFO] [stderr]    Compiling spacetimedb-expr v2.12.0
[INFO] [stderr]    Compiling tokio-stream v0.1.17
[INFO] [stderr]    Compiling strum_macros v0.25.3
[INFO] [stderr]    Compiling strum v0.25.0
[INFO] [stderr]    Compiling rand_xoshiro v0.7.0
[INFO] [stderr]    Compiling thin-vec v0.2.14
[INFO] [stderr]    Compiling spacetimedb-physical-plan v2.12.0
[INFO] [stderr]    Compiling spacetimedb-execution v2.12.0
[INFO] [stderr]    Compiling zstd v0.13.3
[INFO] [stderr]    Compiling zstd-framed v0.1.1
[INFO] [stderr]    Compiling spacetimedb-fs-utils v2.12.0
[INFO] [stderr]    Compiling spacetimedb-commitlog v2.12.0
[INFO] [stderr]    Compiling spacetimedb-durability v2.12.0
[INFO] [stderr]    Compiling spacetimedb-snapshot v2.12.0
[INFO] [stderr]    Compiling spacetimedb-datastore v2.12.0 (/opt/rustwide/workdir)
[INFO] [stderr]     Finished `release` profile [optimized] target(s) in 8m 10s
[INFO] running `Command { std: "docker" "inspect" "7275b26d94282e1fa86332e3a3f6ec21d3d2355a7ad3ca1bb339123c2f077e13", kill_on_drop: false }`
[INFO] running `Command { std: "docker" "exec" "-e" "SOURCE_DIR=/opt/rustwide/workdir" "-e" "CARGO_HOME=/opt/rustwide/cargo-home" "-e" "RUSTUP_HOME=/opt/rustwide/rustup-home" "-e" "CARGO_TARGET_DIR=/opt/rustwide/target" "-e" "CARGO_INCREMENTAL=0" "-e" "RUST_BACKTRACE=full" "-e" "RUSTFLAGS=--cap-lints=warn" "-e" "RUSTDOCFLAGS=--cap-lints=warn" "-w" "/opt/rustwide/workdir" "--user" "0:0" "7275b26d94282e1fa86332e3a3f6ec21d3d2355a7ad3ca1bb339123c2f077e13" "/opt/rustwide/cargo-home/bin/cargo" "+1.99.0-beta.8" "test" "--frozen" "--no-run" "--message-format=json" "--release", kill_on_drop: false }`
[INFO] [stderr]    Compiling regex-automata v0.4.13
[INFO] [stderr]    Compiling wait-timeout v0.2.1
[INFO] [stderr]    Compiling rand_xorshift v0.4.0
[INFO] [stderr]    Compiling rusty-fork v0.3.1
[INFO] [stderr]    Compiling proptest v1.8.0
[INFO] [stderr]    Compiling regex v1.12.2
[INFO] [stderr]    Compiling insta v1.43.2
[INFO] [stderr]    Compiling spacetimedb-schema v2.12.0
[INFO] [stderr]    Compiling spacetimedb-table v2.12.0
[INFO] [stderr]    Compiling spacetimedb-expr v2.12.0
[INFO] [stderr]    Compiling spacetimedb-physical-plan v2.12.0
[INFO] [stderr]    Compiling spacetimedb-snapshot v2.12.0
[INFO] [stderr]    Compiling spacetimedb-execution v2.12.0
[INFO] [stderr]    Compiling spacetimedb-datastore v2.12.0 (/opt/rustwide/workdir)
[INFO] [stdout] error[E0599]: no associated function or constant named `for_test` found for struct `spacetimedb_schema::table_name::TableName` in the current scope
[INFO] [stdout]     --> src/locking_tx_datastore/datastore.rs:1301:40
[INFO] [stdout]      |
[INFO] [stdout] 1301 |                 table_name: TableName::for_test(value.name),
[INFO] [stdout]      |                                        ^^^^^^^^ associated function or constant not found in `spacetimedb_schema::table_name::TableName`
[INFO] [stdout]      |
[INFO] [stdout] note: if you're trying to build a new `spacetimedb_schema::table_name::TableName`, consider using `spacetimedb_schema::table_name::TableName::new` which returns `spacetimedb_schema::table_name::TableName`
[INFO] [stdout]     --> /opt/rustwide/cargo-home/registry/src/index.crates.io-1949cf8c6b5b557f/spacetimedb-schema-2.12.0/src/table_name.rs:22:5
[INFO] [stdout]      |
[INFO] [stdout]   22 |     pub fn new(id: Identifier) -> Self {
[INFO] [stdout]      |     ^^^^^^^^^^^^^^^^^^^^^^^^^^^^^^^^^^
[INFO] [stdout] 
[INFO] [stdout] 
[INFO] [stdout] error[E0599]: no associated function or constant named `for_test` found for struct `spacetimedb_schema::table_name::TableName` in the current scope
[INFO] [stdout]     --> src/locking_tx_datastore/datastore.rs:1450:24
[INFO] [stdout]      |
[INFO] [stdout] 1450 |             TableName::for_test("Foo"),
[INFO] [stdout]      |                        ^^^^^^^^ associated function or constant not found in `spacetimedb_schema::table_name::TableName`
[INFO] [stdout]      |
[INFO] [stdout] note: if you're trying to build a new `spacetimedb_schema::table_name::TableName`, consider using `spacetimedb_schema::table_name::TableName::new` which returns `spacetimedb_schema::table_name::TableName`
[INFO] [stdout]     --> /opt/rustwide/cargo-home/registry/src/index.crates.io-1949cf8c6b5b557f/spacetimedb-schema-2.12.0/src/table_name.rs:22:5
[INFO] [stdout]      |
[INFO] [stdout]   22 |     pub fn new(id: Identifier) -> Self {
[INFO] [stdout]      |     ^^^^^^^^^^^^^^^^^^^^^^^^^^^^^^^^^^
[INFO] [stdout] 
[INFO] [stdout] 
[INFO] [stdout] error[E0599]: no associated function or constant named `for_test` found for struct `spacetimedb_schema::schema::ColumnSchema` in the current scope
[INFO] [stdout]     --> src/locking_tx_datastore/datastore.rs:2432:36
[INFO] [stdout]      |
[INFO] [stdout] 2432 |         let column = ColumnSchema::for_test(0, "id", AlgebraicType::I32);
[INFO] [stdout]      |                                    ^^^^^^^^ associated function or constant not found in `spacetimedb_schema::schema::ColumnSchema`
[INFO] [stdout] 
[INFO] [stdout] 
[INFO] [stdout] error[E0599]: no associated function or constant named `for_test` found for struct `spacetimedb_schema::schema::ColumnSchema` in the current scope
[INFO] [stdout]     --> src/locking_tx_datastore/datastore.rs:2627:28
[INFO] [stdout]      |
[INFO] [stdout] 2627 |             [ColumnSchema::for_test(0, "id", AlgebraicType::I32)],
[INFO] [stdout]      |                            ^^^^^^^^ associated function or constant not found in `spacetimedb_schema::schema::ColumnSchema`
[INFO] [stdout] 
[INFO] [stdout] 
[INFO] [stdout] error[E0599]: no associated function or constant named `for_test` found for struct `spacetimedb_schema::schema::ColumnSchema` in the current scope
[INFO] [stdout]     --> src/locking_tx_datastore/datastore.rs:2687:44
[INFO] [stdout]      |
[INFO] [stdout] 2687 |             [0, 1].map(|pos| ColumnSchema::for_test(pos, format!("c{pos}"), AlgebraicType::U32)),
[INFO] [stdout]      |                                            ^^^^^^^^ associated function or constant not found in `spacetimedb_schema::schema::ColumnSchema`
[INFO] [stdout] 
[INFO] [stdout] 
[INFO] [stdout] error[E0599]: no associated function or constant named `for_test` found for struct `spacetimedb_schema::schema::ColumnSchema` in the current scope
[INFO] [stdout]     --> src/locking_tx_datastore/datastore.rs:3046:31
[INFO] [stdout]      |
[INFO] [stdout] 3046 |                 ColumnSchema::for_test(0, "id", AlgebraicType::U64),
[INFO] [stdout]      |                               ^^^^^^^^ associated function or constant not found in `spacetimedb_schema::schema::ColumnSchema`
[INFO] [stdout] 
[INFO] [stdout] 
[INFO] [stdout] error[E0599]: no associated function or constant named `for_test` found for struct `spacetimedb_schema::schema::ColumnSchema` in the current scope
[INFO] [stdout]     --> src/locking_tx_datastore/datastore.rs:3047:31
[INFO] [stdout]      |
[INFO] [stdout] 3047 |                 ColumnSchema::for_test(1, "at", ScheduleAt::get_type()),
[INFO] [stdout]      |                               ^^^^^^^^ associated function or constant not found in `spacetimedb_schema::schema::ColumnSchema`
[INFO] [stdout] 
[INFO] [stdout] 
[INFO] [stdout] error[E0599]: no associated function or constant named `for_test` found for struct `ScheduleSchema` in the current scope
[INFO] [stdout]     --> src/locking_tx_datastore/datastore.rs:3052:34
[INFO] [stdout]      |
[INFO] [stdout] 3052 |             Some(ScheduleSchema::for_test("schedule", "reducer", 1)),
[INFO] [stdout]      |                                  ^^^^^^^^ associated function or constant not found in `ScheduleSchema`
[INFO] [stdout] 
[INFO] [stdout] 
[INFO] [stdout] error[E0599]: no associated function or constant named `for_test` found for struct `spacetimedb_schema::schema::ColumnSchema` in the current scope
[INFO] [stdout]     --> src/locking_tx_datastore/datastore.rs:3084:31
[INFO] [stdout]      |
[INFO] [stdout] 3084 |                 ColumnSchema::for_test(0, "msg_id", AlgebraicType::U64),
[INFO] [stdout]      |                               ^^^^^^^^ associated function or constant not found in `spacetimedb_schema::schema::ColumnSchema`
[INFO] [stdout] 
[INFO] [stdout] 
[INFO] [stdout] error[E0599]: no associated function or constant named `for_test` found for struct `spacetimedb_schema::schema::ColumnSchema` in the current scope
[INFO] [stdout]     --> src/locking_tx_datastore/datastore.rs:3085:31
[INFO] [stdout]      |
[INFO] [stdout] 3085 |                 ColumnSchema::for_test(1, "target", AlgebraicType::identity()),
[INFO] [stdout]      |                               ^^^^^^^^ associated function or constant not found in `spacetimedb_schema::schema::ColumnSchema`
[INFO] [stdout] 
[INFO] [stdout] 
[INFO] [stdout] error[E0599]: no associated function or constant named `for_test` found for struct `spacetimedb_schema::schema::ColumnSchema` in the current scope
[INFO] [stdout]     --> src/locking_tx_datastore/datastore.rs:3170:31
[INFO] [stdout]      |
[INFO] [stdout] 3170 |                 ColumnSchema::for_test(0, "msg_id", AlgebraicType::U64),
[INFO] [stdout]      |                               ^^^^^^^^ associated function or constant not found in `spacetimedb_schema::schema::ColumnSchema`
[INFO] [stdout] 
[INFO] [stdout] 
[INFO] [stdout] error[E0599]: no associated function or constant named `for_test` found for struct `spacetimedb_schema::schema::ColumnSchema` in the current scope
[INFO] [stdout]     --> src/locking_tx_datastore/datastore.rs:3171:31
[INFO] [stdout]      |
[INFO] [stdout] 3171 |                 ColumnSchema::for_test(1, "target", AlgebraicType::U256),
[INFO] [stdout]      |                               ^^^^^^^^ associated function or constant not found in `spacetimedb_schema::schema::ColumnSchema`
[INFO] [stdout] 
[INFO] [stdout] 
[INFO] [stdout] error[E0599]: no associated function or constant named `for_test` found for struct `spacetimedb_schema::schema::ColumnSchema` in the current scope
[INFO] [stdout]     --> src/locking_tx_datastore/datastore.rs:3224:70
[INFO] [stdout]      |
[INFO] [stdout] 3224 |                 [("a", 0), ("b", 1)].map(|(name, pos)| ColumnSchema::for_test(pos, name, AlgebraicType::U8)),
[INFO] [stdout]      |                                                                      ^^^^^^^^ associated function or constant not found in `spacetimedb_schema::schema::ColumnSchema`
[INFO] [stdout] 
[INFO] [stdout] 
[INFO] [stdout] error[E0599]: no associated function or constant named `for_test` found for struct `spacetimedb_schema::schema::ColumnSchema` in the current scope
[INFO] [stdout]     --> src/locking_tx_datastore/datastore.rs:3340:28
[INFO] [stdout]      |
[INFO] [stdout] 3340 |             [ColumnSchema::for_test(0, "field", AlgebraicType::I32)],
[INFO] [stdout]      |                            ^^^^^^^^ associated function or constant not found in `spacetimedb_schema::schema::ColumnSchema`
[INFO] [stdout] 
[INFO] [stdout] 
[INFO] [stdout] error[E0599]: no associated function or constant named `for_test` found for struct `spacetimedb_schema::schema::ColumnSchema` in the current scope
[INFO] [stdout]     --> src/locking_tx_datastore/datastore.rs:3503:27
[INFO] [stdout]      |
[INFO] [stdout] 3503 |             ColumnSchema::for_test(0, "id", AlgebraicType::U64),
[INFO] [stdout]      |                           ^^^^^^^^ associated function or constant not found in `spacetimedb_schema::schema::ColumnSchema`
[INFO] [stdout] 
[INFO] [stdout] 
[INFO] [stdout] error[E0599]: no associated function or constant named `for_test` found for struct `spacetimedb_schema::schema::ColumnSchema` in the current scope
[INFO] [stdout]     --> src/locking_tx_datastore/datastore.rs:3504:27
[INFO] [stdout]      |
[INFO] [stdout] 3504 |             ColumnSchema::for_test(1, "at", ScheduleAt::get_type()),
[INFO] [stdout]      |                           ^^^^^^^^ associated function or constant not found in `spacetimedb_schema::schema::ColumnSchema`
[INFO] [stdout] 
[INFO] [stdout] 
[INFO] [stdout] error[E0599]: no associated function or constant named `for_test` found for struct `spacetimedb_schema::schema::ColumnSchema` in the current scope
[INFO] [stdout]     --> src/locking_tx_datastore/datastore.rs:3505:27
[INFO] [stdout]      |
[INFO] [stdout] 3505 |             ColumnSchema::for_test(2, "sum", sum_ty),
[INFO] [stdout]      |                           ^^^^^^^^ associated function or constant not found in `spacetimedb_schema::schema::ColumnSchema`
[INFO] [stdout] 
[INFO] [stdout] 
[INFO] [stdout] error[E0599]: no associated function or constant named `for_test` found for struct `spacetimedb_schema::schema::ColumnSchema` in the current scope
[INFO] [stdout]     --> src/locking_tx_datastore/datastore.rs:3535:36
[INFO] [stdout]      |
[INFO] [stdout] 3535 |         columns.push(ColumnSchema::for_test(3, "bad", AlgebraicType::U8));
[INFO] [stdout]      |                                    ^^^^^^^^ associated function or constant not found in `spacetimedb_schema::schema::ColumnSchema`
[INFO] [stdout] 
[INFO] [stdout] 
[INFO] [stdout] error[E0599]: no associated function or constant named `for_test` found for struct `spacetimedb_schema::schema::ColumnSchema` in the current scope
[INFO] [stdout]     --> src/locking_tx_datastore/datastore.rs:3551:27
[INFO] [stdout]      |
[INFO] [stdout] 3551 |             ColumnSchema::for_test(0, "a", AlgebraicType::U64),
[INFO] [stdout]      |                           ^^^^^^^^ associated function or constant not found in `spacetimedb_schema::schema::ColumnSchema`
[INFO] [stdout] 
[INFO] [stdout] 
[INFO] [stdout] error[E0599]: no associated function or constant named `for_test` found for struct `spacetimedb_schema::schema::ColumnSchema` in the current scope
[INFO] [stdout]     --> src/locking_tx_datastore/datastore.rs:3552:27
[INFO] [stdout]      |
[INFO] [stdout] 3552 |             ColumnSchema::for_test(1, "b", sum_original.clone()),
[INFO] [stdout]      |                           ^^^^^^^^ associated function or constant not found in `spacetimedb_schema::schema::ColumnSchema`
[INFO] [stdout] 
[INFO] [stdout] 
[INFO] [stdout] error[E0599]: no associated function or constant named `for_test` found for struct `spacetimedb_schema::schema::ColumnSchema` in the current scope
[INFO] [stdout]     --> src/locking_tx_datastore/datastore.rs:3644:27
[INFO] [stdout]      |
[INFO] [stdout] 3644 |             ColumnSchema::for_test(0, "a", AlgebraicType::U64),
[INFO] [stdout]      |                           ^^^^^^^^ associated function or constant not found in `spacetimedb_schema::schema::ColumnSchema`
[INFO] [stdout] 
[INFO] [stdout] 
[INFO] [stdout] error[E0599]: no associated function or constant named `for_test` found for struct `spacetimedb_schema::schema::ColumnSchema` in the current scope
[INFO] [stdout]     --> src/locking_tx_datastore/datastore.rs:3645:27
[INFO] [stdout]      |
[INFO] [stdout] 3645 |             ColumnSchema::for_test(1, "b", initial_sum_type.clone()),
[INFO] [stdout]      |                           ^^^^^^^^ associated function or constant not found in `spacetimedb_schema::schema::ColumnSchema`
[INFO] [stdout] 
[INFO] [stdout] 
[INFO] [stdout] error[E0599]: no associated function or constant named `for_test` found for struct `spacetimedb_schema::schema::ColumnSchema` in the current scope
[INFO] [stdout]     --> src/locking_tx_datastore/datastore.rs:3689:40
[INFO] [stdout]      |
[INFO] [stdout] 3689 |         new_columns.push(ColumnSchema::for_test(2, "c", AlgebraicType::U8));
[INFO] [stdout]      |                                        ^^^^^^^^ associated function or constant not found in `spacetimedb_schema::schema::ColumnSchema`
[INFO] [stdout] 
[INFO] [stdout] 
[INFO] [stdout] error[E0599]: no associated function or constant named `for_test` found for struct `spacetimedb_schema::table_name::TableName` in the current scope
[INFO] [stdout]     --> src/locking_tx_datastore/replay.rs:1188:24
[INFO] [stdout]      |
[INFO] [stdout] 1188 |             TableName::for_test("Foo"),
[INFO] [stdout]      |                        ^^^^^^^^ associated function or constant not found in `spacetimedb_schema::table_name::TableName`
[INFO] [stdout]      |
[INFO] [stdout] note: if you're trying to build a new `spacetimedb_schema::table_name::TableName`, consider using `spacetimedb_schema::table_name::TableName::new` which returns `spacetimedb_schema::table_name::TableName`
[INFO] [stdout]     --> /opt/rustwide/cargo-home/registry/src/index.crates.io-1949cf8c6b5b557f/spacetimedb-schema-2.12.0/src/table_name.rs:22:5
[INFO] [stdout]      |
[INFO] [stdout]   22 |     pub fn new(id: Identifier) -> Self {
[INFO] [stdout]      |     ^^^^^^^^^^^^^^^^^^^^^^^^^^^^^^^^^^
[INFO] [stdout] 
[INFO] [stdout] 
[INFO] [stdout] error[E0599]: no associated function or constant named `for_test` found for struct `spacetimedb_schema::schema::ColumnSchema` in the current scope
[INFO] [stdout]     --> src/locking_tx_datastore/replay.rs:1191:31
[INFO] [stdout]      |
[INFO] [stdout] 1191 |                 ColumnSchema::for_test(0, "id", AlgebraicType::U32),
[INFO] [stdout]      |                               ^^^^^^^^ associated function or constant not found in `spacetimedb_schema::schema::ColumnSchema`
[INFO] [stdout] 
[INFO] [stdout] 
[INFO] [stdout] error[E0599]: no associated function or constant named `for_test` found for struct `spacetimedb_schema::schema::ColumnSchema` in the current scope
[INFO] [stdout]     --> src/locking_tx_datastore/replay.rs:1192:31
[INFO] [stdout]      |
[INFO] [stdout] 1192 |                 ColumnSchema::for_test(1, "name", AlgebraicType::String),
[INFO] [stdout]      |                               ^^^^^^^^ associated function or constant not found in `spacetimedb_schema::schema::ColumnSchema`
[INFO] [stdout] 
[INFO] [stdout] 
[INFO] [stdout] error[E0599]: no associated function or constant named `for_test` found for struct `spacetimedb_schema::schema::ColumnSchema` in the current scope
[INFO] [stdout]     --> src/locking_tx_datastore/replay.rs:1193:31
[INFO] [stdout]      |
[INFO] [stdout] 1193 |                 ColumnSchema::for_test(2, "kind", AlgebraicType::String),
[INFO] [stdout]      |                               ^^^^^^^^ associated function or constant not found in `spacetimedb_schema::schema::ColumnSchema`
[INFO] [stdout] 
[INFO] [stdout] 
[INFO] [stdout] error[E0599]: no associated function or constant named `for_test` found for struct `spacetimedb_schema::table_name::TableName` in the current scope
[INFO] [stdout]     --> src/locking_tx_datastore/replay.rs:1226:56
[INFO] [stdout]      |
[INFO] [stdout] 1226 |         assert_eq!(st_table_row.table_name, TableName::for_test("Foo"));
[INFO] [stdout]      |                                                        ^^^^^^^^ associated function or constant not found in `spacetimedb_schema::table_name::TableName`
[INFO] [stdout]      |
[INFO] [stdout] note: if you're trying to build a new `spacetimedb_schema::table_name::TableName`, consider using `spacetimedb_schema::table_name::TableName::new` which returns `spacetimedb_schema::table_name::TableName`
[INFO] [stdout]     --> /opt/rustwide/cargo-home/registry/src/index.crates.io-1949cf8c6b5b557f/spacetimedb-schema-2.12.0/src/table_name.rs:22:5
[INFO] [stdout]      |
[INFO] [stdout]   22 |     pub fn new(id: Identifier) -> Self {
[INFO] [stdout]      |     ^^^^^^^^^^^^^^^^^^^^^^^^^^^^^^^^^^
[INFO] [stdout] 
[INFO] [stdout] 
[INFO] [stdout] For more information about this error, try `rustc --explain E0599`.
[INFO] [stdout] 
[INFO] [stderr] error: could not compile `spacetimedb-datastore` (lib test) due to 28 previous errors
[INFO] [stderr] warning: build failed, waiting for other jobs to finish...
[INFO] running `Command { std: "docker" "inspect" "7275b26d94282e1fa86332e3a3f6ec21d3d2355a7ad3ca1bb339123c2f077e13", kill_on_drop: false }`
[INFO] running `Command { std: "docker" "rm" "-f" "7275b26d94282e1fa86332e3a3f6ec21d3d2355a7ad3ca1bb339123c2f077e13", kill_on_drop: false }`
[INFO] [stdout] 7275b26d94282e1fa86332e3a3f6ec21d3d2355a7ad3ca1bb339123c2f077e13
