[INFO] fetching crate spaceapi-server 0.8.0...
[INFO] testing spaceapi-server-0.8.0 against 1.99.0-beta.8+cargoflags=--release for beta-release-1.100-2
[INFO] extracting crate spaceapi-server 0.8.0 into /workspace/builds/worker-1-tc1/source
[INFO] started tweaking crates.io crate spaceapi-server 0.8.0
[INFO] finished tweaking crates.io crate spaceapi-server 0.8.0
[INFO] tweaked toml for crates.io crate spaceapi-server 0.8.0 written to /workspace/builds/worker-1-tc1/source/Cargo.toml
[INFO] validating manifest of crates.io crate spaceapi-server 0.8.0 on toolchain 1.99.0-beta.8
[INFO] running `Command { std: CARGO_HOME="/workspace/cargo-home" RUSTUP_HOME="/workspace/rustup-home" "/workspace/cargo-home/bin/cargo" "+1.99.0-beta.8" "metadata" "--manifest-path" "Cargo.toml" "--no-deps", kill_on_drop: false }`
[INFO] crate crates.io crate spaceapi-server 0.8.0 already has a lockfile, it will not be regenerated
[INFO] running `Command { std: CARGO_HOME="/workspace/cargo-home" RUSTUP_HOME="/workspace/rustup-home" "/workspace/cargo-home/bin/cargo" "+1.99.0-beta.8" "fetch" "--manifest-path" "Cargo.toml", kill_on_drop: false }`
[INFO] [stderr]     Updating crates.io index
[INFO] [stderr]  Downloading crates ...
[INFO] [stderr]   Downloaded plugin v0.2.6
[INFO] [stderr]   Downloaded urlencoded v0.6.0
[INFO] [stderr]   Downloaded unicode-normalization v0.1.21
[INFO] [stderr]   Downloaded traitobject v0.1.0
[INFO] [stderr]   Downloaded phf_codegen v0.7.24
[INFO] [stderr]   Downloaded phf_shared v0.7.24
[INFO] [stderr]   Downloaded phf_generator v0.7.24
[INFO] [stderr]   Downloaded typeable v0.1.2
[INFO] [stderr]   Downloaded router v0.6.0
[INFO] [stderr]   Downloaded scheduled-thread-pool v0.2.6
[INFO] [stderr]   Downloaded bodyparser v0.8.0
[INFO] [stderr]   Downloaded unicase v1.4.2
[INFO] [stderr]   Downloaded thiserror-impl v1.0.37
[INFO] [stderr]   Downloaded siphasher v0.2.3
[INFO] [stderr]   Downloaded persistent v0.4.0
[INFO] [stderr]   Downloaded iron v0.6.1
[INFO] [stderr]   Downloaded itoa v1.0.3
[INFO] [stderr]   Downloaded route-recognizer v0.1.13
[INFO] [stderr]   Downloaded errno v0.3.3
[INFO] [stderr]   Downloaded modifier v0.1.0
[INFO] [stderr]   Downloaded phf v0.7.24
[INFO] [stderr]   Downloaded mime v0.2.6
[INFO] [stderr]   Downloaded safemem v0.3.3
[INFO] [stderr]   Downloaded thiserror v1.0.37
[INFO] [stderr]   Downloaded mime_guess v1.8.8
[INFO] [stderr]   Downloaded language-tags v0.2.2
[INFO] [stderr]   Downloaded httparse v1.7.1
[INFO] [stderr]   Downloaded lock_api v0.4.7
[INFO] [stderr]   Downloaded unicode-ident v1.0.3
[INFO] [stderr]   Downloaded ryu v1.0.11
[INFO] [stderr]   Downloaded spaceapi v0.9.0
[INFO] [stderr]   Downloaded parking_lot_core v0.9.3
[INFO] [stderr]   Downloaded smallvec v1.9.0
[INFO] [stderr]   Downloaded base64 v0.9.3
[INFO] [stderr]   Downloaded proc-macro2 v1.0.43
[INFO] [stderr]   Downloaded bitflags v2.4.0
[INFO] [stderr]   Downloaded quote v1.0.21
[INFO] [stderr]   Downloaded bytes v1.2.1
[INFO] [stderr]   Downloaded serde_derive v1.0.143
[INFO] [stderr]   Downloaded serde v1.0.143
[INFO] [stderr]   Downloaded url v2.2.2
[INFO] [stderr]   Downloaded hyper v0.10.16
[INFO] [stderr]   Downloaded serde_json v1.0.83
[INFO] [stderr]   Downloaded combine v4.6.6
[INFO] [stderr]   Downloaded redis v0.23.3
[INFO] [stderr]   Downloaded syn v1.0.99
[INFO] [stderr]   Downloaded regex v1.6.0
[INFO] [stderr]   Downloaded regex-syntax v0.6.27
[INFO] [stderr]   Downloaded rustix v0.38.11
[INFO] [stderr]   Downloaded linux-raw-sys v0.4.5
[INFO] running `Command { std: "docker" "create" "-v" "/var/lib/crater-agent-workspace/builds/worker-1-tc1/source:/opt/rustwide/workdir:ro,Z" "-v" "/var/lib/crater-agent-workspace/builds/worker-1-tc1/target:/opt/rustwide/target:rw,Z" "-v" "/var/lib/crater-agent-workspace/cargo-home:/opt/rustwide/cargo-home:ro,Z" "-v" "/var/lib/crater-agent-workspace/rustup-home:/opt/rustwide/rustup-home:ro,Z" "-m" "1610612736" "--network" "none" "ghcr.io/rust-lang/crates-build-env/linux@sha256:77db811e55d90add9212f6832c23229e3de5f1c1f9905e8cb07319ea15df73ac" "sleep" "infinity", kill_on_drop: false }`
[INFO] [stdout] f31f20c4761aa8e1403ac26fe19acad6fcc1e632adfc03dd947aac9cc52cd179
[INFO] running `Command { std: "docker" "start" "f31f20c4761aa8e1403ac26fe19acad6fcc1e632adfc03dd947aac9cc52cd179", kill_on_drop: false }`
[INFO] running `Command { std: "docker" "inspect" "f31f20c4761aa8e1403ac26fe19acad6fcc1e632adfc03dd947aac9cc52cd179", kill_on_drop: false }`
[INFO] running `Command { std: "docker" "exec" "-e" "SOURCE_DIR=/opt/rustwide/workdir" "-e" "CARGO_HOME=/opt/rustwide/cargo-home" "-e" "RUSTUP_HOME=/opt/rustwide/rustup-home" "-e" "CARGO_TARGET_DIR=/opt/rustwide/target" "-w" "/opt/rustwide/workdir" "--user" "0:0" "f31f20c4761aa8e1403ac26fe19acad6fcc1e632adfc03dd947aac9cc52cd179" "/opt/rustwide/cargo-home/bin/cargo" "+1.99.0-beta.8" "metadata" "--no-deps" "--format-version=1", kill_on_drop: false }`
[INFO] running `Command { std: "docker" "inspect" "f31f20c4761aa8e1403ac26fe19acad6fcc1e632adfc03dd947aac9cc52cd179", kill_on_drop: false }`
[INFO] running `Command { std: "docker" "exec" "-e" "SOURCE_DIR=/opt/rustwide/workdir" "-e" "CARGO_HOME=/opt/rustwide/cargo-home" "-e" "RUSTUP_HOME=/opt/rustwide/rustup-home" "-e" "CARGO_TARGET_DIR=/opt/rustwide/target" "-e" "CARGO_INCREMENTAL=0" "-e" "RUST_BACKTRACE=full" "-e" "RUSTFLAGS=--cap-lints=warn" "-e" "RUSTDOCFLAGS=--cap-lints=warn" "-w" "/opt/rustwide/workdir" "--user" "0:0" "f31f20c4761aa8e1403ac26fe19acad6fcc1e632adfc03dd947aac9cc52cd179" "/opt/rustwide/cargo-home/bin/cargo" "+1.99.0-beta.8" "build" "--frozen" "--message-format=json" "--release", kill_on_drop: false }`
[INFO] [stderr]    Compiling autocfg v1.1.0
[INFO] [stderr]    Compiling libc v0.2.147
[INFO] [stderr]    Compiling rand_core v0.4.2
[INFO] [stderr]    Compiling log v0.4.17
[INFO] [stderr]    Compiling tinyvec_macros v0.1.0
[INFO] [stderr]    Compiling proc-macro2 v1.0.43
[INFO] [stderr]    Compiling unicase v1.4.2
[INFO] [stderr]    Compiling siphasher v0.2.3
[INFO] [stderr]    Compiling tinyvec v1.6.0
[INFO] [stderr]    Compiling matches v0.1.9
[INFO] [stderr]    Compiling unicode-ident v1.0.3
[INFO] [stderr]    Compiling unicode-bidi v0.3.8
[INFO] [stderr]    Compiling autocfg v0.1.8
[INFO] [stderr]    Compiling rand_core v0.3.1
[INFO] [stderr]    Compiling phf_shared v0.7.24
[INFO] [stderr]    Compiling rand_jitter v0.1.4
[INFO] [stderr]    Compiling rand_isaac v0.1.1
[INFO] [stderr]    Compiling rand_xorshift v0.1.1
[INFO] [stderr]    Compiling rand_chacha v0.1.1
[INFO] [stderr]    Compiling rand_pcg v0.1.2
[INFO] [stderr]    Compiling rand v0.6.5
[INFO] [stderr]    Compiling rand_hc v0.1.0
[INFO] [stderr]    Compiling quote v1.0.21
[INFO] [stderr]    Compiling syn v1.0.99
[INFO] [stderr]    Compiling traitobject v0.1.0
[INFO] [stderr]    Compiling phf v0.7.24
[INFO] [stdout] error[E0119]: conflicting implementations of trait `Trait` for type `(dyn Send + Sync + 'static)`
[INFO] [stdout]   --> /opt/rustwide/cargo-home/registry/src/index.crates.io-1949cf8c6b5b557f/traitobject-0.1.0/src/impls.rs:72:1
[INFO] [stdout]    |
[INFO] [stdout] 71 | unsafe impl Trait for ::std::marker::Send + Sync { }
[INFO] [stdout]    | ------------------------------------------------ first implementation here
[INFO] [stdout] 72 | unsafe impl Trait for ::std::marker::Send + Send + Sync { }
[INFO] [stdout]    | ^^^^^^^^^^^^^^^^^^^^^^^^^^^^^^^^^^^^^^^^^^^^^^^^^^^^^^^ conflicting implementation for `(dyn Send + Sync + 'static)`
[INFO] [stdout] 
[INFO] [stdout] 
[INFO] [stdout] error[E0119]: conflicting implementations of trait `Trait` for type `(dyn Send + Sync + 'static)`
[INFO] [stdout]   --> /opt/rustwide/cargo-home/registry/src/index.crates.io-1949cf8c6b5b557f/traitobject-0.1.0/src/impls.rs:73:1
[INFO] [stdout]    |
[INFO] [stdout] 71 | unsafe impl Trait for ::std::marker::Send + Sync { }
[INFO] [stdout]    | ------------------------------------------------ first implementation here
[INFO] [stdout] 72 | unsafe impl Trait for ::std::marker::Send + Send + Sync { }
[INFO] [stdout] 73 | unsafe impl Trait for ::std::marker::Sync + Send { }
[INFO] [stdout]    | ^^^^^^^^^^^^^^^^^^^^^^^^^^^^^^^^^^^^^^^^^^^^^^^^ conflicting implementation for `(dyn Send + Sync + 'static)`
[INFO] [stdout] 
[INFO] [stdout] 
[INFO] [stdout] error[E0119]: conflicting implementations of trait `Trait` for type `(dyn Send + Sync + 'static)`
[INFO] [stdout]   --> /opt/rustwide/cargo-home/registry/src/index.crates.io-1949cf8c6b5b557f/traitobject-0.1.0/src/impls.rs:75:1
[INFO] [stdout]    |
[INFO] [stdout] 71 | unsafe impl Trait for ::std::marker::Send + Sync { }
[INFO] [stdout]    | ------------------------------------------------ first implementation here
[INFO] [stdout] ...
[INFO] [stdout] 75 | unsafe impl Trait for ::std::marker::Sync + Send + Sync { }
[INFO] [stdout]    | ^^^^^^^^^^^^^^^^^^^^^^^^^^^^^^^^^^^^^^^^^^^^^^^^^^^^^^^ conflicting implementation for `(dyn Send + Sync + 'static)`
[INFO] [stdout] 
[INFO] [stdout] 
[INFO] [stdout] For more information about this error, try `rustc --explain E0119`.
[INFO] [stdout] 
[INFO] [stderr] error: could not compile `traitobject` (lib) due to 3 previous errors
[INFO] [stderr] warning: build failed, waiting for other jobs to finish...
[INFO] running `Command { std: "docker" "inspect" "f31f20c4761aa8e1403ac26fe19acad6fcc1e632adfc03dd947aac9cc52cd179", kill_on_drop: false }`
[INFO] running `Command { std: "docker" "rm" "-f" "f31f20c4761aa8e1403ac26fe19acad6fcc1e632adfc03dd947aac9cc52cd179", kill_on_drop: false }`
[INFO] [stdout] f31f20c4761aa8e1403ac26fe19acad6fcc1e632adfc03dd947aac9cc52cd179
