[INFO] fetching crate solana_libra_vm_runtime_types 0.0.1-sol5...
[INFO] testing solana_libra_vm_runtime_types-0.0.1-sol5 against 1.100.0-beta.1+cargoflags=--release for beta-release-1.100-2
[INFO] extracting crate solana_libra_vm_runtime_types 0.0.1-sol5 into /workspace/builds/worker-2-tc2/source
[INFO] started tweaking crates.io crate solana_libra_vm_runtime_types 0.0.1-sol5
[INFO] finished tweaking crates.io crate solana_libra_vm_runtime_types 0.0.1-sol5
[INFO] tweaked toml for crates.io crate solana_libra_vm_runtime_types 0.0.1-sol5 written to /workspace/builds/worker-2-tc2/source/Cargo.toml
[INFO] validating manifest of crates.io crate solana_libra_vm_runtime_types 0.0.1-sol5 on toolchain 1.100.0-beta.1
[INFO] running `Command { std: CARGO_HOME="/workspace/cargo-home" RUSTUP_HOME="/workspace/rustup-home" "/workspace/cargo-home/bin/cargo" "+1.100.0-beta.1" "metadata" "--manifest-path" "Cargo.toml" "--no-deps", kill_on_drop: false }`
[INFO] running `Command { std: CARGO_HOME="/workspace/cargo-home" RUSTUP_HOME="/workspace/rustup-home" "/workspace/cargo-home/bin/cargo" "+1.100.0-beta.1" "generate-lockfile" "--manifest-path" "Cargo.toml", kill_on_drop: false }`
[INFO] [stderr]     Updating crates.io index
[INFO] [stderr]      Locking 227 packages to highest compatible versions
[INFO] [stderr]       Adding bit-vec v0.6.3 (available: v0.10.1)
[INFO] [stderr]       Adding proptest v0.9.6 (available: v1.12.0)
[INFO] [stderr]       Adding sha2 v0.8.2 (available: v0.11.1)
[INFO] [stderr]       Adding zeroize v1.3.0 (available: v1.9.1)
[INFO] running `Command { std: CARGO_HOME="/workspace/cargo-home" RUSTUP_HOME="/workspace/rustup-home" "/workspace/cargo-home/bin/cargo" "+1.100.0-beta.1" "fetch" "--manifest-path" "Cargo.toml", kill_on_drop: false }`
[INFO] running `Command { std: "docker" "create" "-v" "/var/lib/crater-agent-workspace/builds/worker-2-tc2/source:/opt/rustwide/workdir:ro,Z" "-v" "/var/lib/crater-agent-workspace/builds/worker-2-tc2/target:/opt/rustwide/target:rw,Z" "-v" "/var/lib/crater-agent-workspace/cargo-home:/opt/rustwide/cargo-home:ro,Z" "-v" "/var/lib/crater-agent-workspace/rustup-home:/opt/rustwide/rustup-home:ro,Z" "-m" "1610612736" "--network" "none" "ghcr.io/rust-lang/crates-build-env/linux@sha256:77db811e55d90add9212f6832c23229e3de5f1c1f9905e8cb07319ea15df73ac" "sleep" "infinity", kill_on_drop: false }`
[INFO] [stdout] b937f1e82d859b67b6c7f86e392583753861af7b94f8ff4ca0693d3f885bc318
[INFO] running `Command { std: "docker" "start" "b937f1e82d859b67b6c7f86e392583753861af7b94f8ff4ca0693d3f885bc318", kill_on_drop: false }`
[INFO] running `Command { std: "docker" "inspect" "b937f1e82d859b67b6c7f86e392583753861af7b94f8ff4ca0693d3f885bc318", kill_on_drop: false }`
[INFO] running `Command { std: "docker" "exec" "-e" "SOURCE_DIR=/opt/rustwide/workdir" "-e" "CARGO_HOME=/opt/rustwide/cargo-home" "-e" "RUSTUP_HOME=/opt/rustwide/rustup-home" "-e" "CARGO_TARGET_DIR=/opt/rustwide/target" "-w" "/opt/rustwide/workdir" "--user" "0:0" "b937f1e82d859b67b6c7f86e392583753861af7b94f8ff4ca0693d3f885bc318" "/opt/rustwide/cargo-home/bin/cargo" "+1.100.0-beta.1" "metadata" "--no-deps" "--format-version=1", kill_on_drop: false }`
[INFO] running `Command { std: "docker" "inspect" "b937f1e82d859b67b6c7f86e392583753861af7b94f8ff4ca0693d3f885bc318", kill_on_drop: false }`
[INFO] running `Command { std: "docker" "exec" "-e" "SOURCE_DIR=/opt/rustwide/workdir" "-e" "CARGO_HOME=/opt/rustwide/cargo-home" "-e" "RUSTUP_HOME=/opt/rustwide/rustup-home" "-e" "CARGO_TARGET_DIR=/opt/rustwide/target" "-e" "CARGO_INCREMENTAL=0" "-e" "RUST_BACKTRACE=full" "-e" "RUSTFLAGS=--cap-lints=warn" "-e" "RUSTDOCFLAGS=--cap-lints=warn" "-w" "/opt/rustwide/workdir" "--user" "0:0" "b937f1e82d859b67b6c7f86e392583753861af7b94f8ff4ca0693d3f885bc318" "/opt/rustwide/cargo-home/bin/cargo" "+1.100.0-beta.1" "build" "--frozen" "--message-format=json" "--release", kill_on_drop: false }`
[INFO] [stderr]    Compiling serde_core v1.0.229
[INFO] [stderr]    Compiling serde v1.0.229
[INFO] [stderr]    Compiling rand_core v0.4.3
[INFO] [stderr]    Compiling autocfg v0.1.8
[INFO] [stderr]    Compiling syn v0.15.44
[INFO] [stderr]    Compiling byteorder v1.5.0
[INFO] [stderr]    Compiling clear_on_drop v0.2.5
[INFO] [stderr]    Compiling slog v2.8.2
[INFO] [stderr]    Compiling either v1.19.0
[INFO] [stderr]    Compiling rand_chacha v0.1.1
[INFO] [stderr]    Compiling rand_pcg v0.1.2
[INFO] [stderr]    Compiling rand_core v0.3.2
[INFO] [stderr]    Compiling rand v0.6.5
[INFO] [stderr]    Compiling rand_isaac v0.1.1
[INFO] [stderr]    Compiling itertools v0.8.2
[INFO] [stderr]    Compiling rand_xorshift v0.1.1
[INFO] [stderr]    Compiling rand_hc v0.1.0
[INFO] [stderr]    Compiling rand_jitter v0.1.4
[INFO] [stderr]    Compiling rand_os v0.1.3
[INFO] [stderr]    Compiling syn v2.0.119
[INFO] [stderr]    Compiling backtrace v0.3.76
[INFO] [stderr]    Compiling iovec v0.1.4
[INFO] [stderr]    Compiling crossbeam-utils v0.8.23
[INFO] [stderr]    Compiling tempfile v3.27.0
[INFO] [stderr]    Compiling generic-array v0.12.4
[INFO] [stderr]    Compiling bytes v0.4.12
[INFO] [stderr]    Compiling wait-timeout v0.2.1
[INFO] [stderr]    Compiling rand v0.4.6
[INFO] [stderr]    Compiling bit-vec v0.6.3
[INFO] [stderr]    Compiling time-macros v0.2.32
[INFO] [stderr]    Compiling bit-set v0.5.3
[INFO] [stderr]    Compiling rusty-fork v0.2.2
[INFO] [stderr]    Compiling getrandom v0.4.3
[INFO] [stderr]    Compiling failure v0.1.8
[INFO] [stderr]    Compiling digest v0.8.1
[INFO] [stderr]    Compiling rand_pcg v0.2.1
[INFO] [stderr]    Compiling arc-swap v1.9.3
[INFO] [stderr]    Compiling thread_local v1.1.10
[INFO] [stderr]    Compiling subtle v2.6.1
[INFO] [stderr]    Compiling once_cell v1.21.4
[INFO] [stderr]    Compiling memsec v0.5.7
[INFO] [stderr]    Compiling slog-async v2.8.0
[INFO] [stderr]    Compiling fixedbitset v0.1.9
[INFO] [stderr]    Compiling time v0.3.55
[INFO] [stderr]    Compiling petgraph v0.4.13
[INFO] [stderr]    Compiling chrono v0.4.45
[INFO] [stderr]    Compiling which v2.0.1
[INFO] [stderr]    Compiling proptest v0.9.6
[INFO] [stderr]    Compiling curve25519-dalek v1.2.6
[INFO] [stderr]    Compiling prost-build v0.5.0
[INFO] [stderr]    Compiling slog-scope v4.4.1
[INFO] [stderr]    Compiling toml v0.5.11
[INFO] [stderr]    Compiling crossbeam-channel v0.5.17
[INFO] [stderr]    Compiling prost-derive v0.5.0
[INFO] [stderr]    Compiling rand v0.7.3
[INFO] [stderr]    Compiling rand04 v0.1.1
[INFO] [stderr]    Compiling term v1.2.1
[INFO] [stderr]    Compiling zeroize_derive v1.5.0
[INFO] [stderr]    Compiling take_mut v0.2.2
[INFO] [stderr]    Compiling multimap v0.4.0
[INFO] [stderr]    Compiling solana_libra_failure_macros v0.0.1-sol5
[INFO] [stderr]    Compiling solana_libra_failure_ext v0.0.1-sol5
[INFO] [stderr]    Compiling sha2 v0.9.9
[INFO] [stderr]    Compiling ed25519 v1.5.3
[INFO] [stderr]    Compiling zeroize v1.3.0
[INFO] [stderr]    Compiling slog-term v2.9.2
[INFO] [stderr]    Compiling curve25519-dalek v3.2.1
[INFO] [stderr]    Compiling curve25519-dalek v2.1.3
[INFO] [stderr]    Compiling prost v0.5.0
[INFO] [stderr]    Compiling prost-types v0.5.0
[INFO] [stderr]    Compiling rand04_compat v0.1.1
[INFO] [stderr]    Compiling tiny-keccak v1.5.0
[INFO] [stderr]    Compiling proc-macro-crate v0.1.5
[INFO] [stderr]    Compiling proptest-derive v0.1.2
[INFO] [stderr]    Compiling slog-stdlog v4.1.1
[INFO] [stderr]    Compiling pairing v0.14.2
[INFO] [stderr]    Compiling serde_bytes v0.11.19
[INFO] [stderr]    Compiling errno v0.2.8
[INFO] [stderr]    Compiling hex_fmt v0.3.0
[INFO] [stderr]    Compiling sha3 v0.8.2
[INFO] [stderr]    Compiling sha2 v0.8.2
[INFO] [stderr]    Compiling solana_libra_types v0.0.1-sol5
[INFO] [stderr]    Compiling threshold_crypto v0.3.2
[INFO] [stderr]    Compiling ed25519-dalek v1.0.1
[INFO] [stderr]    Compiling slog-envlogger v2.2.0
[INFO] [stderr]    Compiling num_enum_derive v0.4.3
[INFO] [stderr]    Compiling solana_libra_nibble v0.0.1-sol5
[INFO] [stderr]    Compiling x25519-dalek v0.6.0
[INFO] [stderr]    Compiling solana_libra_canonical_serialization v0.0.1-sol5
[INFO] [stderr]    Compiling bincode v1.3.3
[INFO] [stderr]    Compiling derivative v2.2.0
[INFO] [stderr]    Compiling solana_libra_crypto-derive v0.0.1-sol5
[INFO] [stderr]    Compiling thread-id v3.3.0
[INFO] [stderr]    Compiling endian-type v0.1.2
[INFO] [stderr]    Compiling nibble_vec v0.0.4
[INFO] [stderr]    Compiling hex v0.3.2
[INFO] [stderr]    Compiling radix_trie v0.1.6
[INFO] [stderr]    Compiling solana_libra_logger v0.0.1-sol5
[INFO] [stderr]    Compiling solana_libra_proptest_helpers v0.0.1-sol5
[INFO] [stderr]    Compiling bech32 v0.6.0
[INFO] [stderr]    Compiling solana_libra_crypto v0.0.1-sol5
[INFO] [stdout] error[E0432]: unresolved import `serde::export`
[INFO] [stdout]   --> /opt/rustwide/cargo-home/registry/src/index.crates.io-1949cf8c6b5b557f/solana_libra_crypto-0.0.1-sol5/src/ed25519.rs:36:17
[INFO] [stdout]    |
[INFO] [stdout] 36 | use serde::{de, export, ser};
[INFO] [stdout]    |                 ^^^^^^ no `export` in the root
[INFO] [stdout] 
[INFO] [stdout] 
[INFO] [stdout] error[E0432]: unresolved import `serde::export`
[INFO] [stdout]   --> /opt/rustwide/cargo-home/registry/src/index.crates.io-1949cf8c6b5b557f/solana_libra_crypto-0.0.1-sol5/src/x25519.rs:62:17
[INFO] [stdout]    |
[INFO] [stdout] 62 | use serde::{de, export, ser};
[INFO] [stdout]    |                 ^^^^^^ no `export` in the root
[INFO] [stdout] 
[INFO] [stdout] 
[INFO] [stdout] error[E0599]: no method named `verify` found for struct `ed25519_dalek::PublicKey` in the current scope
[INFO] [stdout]    --> /opt/rustwide/cargo-home/registry/src/index.crates.io-1949cf8c6b5b557f/solana_libra_crypto-0.0.1-sol5/src/ed25519.rs:322:14
[INFO] [stdout]     |
[INFO] [stdout] 320 |         public_key
[INFO] [stdout] 321 |             .0
[INFO] [stdout] 322 |             .verify(message, &self.0)
[INFO] [stdout]     |              ^^^^^^ method not found in `ed25519_dalek::PublicKey`
[INFO] [stdout]     |
[INFO] [stdout]    ::: /opt/rustwide/cargo-home/registry/src/index.crates.io-1949cf8c6b5b557f/signature-1.6.4/src/verifier.rs:14:8
[INFO] [stdout]     |
[INFO] [stdout]  14 |     fn verify(&self, msg: &[u8], signature: &S) -> Result<(), Error>;
[INFO] [stdout]     |        ------ the method is available for `ed25519_dalek::PublicKey` here
[INFO] [stdout]     |
[INFO] [stdout]     = help: items from traits can only be used if the trait is in scope
[INFO] [stdout] help: trait `Verifier` which provides `verify` is implemented but not in scope; perhaps you want to import it
[INFO] [stdout]     |
[INFO] [stdout]  32 + use ed25519_dalek::Verifier;
[INFO] [stdout]     |
[INFO] [stdout] 
[INFO] [stdout] 
[INFO] [stderr]    Compiling mirai-annotations v1.12.0
[INFO] [stdout] error[E0599]: no method named `result` found for struct `ed25519_dalek::Sha512` in the current scope
[INFO] [stdout]    --> /opt/rustwide/cargo-home/registry/src/index.crates.io-1949cf8c6b5b557f/solana_libra_crypto-0.0.1-sol5/src/vrf/ecvrf.rs:197:22
[INFO] [stdout]     |
[INFO] [stdout] 192 |                 &Sha512::new()
[INFO] [stdout] 193 |                     .chain(&[SUITE, ONE])
[INFO] [stdout] 194 |                     .chain(self.as_bytes())
[INFO] [stdout] 195 |                     .chain(&alpha)
[INFO] [stdout] 196 |                     .chain(&[counter])
[INFO] [stdout] 197 |                     .result()[..32],
[INFO] [stdout]     |                      ^^^^^^ method not found in `ed25519_dalek::Sha512`
[INFO] [stdout] 
[INFO] [stdout] 
[INFO] [stdout] error[E0599]: no method named `input` found for struct `ed25519_dalek::Sha512` in the current scope
[INFO] [stdout]    --> /opt/rustwide/cargo-home/registry/src/index.crates.io-1949cf8c6b5b557f/solana_libra_crypto-0.0.1-sol5/src/vrf/ecvrf.rs:222:11
[INFO] [stdout]     |
[INFO] [stdout] 222 |         h.input(private_key.to_bytes());
[INFO] [stdout]     |           ^^^^^ method not found in `ed25519_dalek::Sha512`
[INFO] [stdout] 
[INFO] [stdout] 
[INFO] [stdout] error[E0599]: no method named `result` found for struct `ed25519_dalek::Sha512` in the current scope
[INFO] [stdout]    --> /opt/rustwide/cargo-home/registry/src/index.crates.io-1949cf8c6b5b557f/solana_libra_crypto-0.0.1-sol5/src/vrf/ecvrf.rs:223:32
[INFO] [stdout]     |
[INFO] [stdout] 223 |         hash.copy_from_slice(h.result().as_slice());
[INFO] [stdout]     |                                ^^^^^^ method not found in `ed25519_dalek::Sha512`
[INFO] [stdout] 
[INFO] [stdout] 
[INFO] [stdout] error[E0599]: no method named `result` found for struct `ed25519_dalek::Sha512` in the current scope
[INFO] [stdout]    --> /opt/rustwide/cargo-home/registry/src/index.crates.io-1949cf8c6b5b557f/solana_libra_crypto-0.0.1-sol5/src/vrf/ecvrf.rs:298:18
[INFO] [stdout]     |
[INFO] [stdout] 295 |             &Sha512::new()
[INFO] [stdout] 296 |                 .chain(&[SUITE, THREE])
[INFO] [stdout] 297 |                 .chain(&proof.gamma.mul_by_cofactor().compress().to_bytes()[..])
[INFO] [stdout] 298 |                 .result()[..],
[INFO] [stdout]     |                  ^^^^^^ method not found in `ed25519_dalek::Sha512`
[INFO] [stdout] 
[INFO] [stdout] 
[INFO] [stdout] error[E0599]: no method named `result` found for struct `ed25519_dalek::Sha512` in the current scope
[INFO] [stdout]    --> /opt/rustwide/cargo-home/registry/src/index.crates.io-1949cf8c6b5b557f/solana_libra_crypto-0.0.1-sol5/src/vrf/ecvrf.rs:310:14
[INFO] [stdout]     |
[INFO] [stdout] 307 |         &Sha512::new()
[INFO] [stdout] 308 |             .chain(nonce)
[INFO] [stdout] 309 |             .chain(h_point.compress().as_bytes())
[INFO] [stdout] 310 |             .result()[..],
[INFO] [stdout]     |              ^^^^^^ method not found in `ed25519_dalek::Sha512`
[INFO] [stdout] 
[INFO] [stdout] 
[INFO] [stdout] error[E0599]: no method named `result` found for struct `ed25519_dalek::Sha512` in the current scope
[INFO] [stdout]    --> /opt/rustwide/cargo-home/registry/src/index.crates.io-1949cf8c6b5b557f/solana_libra_crypto-0.0.1-sol5/src/vrf/ecvrf.rs:321:40
[INFO] [stdout]     |
[INFO] [stdout] 321 |     result[..16].copy_from_slice(&hash.result()[..16]);
[INFO] [stdout]     |                                        ^^^^^^ method not found in `ed25519_dalek::Sha512`
[INFO] [stdout] 
[INFO] [stdout] 
[INFO] [stderr]    Compiling num_enum v0.4.3
[INFO] [stdout] Some errors have detailed explanations: E0432, E0599.
[INFO] [stdout] 
[INFO] [stdout] For more information about an error, try `rustc --explain E0432`.
[INFO] [stdout] 
[INFO] [stderr] error: could not compile `solana_libra_crypto` (lib) due to 9 previous errors; 2 warnings emitted
[INFO] [stderr] warning: build failed, waiting for other jobs to finish...
[INFO] running `Command { std: "docker" "inspect" "b937f1e82d859b67b6c7f86e392583753861af7b94f8ff4ca0693d3f885bc318", kill_on_drop: false }`
[INFO] running `Command { std: "docker" "rm" "-f" "b937f1e82d859b67b6c7f86e392583753861af7b94f8ff4ca0693d3f885bc318", kill_on_drop: false }`
[INFO] [stdout] b937f1e82d859b67b6c7f86e392583753861af7b94f8ff4ca0693d3f885bc318
