[INFO] fetching crate solana-binary-encoder 1.3.1...
[INFO] testing solana-binary-encoder-1.3.1 against 1.99.0-beta.8+cargoflags=--release for beta-release-1.100-2
[INFO] extracting crate solana-binary-encoder 1.3.1 into /workspace/builds/worker-1-tc1/source
[INFO] started tweaking crates.io crate solana-binary-encoder 1.3.1
[INFO] finished tweaking crates.io crate solana-binary-encoder 1.3.1
[INFO] tweaked toml for crates.io crate solana-binary-encoder 1.3.1 written to /workspace/builds/worker-1-tc1/source/Cargo.toml
[INFO] validating manifest of crates.io crate solana-binary-encoder 1.3.1 on toolchain 1.99.0-beta.8
[INFO] running `Command { std: CARGO_HOME="/workspace/cargo-home" RUSTUP_HOME="/workspace/rustup-home" "/workspace/cargo-home/bin/cargo" "+1.99.0-beta.8" "metadata" "--manifest-path" "Cargo.toml" "--no-deps", kill_on_drop: false }`
[INFO] crate crates.io crate solana-binary-encoder 1.3.1 already has a lockfile, it will not be regenerated
[INFO] running `Command { std: CARGO_HOME="/workspace/cargo-home" RUSTUP_HOME="/workspace/rustup-home" "/workspace/cargo-home/bin/cargo" "+1.99.0-beta.8" "fetch" "--manifest-path" "Cargo.toml", kill_on_drop: false }`
[INFO] [stderr]     Updating crates.io index
[INFO] [stderr]  Downloading crates ...
[INFO] [stderr]   Downloaded hermit-abi v0.3.4
[INFO] [stderr]   Downloaded thiserror v1.0.56
[INFO] [stderr]   Downloaded solana-sdk-macro v1.16.15
[INFO] [stderr]   Downloaded solana-frozen-abi v1.16.15
[INFO] [stderr]   Downloaded wasm-bindgen-shared v0.2.90
[INFO] [stderr]   Downloaded solana-frozen-abi-macro v1.16.15
[INFO] [stderr]   Downloaded pkg-config v0.3.29
[INFO] [stderr]   Downloaded wasm-bindgen-macro v0.2.90
[INFO] [stderr]   Downloaded serde_bytes v0.11.14
[INFO] [stderr]   Downloaded thiserror-impl v1.0.56
[INFO] [stderr]   Downloaded proc-macro2 v1.0.78
[INFO] [stderr]   Downloaded wasm-bindgen-backend v0.2.90
[INFO] [stderr]   Downloaded semver v1.0.21
[INFO] [stderr]   Downloaded wasm-bindgen-macro-support v0.2.90
[INFO] [stderr]   Downloaded ahash v0.8.7
[INFO] [stderr]   Downloaded bytemuck v1.14.1
[INFO] [stderr]   Downloaded anyhow v1.0.79
[INFO] [stderr]   Downloaded array-bytes v1.4.1
[INFO] [stderr]   Downloaded serde_derive v1.0.196
[INFO] [stderr]   Downloaded solana-storage-proto v1.16.15
[INFO] [stderr]   Downloaded js-sys v0.3.67
[INFO] [stderr]   Downloaded windows-targets v0.52.0
[INFO] [stderr]   Downloaded serde v1.0.196
[INFO] [stderr]   Downloaded syn v2.0.48
[INFO] [stderr]   Downloaded serde_json v1.0.113
[INFO] [stderr]   Downloaded solana-program v1.16.15
[INFO] [stderr]   Downloaded rayon v1.8.1
[INFO] [stderr]   Downloaded wasm-bindgen v0.2.90
[INFO] [stderr]   Downloaded spl-token-2022 v0.6.1
[INFO] [stderr]   Downloaded solana-logger v1.16.15
[INFO] [stderr]   Downloaded spl-token v3.5.0
[INFO] [stderr]   Downloaded indexmap v2.2.2
[INFO] [stderr]   Downloaded solana-transaction-status v1.16.15
[INFO] [stderr]   Downloaded darling_macro v0.20.5
[INFO] [stderr]   Downloaded winnow v0.5.37
[INFO] [stderr]   Downloaded num_enum v0.6.1
[INFO] [stderr]   Downloaded num_enum_derive v0.6.1
[INFO] [stderr]   Downloaded darling v0.20.5
[INFO] [stderr]   Downloaded darling_core v0.20.5
[INFO] [stderr]   Downloaded windows_aarch64_gnullvm v0.52.0
[INFO] [stderr]   Downloaded solana-sdk v1.16.15
[INFO] [stderr]   Downloaded spl-associated-token-account v1.1.3
[INFO] [stderr]   Downloaded solana-address-lookup-table-program v1.16.15
[INFO] [stderr]   Downloaded solana-program-runtime v1.16.15
[INFO] [stderr]   Downloaded wasm-bindgen-futures v0.4.40
[INFO] [stderr]   Downloaded windows_x86_64_gnullvm v0.52.0
[INFO] [stderr]   Downloaded chrono v0.4.33
[INFO] [stderr]   Downloaded solana_rbpf v0.6.1
[INFO] [stderr]   Downloaded solana-metrics v1.16.15
[INFO] [stderr]   Downloaded reqwest v0.11.24
[INFO] [stderr]   Downloaded web-sys v0.3.67
[INFO] [stderr]   Downloaded async-compression v0.4.6
[INFO] [stderr]   Downloaded regex-automata v0.4.5
[INFO] [stderr]   Downloaded enum-iterator-derive v1.3.0
[INFO] [stderr]   Downloaded h2 v0.3.24
[INFO] [stderr]   Downloaded os_pipe v1.1.5
[INFO] [stderr]   Downloaded windows_x86_64_msvc v0.52.0
[INFO] [stderr]   Downloaded hyper v0.14.28
[INFO] [stderr]   Downloaded solana-config-program v1.16.15
[INFO] [stderr]   Downloaded rustls v0.21.10
[INFO] [stderr]   Downloaded solana-measure v1.16.15
[INFO] [stderr]   Downloaded openssl-sys v0.9.99
[INFO] [stderr]   Downloaded windows_aarch64_msvc v0.52.0
[INFO] [stderr]   Downloaded crossbeam-channel v0.5.11
[INFO] [stderr]   Downloaded duct v0.13.7
[INFO] [stderr]   Downloaded windows_x86_64_gnu v0.52.0
[INFO] [stderr]   Downloaded windows_i686_gnu v0.52.0
[INFO] [stderr]   Downloaded windows_i686_msvc v0.52.0
[INFO] [stderr]   Downloaded shared_child v1.0.0
[INFO] [stderr]   Downloaded solana-account-decoder v1.16.15
[INFO] [stderr]   Downloaded openssl v0.10.63
[INFO] [stderr]   Downloaded solana-zk-token-sdk v1.16.15
[INFO] [stderr]   Downloaded sasl2-sys v0.1.20+2.1.28
[INFO] [stderr]   Downloaded ring v0.17.7
[INFO] [stderr]   Downloaded openssl-src v300.2.2+3.2.1
[INFO] running `Command { std: "docker" "create" "-v" "/var/lib/crater-agent-workspace/builds/worker-1-tc1/source:/opt/rustwide/workdir:ro,Z" "-v" "/var/lib/crater-agent-workspace/builds/worker-1-tc1/target:/opt/rustwide/target:rw,Z" "-v" "/var/lib/crater-agent-workspace/cargo-home:/opt/rustwide/cargo-home:ro,Z" "-v" "/var/lib/crater-agent-workspace/rustup-home:/opt/rustwide/rustup-home:ro,Z" "-m" "1610612736" "--network" "none" "ghcr.io/rust-lang/crates-build-env/linux@sha256:77db811e55d90add9212f6832c23229e3de5f1c1f9905e8cb07319ea15df73ac" "sleep" "infinity", kill_on_drop: false }`
[INFO] [stdout] 235506201a55e8d32f9928739194a720e82548902127fb5b5f9cacf51f4b2a39
[INFO] running `Command { std: "docker" "start" "235506201a55e8d32f9928739194a720e82548902127fb5b5f9cacf51f4b2a39", kill_on_drop: false }`
[INFO] running `Command { std: "docker" "inspect" "235506201a55e8d32f9928739194a720e82548902127fb5b5f9cacf51f4b2a39", kill_on_drop: false }`
[INFO] running `Command { std: "docker" "exec" "-e" "SOURCE_DIR=/opt/rustwide/workdir" "-e" "CARGO_HOME=/opt/rustwide/cargo-home" "-e" "RUSTUP_HOME=/opt/rustwide/rustup-home" "-e" "CARGO_TARGET_DIR=/opt/rustwide/target" "-w" "/opt/rustwide/workdir" "--user" "0:0" "235506201a55e8d32f9928739194a720e82548902127fb5b5f9cacf51f4b2a39" "/opt/rustwide/cargo-home/bin/cargo" "+1.99.0-beta.8" "metadata" "--no-deps" "--format-version=1", kill_on_drop: false }`
[INFO] running `Command { std: "docker" "inspect" "235506201a55e8d32f9928739194a720e82548902127fb5b5f9cacf51f4b2a39", kill_on_drop: false }`
[INFO] running `Command { std: "docker" "exec" "-e" "SOURCE_DIR=/opt/rustwide/workdir" "-e" "CARGO_HOME=/opt/rustwide/cargo-home" "-e" "RUSTUP_HOME=/opt/rustwide/rustup-home" "-e" "CARGO_TARGET_DIR=/opt/rustwide/target" "-e" "CARGO_INCREMENTAL=0" "-e" "RUST_BACKTRACE=full" "-e" "RUSTFLAGS=--cap-lints=warn" "-e" "RUSTDOCFLAGS=--cap-lints=warn" "-w" "/opt/rustwide/workdir" "--user" "0:0" "235506201a55e8d32f9928739194a720e82548902127fb5b5f9cacf51f4b2a39" "/opt/rustwide/cargo-home/bin/cargo" "+1.99.0-beta.8" "build" "--frozen" "--message-format=json" "--release", kill_on_drop: false }`
[INFO] [stderr]    Compiling proc-macro2 v1.0.78
[INFO] [stderr]    Compiling libc v0.2.153
[INFO] [stderr]    Compiling serde v1.0.196
[INFO] [stderr]    Compiling syn v1.0.109
[INFO] [stderr]    Compiling semver v1.0.21
[INFO] [stderr]    Compiling memchr v2.7.1
[INFO] [stderr]    Compiling anyhow v1.0.79
[INFO] [stderr]    Compiling once_cell v1.19.0
[INFO] [stderr]    Compiling num-integer v0.1.45
[INFO] [stderr]    Compiling cpufeatures v0.2.12
[INFO] [stderr]    Compiling indexmap v2.2.2
[INFO] [stderr]    Compiling generic-array v0.14.7
[INFO] [stderr]    Compiling ahash v0.8.7
[INFO] [stderr]    Compiling num-bigint v0.4.4
[INFO] [stderr]    Compiling zerocopy v0.7.32
[INFO] [stderr]    Compiling pkg-config v0.3.29
[INFO] [stderr]    Compiling paste v1.0.14
[INFO] [stderr]    Compiling wasm-bindgen-shared v0.2.90
[INFO] [stderr]    Compiling thiserror v1.0.56
[INFO] [stderr]    Compiling rustc_version v0.4.0
[INFO] [stderr]    Compiling ryu v1.0.16
[INFO] [stderr]    Compiling serde_json v1.0.113
[INFO] [stderr]    Compiling ahash v0.7.7
[INFO] [stderr]    Compiling winnow v0.5.37
[INFO] [stderr]    Compiling futures-core v0.3.30
[INFO] [stderr]    Compiling keccak v0.1.5
[INFO] [stderr]    Compiling quote v1.0.35
[INFO] [stderr]    Compiling solana-frozen-abi-macro v1.16.15
[INFO] [stderr]    Compiling solana-frozen-abi v1.16.15
[INFO] [stderr]    Compiling rayon v1.8.1
[INFO] [stderr]    Compiling syn v2.0.48
[INFO] [stderr]    Compiling digest v0.9.0
[INFO] [stderr]    Compiling wasm-bindgen v0.2.90
[INFO] [stderr]    Compiling base64 v0.21.7
[INFO] [stderr]    Compiling strsim v0.10.0
[INFO] [stderr]    Compiling libsecp256k1-core v0.2.2
[INFO] [stderr]    Compiling aho-corasick v1.1.2
[INFO] [stderr]    Compiling futures-channel v0.3.30
[INFO] [stderr]    Compiling jobserver v0.1.27
[INFO] [stderr]    Compiling array-bytes v1.4.1
[INFO] [stderr]    Compiling futures-task v0.3.30
[INFO] [stderr]    Compiling futures-io v0.3.30
[INFO] [stderr]    Compiling solana-sdk v1.16.15
[INFO] [stderr]    Compiling cc v1.0.83
[INFO] [stderr]    Compiling tracing-core v0.1.32
[INFO] [stderr]    Compiling http v0.2.11
[INFO] [stderr]    Compiling either v1.9.0
[INFO] [stderr]    Compiling hashbrown v0.14.3
[INFO] [stderr]    Compiling rustls v0.21.10
[INFO] [stderr]    Compiling getrandom v0.2.12
[INFO] [stderr]    Compiling getrandom v0.1.16
[INFO] [stderr]    Compiling rand_core v0.6.4
[INFO] [stderr]    Compiling rand_chacha v0.3.1
[INFO] [stderr]    Compiling rand_core v0.5.1
[INFO] [stderr]    Compiling libsecp256k1-gen-genmult v0.2.1
[INFO] [stderr]    Compiling libsecp256k1-gen-ecmult v0.2.1
[INFO] [stderr]    Compiling rand_xoshiro v0.6.0
[INFO] [stderr]    Compiling libsecp256k1 v0.6.0
[INFO] [stderr]    Compiling rand v0.8.5
[INFO] [stderr]    Compiling rand_chacha v0.2.2
[INFO] [stderr]    Compiling hashbrown v0.13.2
[INFO] [stderr]    Compiling rand v0.7.3
[INFO] [stderr]    Compiling regex-automata v0.4.5
[INFO] [stderr]    Compiling hashbrown v0.11.2
[INFO] [stderr]    Compiling blake3 v1.5.0
[INFO] [stderr]    Compiling toml_edit v0.19.15
[INFO] [stderr]    Compiling ark-std v0.4.0
[INFO] [stderr]    Compiling ring v0.17.7
[INFO] [stderr]    Compiling solana-program v1.16.15
[INFO] [stderr]    Compiling memmap2 v0.5.10
[INFO] [stderr]    Compiling num_cpus v1.16.0
[INFO] [stderr]    Compiling mio v0.8.10
[INFO] [stderr]    Compiling socket2 v0.5.5
[INFO] [stderr]    Compiling atty v0.2.14
[INFO] [stderr]    Compiling tracing v0.1.40
[INFO] [stderr]    Compiling toml v0.5.11
[INFO] [stderr]    Compiling num-bigint v0.2.6
[INFO] [stderr]    Compiling http-body v0.4.6
[INFO] [stderr]    Compiling itertools v0.10.5
[INFO] [stderr]    Compiling num-iter v0.1.43
[INFO] [stderr]    Compiling num-complex v0.2.4
[INFO] [stderr]    Compiling num-rational v0.2.4
[INFO] [stderr]    Compiling borsh-derive-internal v0.9.3
[INFO] [stderr]    Compiling borsh-derive-internal v0.10.3
[INFO] [stderr]    Compiling borsh-schema-derive-internal v0.9.3
[INFO] [stderr]    Compiling borsh-schema-derive-internal v0.10.3
[INFO] [stderr]    Compiling idna v0.5.0
[INFO] [stderr]    Compiling flate2 v1.0.28
[INFO] [stderr]    Compiling winapi v0.3.9
[INFO] [stderr]    Compiling rustix v0.38.31
[INFO] [stderr]    Compiling void v1.0.2
[INFO] [stderr]    Compiling proc-macro-crate v1.3.1
[INFO] [stderr]    Compiling wasm-bindgen-backend v0.2.90
[INFO] [stderr]    Compiling proc-macro-crate v0.1.5
[INFO] [stderr]    Compiling darling_core v0.20.5
[INFO] [stderr]    Compiling url v2.5.0
[INFO] [stderr]    Compiling unreachable v1.0.0
[INFO] [stderr]    Compiling zstd-sys v2.0.9+zstd.1.5.5
[INFO] [stderr]    Compiling rustls-pemfile v1.0.4
[INFO] [stderr]    Compiling plain v0.2.3
[INFO] [stderr]    Compiling webpki-roots v0.25.4
[INFO] [stderr]    Compiling linux-raw-sys v0.4.13
[INFO] [stderr]    Compiling ascii v0.9.3
[INFO] [stderr]    Compiling bitflags v2.4.2
[INFO] [stderr]    Compiling gethostname v0.2.3
[INFO] [stderr]    Compiling combine v3.8.1
[INFO] [stderr]    Compiling ark-serialize-derive v0.4.2
[INFO] [stderr]    Compiling derivative v2.2.0
[INFO] [stderr]    Compiling ark-ff-macros v0.4.2
[INFO] [stderr]    Compiling serde_derive v1.0.196
[INFO] [stderr]    Compiling zeroize_derive v1.4.2
[INFO] [stderr]    Compiling thiserror-impl v1.0.56
[INFO] [stderr]    Compiling zeroize v1.3.0
[INFO] [stderr]    Compiling ark-ff-asm v0.4.2
[INFO] [stderr]    Compiling wasm-bindgen-macro-support v0.2.90
[INFO] [stderr]    Compiling bytemuck_derive v1.5.0
[INFO] [stderr]    Compiling borsh-derive v0.9.3
[INFO] [stderr]    Compiling borsh-derive v0.10.3
[INFO] [stderr]    Compiling borsh v0.9.3
[INFO] [stderr]    Compiling darling_macro v0.20.5
[INFO] [stderr]    Compiling solana-sdk-macro v1.16.15
[INFO] [stderr]    Compiling futures-macro v0.3.30
[INFO] [stderr]    Compiling borsh v0.10.3
[INFO] [stderr]    Compiling tokio-macros v2.2.0
[INFO] [stderr]    Compiling regex v1.10.3
[INFO] [stderr]    Compiling num-derive v0.3.3
[INFO] [stderr]    Compiling darling v0.20.5
[INFO] [stderr]    Compiling serde_with_macros v2.3.3
[INFO] [stderr]    Compiling wasm-bindgen-macro v0.2.90
[INFO] [stderr]    Compiling bytemuck v1.14.1
[INFO] [stderr]    Compiling num_enum_derive v0.6.1
[INFO] [stderr]    Compiling scroll_derive v0.11.1
[INFO] [stderr]    Compiling tokio v1.36.0
[INFO] [stderr]    Compiling prost-derive v0.11.9
[INFO] [stderr]    Compiling futures-util v0.3.30
[INFO] [stderr]    Compiling env_logger v0.9.3
[INFO] [stderr]    Compiling scroll v0.11.0
[INFO] [stderr]    Compiling enum-iterator-derive v1.3.0
[INFO] [stderr]    Compiling num v0.2.1
[INFO] [stderr]    Compiling num_enum_derive v0.5.11
[INFO] [stderr]    Compiling num_enum v0.6.1
[INFO] [stderr]    Compiling solana-logger v1.16.15
[INFO] [stderr]    Compiling goblin v0.5.4
[INFO] [stderr]    Compiling solana-program-runtime v1.16.15
[INFO] [stderr]    Compiling crossbeam-channel v0.5.11
[INFO] [stderr]    Compiling hash32 v0.2.1
[INFO] [stderr]    Compiling regex-syntax v0.8.2
[INFO] [stderr]    Compiling bytes v1.5.0
[INFO] [stderr]    Compiling prettyplease v0.1.25
[INFO] [stderr]    Compiling num_enum v0.5.11
[INFO] [stderr]    Compiling enum-iterator v1.5.0
[INFO] [stderr]    Compiling percentage v0.1.0
[INFO] [stderr]    Compiling merlin v3.0.0
[INFO] [stderr]    Compiling autotools v0.2.6
[INFO] [stderr]    Compiling fastrand v2.0.1
[INFO] [stderr]    Compiling eager v0.1.0
[INFO] [stderr]    Compiling petgraph v0.6.4
[INFO] [stderr]    Compiling which v4.4.2
[INFO] [stderr]    Compiling prost v0.11.9
[INFO] [stderr]    Compiling protobuf-src v1.1.0+21.5
[INFO] [stderr]    Compiling tempfile v3.9.0
[INFO] [stderr]    Compiling openssl-src v300.2.2+3.2.1
[INFO] [stderr]    Compiling prost-types v0.11.9
[INFO] [stderr]    Compiling solana-address-lookup-table-program v1.16.15
[INFO] [stderr]    Compiling openssl-sys v0.9.99
[INFO] [stderr]    Compiling shared_child v1.0.0
[INFO] [stderr]    Compiling os_pipe v1.1.5
[INFO] [stderr]    Compiling Inflector v0.11.4
[INFO] [stderr]    Compiling bzip2-sys v0.1.11+1.0.8
[INFO] [stderr]    Compiling duct v0.13.7
[INFO] [stderr]    Compiling openssl v0.10.63
[INFO] [stderr]    Compiling openssl-macros v0.1.1
[INFO] [stderr]    Compiling sasl2-sys v0.1.20+2.1.28
[INFO] [stderr]    Compiling console v0.15.8
[INFO] [stderr]    Compiling bzip2 v0.4.4
[INFO] [stderr]    Compiling pretty-hex v0.3.0
[INFO] [stderr]    Compiling futures-executor v0.3.30
[INFO] [stderr]    Compiling futures v0.3.30
[INFO] [stderr]    Compiling bv v0.11.1
[INFO] [stderr]    Compiling im v15.1.0
[INFO] [stderr]    Compiling serde_bytes v0.11.14
[INFO] [stderr]    Compiling bincode v1.3.3
[INFO] [stderr]    Compiling serde_with v2.3.3
[INFO] [stderr]    Compiling chrono v0.4.33
[INFO] [stderr]    Compiling serde_urlencoded v0.7.1
[INFO] [stderr]    Compiling crypto-common v0.1.6
[INFO] [stderr]    Compiling block-buffer v0.10.4
[INFO] [stderr]    Compiling digest v0.10.7
[INFO] [stderr]    Compiling block-buffer v0.9.0
[INFO] [stderr]    Compiling crypto-mac v0.8.0
[INFO] [stderr]    Compiling ark-serialize v0.4.2
[INFO] [stderr]    Compiling sha2 v0.9.9
[INFO] [stderr]    Compiling hmac v0.8.1
[INFO] [stderr]    Compiling sha2 v0.10.8
[INFO] [stderr]    Compiling curve25519-dalek v3.2.1
[INFO] [stderr]    Compiling hmac-drbg v0.3.0
[INFO] [stderr]    Compiling pbkdf2 v0.4.0
[INFO] [stderr]    Compiling ark-ff v0.4.2
[INFO] [stderr]    Compiling tiny-bip39 v0.8.2
[INFO] [stderr]    Compiling sha3 v0.10.8
[INFO] [stderr]    Compiling ed25519-dalek v1.0.1
[INFO] [stderr]    Compiling hmac v0.12.1
[INFO] [stderr]    Compiling ed25519-dalek-bip32 v0.2.0
[INFO] [stderr]    Compiling pbkdf2 v0.11.0
[INFO] [stderr]    Compiling tokio-util v0.7.10
[INFO] [stderr]    Compiling cipher v0.3.0
[INFO] [stderr]    Compiling async-compression v0.4.6
[INFO] [stderr]    Compiling universal-hash v0.4.1
[INFO] [stderr]    Compiling polyval v0.5.3
[INFO] [stderr]    Compiling ctr v0.8.0
[INFO] [stderr]    Compiling aes v0.7.5
[INFO] [stderr]    Compiling aead v0.4.3
[INFO] [stderr]    Compiling sha3 v0.9.1
[INFO] [stderr]    Compiling solana_rbpf v0.6.1
[INFO] [stderr]    Compiling h2 v0.3.24
[INFO] [stderr]    Compiling aes-gcm-siv v0.10.3
[INFO] [stderr]    Compiling jsonrpc-core v18.0.0
[INFO] [stderr]    Compiling envy v0.4.2
[INFO] [stderr]    Compiling prost-build v0.11.9
[INFO] [stderr] error: could not compile `libsecp256k1` (lib)
[INFO] [stderr] 
[INFO] [stderr] Caused by:
[INFO] [stderr]   process didn't exit successfully: `/opt/rustwide/rustup-home/toolchains/1.99.0-beta.8-x86_64-unknown-linux-gnu/bin/rustc --crate-name libsecp256k1 --edition=2018 /opt/rustwide/cargo-home/registry/src/index.crates.io-1949cf8c6b5b557f/libsecp256k1-0.6.0/src/lib.rs --error-format=json --json=diagnostic-rendered-ansi,artifacts,future-incompat --crate-type lib --emit=dep-info,metadata,link -C opt-level=3 -C embed-bitcode=no --cfg 'feature="default"' --cfg 'feature="hmac"' --cfg 'feature="hmac-drbg"' --cfg 'feature="sha2"' --cfg 'feature="static-context"' --cfg 'feature="std"' --cfg 'feature="typenum"' --check-cfg 'cfg(docsrs,test)' --check-cfg 'cfg(feature, values("default", "hmac", "hmac-drbg", "lazy-static-context", "lazy_static", "sha2", "static-context", "std", "typenum"))' -C metadata=5eeda769b558c5db -C extra-filename=-fe05a0522ba369c9 --out-dir /opt/rustwide/target/release/deps -C strip=debuginfo -L dependency=/opt/rustwide/target/release/deps --extern arrayref=/opt/rustwide/target/release/deps/libarrayref-2617d22ba558107b.rmeta --extern base64=/opt/rustwide/target/release/deps/libbase64-fdc298cbdd0128e2.rmeta --extern digest=/opt/rustwide/target/release/deps/libdigest-cd0deb4ede90fcbe.rmeta --extern hmac_drbg=/opt/rustwide/target/release/deps/libhmac_drbg-afff216a7a2efc73.rmeta --extern libsecp256k1_core=/opt/rustwide/target/release/deps/liblibsecp256k1_core-12dcedc17f24ff96.rmeta --extern rand=/opt/rustwide/target/release/deps/librand-012ca66c2946ad85.rmeta --extern serde=/opt/rustwide/target/release/deps/libserde-feaebbefc16e429e.rmeta --extern sha2=/opt/rustwide/target/release/deps/libsha2-cf34a7db5b7d7f0c.rmeta --extern typenum=/opt/rustwide/target/release/deps/libtypenum-d3a9ef6dd6c4e3db.rmeta --cap-lints allow --cap-lints=warn` (signal: 9, SIGKILL: kill)
[INFO] [stderr] warning: build failed, waiting for other jobs to finish...
[INFO] [stderr] error: failed to run custom build command for `sasl2-sys v0.1.20+2.1.28`
[INFO] [stderr] note: To improve backtraces for build dependencies, set the CARGO_PROFILE_RELEASE_BUILD_OVERRIDE_DEBUG=true environment variable to enable debug information generation.
[INFO] [stderr] 
[INFO] [stderr] Caused by:
[INFO] [stderr]   process didn't exit successfully: `/opt/rustwide/target/release/build/sasl2-sys-be9bc5a9e14befed/build-script-build` (exit status: 101)
[INFO] [stderr]   --- stdout
[INFO] [stderr]   cargo:rerun-if-env-changed=SASL2_STATIC
[INFO] [stderr]   configure: creating cache ./config.cache
[INFO] [stderr]   checking build system type... x86_64-pc-linux-gnu
[INFO] [stderr]   checking host system type... x86_64-pc-linux-gnu
[INFO] [stderr]   checking target system type... x86_64-pc-linux-gnu
[INFO] [stderr]   checking for a BSD-compatible install... /usr/bin/install -c
[INFO] [stderr]   checking whether build environment is sane... yes
[INFO] [stderr]   checking for a race-free mkdir -p... /usr/bin/mkdir -p
[INFO] [stderr]   checking for gawk... no
[INFO] [stderr]   checking for mawk... mawk
[INFO] [stderr]   checking whether make sets $(MAKE)... yes
[INFO] [stderr]   checking whether make supports nested variables... yes
[INFO] [stderr]   checking whether UID '0' is supported by ustar format... yes
[INFO] [stderr]   checking whether GID '0' is supported by ustar format... yes
[INFO] [stderr]   checking how to create a ustar tar archive... gnutar
[INFO] [stderr]   checking whether to enable maintainer-specific portions of Makefiles... no
[INFO] [stderr]   checking for gcc... gcc
[INFO] [stderr]   checking whether the C compiler works... yes
[INFO] [stderr]   checking for C compiler default output file name... a.out
[INFO] [stderr]   checking for suffix of executables... 
[INFO] [stderr]   checking whether we are cross compiling... no
[INFO] [stderr]   checking for suffix of object files... o
[INFO] [stderr]   checking whether the compiler supports GNU C... yes
[INFO] [stderr]   checking whether gcc accepts -g... yes
[INFO] [stderr]   checking for gcc option to enable C11 features... none needed
[INFO] [stderr]   checking whether gcc understands -c and -o together... yes
[INFO] [stderr]   checking whether make supports the include directive... yes (GNU style)
[INFO] [stderr]   checking dependency style of gcc... gcc3
[INFO] [stderr]   checking how to run the C preprocessor... gcc -E
[INFO] [stderr]   checking for gcc... gcc
[INFO] [stderr]   checking whether the compiler supports GNU C... (cached) yes
[INFO] [stderr]   checking whether gcc accepts -g... yes
[INFO] [stderr]   checking for gcc option to enable C11 features... (cached) none needed
[INFO] [stderr]   checking whether gcc understands -c and -o together... (cached) yes
[INFO] [stderr]   checking dependency style of gcc... (cached) gcc3
[INFO] [stderr]   checking how to run the C preprocessor... gcc -E
[INFO] [stderr]   checking how to run the C preprocessor... gcc -E
[INFO] [stderr]   checking for gawk... (cached) mawk
[INFO] [stderr]   checking whether ln -s works... yes
[INFO] [stderr]   checking whether make sets $(MAKE)... (cached) yes
[INFO] [stderr]   checking for stdio.h... yes
[INFO] [stderr]   checking for stdlib.h... yes
[INFO] [stderr]   checking for string.h... yes
[INFO] [stderr]   checking for inttypes.h... yes
[INFO] [stderr]   checking for stdint.h... yes
[INFO] [stderr]   checking for strings.h... yes
[INFO] [stderr]   checking for sys/stat.h... yes
[INFO] [stderr]   checking for sys/types.h... yes
[INFO] [stderr]   checking for unistd.h... yes
[INFO] [stderr]   checking for wchar.h... yes
[INFO] [stderr]   checking for minix/config.h... no
[INFO] [stderr]   checking for sys/time.h... yes
[INFO] [stderr]   checking whether it is safe to define __EXTENSIONS__... yes
[INFO] [stderr]   checking whether _XOPEN_SOURCE should be defined... no
[INFO] [stderr]   checking for runpath switch... -Wl,-rpath,
[INFO] [stderr]   checking how to print strings... printf
[INFO] [stderr]   checking for a sed that does not truncate output... /usr/bin/sed
[INFO] [stderr]   checking for grep that handles long lines and -e... /usr/bin/grep
[INFO] [stderr]   checking for egrep... /usr/bin/grep -E
[INFO] [stderr]   checking for fgrep... /usr/bin/grep -F
[INFO] [stderr]   checking for ld used by gcc... /usr/bin/x86_64-linux-gnu-ld
[INFO] [stderr]   checking if the linker (/usr/bin/x86_64-linux-gnu-ld) is GNU ld... yes
[INFO] [stderr]   checking for BSD- or MS-compatible name lister (nm)... /usr/bin/nm -B
[INFO] [stderr]   checking the name lister (/usr/bin/nm -B) interface... BSD nm
[INFO] [stderr]   checking the maximum length of command line arguments... 1572864
[INFO] [stderr]   checking how to convert x86_64-pc-linux-gnu file names to x86_64-pc-linux-gnu format... func_convert_file_noop
[INFO] [stderr]   checking how to convert x86_64-pc-linux-gnu file names to toolchain format... func_convert_file_noop
[INFO] [stderr]   checking for /usr/bin/x86_64-linux-gnu-ld option to reload object files... -r
[INFO] [stderr]   checking for file... file
[INFO] [stderr]   checking for objdump... objdump
[INFO] [stderr]   checking how to recognize dependent libraries... pass_all
[INFO] [stderr]   checking for dlltool... no
[INFO] [stderr]   checking how to associate runtime and link libraries... printf %s\n
[INFO] [stderr]   checking for ar... ar
[INFO] [stderr]   checking for archiver @FILE support... @
[INFO] [stderr]   checking for strip... strip
[INFO] [stderr]   checking for ranlib... ranlib
[INFO] [stderr]   checking command to parse /usr/bin/nm -B output from gcc object... ok
[INFO] [stderr]   checking for sysroot... no
[INFO] [stderr]   checking for a working dd... /usr/bin/dd
[INFO] [stderr]   checking how to truncate binary pipes... /usr/bin/dd bs=4096 count=1
[INFO] [stderr]   checking for mt... no
[INFO] [stderr]   checking if : is a manifest tool... no
[INFO] [stderr]   checking for dlfcn.h... yes
[INFO] [stderr]   checking for objdir... .libs
[INFO] [stderr]   checking if gcc supports -fno-rtti -fno-exceptions... no
[INFO] [stderr]   checking for gcc option to produce PIC... -fPIC -DPIC
[INFO] [stderr]   checking if gcc PIC flag -fPIC -DPIC works... yes
[INFO] [stderr]   checking if gcc static flag -static works... yes
[INFO] [stderr]   checking if gcc supports -c -o file.o... yes
[INFO] [stderr]   checking if gcc supports -c -o file.o... (cached) yes
[INFO] [stderr]   checking whether the gcc linker (/usr/bin/x86_64-linux-gnu-ld -m elf_x86_64) supports shared libraries... yes
[INFO] [stderr]   checking dynamic linker characteristics... GNU/Linux ld.so
[INFO] [stderr]   checking how to hardcode library paths into programs... immediate
[INFO] [stderr]   checking whether stripping libraries is possible... yes
[INFO] [stderr]   checking if libtool supports shared libraries... yes
[INFO] [stderr]   checking whether to build shared libraries... no
[INFO] [stderr]   checking whether to build static libraries... yes
[INFO] [stderr]   checking for sys/socket.h... yes
[INFO] [stderr]   checking for ws2tcpip.h... no
[INFO] [stderr]   checking for socket... yes
[INFO] [stderr]   checking for connect... yes
[INFO] [stderr]   checking for res_search... yes
[INFO] [stderr]   checking for dn_expand... yes
[INFO] [stderr]   checking for dns_lookup... no
[INFO] [stderr]   checking DB path to use... /etc/sasldb2
[INFO] [stderr]   checking DB library to use... none
[INFO] [stderr]   checking if DB handle is kept open in SASLDB... no
[INFO] [stderr]   checking for dlopen in -ldl... yes
[INFO] [stderr]   checking PRNG to use... /dev/urandom
[INFO] [stderr]   checking for nm... /usr/bin/nm -B
[INFO] [stderr]   checking for underscore before symbols... no
[INFO] [stderr]   checking for syslog... yes
[INFO] [stderr]   checking if I should include saslauthd... /var/state/saslauthd
[INFO] [stderr]   checking to include Courier authdaemond support... /dev/null
[INFO] [stderr]   checking if I should include pwcheck... no
[INFO] [stderr]   checking if I should include the alwaystrue verifier... no
[INFO] [stderr]   checking if we should enable sasl_checkapop... disabled
[INFO] [stderr]   checking CRAM-MD5... disabled
[INFO] [stderr]   checking size of long... 8
[INFO] [stderr]   checking what directory libraries are found in... lib64
[INFO] [stderr]   checking for RSAPublicEncrypt in -lrsaref... no
[INFO] [stderr]   checking for openssl/evp.h... yes
[INFO] [stderr]   checking for EVP_DigestInit in -lcrypto... yes
[INFO] [stderr]   checking for SHA512 in -lcrypto... yes
[INFO] [stderr]   checking for OpenSSL... yes
[INFO] [stderr]   checking for des_cbc_encrypt in -lcrypto... no
[INFO] [stderr]   checking for DES_cbc_encrypt in -lcrypto... yes
[INFO] [stderr]   checking for openssl/des.h... yes
[INFO] [stderr]   checking DIGEST-MD5... disabled
[INFO] [stderr]   checking SCRAM... disabled
[INFO] [stderr]   checking OTP... disabled
[INFO] [stderr]   checking SRP... disabled
[INFO] [stderr]   checking KERBEROS_V4... disabled
[INFO] [stderr]   checking for crypt... no
[INFO] [stderr]   checking for crypt in -lcrypt... yes
[INFO] [stderr]   checking for gcc options needed to detect all undeclared functions... none needed
[INFO] [stderr]   checking GSSAPI... disabled
[INFO] [stderr]   checking for crypt... (cached) no
[INFO] [stderr]   checking for crypt in -lcrypt... (cached) yes
[INFO] [stderr]   checking for pam_start in -lpam... yes
[INFO] [stderr]   checking for security/pam_appl.h... yes
[INFO] [stderr]   checking for PAM support... yes
[INFO] [stderr]   checking PLAIN... disabled
[INFO] [stderr]   checking ANONYMOUS... disabled
[INFO] [stderr]   checking LOGIN... disabled
[INFO] [stderr]   checking NTLM... disabled
[INFO] [stderr]   checking PASSDSS... disabled
[INFO] [stderr]   checking to include LDAP support... no
[INFO] [stderr]   checking SQL... disabled
[INFO] [stderr]   checking LDAPDB... disabled
[INFO] [stderr]   checking for dmalloc library... no
[INFO] [stderr]   checking for sfio library... no
[INFO] [stderr]   checking for getsubopt... yes
[INFO] [stderr]   checking for snprintf... yes
[INFO] [stderr]   checking for vsnprintf... yes
[INFO] [stderr]   checking for inet_aton in -lresolv... yes
[INFO] [stderr]   checking for getaddrinfo... yes
[INFO] [stderr]   checking for gai_strerror... yes
[INFO] [stderr]   checking for getnameinfo... yes
[INFO] [stderr]   checking for an ANSI C-conforming const... yes
[INFO] [stderr]   checking for inline... inline
[INFO] [stderr]   checking for mode_t... yes
[INFO] [stderr]   checking for pid_t... yes
[INFO] [stderr]   checking for dirent.h that defines DIR... yes
[INFO] [stderr]   checking for library containing opendir... none required
[INFO] [stderr]   checking for sys/wait.h that is POSIX.1 compatible... yes
[INFO] [stderr]   checking for crypt.h... yes
[INFO] [stderr]   checking for des.h... no
[INFO] [stderr]   checking for dlfcn.h... (cached) yes
[INFO] [stderr]   checking for fcntl.h... yes
[INFO] [stderr]   checking for limits.h... yes
[INFO] [stderr]   checking for malloc.h... yes
[INFO] [stderr]   checking for paths.h... yes
[INFO] [stderr]   checking for strings.h... (cached) yes
[INFO] [stderr]   checking for sys/file.h... yes
[INFO] [stderr]   checking for sys/time.h... (cached) yes
[INFO] [stderr]   checking for syslog.h... yes
[INFO] [stderr]   checking for unistd.h... (cached) yes
[INFO] [stderr]   checking for inttypes.h... (cached) yes
[INFO] [stderr]   checking for sys/uio.h... yes
[INFO] [stderr]   checking for sys/param.h... yes
[INFO] [stderr]   checking for sysexits.h... yes
[INFO] [stderr]   checking for stdarg.h... yes
[INFO] [stderr]   checking for varargs.h... no
[INFO] [stderr]   checking for krb5.h... yes
[INFO] [stderr]   checking whether you have ss_family in struct sockaddr_storage... yes
[INFO] [stderr]   checking whether you have sa_len in struct sockaddr... no
[INFO] [stderr]   checking for socklen_t... yes
[INFO] [stderr]   checking for gethostname... yes
[INFO] [stderr]   checking for getdomainname... yes
[INFO] [stderr]   checking for getpwnam... yes
[INFO] [stderr]   checking for getspnam... yes
[INFO] [stderr]   checking for gettimeofday... yes
[INFO] [stderr]   checking for inet_aton... yes
[INFO] [stderr]   checking for memcpy... yes
[INFO] [stderr]   checking for memmem... yes
[INFO] [stderr]   checking for mkdir... yes
[INFO] [stderr]   checking for select... yes
[INFO] [stderr]   checking for socket... (cached) yes
[INFO] [stderr]   checking for strchr... yes
[INFO] [stderr]   checking for strdup... yes
[INFO] [stderr]   checking for strerror... yes
[INFO] [stderr]   checking for strspn... yes
[INFO] [stderr]   checking for strstr... yes
[INFO] [stderr]   checking for strtol... yes
[INFO] [stderr]   checking for jrand48... yes
[INFO] [stderr]   checking for getpassphrase... no
[INFO] [stderr]   checking for asprintf... yes
[INFO] [stderr]   checking for strlcat... yes
[INFO] [stderr]   checking for strlcpy... yes
[INFO] [stderr]   checking if getpwnam_r/getspnam_r take 5 arguments... yes
[INFO] [stderr]   checking for sphinx-build... no
[INFO] [stderr]   checking for perl... perl
[INFO] [stderr]   checking for perl module Pod::POM::View::Restructured... no
[INFO] [stderr]   configure: updating cache ./config.cache
[INFO] [stderr]   checking that generated files are newer than configure... done
[INFO] [stderr]   configure: creating ./config.status
[INFO] [stderr]   config.status: creating Makefile
[INFO] [stderr]   config.status: creating libsasl2.pc
[INFO] [stderr]   config.status: creating include/Makefile
[INFO] [stderr]   config.status: creating saslauthd/Makefile
[INFO] [stderr]   config.status: creating sasldb/Makefile
[INFO] [stderr]   config.status: creating common/Makefile
[INFO] [stderr]   config.status: creating plugins/Makefile
[INFO] [stderr]   config.status: creating lib/Makefile
[INFO] [stderr]   config.status: creating utils/Makefile
[INFO] [stderr]   config.status: creating sample/Makefile
[INFO] [stderr]   config.status: creating pwcheck/Makefile
[INFO] [stderr]   config.status: creating config.h
[INFO] [stderr]   config.status: executing depfiles commands
[INFO] [stderr]   config.status: executing libtool commands
[INFO] [stderr]   configure:
[INFO] [stderr] 
[INFO] [stderr]   cyrus-sasl - 2.1.28
[INFO] [stderr] 
[INFO] [stderr]   • Prefix: /opt/rustwide/target/release/build/sasl2-sys-0bc10b085e707d0b/out/install
[INFO] [stderr]   • Plugins: 
[INFO] [stderr] 
[INFO] [stderr]   Now type 'make' to build cyrus-sasl
[INFO] [stderr] 
[INFO] [stderr]   gcc -g -O2    makemd5.c   -o makemd5
[INFO] [stderr]   rm -f md5global.h
[INFO] [stderr]   ./makemd5 md5global.h
[INFO] [stderr]   make  install-am
[INFO] [stderr]   make[1]: Entering directory '/opt/rustwide/target/release/build/sasl2-sys-0bc10b085e707d0b/out/sasl2/include'
[INFO] [stderr]   make[2]: Entering directory '/opt/rustwide/target/release/build/sasl2-sys-0bc10b085e707d0b/out/sasl2/include'
[INFO] [stderr]   make[2]: Nothing to be done for 'install-exec-am'.
[INFO] [stderr]    /usr/bin/mkdir -p '/opt/rustwide/target/release/build/sasl2-sys-0bc10b085e707d0b/out/install/include/sasl'
[INFO] [stderr]    /usr/bin/install -c -m 644 hmac-md5.h md5.h md5global.h sasl.h saslplug.h saslutil.h prop.h '/opt/rustwide/target/release/build/sasl2-sys-0bc10b085e707d0b/out/install/include/sasl'
[INFO] [stderr]   make[2]: Leaving directory '/opt/rustwide/target/release/build/sasl2-sys-0bc10b085e707d0b/out/sasl2/include'
[INFO] [stderr]   make[1]: Leaving directory '/opt/rustwide/target/release/build/sasl2-sys-0bc10b085e707d0b/out/sasl2/include'
[INFO] [stderr]   depbase=`echo plugin_common.lo | sed 's|[^/]*$|.deps/&|;s|\.lo$||'`;\
[INFO] [stderr]   /bin/bash ../libtool  --tag=CC   --mode=compile gcc -DHAVE_CONFIG_H -I. -I..  -fPIC -I../include -I../include   -Wall -W  -fPIC -MT plugin_common.lo -MD -MP -MF $depbase.Tpo -c -o plugin_common.lo plugin_common.c &&\
[INFO] [stderr]   mv -f $depbase.Tpo $depbase.Plo
[INFO] [stderr]   libtool: compile:  gcc -DHAVE_CONFIG_H -I. -I.. -fPIC -I../include -I../include -Wall -W -fPIC -MT plugin_common.lo -MD -MP -MF .deps/plugin_common.Tpo -c plugin_common.c  -fPIC -DPIC -o plugin_common.o
[INFO] [stderr]   depbase=`echo crypto-compat.lo | sed 's|[^/]*$|.deps/&|;s|\.lo$||'`;\
[INFO] [stderr]   /bin/bash ../libtool  --tag=CC   --mode=compile gcc -DHAVE_CONFIG_H -I. -I..  -fPIC -I../include -I../include   -Wall -W  -fPIC -MT crypto-compat.lo -MD -MP -MF $depbase.Tpo -c -o crypto-compat.lo crypto-compat.c &&\
[INFO] [stderr]   mv -f $depbase.Tpo $depbase.Plo
[INFO] [stderr]   libtool: compile:  gcc -DHAVE_CONFIG_H -I. -I.. -fPIC -I../include -I../include -Wall -W -fPIC -MT crypto-compat.lo -MD -MP -MF .deps/crypto-compat.Tpo -c crypto-compat.c  -fPIC -DPIC -o crypto-compat.o
[INFO] [stderr]   /bin/bash ../libtool  --tag=CC   --mode=link gcc  -Wall -W  -fPIC -version-info 3:0:0 -no-undefined  -o libplugin_common.la  plugin_common.lo  -lresolv 
[INFO] [stderr]   libtool: link: ar cr .libs/libplugin_common.a  plugin_common.o
[INFO] [stderr]   libtool: link: ranlib .libs/libplugin_common.a
[INFO] [stderr]   libtool: link: ( cd ".libs" && rm -f "libplugin_common.la" && ln -s "../libplugin_common.la" "libplugin_common.la" )
[INFO] [stderr]   /bin/bash ../libtool  --tag=CC   --mode=link gcc  -Wall -W  -fPIC -version-info 0:0:0 -no-undefined  -o libcrypto_compat.la  crypto-compat.lo  -lresolv 
[INFO] [stderr]   libtool: link: ar cr .libs/libcrypto_compat.a  crypto-compat.o
[INFO] [stderr]   libtool: link: ranlib .libs/libcrypto_compat.a
[INFO] [stderr]   libtool: link: ( cd ".libs" && rm -f "libcrypto_compat.la" && ln -s "../libcrypto_compat.la" "libcrypto_compat.la" )
[INFO] [stderr]   make[1]: Entering directory '/opt/rustwide/target/release/build/sasl2-sys-0bc10b085e707d0b/out/sasl2/common'
[INFO] [stderr]   make[1]: Nothing to be done for 'install-exec-am'.
[INFO] [stderr]   make[1]: Nothing to be done for 'install-data-am'.
[INFO] [stderr]   make[1]: Leaving directory '/opt/rustwide/target/release/build/sasl2-sys-0bc10b085e707d0b/out/sasl2/common'
[INFO] [stderr]   ln -s ../sasldb/db_none.c .
[INFO] [stderr]   make  install-am
[INFO] [stderr]   make[1]: Entering directory '/opt/rustwide/target/release/build/sasl2-sys-0bc10b085e707d0b/out/sasl2/lib'
[INFO] [stderr]   depbase=`echo auxprop.lo | sed 's|[^/]*$|.deps/&|;s|\.lo$||'`;\
[INFO] [stderr]   /bin/bash ../libtool  --tag=CC   --mode=compile gcc -DHAVE_CONFIG_H -I. -I..  -DLIBSASL_EXPORTS=1 -I../include -I../plugins -I../include -I../sasldb -I../common -DCONFIGDIR='"/opt/rustwide/target/release/build/sasl2-sys-0bc10b085e707d0b/out/install/lib/sasl2:/opt/rustwide/target/release/build/sasl2-sys-0bc10b085e707d0b/out/install/etc/sasl2"' -DPLUGINDIR='"/opt/rustwide/target/release/build/sasl2-sys-0bc10b085e707d0b/out/install/lib/sasl2"'   -Wall -W  -fPIC -MT auxprop.lo -MD -MP -MF $depbase.Tpo -c -o auxprop.lo auxprop.c &&\
[INFO] [stderr]   mv -f $depbase.Tpo $depbase.Plo
[INFO] [stderr]   libtool: compile:  gcc -DHAVE_CONFIG_H -I. -I.. -DLIBSASL_EXPORTS=1 -I../include -I../plugins -I../include -I../sasldb -I../common -DCONFIGDIR=\"/opt/rustwide/target/release/build/sasl2-sys-0bc10b085e707d0b/out/install/lib/sasl2:/opt/rustwide/target/release/build/sasl2-sys-0bc10b085e707d0b/out/install/etc/sasl2\" -DPLUGINDIR=\"/opt/rustwide/target/release/build/sasl2-sys-0bc10b085e707d0b/out/install/lib/sasl2\" -Wall -W -fPIC -MT auxprop.lo -MD -MP -MF .deps/auxprop.Tpo -c auxprop.c  -fPIC -DPIC -o auxprop.o
[INFO] [stderr]   depbase=`echo canonusr.lo | sed 's|[^/]*$|.deps/&|;s|\.lo$||'`;\
[INFO] [stderr]   /bin/bash ../libtool  --tag=CC   --mode=compile gcc -DHAVE_CONFIG_H -I. -I..  -DLIBSASL_EXPORTS=1 -I../include -I../plugins -I../include -I../sasldb -I../common -DCONFIGDIR='"/opt/rustwide/target/release/build/sasl2-sys-0bc10b085e707d0b/out/install/lib/sasl2:/opt/rustwide/target/release/build/sasl2-sys-0bc10b085e707d0b/out/install/etc/sasl2"' -DPLUGINDIR='"/opt/rustwide/target/release/build/sasl2-sys-0bc10b085e707d0b/out/install/lib/sasl2"'   -Wall -W  -fPIC -MT canonusr.lo -MD -MP -MF $depbase.Tpo -c -o canonusr.lo canonusr.c &&\
[INFO] [stderr]   mv -f $depbase.Tpo $depbase.Plo
[INFO] [stderr]   libtool: compile:  gcc -DHAVE_CONFIG_H -I. -I.. -DLIBSASL_EXPORTS=1 -I../include -I../plugins -I../include -I../sasldb -I../common -DCONFIGDIR=\"/opt/rustwide/target/release/build/sasl2-sys-0bc10b085e707d0b/out/install/lib/sasl2:/opt/rustwide/target/release/build/sasl2-sys-0bc10b085e707d0b/out/install/etc/sasl2\" -DPLUGINDIR=\"/opt/rustwide/target/release/build/sasl2-sys-0bc10b085e707d0b/out/install/lib/sasl2\" -Wall -W -fPIC -MT canonusr.lo -MD -MP -MF .deps/canonusr.Tpo -c canonusr.c  -fPIC -DPIC -o canonusr.o
[INFO] [stderr]   depbase=`echo checkpw.lo | sed 's|[^/]*$|.deps/&|;s|\.lo$||'`;\
[INFO] [stderr]   /bin/bash ../libtool  --tag=CC   --mode=compile gcc -DHAVE_CONFIG_H -I. -I..  -DLIBSASL_EXPORTS=1 -I../include -I../plugins -I../include -I../sasldb -I../common -DCONFIGDIR='"/opt/rustwide/target/release/build/sasl2-sys-0bc10b085e707d0b/out/install/lib/sasl2:/opt/rustwide/target/release/build/sasl2-sys-0bc10b085e707d0b/out/install/etc/sasl2"' -DPLUGINDIR='"/opt/rustwide/target/release/build/sasl2-sys-0bc10b085e707d0b/out/install/lib/sasl2"'   -Wall -W  -fPIC -MT checkpw.lo -MD -MP -MF $depbase.Tpo -c -o checkpw.lo checkpw.c &&\
[INFO] [stderr]   mv -f $depbase.Tpo $depbase.Plo
[INFO] [stderr]   libtool: compile:  gcc -DHAVE_CONFIG_H -I. -I.. -DLIBSASL_EXPORTS=1 -I../include -I../plugins -I../include -I../sasldb -I../common -DCONFIGDIR=\"/opt/rustwide/target/release/build/sasl2-sys-0bc10b085e707d0b/out/install/lib/sasl2:/opt/rustwide/target/release/build/sasl2-sys-0bc10b085e707d0b/out/install/etc/sasl2\" -DPLUGINDIR=\"/opt/rustwide/target/release/build/sasl2-sys-0bc10b085e707d0b/out/install/lib/sasl2\" -Wall -W -fPIC -MT checkpw.lo -MD -MP -MF .deps/checkpw.Tpo -c checkpw.c  -fPIC -DPIC -o checkpw.o
[INFO] [stderr]   depbase=`echo client.lo | sed 's|[^/]*$|.deps/&|;s|\.lo$||'`;\
[INFO] [stderr]   /bin/bash ../libtool  --tag=CC   --mode=compile gcc -DHAVE_CONFIG_H -I. -I..  -DLIBSASL_EXPORTS=1 -I../include -I../plugins -I../include -I../sasldb -I../common -DCONFIGDIR='"/opt/rustwide/target/release/build/sasl2-sys-0bc10b085e707d0b/out/install/lib/sasl2:/opt/rustwide/target/release/build/sasl2-sys-0bc10b085e707d0b/out/install/etc/sasl2"' -DPLUGINDIR='"/opt/rustwide/target/release/build/sasl2-sys-0bc10b085e707d0b/out/install/lib/sasl2"'   -Wall -W  -fPIC -MT client.lo -MD -MP -MF $depbase.Tpo -c -o client.lo client.c &&\
[INFO] [stderr]   mv -f $depbase.Tpo $depbase.Plo
[INFO] [stderr]   libtool: compile:  gcc -DHAVE_CONFIG_H -I. -I.. -DLIBSASL_EXPORTS=1 -I../include -I../plugins -I../include -I../sasldb -I../common -DCONFIGDIR=\"/opt/rustwide/target/release/build/sasl2-sys-0bc10b085e707d0b/out/install/lib/sasl2:/opt/rustwide/target/release/build/sasl2-sys-0bc10b085e707d0b/out/install/etc/sasl2\" -DPLUGINDIR=\"/opt/rustwide/target/release/build/sasl2-sys-0bc10b085e707d0b/out/install/lib/sasl2\" -Wall -W -fPIC -MT client.lo -MD -MP -MF .deps/client.Tpo -c client.c  -fPIC -DPIC -o client.o
[INFO] [stderr]   depbase=`echo common.lo | sed 's|[^/]*$|.deps/&|;s|\.lo$||'`;\
[INFO] [stderr]   /bin/bash ../libtool  --tag=CC   --mode=compile gcc -DHAVE_CONFIG_H -I. -I..  -DLIBSASL_EXPORTS=1 -I../include -I../plugins -I../include -I../sasldb -I../common -DCONFIGDIR='"/opt/rustwide/target/release/build/sasl2-sys-0bc10b085e707d0b/out/install/lib/sasl2:/opt/rustwide/target/release/build/sasl2-sys-0bc10b085e707d0b/out/install/etc/sasl2"' -DPLUGINDIR='"/opt/rustwide/target/release/build/sasl2-sys-0bc10b085e707d0b/out/install/lib/sasl2"'   -Wall -W  -fPIC -MT common.lo -MD -MP -MF $depbase.Tpo -c -o common.lo common.c &&\
[INFO] [stderr]   mv -f $depbase.Tpo $depbase.Plo
[INFO] [stderr]   libtool: compile:  gcc -DHAVE_CONFIG_H -I. -I.. -DLIBSASL_EXPORTS=1 -I../include -I../plugins -I../include -I../sasldb -I../common -DCONFIGDIR=\"/opt/rustwide/target/release/build/sasl2-sys-0bc10b085e707d0b/out/install/lib/sasl2:/opt/rustwide/target/release/build/sasl2-sys-0bc10b085e707d0b/out/install/etc/sasl2\" -DPLUGINDIR=\"/opt/rustwide/target/release/build/sasl2-sys-0bc10b085e707d0b/out/install/lib/sasl2\" -Wall -W -fPIC -MT common.lo -MD -MP -MF .deps/common.Tpo -c common.c  -fPIC -DPIC -o common.o
[INFO] [stderr]   depbase=`echo config.lo | sed 's|[^/]*$|.deps/&|;s|\.lo$||'`;\
[INFO] [stderr]   /bin/bash ../libtool  --tag=CC   --mode=compile gcc -DHAVE_CONFIG_H -I. -I..  -DLIBSASL_EXPORTS=1 -I../include -I../plugins -I../include -I../sasldb -I../common -DCONFIGDIR='"/opt/rustwide/target/release/build/sasl2-sys-0bc10b085e707d0b/out/install/lib/sasl2:/opt/rustwide/target/release/build/sasl2-sys-0bc10b085e707d0b/out/install/etc/sasl2"' -DPLUGINDIR='"/opt/rustwide/target/release/build/sasl2-sys-0bc10b085e707d0b/out/install/lib/sasl2"'   -Wall -W  -fPIC -MT config.lo -MD -MP -MF $depbase.Tpo -c -o config.lo config.c &&\
[INFO] [stderr]   mv -f $depbase.Tpo $depbase.Plo
[INFO] [stderr]   depbase=`echo external.lo | sed 's|[^/]*$|.deps/&|;s|\.lo$||'`;\
[INFO] [stderr]   /bin/bash ../libtool  --tag=CC   --mode=compile gcc -DHAVE_CONFIG_H -I. -I..  -DLIBSASL_EXPORTS=1 -I../include -I../plugins -I../include -I../sasldb -I../common -DCONFIGDIR='"/opt/rustwide/target/release/build/sasl2-sys-0bc10b085e707d0b/out/install/lib/sasl2:/opt/rustwide/target/release/build/sasl2-sys-0bc10b085e707d0b/out/install/etc/sasl2"' -DPLUGINDIR='"/opt/rustwide/target/release/build/sasl2-sys-0bc10b085e707d0b/out/install/lib/sasl2"'   -Wall -W  -fPIC -MT external.lo -MD -MP -MF $depbase.Tpo -c -o external.lo external.c &&\
[INFO] [stderr]   mv -f $depbase.Tpo $depbase.Plo
[INFO] [stderr]   libtool: compile:  gcc -DHAVE_CONFIG_H -I. -I.. -DLIBSASL_EXPORTS=1 -I../include -I../plugins -I../include -I../sasldb -I../common -DCONFIGDIR=\"/opt/rustwide/target/release/build/sasl2-sys-0bc10b085e707d0b/out/install/lib/sasl2:/opt/rustwide/target/release/build/sasl2-sys-0bc10b085e707d0b/out/install/etc/sasl2\" -DPLUGINDIR=\"/opt/rustwide/target/release/build/sasl2-sys-0bc10b085e707d0b/out/install/lib/sasl2\" -Wall -W -fPIC -MT config.lo -MD -MP -MF .deps/config.Tpo -c config.c  -fPIC -DPIC -o config.o
[INFO] [stderr]   depbase=`echo md5.lo | sed 's|[^/]*$|.deps/&|;s|\.lo$||'`;\
[INFO] [stderr]   /bin/bash ../libtool  --tag=CC   --mode=compile gcc -DHAVE_CONFIG_H -I. -I..  -DLIBSASL_EXPORTS=1 -I../include -I../plugins -I../include -I../sasldb -I../common -DCONFIGDIR='"/opt/rustwide/target/release/build/sasl2-sys-0bc10b085e707d0b/out/install/lib/sasl2:/opt/rustwide/target/release/build/sasl2-sys-0bc10b085e707d0b/out/install/etc/sasl2"' -DPLUGINDIR='"/opt/rustwide/target/release/build/sasl2-sys-0bc10b085e707d0b/out/install/lib/sasl2"'   -Wall -W  -fPIC -MT md5.lo -MD -MP -MF $depbase.Tpo -c -o md5.lo md5.c &&\
[INFO] [stderr]   mv -f $depbase.Tpo $depbase.Plo
[INFO] [stderr]   libtool: compile:  gcc -DHAVE_CONFIG_H -I. -I.. -DLIBSASL_EXPORTS=1 -I../include -I../plugins -I../include -I../sasldb -I../common -DCONFIGDIR=\"/opt/rustwide/target/release/build/sasl2-sys-0bc10b085e707d0b/out/install/lib/sasl2:/opt/rustwide/target/release/build/sasl2-sys-0bc10b085e707d0b/out/install/etc/sasl2\" -DPLUGINDIR=\"/opt/rustwide/target/release/build/sasl2-sys-0bc10b085e707d0b/out/install/lib/sasl2\" -Wall -W -fPIC -MT external.lo -MD -MP -MF .deps/external.Tpo -c external.c  -fPIC -DPIC -o external.o
[INFO] [stderr]   libtool: compile:  gcc -DHAVE_CONFIG_H -I. -I.. -DLIBSASL_EXPORTS=1 -I../include -I../plugins -I../include -I../sasldb -I../common -DCONFIGDIR=\"/opt/rustwide/target/release/build/sasl2-sys-0bc10b085e707d0b/out/install/lib/sasl2:/opt/rustwide/target/release/build/sasl2-sys-0bc10b085e707d0b/out/install/etc/sasl2\" -DPLUGINDIR=\"/opt/rustwide/target/release/build/sasl2-sys-0bc10b085e707d0b/out/install/lib/sasl2\" -Wall -W -fPIC -MT md5.lo -MD -MP -MF .deps/md5.Tpo -c md5.c  -fPIC -DPIC -o md5.o
[INFO] [stderr]   make[1]: Leaving directory '/opt/rustwide/target/release/build/sasl2-sys-0bc10b085e707d0b/out/sasl2/lib'
[INFO] [stderr] 
[INFO] [stderr]   --- stderr
[INFO] [stderr]   configure: WARNING: Disabling SASL authentication database support
[INFO] [stderr]   configure: WARNING: No sphinx-build, won't be able to regenerate docs
[INFO] [stderr]   configure: WARNING: No Pod::POM::View::Restructured, won't be able to regenerate docs
[INFO] [stderr]   plugin_common.c: In function '_plug_parseuser':
[INFO] [stderr]   plugin_common.c:737:7: warning: assignment discards 'const' qualifier from pointer target type [-Wdiscarded-qualifiers]
[INFO] [stderr]     737 |     r = strchr(input, '@');
[INFO] [stderr]         |       ^
[INFO] [stderr]   libtool: warning: '-version-info/-version-number' is ignored for convenience libraries
[INFO] [stderr]   libtool: warning: '-version-info/-version-number' is ignored for convenience libraries
[INFO] [stderr]   checkpw.c: In function 'saslauthd_verify_password':
[INFO] [stderr]   checkpw.c:692:14: warning: assignment discards 'const' qualifier from pointer target type [-Wdiscarded-qualifiers]
[INFO] [stderr]     692 |         rtmp = strrchr(userid,'@');
[INFO] [stderr]         |              ^
[INFO] [stderr]   common.c:114:22: warning: cast between incompatible function types from 'int (*)(void *, const char **)' to 'int (*)(void)' [-Wcast-function-type]
[INFO] [stderr]     114 |     SASL_CB_GETPATH, (sasl_callback_ft)&_sasl_getpath, NULL
[INFO] [stderr]         |                      ^
[INFO] [stderr]   common.c:117:26: warning: cast between incompatible function types from 'int (*)(void *, char **)' to 'int (*)(void)' [-Wcast-function-type]
[INFO] [stderr]     117 |     SASL_CB_GETCONFPATH, (sasl_callback_ft)&_sasl_getconfpath, NULL
[INFO] [stderr]         |                          ^
[INFO] [stderr]   common.c: In function 'sasl_set_path':
[INFO] [stderr]   common.c:230:39: warning: cast between incompatible function types from 'int (*)(void *, const char **)' to 'int (*)(void)' [-Wcast-function-type]
[INFO] [stderr]     230 |             default_getpath_cb.proc = (sasl_callback_ft)&_sasl_getpath_simple;
[INFO] [stderr]         |                                       ^
[INFO] [stderr]   common.c:244:43: warning: cast between incompatible function types from 'int (*)(void *, const char **)' to 'int (*)(void)' [-Wcast-function-type]
[INFO] [stderr]     244 |             default_getconfpath_cb.proc = (sasl_callback_ft)&_sasl_getconfpath_simple;
[INFO] [stderr]         |                                           ^
[INFO] [stderr]   common.c: In function '_sasl_global_getopt':
[INFO] [stderr]   common.c:1416:16: warning: cast between incompatible function types from 'int (*)(void)' to 'int (*)(void *, const char *, const char *, const char **, unsigned int *)' [-Wcast-function-type]
[INFO] [stderr]    1416 |           if (((sasl_getopt_t *)(callback->proc))(callback->context,
[INFO] [stderr]         |                ^
[INFO] [stderr]   common.c: In function '_sasl_conn_getopt':
[INFO] [stderr]   common.c:1457:16: warning: cast between incompatible function types from 'int (*)(void)' to 'int (*)(void *, const char *, const char *, const char **, unsigned int *)' [-Wcast-function-type]
[INFO] [stderr]    1457 |           && (((sasl_getopt_t *)(callback->proc))(callback->context,
[INFO] [stderr]         |                ^
[INFO] [stderr]   common.c: In function '_sasl_getcallback':
[INFO] [stderr]   common.c:1734:20: warning: cast between incompatible function types from 'int (*)(void *, const char *, const char *, const char **, unsigned int *)' to 'int (*)(void)' [-Wcast-function-type]
[INFO] [stderr]    1734 |           *pproc = (sasl_callback_ft)&_sasl_conn_getopt;
[INFO] [stderr]         |                    ^
[INFO] [stderr]   common.c:1737:20: warning: cast between incompatible function types from 'int (*)(void *, const char *, const char *, const char **, unsigned int *)' to 'int (*)(void)' [-Wcast-function-type]
[INFO] [stderr]    1737 |           *pproc = (sasl_callback_ft)&_sasl_global_getopt;
[INFO] [stderr]         |                    ^
[INFO] [stderr]   common.c:1782:14: warning: cast between incompatible function types from 'int (*)(void *, int,  const char *)' to 'int (*)(void)' [-Wcast-function-type]
[INFO] [stderr]    1782 |     *pproc = (sasl_callback_ft)&_sasl_syslog;
[INFO] [stderr]         |              ^
[INFO] [stderr]   common.c:1795:14: warning: cast between incompatible function types from 'int (*)(void *, int,  const char **, size_t *)' {aka 'int (*)(void *, int,  const char **, long unsigned int *)'} to 'int (*)(void)' [-Wcast-function-type]
[INFO] [stderr]    1795 |     *pproc = (sasl_callback_ft)&_sasl_getsimple;
[INFO] [stderr]         |              ^
[INFO] [stderr]   common.c:1799:14: warning: cast between incompatible function types from 'int (*)(void *, char *, int)' to 'int (*)(void)' [-Wcast-function-type]
[INFO] [stderr]    1799 |     *pproc = (sasl_callback_ft)&_sasl_verifyfile;
[INFO] [stderr]         |              ^
[INFO] [stderr]   common.c:1803:14: warning: cast between incompatible function types from 'int (*)(sasl_conn_t *, void *, const char *, unsigned int,  const char *, unsigned int,  const char *, unsigned int,  struct propctx *)' {aka 'int (*)(struct sasl_conn *, void *, const char *, unsigned int,  const char *, unsigned int,  const char *, unsigned int,  struct propctx *)'} to 'int (*)(void)' [-Wcast-function-type]
[INFO] [stderr]    1803 |     *pproc = (sasl_callback_ft)&_sasl_proxy_policy;
[INFO] [stderr]         |              ^
[INFO] [stderr]   common.c: In function '_sasl_find_verifyfile_callback':
[INFO] [stderr]   common.c:2160:5: warning: cast between incompatible function types from 'int (*)(void *, char *, int)' to 'int (*)(void)' [-Wcast-function-type]
[INFO] [stderr]    2160 |     (sasl_callback_ft)&_sasl_verifyfile,
[INFO] [stderr]         |     ^
[INFO] [stderr]   md5.c: In function '_sasl_MD5Init':
[INFO] [stderr]   md5.c:101:6: warning: old-style function definition [-Wold-style-definition]
[INFO] [stderr]     101 | void _sasl_MD5Init (context)
[INFO] [stderr]         |      ^~~~~~~~~~~~~
[INFO] [stderr]   md5.c: In function '_sasl_MD5Update':
[INFO] [stderr]   md5.c:117:6: warning: old-style function definition [-Wold-style-definition]
[INFO] [stderr]     117 | void _sasl_MD5Update (context, input, inputLen)
[INFO] [stderr]         |      ^~~~~~~~~~~~~~~
[INFO] [stderr]   md5.c:139:8: error: too many arguments to function 'MD5_memcpy'; expected 0, have 3
[INFO] [stderr]     139 |        MD5_memcpy
[INFO] [stderr]         |        ^~~~~~~~~~
[INFO] [stderr]     140 |        ((POINTER)&context->buffer[index], (POINTER)input, partLen); MD5Transform
[INFO] [stderr]         |         ~~~~~~~~~~~~~~~~~~~~~~~~~~~~~~~~
[INFO] [stderr]   md5.c:62:13: note: declared here
[INFO] [stderr]      62 | static void MD5_memcpy PROTO_LIST ((POINTER, POINTER, unsigned int));
[INFO] [stderr]         |             ^~~~~~~~~~
[INFO] [stderr]   md5.c:140:69: error: too many arguments to function 'MD5Transform'; expected 0, have 2
[INFO] [stderr]     140 |        ((POINTER)&context->buffer[index], (POINTER)input, partLen); MD5Transform
[INFO] [stderr]         |                                                                     ^~~~~~~~~~~~
[INFO] [stderr]     141 |        (context->state, context->buffer);
[INFO] [stderr]         |         ~~~~~~~~~~~~~~                                               
[INFO] [stderr]   md5.c:57:13: note: declared here
[INFO] [stderr]      57 | static void MD5Transform PROTO_LIST ((UINT4 [4], const unsigned char [64]));
[INFO] [stderr]         |             ^~~~~~~~~~~~
[INFO] [stderr]   md5.c:144:8: error: too many arguments to function 'MD5Transform'; expected 0, have 2
[INFO] [stderr]     144 |        MD5Transform (context->state, &input[i]);
[INFO] [stderr]         |        ^~~~~~~~~~~~  ~~~~~~~~~~~~~~
[INFO] [stderr]   md5.c:57:13: note: declared here
[INFO] [stderr]      57 | static void MD5Transform PROTO_LIST ((UINT4 [4], const unsigned char [64]));
[INFO] [stderr]         |             ^~~~~~~~~~~~
[INFO] [stderr]   md5.c:152:10: error: too many arguments to function 'MD5_memcpy'; expected 0, have 3
[INFO] [stderr]     152 |          MD5_memcpy
[INFO] [stderr]         |          ^~~~~~~~~~
[INFO] [stderr]     153 |         ((POINTER)&context->buffer[index], (POINTER)&input[i],
[INFO] [stderr]         |          ~~~~~~~~~~~~~~~~~~~~~~~~~~~~~~~~
[INFO] [stderr]   md5.c:62:13: note: declared here
[INFO] [stderr]      62 | static void MD5_memcpy PROTO_LIST ((POINTER, POINTER, unsigned int));
[INFO] [stderr]         |             ^~~~~~~~~~
[INFO] [stderr]   md5.c: In function '_sasl_MD5Final':
[INFO] [stderr]   md5.c:162:6: warning: old-style function definition [-Wold-style-definition]
[INFO] [stderr]     162 | void _sasl_MD5Final (digest, context)
[INFO] [stderr]         |      ^~~~~~~~~~~~~~
[INFO] [stderr]   md5.c:170:10: error: too many arguments to function 'Encode'; expected 0, have 3
[INFO] [stderr]     170 |          Encode (bits, context->count, 8);
[INFO] [stderr]         |          ^~~~~~  ~~~~
[INFO] [stderr]   md5.c:58:13: note: declared here
[INFO] [stderr]      58 | static void Encode PROTO_LIST
[INFO] [stderr]         |             ^~~~~~
[INFO] [stderr]   md5.c:181:10: error: too many arguments to function 'Encode'; expected 0, have 3
[INFO] [stderr]     181 |          Encode (digest, context->state, 16);
[INFO] [stderr]         |          ^~~~~~  ~~~~~~
[INFO] [stderr]   md5.c:58:13: note: declared here
[INFO] [stderr]      58 | static void Encode PROTO_LIST
[INFO] [stderr]         |             ^~~~~~
[INFO] [stderr]   md5.c:184:8: error: too many arguments to function 'MD5_memset'; expected 0, have 3
[INFO] [stderr]     184 |        MD5_memset ((POINTER)context, 0, sizeof (*context));
[INFO] [stderr]         |        ^~~~~~~~~~  ~~~~~~~~~~~~~~~~
[INFO] [stderr]   md5.c:63:13: note: declared here
[INFO] [stderr]      63 | static void MD5_memset PROTO_LIST ((POINTER, int, unsigned int));
[INFO] [stderr]         |             ^~~~~~~~~~
[INFO] [stderr]   md5.c: In function 'MD5Transform':
[INFO] [stderr]   md5.c:189:13: warning: old-style function definition [-Wold-style-definition]
[INFO] [stderr]     189 | static void MD5Transform (state, block)
[INFO] [stderr]         |             ^~~~~~~~~~~~
[INFO] [stderr]   md5.c:195:8: error: too many arguments to function 'Decode'; expected 0, have 3
[INFO] [stderr]     195 |        Decode (x, block, 64);
[INFO] [stderr]         |        ^~~~~~  ~
[INFO] [stderr]   md5.c:60:13: note: declared here
[INFO] [stderr]      60 | static void Decode PROTO_LIST
[INFO] [stderr]         |             ^~~~~~
[INFO] [stderr]   md5.c:276:8: error: too many arguments to function 'MD5_memset'; expected 0, have 3
[INFO] [stderr]     276 |        MD5_memset ((POINTER)x, 0, sizeof (x));
[INFO] [stderr]         |        ^~~~~~~~~~  ~~~~~~~~~~
[INFO] [stderr]   md5.c:63:13: note: declared here
[INFO] [stderr]      63 | static void MD5_memset PROTO_LIST ((POINTER, int, unsigned int));
[INFO] [stderr]         |             ^~~~~~~~~~
[INFO] [stderr]   md5.c: In function 'Encode':
[INFO] [stderr]   md5.c:284:13: warning: old-style function definition [-Wold-style-definition]
[INFO] [stderr]     284 | static void Encode (output, input, len)
[INFO] [stderr]         |             ^~~~~~
[INFO] [stderr]   md5.c: In function 'Decode':
[INFO] [stderr]   md5.c:304:13: warning: old-style function definition [-Wold-style-definition]
[INFO] [stderr]     304 | static void Decode (output, input, len)
[INFO] [stderr]         |             ^~~~~~
[INFO] [stderr]   md5.c: In function 'MD5_memcpy':
[INFO] [stderr]   md5.c:320:13: warning: old-style function definition [-Wold-style-definition]
[INFO] [stderr]     320 | static void MD5_memcpy (output, input, len)
[INFO] [stderr]         |             ^~~~~~~~~~
[INFO] [stderr]   md5.c: In function 'MD5_memset':
[INFO] [stderr]   md5.c:334:13: warning: old-style function definition [-Wold-style-definition]
[INFO] [stderr]     334 | static void MD5_memset (output, value, len)
[INFO] [stderr]         |             ^~~~~~~~~~
[INFO] [stderr]   md5.c: In function '_sasl_hmac_md5_init':
[INFO] [stderr]   md5.c:382:3: error: too many arguments to function 'MD5_memset'; expected 0, have 3
[INFO] [stderr]     382 |   MD5_memset((POINTER)k_ipad, '\0', sizeof k_ipad);
[INFO] [stderr]         |   ^~~~~~~~~~ ~~~~~~~~~~~~~~~
[INFO] [stderr]   md5.c:334:13: note: declared here
[INFO] [stderr]     334 | static void MD5_memset (output, value, len)
[INFO] [stderr]         |             ^~~~~~~~~~
[INFO] [stderr]   md5.c:383:3: error: too many arguments to function 'MD5_memset'; expected 0, have 3
[INFO] [stderr]     383 |   MD5_memset((POINTER)k_opad, '\0', sizeof k_opad);
[INFO] [stderr]         |   ^~~~~~~~~~ ~~~~~~~~~~~~~~~
[INFO] [stderr]   md5.c:334:13: note: declared here
[INFO] [stderr]     334 | static void MD5_memset (output, value, len)
[INFO] [stderr]         |             ^~~~~~~~~~
[INFO] [stderr]   md5.c:384:3: error: too many arguments to function 'MD5_memcpy'; expected 0, have 3
[INFO] [stderr]     384 |   MD5_memcpy( k_ipad, (POINTER)key, key_len);
[INFO] [stderr]         |   ^~~~~~~~~~  ~~~~~~
[INFO] [stderr]   md5.c:320:13: note: declared here
[INFO] [stderr]     320 | static void MD5_memcpy (output, input, len)
[INFO] [stderr]         |             ^~~~~~~~~~
[INFO] [stderr]   md5.c:385:3: error: too many arguments to function 'MD5_memcpy'; expected 0, have 3
[INFO] [stderr]     385 |   MD5_memcpy( k_opad, (POINTER)key, key_len);
[INFO] [stderr]         |   ^~~~~~~~~~  ~~~~~~
[INFO] [stderr]   md5.c:320:13: note: declared here
[INFO] [stderr]     320 | static void MD5_memcpy (output, input, len)
[INFO] [stderr]         |             ^~~~~~~~~~
[INFO] [stderr]   md5.c:400:3: error: too many arguments to function 'MD5_memset'; expected 0, have 3
[INFO] [stderr]     400 |   MD5_memset((POINTER)&k_ipad, 0, sizeof(k_ipad));
[INFO] [stderr]         |   ^~~~~~~~~~ ~~~~~~~~~~~~~~~~
[INFO] [stderr]   md5.c:334:13: note: declared here
[INFO] [stderr]     334 | static void MD5_memset (output, value, len)
[INFO] [stderr]         |             ^~~~~~~~~~
[INFO] [stderr]   md5.c:401:3: error: too many arguments to function 'MD5_memset'; expected 0, have 3
[INFO] [stderr]     401 |   MD5_memset((POINTER)&k_opad, 0, sizeof(k_opad));
[INFO] [stderr]         |   ^~~~~~~~~~ ~~~~~~~~~~~~~~~~
[INFO] [stderr]   md5.c:334:13: note: declared here
[INFO] [stderr]     334 | static void MD5_memset (output, value, len)
[INFO] [stderr]         |             ^~~~~~~~~~
[INFO] [stderr]   md5.c:402:3: error: too many arguments to function 'MD5_memset'; expected 0, have 3
[INFO] [stderr]     402 |   MD5_memset((POINTER)&tk, 0, sizeof(tk));
[INFO] [stderr]         |   ^~~~~~~~~~ ~~~~~~~~~~~~
[INFO] [stderr]   md5.c:334:13: note: declared here
[INFO] [stderr]     334 | static void MD5_memset (output, value, len)
[INFO] [stderr]         |             ^~~~~~~~~~
[INFO] [stderr]   md5.c: In function '_sasl_hmac_md5_precalc':
[INFO] [stderr]   md5.c:427:3: error: too many arguments to function 'MD5_memset'; expected 0, have 3
[INFO] [stderr]     427 |   MD5_memset((POINTER)&hmac, 0, sizeof(hmac));
[INFO] [stderr]         |   ^~~~~~~~~~ ~~~~~~~~~~~~~~
[INFO] [stderr]   md5.c:334:13: note: declared here
[INFO] [stderr]     334 | static void MD5_memset (output, value, len)
[INFO] [stderr]         |             ^~~~~~~~~~
[INFO] [stderr]   md5.c: In function '_sasl_hmac_md5_import':
[INFO] [stderr]   md5.c:435:3: error: too many arguments to function 'MD5_memset'; expected 0, have 3
[INFO] [stderr]     435 |   MD5_memset((POINTER)hmac, 0, sizeof(HMAC_MD5_CTX));
[INFO] [stderr]         |   ^~~~~~~~~~ ~~~~~~~~~~~~~
[INFO] [stderr]   md5.c:334:13: note: declared here
[INFO] [stderr]     334 | static void MD5_memset (output, value, len)
[INFO] [stderr]         |             ^~~~~~~~~~
[INFO] [stderr]   md5.c: In function '_sasl_hmac_md5':
[INFO] [stderr]   md5.c:455:6: warning: old-style function definition [-Wold-style-definition]
[INFO] [stderr]     455 | void _sasl_hmac_md5(text, text_len, key, key_len, digest)
[INFO] [stderr]         |      ^~~~~~~~~~~~~~
[INFO] [stderr]   md5.c:497:3: error: too many arguments to function 'MD5_memset'; expected 0, have 3
[INFO] [stderr]     497 |   MD5_memset(k_ipad, '\0', sizeof k_ipad);
[INFO] [stderr]         |   ^~~~~~~~~~ ~~~~~~
[INFO] [stderr]   md5.c:334:13: note: declared here
[INFO] [stderr]     334 | static void MD5_memset (output, value, len)
[INFO] [stderr]         |             ^~~~~~~~~~
[INFO] [stderr]   md5.c:498:3: error: too many arguments to function 'MD5_memset'; expected 0, have 3
[INFO] [stderr]     498 |   MD5_memset(k_opad, '\0', sizeof k_opad);
[INFO] [stderr]         |   ^~~~~~~~~~ ~~~~~~
[INFO] [stderr]   md5.c:334:13: note: declared here
[INFO] [stderr]     334 | static void MD5_memset (output, value, len)
[INFO] [stderr]         |             ^~~~~~~~~~
[INFO] [stderr]   md5.c:499:3: error: too many arguments to function 'MD5_memcpy'; expected 0, have 3
[INFO] [stderr]     499 |   MD5_memcpy( k_ipad, (POINTER)key, key_len);
[INFO] [stderr]         |   ^~~~~~~~~~  ~~~~~~
[INFO] [stderr]   md5.c:320:13: note: declared here
[INFO] [stderr]     320 | static void MD5_memcpy (output, input, len)
[INFO] [stderr]         |             ^~~~~~~~~~
[INFO] [stderr]   md5.c:500:3: error: too many arguments to function 'MD5_memcpy'; expected 0, have 3
[INFO] [stderr]     500 |   MD5_memcpy( k_opad, (POINTER)key, key_len);
[INFO] [stderr]         |   ^~~~~~~~~~  ~~~~~~
[INFO] [stderr]   md5.c:320:13: note: declared here
[INFO] [stderr]     320 | static void MD5_memcpy (output, input, len)
[INFO] [stderr]         |             ^~~~~~~~~~
[INFO] [stderr]   make[1]: *** [Makefile:646: md5.lo] Error 1
[INFO] [stderr]   make: *** [Makefile:752: install] Error 2
[INFO] [stderr] 
[INFO] [stderr]   thread 'main' (3846) panicked at /opt/rustwide/cargo-home/registry/src/index.crates.io-1949cf8c6b5b557f/sasl2-sys-0.1.20+2.1.28/build.rs:156:14:
[INFO] [stderr]   make failed: Custom { kind: Other, error: "command [\"make\", \"install\"] exited with code 2" }
[INFO] [stderr]   stack backtrace:
[INFO] [stderr]      0:     0x5f0bc62fb011 - <<std[70759c8f55707aa4]::sys::backtrace::BacktraceLock>::print::DisplayBacktrace as core[df12db4294e9bfd3]::fmt::Display>::fmt
[INFO] [stderr]      1:     0x5f0bc630f25a - core[df12db4294e9bfd3]::fmt::write
[INFO] [stderr]      2:     0x5f0bc630139c - <std[70759c8f55707aa4]::sys::stdio::unix::Stderr as core[df12db4294e9bfd3]::io::write::Write>::write_fmt
[INFO] [stderr]      3:     0x5f0bc62da1e6 - std[70759c8f55707aa4]::panicking::default_hook::{closure#0}
[INFO] [stderr]      4:     0x5f0bc62f5b11 - std[70759c8f55707aa4]::panicking::default_hook
[INFO] [stderr]      5:     0x5f0bc62f5ccb - std[70759c8f55707aa4]::panicking::panic_with_hook
[INFO] [stderr]      6:     0x5f0bc62da292 - std[70759c8f55707aa4]::panicking::panic_handler::{closure#0}
[INFO] [stderr]      7:     0x5f0bc62d2f69 - std[70759c8f55707aa4]::sys::backtrace::__rust_end_short_backtrace::<std[70759c8f55707aa4]::panicking::panic_handler::{closure#0}, !>
[INFO] [stderr]      8:     0x5f0bc62dab2d - __rustc[8fa7c3cbc660c2b3]::rust_begin_unwind
[INFO] [stderr]      9:     0x5f0bc630f9cc - core[df12db4294e9bfd3]::panicking::panic_fmt
[INFO] [stderr]     10:     0x5f0bc630f7a2 - core[df12db4294e9bfd3]::result::unwrap_failed
[INFO] [stderr]     11:     0x5f0bc6267479 - <core[df12db4294e9bfd3]::result::Result<std[70759c8f55707aa4]::process::Output, core[df12db4294e9bfd3]::io::error::Error>>::expect
[INFO] [stderr]     12:     0x5f0bc626606c - build_script_build[8c2df194d349d818]::build_sasl
[INFO] [stderr]     13:     0x5f0bc6267232 - build_script_build[8c2df194d349d818]::main
[INFO] [stderr]     14:     0x5f0bc62696ab - <fn() as core[df12db4294e9bfd3]::ops::function::FnOnce<()>>::call_once
[INFO] [stderr]     15:     0x5f0bc626333e - std[70759c8f55707aa4]::sys::backtrace::__rust_begin_short_backtrace::<fn(), ()>
[INFO] [stderr]     16:     0x5f0bc6263ca9 - std[70759c8f55707aa4]::rt::lang_start::<()>::{closure#0}
[INFO] [stderr]     17:     0x5f0bc62f4ed9 - std[70759c8f55707aa4]::rt::lang_start_internal
[INFO] [stderr]     18:     0x5f0bc6262dd1 - std[70759c8f55707aa4]::rt::lang_start::<()>
[INFO] [stderr]     19:     0x5f0bc6269845 - main
[INFO] [stderr]     20:     0x7e2bd45e0601 - <unknown>
[INFO] [stderr]     21:     0x7e2bd45e0718 - __libc_start_main
[INFO] [stderr]     22:     0x5f0bc6261ff5 - _start
[INFO] [stderr]     23:                0x0 - <unknown>
[INFO] [stderr] warning: zstd-sys@2.0.9+zstd.1.5.5: cc: fatal error: Killed signal terminated program cc1
[INFO] [stderr] warning: zstd-sys@2.0.9+zstd.1.5.5: compilation terminated.
[INFO] [stderr] warning: zstd-sys@2.0.9+zstd.1.5.5: ToolExecError: Command "cc" "-O3" "-ffunction-sections" "-fdata-sections" "-fPIC" "-m64" "-I" "zstd/lib/" "-I" "zstd/lib/common" "-I" "zstd/lib/legacy" "-fvisibility=hidden" "-ffunction-sections" "-fdata-sections" "-fmerge-all-constants" "-DZSTD_LIB_DEPRECATED=0" "-DXXH_PRIVATE_API=" "-DZSTDLIB_VISIBILITY=" "-DZDICTLIB_VISIBILITY=" "-DZSTDERRORLIB_VISIBILITY=" "-DZSTD_LEGACY_SUPPORT=1" "-o" "/opt/rustwide/target/release/build/zstd-sys-fbbeba435956558d/out/zstd/lib/compress/zstd_lazy.o" "-c" "zstd/lib/compress/zstd_lazy.c" with args "cc" did not execute successfully (status code exit status: 1).
[INFO] [stderr] error: failed to run custom build command for `zstd-sys v2.0.9+zstd.1.5.5`
[INFO] [stderr] note: To improve backtraces for build dependencies, set the CARGO_PROFILE_RELEASE_BUILD_OVERRIDE_DEBUG=true environment variable to enable debug information generation.
[INFO] [stderr] 
[INFO] [stderr] Caused by:
[INFO] [stderr]   process didn't exit successfully: `/opt/rustwide/target/release/build/zstd-sys-00cb13650f2ad5ef/build-script-build` (exit status: 1)
[INFO] [stderr]   --- stdout
[INFO] [stderr]   cargo:rerun-if-env-changed=ZSTD_SYS_USE_PKG_CONFIG
[INFO] [stderr]   TARGET = Some("x86_64-unknown-linux-gnu")
[INFO] [stderr]   OPT_LEVEL = Some("3")
[INFO] [stderr]   HOST = Some("x86_64-unknown-linux-gnu")
[INFO] [stderr]   cargo:rerun-if-env-changed=CC_x86_64-unknown-linux-gnu
[INFO] [stderr]   CC_x86_64-unknown-linux-gnu = None
[INFO] [stderr]   cargo:rerun-if-env-changed=CC_x86_64_unknown_linux_gnu
[INFO] [stderr]   CC_x86_64_unknown_linux_gnu = None
[INFO] [stderr]   cargo:rerun-if-env-changed=HOST_CC
[INFO] [stderr]   HOST_CC = None
[INFO] [stderr]   cargo:rerun-if-env-changed=CC
[INFO] [stderr]   CC = None
[INFO] [stderr]   cargo:rerun-if-env-changed=CRATE_CC_NO_DEFAULTS
[INFO] [stderr]   CRATE_CC_NO_DEFAULTS = None
[INFO] [stderr]   DEBUG = Some("false")
[INFO] [stderr]   CARGO_CFG_TARGET_FEATURE = Some("fxsr,sse,sse2")
[INFO] [stderr]   cargo:rerun-if-env-changed=CFLAGS_x86_64-unknown-linux-gnu
[INFO] [stderr]   CFLAGS_x86_64-unknown-linux-gnu = None
[INFO] [stderr]   cargo:rerun-if-env-changed=CFLAGS_x86_64_unknown_linux_gnu
[INFO] [stderr]   CFLAGS_x86_64_unknown_linux_gnu = None
[INFO] [stderr]   cargo:rerun-if-env-changed=HOST_CFLAGS
[INFO] [stderr]   HOST_CFLAGS = None
[INFO] [stderr]   cargo:rerun-if-env-changed=CFLAGS
[INFO] [stderr]   CFLAGS = None
[INFO] [stderr]   cargo:rerun-if-env-changed=CC_x86_64-unknown-linux-gnu
[INFO] [stderr]   CC_x86_64-unknown-linux-gnu = None
[INFO] [stderr]   cargo:rerun-if-env-changed=CC_x86_64_unknown_linux_gnu
[INFO] [stderr]   CC_x86_64_unknown_linux_gnu = None
[INFO] [stderr]   cargo:rerun-if-env-changed=HOST_CC
[INFO] [stderr]   HOST_CC = None
[INFO] [stderr]   cargo:rerun-if-env-changed=CC
[INFO] [stderr]   CC = None
[INFO] [stderr]   cargo:rerun-if-env-changed=CRATE_CC_NO_DEFAULTS
[INFO] [stderr]   CRATE_CC_NO_DEFAULTS = None
[INFO] [stderr]   CARGO_CFG_TARGET_FEATURE = Some("fxsr,sse,sse2")
[INFO] [stderr]   cargo:rerun-if-env-changed=CFLAGS_x86_64-unknown-linux-gnu
[INFO] [stderr]   CFLAGS_x86_64-unknown-linux-gnu = None
[INFO] [stderr]   cargo:rerun-if-env-changed=CFLAGS_x86_64_unknown_linux_gnu
[INFO] [stderr]   CFLAGS_x86_64_unknown_linux_gnu = None
[INFO] [stderr]   cargo:rerun-if-env-changed=HOST_CFLAGS
[INFO] [stderr]   HOST_CFLAGS = None
[INFO] [stderr]   cargo:rerun-if-env-changed=CFLAGS
[INFO] [stderr]   CFLAGS = None
[INFO] [stderr]   cargo:rerun-if-env-changed=CC_x86_64-unknown-linux-gnu
[INFO] [stderr]   CC_x86_64-unknown-linux-gnu = None
[INFO] [stderr]   cargo:rerun-if-env-changed=CC_x86_64_unknown_linux_gnu
[INFO] [stderr]   CC_x86_64_unknown_linux_gnu = None
[INFO] [stderr]   cargo:rerun-if-env-changed=HOST_CC
[INFO] [stderr]   HOST_CC = None
[INFO] [stderr]   cargo:rerun-if-env-changed=CC
[INFO] [stderr]   CC = None
[INFO] [stderr]   cargo:rerun-if-env-changed=CRATE_CC_NO_DEFAULTS
[INFO] [stderr]   CRATE_CC_NO_DEFAULTS = None
[INFO] [stderr]   CARGO_CFG_TARGET_FEATURE = Some("fxsr,sse,sse2")
[INFO] [stderr]   cargo:rerun-if-env-changed=CFLAGS_x86_64-unknown-linux-gnu
[INFO] [stderr]   CFLAGS_x86_64-unknown-linux-gnu = None
[INFO] [stderr]   cargo:rerun-if-env-changed=CFLAGS_x86_64_unknown_linux_gnu
[INFO] [stderr]   CFLAGS_x86_64_unknown_linux_gnu = None
[INFO] [stderr]   cargo:rerun-if-env-changed=HOST_CFLAGS
[INFO] [stderr]   HOST_CFLAGS = None
[INFO] [stderr]   cargo:rerun-if-env-changed=CFLAGS
[INFO] [stderr]   CFLAGS = None
[INFO] [stderr]   cargo:rerun-if-env-changed=CC_x86_64-unknown-linux-gnu
[INFO] [stderr]   CC_x86_64-unknown-linux-gnu = None
[INFO] [stderr]   cargo:rerun-if-env-changed=CC_x86_64_unknown_linux_gnu
[INFO] [stderr]   CC_x86_64_unknown_linux_gnu = None
[INFO] [stderr]   cargo:rerun-if-env-changed=HOST_CC
[INFO] [stderr]   HOST_CC = None
[INFO] [stderr]   cargo:rerun-if-env-changed=CC
[INFO] [stderr]   CC = None
[INFO] [stderr]   cargo:rerun-if-env-changed=CRATE_CC_NO_DEFAULTS
[INFO] [stderr]   CRATE_CC_NO_DEFAULTS = None
[INFO] [stderr]   CARGO_CFG_TARGET_FEATURE = Some("fxsr,sse,sse2")
[INFO] [stderr]   cargo:rerun-if-env-changed=CFLAGS_x86_64-unknown-linux-gnu
[INFO] [stderr]   CFLAGS_x86_64-unknown-linux-gnu = None
[INFO] [stderr]   cargo:rerun-if-env-changed=CFLAGS_x86_64_unknown_linux_gnu
[INFO] [stderr]   CFLAGS_x86_64_unknown_linux_gnu = None
[INFO] [stderr]   cargo:rerun-if-env-changed=HOST_CFLAGS
[INFO] [stderr]   HOST_CFLAGS = None
[INFO] [stderr]   cargo:rerun-if-env-changed=CFLAGS
[INFO] [stderr]   CFLAGS = None
[INFO] [stderr]   running: "cc" "-O3" "-ffunction-sections" "-fdata-sections" "-fPIC" "-m64" "-I" "zstd/lib/" "-I" "zstd/lib/common" "-I" "zstd/lib/legacy" "-fvisibility=hidden" "-ffunction-sections" "-fdata-sections" "-fmerge-all-constants" "-DZSTD_LIB_DEPRECATED=0" "-DXXH_PRIVATE_API=" "-DZSTDLIB_VISIBILITY=" "-DZDICTLIB_VISIBILITY=" "-DZSTDERRORLIB_VISIBILITY=" "-DZSTD_LEGACY_SUPPORT=1" "-o" "/opt/rustwide/target/release/build/zstd-sys-fbbeba435956558d/out/zstd/lib/common/debug.o" "-c" "zstd/lib/common/debug.c"
[INFO] [stderr]   running: "cc" "-O3" "-ffunction-sections" "-fdata-sections" "-fPIC" "-m64" "-I" "zstd/lib/" "-I" "zstd/lib/common" "-I" "zstd/lib/legacy" "-fvisibility=hidden" "-ffunction-sections" "-fdata-sections" "-fmerge-all-constants" "-DZSTD_LIB_DEPRECATED=0" "-DXXH_PRIVATE_API=" "-DZSTDLIB_VISIBILITY=" "-DZDICTLIB_VISIBILITY=" "-DZSTDERRORLIB_VISIBILITY=" "-DZSTD_LEGACY_SUPPORT=1" "-o" "/opt/rustwide/target/release/build/zstd-sys-fbbeba435956558d/out/zstd/lib/common/entropy_common.o" "-c" "zstd/lib/common/entropy_common.c"
[INFO] [stderr]   running: "cc" "-O3" "-ffunction-sections" "-fdata-sections" "-fPIC" "-m64" "-I" "zstd/lib/" "-I" "zstd/lib/common" "-I" "zstd/lib/legacy" "-fvisibility=hidden" "-ffunction-sections" "-fdata-sections" "-fmerge-all-constants" "-DZSTD_LIB_DEPRECATED=0" "-DXXH_PRIVATE_API=" "-DZSTDLIB_VISIBILITY=" "-DZDICTLIB_VISIBILITY=" "-DZSTDERRORLIB_VISIBILITY=" "-DZSTD_LEGACY_SUPPORT=1" "-o" "/opt/rustwide/target/release/build/zstd-sys-fbbeba435956558d/out/zstd/lib/common/error_private.o" "-c" "zstd/lib/common/error_private.c"
[INFO] [stderr]   running: "cc" "-O3" "-ffunction-sections" "-fdata-sections" "-fPIC" "-m64" "-I" "zstd/lib/" "-I" "zstd/lib/common" "-I" "zstd/lib/legacy" "-fvisibility=hidden" "-ffunction-sections" "-fdata-sections" "-fmerge-all-constants" "-DZSTD_LIB_DEPRECATED=0" "-DXXH_PRIVATE_API=" "-DZSTDLIB_VISIBILITY=" "-DZDICTLIB_VISIBILITY=" "-DZSTDERRORLIB_VISIBILITY=" "-DZSTD_LEGACY_SUPPORT=1" "-o" "/opt/rustwide/target/release/build/zstd-sys-fbbeba435956558d/out/zstd/lib/common/fse_decompress.o" "-c" "zstd/lib/common/fse_decompress.c"
[INFO] [stderr]   running: "cc" "-O3" "-ffunction-sections" "-fdata-sections" "-fPIC" "-m64" "-I" "zstd/lib/" "-I" "zstd/lib/common" "-I" "zstd/lib/legacy" "-fvisibility=hidden" "-ffunction-sections" "-fdata-sections" "-fmerge-all-constants" "-DZSTD_LIB_DEPRECATED=0" "-DXXH_PRIVATE_API=" "-DZSTDLIB_VISIBILITY=" "-DZDICTLIB_VISIBILITY=" "-DZSTDERRORLIB_VISIBILITY=" "-DZSTD_LEGACY_SUPPORT=1" "-o" "/opt/rustwide/target/release/build/zstd-sys-fbbeba435956558d/out/zstd/lib/common/pool.o" "-c" "zstd/lib/common/pool.c"
[INFO] [stderr]   running: "cc" "-O3" "-ffunction-sections" "-fdata-sections" "-fPIC" "-m64" "-I" "zstd/lib/" "-I" "zstd/lib/common" "-I" "zstd/lib/legacy" "-fvisibility=hidden" "-ffunction-sections" "-fdata-sections" "-fmerge-all-constants" "-DZSTD_LIB_DEPRECATED=0" "-DXXH_PRIVATE_API=" "-DZSTDLIB_VISIBILITY=" "-DZDICTLIB_VISIBILITY=" "-DZSTDERRORLIB_VISIBILITY=" "-DZSTD_LEGACY_SUPPORT=1" "-o" "/opt/rustwide/target/release/build/zstd-sys-fbbeba435956558d/out/zstd/lib/common/threading.o" "-c" "zstd/lib/common/threading.c"
[INFO] [stderr]   running: "cc" "-O3" "-ffunction-sections" "-fdata-sections" "-fPIC" "-m64" "-I" "zstd/lib/" "-I" "zstd/lib/common" "-I" "zstd/lib/legacy" "-fvisibility=hidden" "-ffunction-sections" "-fdata-sections" "-fmerge-all-constants" "-DZSTD_LIB_DEPRECATED=0" "-DXXH_PRIVATE_API=" "-DZSTDLIB_VISIBILITY=" "-DZDICTLIB_VISIBILITY=" "-DZSTDERRORLIB_VISIBILITY=" "-DZSTD_LEGACY_SUPPORT=1" "-o" "/opt/rustwide/target/release/build/zstd-sys-fbbeba435956558d/out/zstd/lib/common/zstd_common.o" "-c" "zstd/lib/common/zstd_common.c"
[INFO] [stderr]   running: "cc" "-O3" "-ffunction-sections" "-fdata-sections" "-fPIC" "-m64" "-I" "zstd/lib/" "-I" "zstd/lib/common" "-I" "zstd/lib/legacy" "-fvisibility=hidden" "-ffunction-sections" "-fdata-sections" "-fmerge-all-constants" "-DZSTD_LIB_DEPRECATED=0" "-DXXH_PRIVATE_API=" "-DZSTDLIB_VISIBILITY=" "-DZDICTLIB_VISIBILITY=" "-DZSTDERRORLIB_VISIBILITY=" "-DZSTD_LEGACY_SUPPORT=1" "-o" "/opt/rustwide/target/release/build/zstd-sys-fbbeba435956558d/out/zstd/lib/compress/fse_compress.o" "-c" "zstd/lib/compress/fse_compress.c"
[INFO] [stderr]   running: "cc" "-O3" "-ffunction-sections" "-fdata-sections" "-fPIC" "-m64" "-I" "zstd/lib/" "-I" "zstd/lib/common" "-I" "zstd/lib/legacy" "-fvisibility=hidden" "-ffunction-sections" "-fdata-sections" "-fmerge-all-constants" "-DZSTD_LIB_DEPRECATED=0" "-DXXH_PRIVATE_API=" "-DZSTDLIB_VISIBILITY=" "-DZDICTLIB_VISIBILITY=" "-DZSTDERRORLIB_VISIBILITY=" "-DZSTD_LEGACY_SUPPORT=1" "-o" "/opt/rustwide/target/release/build/zstd-sys-fbbeba435956558d/out/zstd/lib/compress/hist.o" "-c" "zstd/lib/compress/hist.c"
[INFO] [stderr]   exit status: 0
[INFO] [stderr]   exit status: 0
[INFO] [stderr]   exit status: 0
[INFO] [stderr]   exit status: 0
[INFO] [stderr]   exit status: 0
[INFO] [stderr]   exit status: 0
[INFO] [stderr]   exit status: 0
[INFO] [stderr]   exit status: 0
[INFO] [stderr]   running: "cc" "-O3" "-ffunction-sections" "-fdata-sections" "-fPIC" "-m64" "-I" "zstd/lib/" "-I" "zstd/lib/common" "-I" "zstd/lib/legacy" "-fvisibility=hidden" "-ffunction-sections" "-fdata-sections" "-fmerge-all-constants" "-DZSTD_LIB_DEPRECATED=0" "-DXXH_PRIVATE_API=" "-DZSTDLIB_VISIBILITY=" "-DZDICTLIB_VISIBILITY=" "-DZSTDERRORLIB_VISIBILITY=" "-DZSTD_LEGACY_SUPPORT=1" "-o" "/opt/rustwide/target/release/build/zstd-sys-fbbeba435956558d/out/zstd/lib/compress/huf_compress.o" "-c" "zstd/lib/compress/huf_compress.c"
[INFO] [stderr]   running: "cc" "-O3" "-ffunction-sections" "-fdata-sections" "-fPIC" "-m64" "-I" "zstd/lib/" "-I" "zstd/lib/common" "-I" "zstd/lib/legacy" "-fvisibility=hidden" "-ffunction-sections" "-fdata-sections" "-fmerge-all-constants" "-DZSTD_LIB_DEPRECATED=0" "-DXXH_PRIVATE_API=" "-DZSTDLIB_VISIBILITY=" "-DZDICTLIB_VISIBILITY=" "-DZSTDERRORLIB_VISIBILITY=" "-DZSTD_LEGACY_SUPPORT=1" "-o" "/opt/rustwide/target/release/build/zstd-sys-fbbeba435956558d/out/zstd/lib/compress/zstd_compress.o" "-c" "zstd/lib/compress/zstd_compress.c"
[INFO] [stderr]   running: "cc" "-O3" "-ffunction-sections" "-fdata-sections" "-fPIC" "-m64" "-I" "zstd/lib/" "-I" "zstd/lib/common" "-I" "zstd/lib/legacy" "-fvisibility=hidden" "-ffunction-sections" "-fdata-sections" "-fmerge-all-constants" "-DZSTD_LIB_DEPRECATED=0" "-DXXH_PRIVATE_API=" "-DZSTDLIB_VISIBILITY=" "-DZDICTLIB_VISIBILITY=" "-DZSTDERRORLIB_VISIBILITY=" "-DZSTD_LEGACY_SUPPORT=1" "-o" "/opt/rustwide/target/release/build/zstd-sys-fbbeba435956558d/out/zstd/lib/compress/zstd_compress_literals.o" "-c" "zstd/lib/compress/zstd_compress_literals.c"
[INFO] [stderr]   running: "cc" "-O3" "-ffunction-sections" "-fdata-sections" "-fPIC" "-m64" "-I" "zstd/lib/" "-I" "zstd/lib/common" "-I" "zstd/lib/legacy" "-fvisibility=hidden" "-ffunction-sections" "-fdata-sections" "-fmerge-all-constants" "-DZSTD_LIB_DEPRECATED=0" "-DXXH_PRIVATE_API=" "-DZSTDLIB_VISIBILITY=" "-DZDICTLIB_VISIBILITY=" "-DZSTDERRORLIB_VISIBILITY=" "-DZSTD_LEGACY_SUPPORT=1" "-o" "/opt/rustwide/target/release/build/zstd-sys-fbbeba435956558d/out/zstd/lib/compress/zstd_compress_sequences.o" "-c" "zstd/lib/compress/zstd_compress_sequences.c"
[INFO] [stderr]   running: "cc" "-O3" "-ffunction-sections" "-fdata-sections" "-fPIC" "-m64" "-I" "zstd/lib/" "-I" "zstd/lib/common" "-I" "zstd/lib/legacy" "-fvisibility=hidden" "-ffunction-sections" "-fdata-sections" "-fmerge-all-constants" "-DZSTD_LIB_DEPRECATED=0" "-DXXH_PRIVATE_API=" "-DZSTDLIB_VISIBILITY=" "-DZDICTLIB_VISIBILITY=" "-DZSTDERRORLIB_VISIBILITY=" "-DZSTD_LEGACY_SUPPORT=1" "-o" "/opt/rustwide/target/release/build/zstd-sys-fbbeba435956558d/out/zstd/lib/compress/zstd_compress_superblock.o" "-c" "zstd/lib/compress/zstd_compress_superblock.c"
[INFO] [stderr]   running: "cc" "-O3" "-ffunction-sections" "-fdata-sections" "-fPIC" "-m64" "-I" "zstd/lib/" "-I" "zstd/lib/common" "-I" "zstd/lib/legacy" "-fvisibility=hidden" "-ffunction-sections" "-fdata-sections" "-fmerge-all-constants" "-DZSTD_LIB_DEPRECATED=0" "-DXXH_PRIVATE_API=" "-DZSTDLIB_VISIBILITY=" "-DZDICTLIB_VISIBILITY=" "-DZSTDERRORLIB_VISIBILITY=" "-DZSTD_LEGACY_SUPPORT=1" "-o" "/opt/rustwide/target/release/build/zstd-sys-fbbeba435956558d/out/zstd/lib/compress/zstd_double_fast.o" "-c" "zstd/lib/compress/zstd_double_fast.c"
[INFO] [stderr]   running: "cc" "-O3" "-ffunction-sections" "-fdata-sections" "-fPIC" "-m64" "-I" "zstd/lib/" "-I" "zstd/lib/common" "-I" "zstd/lib/legacy" "-fvisibility=hidden" "-ffunction-sections" "-fdata-sections" "-fmerge-all-constants" "-DZSTD_LIB_DEPRECATED=0" "-DXXH_PRIVATE_API=" "-DZSTDLIB_VISIBILITY=" "-DZDICTLIB_VISIBILITY=" "-DZSTDERRORLIB_VISIBILITY=" "-DZSTD_LEGACY_SUPPORT=1" "-o" "/opt/rustwide/target/release/build/zstd-sys-fbbeba435956558d/out/zstd/lib/compress/zstd_fast.o" "-c" "zstd/lib/compress/zstd_fast.c"
[INFO] [stderr]   running: "cc" "-O3" "-ffunction-sections" "-fdata-sections" "-fPIC" "-m64" "-I" "zstd/lib/" "-I" "zstd/lib/common" "-I" "zstd/lib/legacy" "-fvisibility=hidden" "-ffunction-sections" "-fdata-sections" "-fmerge-all-constants" "-DZSTD_LIB_DEPRECATED=0" "-DXXH_PRIVATE_API=" "-DZSTDLIB_VISIBILITY=" "-DZDICTLIB_VISIBILITY=" "-DZSTDERRORLIB_VISIBILITY=" "-DZSTD_LEGACY_SUPPORT=1" "-o" "/opt/rustwide/target/release/build/zstd-sys-fbbeba435956558d/out/zstd/lib/compress/zstd_lazy.o" "-c" "zstd/lib/compress/zstd_lazy.c"
[INFO] [stderr]   running: "cc" "-O3" "-ffunction-sections" "-fdata-sections" "-fPIC" "-m64" "-I" "zstd/lib/" "-I" "zstd/lib/common" "-I" "zstd/lib/legacy" "-fvisibility=hidden" "-ffunction-sections" "-fdata-sections" "-fmerge-all-constants" "-DZSTD_LIB_DEPRECATED=0" "-DXXH_PRIVATE_API=" "-DZSTDLIB_VISIBILITY=" "-DZDICTLIB_VISIBILITY=" "-DZSTDERRORLIB_VISIBILITY=" "-DZSTD_LEGACY_SUPPORT=1" "-o" "/opt/rustwide/target/release/build/zstd-sys-fbbeba435956558d/out/zstd/lib/compress/zstd_ldm.o" "-c" "zstd/lib/compress/zstd_ldm.c"
[INFO] [stderr]   running: "cc" "-O3" "-ffunction-sections" "-fdata-sections" "-fPIC" "-m64" "-I" "zstd/lib/" "-I" "zstd/lib/common" "-I" "zstd/lib/legacy" "-fvisibility=hidden" "-ffunction-sections" "-fdata-sections" "-fmerge-all-constants" "-DZSTD_LIB_DEPRECATED=0" "-DXXH_PRIVATE_API=" "-DZSTDLIB_VISIBILITY=" "-DZDICTLIB_VISIBILITY=" "-DZSTDERRORLIB_VISIBILITY=" "-DZSTD_LEGACY_SUPPORT=1" "-o" "/opt/rustwide/target/release/build/zstd-sys-fbbeba435956558d/out/zstd/lib/compress/zstd_opt.o" "-c" "zstd/lib/compress/zstd_opt.c"
[INFO] [stderr]   running: "cc" "-O3" "-ffunction-sections" "-fdata-sections" "-fPIC" "-m64" "-I" "zstd/lib/" "-I" "zstd/lib/common" "-I" "zstd/lib/legacy" "-fvisibility=hidden" "-ffunction-sections" "-fdata-sections" "-fmerge-all-constants" "-DZSTD_LIB_DEPRECATED=0" "-DXXH_PRIVATE_API=" "-DZSTDLIB_VISIBILITY=" "-DZDICTLIB_VISIBILITY=" "-DZSTDERRORLIB_VISIBILITY=" "-DZSTD_LEGACY_SUPPORT=1" "-o" "/opt/rustwide/target/release/build/zstd-sys-fbbeba435956558d/out/zstd/lib/compress/zstdmt_compress.o" "-c" "zstd/lib/compress/zstdmt_compress.c"
[INFO] [stderr]   running: "cc" "-O3" "-ffunction-sections" "-fdata-sections" "-fPIC" "-m64" "-I" "zstd/lib/" "-I" "zstd/lib/common" "-I" "zstd/lib/legacy" "-fvisibility=hidden" "-ffunction-sections" "-fdata-sections" "-fmerge-all-constants" "-DZSTD_LIB_DEPRECATED=0" "-DXXH_PRIVATE_API=" "-DZSTDLIB_VISIBILITY=" "-DZDICTLIB_VISIBILITY=" "-DZSTDERRORLIB_VISIBILITY=" "-DZSTD_LEGACY_SUPPORT=1" "-o" "/opt/rustwide/target/release/build/zstd-sys-fbbeba435956558d/out/zstd/lib/decompress/huf_decompress.o" "-c" "zstd/lib/decompress/huf_decompress.c"
[INFO] [stderr]   running: "cc" "-O3" "-ffunction-sections" "-fdata-sections" "-fPIC" "-m64" "-I" "zstd/lib/" "-I" "zstd/lib/common" "-I" "zstd/lib/legacy" "-fvisibility=hidden" "-ffunction-sections" "-fdata-sections" "-fmerge-all-constants" "-DZSTD_LIB_DEPRECATED=0" "-DXXH_PRIVATE_API=" "-DZSTDLIB_VISIBILITY=" "-DZDICTLIB_VISIBILITY=" "-DZSTDERRORLIB_VISIBILITY=" "-DZSTD_LEGACY_SUPPORT=1" "-o" "/opt/rustwide/target/release/build/zstd-sys-fbbeba435956558d/out/zstd/lib/decompress/zstd_ddict.o" "-c" "zstd/lib/decompress/zstd_ddict.c"
[INFO] [stderr]   running: "cc" "-O3" "-ffunction-sections" "-fdata-sections" "-fPIC" "-m64" "-I" "zstd/lib/" "-I" "zstd/lib/common" "-I" "zstd/lib/legacy" "-fvisibility=hidden" "-ffunction-sections" "-fdata-sections" "-fmerge-all-constants" "-DZSTD_LIB_DEPRECATED=0" "-DXXH_PRIVATE_API=" "-DZSTDLIB_VISIBILITY=" "-DZDICTLIB_VISIBILITY=" "-DZSTDERRORLIB_VISIBILITY=" "-DZSTD_LEGACY_SUPPORT=1" "-o" "/opt/rustwide/target/release/build/zstd-sys-fbbeba435956558d/out/zstd/lib/decompress/zstd_decompress.o" "-c" "zstd/lib/decompress/zstd_decompress.c"
[INFO] [stderr]   running: "cc" "-O3" "-ffunction-sections" "-fdata-sections" "-fPIC" "-m64" "-I" "zstd/lib/" "-I" "zstd/lib/common" "-I" "zstd/lib/legacy" "-fvisibility=hidden" "-ffunction-sections" "-fdata-sections" "-fmerge-all-constants" "-DZSTD_LIB_DEPRECATED=0" "-DXXH_PRIVATE_API=" "-DZSTDLIB_VISIBILITY=" "-DZDICTLIB_VISIBILITY=" "-DZSTDERRORLIB_VISIBILITY=" "-DZSTD_LEGACY_SUPPORT=1" "-o" "/opt/rustwide/target/release/build/zstd-sys-fbbeba435956558d/out/zstd/lib/decompress/zstd_decompress_block.o" "-c" "zstd/lib/decompress/zstd_decompress_block.c"
[INFO] [stderr]   running: "cc" "-O3" "-ffunction-sections" "-fdata-sections" "-fPIC" "-m64" "-I" "zstd/lib/" "-I" "zstd/lib/common" "-I" "zstd/lib/legacy" "-fvisibility=hidden" "-ffunction-sections" "-fdata-sections" "-fmerge-all-constants" "-DZSTD_LIB_DEPRECATED=0" "-DXXH_PRIVATE_API=" "-DZSTDLIB_VISIBILITY=" "-DZDICTLIB_VISIBILITY=" "-DZSTDERRORLIB_VISIBILITY=" "-DZSTD_LEGACY_SUPPORT=1" "-o" "/opt/rustwide/target/release/build/zstd-sys-fbbeba435956558d/out/zstd/lib/dictBuilder/cover.o" "-c" "zstd/lib/dictBuilder/cover.c"
[INFO] [stderr]   exit status: 0
[INFO] [stderr]   exit status: 0
[INFO] [stderr]   exit status: 0
[INFO] [stderr]   exit status: 0
[INFO] [stderr]   exit status: 0
[INFO] [stderr]   exit status: 0
[INFO] [stderr]   exit status: 0
[INFO] [stderr]   exit status: 0
[INFO] [stderr]   running: "cc" "-O3" "-ffunction-sections" "-fdata-sections" "-fPIC" "-m64" "-I" "zstd/lib/" "-I" "zstd/lib/common" "-I" "zstd/lib/legacy" "-fvisibility=hidden" "-ffunction-sections" "-fdata-sections" "-fmerge-all-constants" "-DZSTD_LIB_DEPRECATED=0" "-DXXH_PRIVATE_API=" "-DZSTDLIB_VISIBILITY=" "-DZDICTLIB_VISIBILITY=" "-DZSTDERRORLIB_VISIBILITY=" "-DZSTD_LEGACY_SUPPORT=1" "-o" "/opt/rustwide/target/release/build/zstd-sys-fbbeba435956558d/out/zstd/lib/dictBuilder/divsufsort.o" "-c" "zstd/lib/dictBuilder/divsufsort.c"
[INFO] [stderr]   running: "cc" "-O3" "-ffunction-sections" "-fdata-sections" "-fPIC" "-m64" "-I" "zstd/lib/" "-I" "zstd/lib/common" "-I" "zstd/lib/legacy" "-fvisibility=hidden" "-ffunction-sections" "-fdata-sections" "-fmerge-all-constants" "-DZSTD_LIB_DEPRECATED=0" "-DXXH_PRIVATE_API=" "-DZSTDLIB_VISIBILITY=" "-DZDICTLIB_VISIBILITY=" "-DZSTDERRORLIB_VISIBILITY=" "-DZSTD_LEGACY_SUPPORT=1" "-o" "/opt/rustwide/target/release/build/zstd-sys-fbbeba435956558d/out/zstd/lib/dictBuilder/fastcover.o" "-c" "zstd/lib/dictBuilder/fastcover.c"
[INFO] [stderr]   running: "cc" "-O3" "-ffunction-sections" "-fdata-sections" "-fPIC" "-m64" "-I" "zstd/lib/" "-I" "zstd/lib/common" "-I" "zstd/lib/legacy" "-fvisibility=hidden" "-ffunction-sections" "-fdata-sections" "-fmerge-all-constants" "-DZSTD_LIB_DEPRECATED=0" "-DXXH_PRIVATE_API=" "-DZSTDLIB_VISIBILITY=" "-DZDICTLIB_VISIBILITY=" "-DZSTDERRORLIB_VISIBILITY=" "-DZSTD_LEGACY_SUPPORT=1" "-o" "/opt/rustwide/target/release/build/zstd-sys-fbbeba435956558d/out/zstd/lib/dictBuilder/zdict.o" "-c" "zstd/lib/dictBuilder/zdict.c"
[INFO] [stderr]   running: "cc" "-O3" "-ffunction-sections" "-fdata-sections" "-fPIC" "-m64" "-I" "zstd/lib/" "-I" "zstd/lib/common" "-I" "zstd/lib/legacy" "-fvisibility=hidden" "-ffunction-sections" "-fdata-sections" "-fmerge-all-constants" "-DZSTD_LIB_DEPRECATED=0" "-DXXH_PRIVATE_API=" "-DZSTDLIB_VISIBILITY=" "-DZDICTLIB_VISIBILITY=" "-DZSTDERRORLIB_VISIBILITY=" "-DZSTD_LEGACY_SUPPORT=1" "-o" "/opt/rustwide/target/release/build/zstd-sys-fbbeba435956558d/out/zstd/lib/legacy/zstd_v01.o" "-c" "zstd/lib/legacy/zstd_v01.c"
[INFO] [stderr]   running: "cc" "-O3" "-ffunction-sections" "-fdata-sections" "-fPIC" "-m64" "-I" "zstd/lib/" "-I" "zstd/lib/common" "-I" "zstd/lib/legacy" "-fvisibility=hidden" "-ffunction-sections" "-fdata-sections" "-fmerge-all-constants" "-DZSTD_LIB_DEPRECATED=0" "-DXXH_PRIVATE_API=" "-DZSTDLIB_VISIBILITY=" "-DZDICTLIB_VISIBILITY=" "-DZSTDERRORLIB_VISIBILITY=" "-DZSTD_LEGACY_SUPPORT=1" "-o" "/opt/rustwide/target/release/build/zstd-sys-fbbeba435956558d/out/zstd/lib/legacy/zstd_v02.o" "-c" "zstd/lib/legacy/zstd_v02.c"
[INFO] [stderr]   running: "cc" "-O3" "-ffunction-sections" "-fdata-sections" "-fPIC" "-m64" "-I" "zstd/lib/" "-I" "zstd/lib/common" "-I" "zstd/lib/legacy" "-fvisibility=hidden" "-ffunction-sections" "-fdata-sections" "-fmerge-all-constants" "-DZSTD_LIB_DEPRECATED=0" "-DXXH_PRIVATE_API=" "-DZSTDLIB_VISIBILITY=" "-DZDICTLIB_VISIBILITY=" "-DZSTDERRORLIB_VISIBILITY=" "-DZSTD_LEGACY_SUPPORT=1" "-o" "/opt/rustwide/target/release/build/zstd-sys-fbbeba435956558d/out/zstd/lib/legacy/zstd_v03.o" "-c" "zstd/lib/legacy/zstd_v03.c"
[INFO] [stderr]   running: "cc" "-O3" "-ffunction-sections" "-fdata-sections" "-fPIC" "-m64" "-I" "zstd/lib/" "-I" "zstd/lib/common" "-I" "zstd/lib/legacy" "-fvisibility=hidden" "-ffunction-sections" "-fdata-sections" "-fmerge-all-constants" "-DZSTD_LIB_DEPRECATED=0" "-DXXH_PRIVATE_API=" "-DZSTDLIB_VISIBILITY=" "-DZDICTLIB_VISIBILITY=" "-DZSTDERRORLIB_VISIBILITY=" "-DZSTD_LEGACY_SUPPORT=1" "-o" "/opt/rustwide/target/release/build/zstd-sys-fbbeba435956558d/out/zstd/lib/legacy/zstd_v04.o" "-c" "zstd/lib/legacy/zstd_v04.c"
[INFO] [stderr]   running: "cc" "-O3" "-ffunction-sections" "-fdata-sections" "-fPIC" "-m64" "-I" "zstd/lib/" "-I" "zstd/lib/common" "-I" "zstd/lib/legacy" "-fvisibility=hidden" "-ffunction-sections" "-fdata-sections" "-fmerge-all-constants" "-DZSTD_LIB_DEPRECATED=0" "-DXXH_PRIVATE_API=" "-DZSTDLIB_VISIBILITY=" "-DZDICTLIB_VISIBILITY=" "-DZSTDERRORLIB_VISIBILITY=" "-DZSTD_LEGACY_SUPPORT=1" "-o" "/opt/rustwide/target/release/build/zstd-sys-fbbeba435956558d/out/zstd/lib/legacy/zstd_v05.o" "-c" "zstd/lib/legacy/zstd_v05.c"
[INFO] [stderr]   exit status: 0
[INFO] [stderr]   exit status: 0
[INFO] [stderr]   exit status: 0
[INFO] [stderr]   exit status: 0
[INFO] [stderr]   exit status: 0
[INFO] [stderr]   exit status: 0
[INFO] [stderr]   exit status: 0
[INFO] [stderr]   exit status: 0
[INFO] [stderr]   running: "cc" "-O3" "-ffunction-sections" "-fdata-sections" "-fPIC" "-m64" "-I" "zstd/lib/" "-I" "zstd/lib/common" "-I" "zstd/lib/legacy" "-fvisibility=hidden" "-ffunction-sections" "-fdata-sections" "-fmerge-all-constants" "-DZSTD_LIB_DEPRECATED=0" "-DXXH_PRIVATE_API=" "-DZSTDLIB_VISIBILITY=" "-DZDICTLIB_VISIBILITY=" "-DZSTDERRORLIB_VISIBILITY=" "-DZSTD_LEGACY_SUPPORT=1" "-o" "/opt/rustwide/target/release/build/zstd-sys-fbbeba435956558d/out/zstd/lib/legacy/zstd_v06.o" "-c" "zstd/lib/legacy/zstd_v06.c"
[INFO] [stderr]   running: "cc" "-O3" "-ffunction-sections" "-fdata-sections" "-fPIC" "-m64" "-I" "zstd/lib/" "-I" "zstd/lib/common" "-I" "zstd/lib/legacy" "-fvisibility=hidden" "-ffunction-sections" "-fdata-sections" "-fmerge-all-constants" "-DZSTD_LIB_DEPRECATED=0" "-DXXH_PRIVATE_API=" "-DZSTDLIB_VISIBILITY=" "-DZDICTLIB_VISIBILITY=" "-DZSTDERRORLIB_VISIBILITY=" "-DZSTD_LEGACY_SUPPORT=1" "-o" "/opt/rustwide/target/release/build/zstd-sys-fbbeba435956558d/out/zstd/lib/legacy/zstd_v07.o" "-c" "zstd/lib/legacy/zstd_v07.c"
[INFO] [stderr]   running: "cc" "-O3" "-ffunction-sections" "-fdata-sections" "-fPIC" "-m64" "-I" "zstd/lib/" "-I" "zstd/lib/common" "-I" "zstd/lib/legacy" "-fvisibility=hidden" "-ffunction-sections" "-fdata-sections" "-fmerge-all-constants" "-DZSTD_LIB_DEPRECATED=0" "-DXXH_PRIVATE_API=" "-DZSTDLIB_VISIBILITY=" "-DZDICTLIB_VISIBILITY=" "-DZSTDERRORLIB_VISIBILITY=" "-DZSTD_LEGACY_SUPPORT=1" "-o" "/opt/rustwide/target/release/build/zstd-sys-fbbeba435956558d/out/zstd/lib/decompress/huf_decompress_amd64.o" "-c" "zstd/lib/decompress/huf_decompress_amd64.S"
[INFO] [stderr]   exit status: 0
[INFO] [stderr]   exit status: 0
[INFO] [stderr]   exit status: 0
[INFO] [stderr]   exit status: 0
[INFO] [stderr]   exit status: 0
[INFO] [stderr]   exit status: 0
[INFO] [stderr]   exit status: 0
[INFO] [stderr]   exit status: 0
[INFO] [stderr]   cargo:warning=cc: fatal error: Killed signal terminated program cc1
[INFO] [stderr] 
[INFO] [stderr]   cargo:warning=compilation terminated.
[INFO] [stderr] 
[INFO] [stderr]   exit status: 0
[INFO] [stderr]   exit status: 0
[INFO] [stderr]   exit status: 0
[INFO] [stderr]   exit status: 1
[INFO] [stderr]   cargo:warning=ToolExecError: Command "cc" "-O3" "-ffunction-sections" "-fdata-sections" "-fPIC" "-m64" "-I" "zstd/lib/" "-I" "zstd/lib/common" "-I" "zstd/lib/legacy" "-fvisibility=hidden" "-ffunction-sections" "-fdata-sections" "-fmerge-all-constants" "-DZSTD_LIB_DEPRECATED=0" "-DXXH_PRIVATE_API=" "-DZSTDLIB_VISIBILITY=" "-DZDICTLIB_VISIBILITY=" "-DZSTDERRORLIB_VISIBILITY=" "-DZSTD_LEGACY_SUPPORT=1" "-o" "/opt/rustwide/target/release/build/zstd-sys-fbbeba435956558d/out/zstd/lib/compress/zstd_lazy.o" "-c" "zstd/lib/compress/zstd_lazy.c" with args "cc" did not execute successfully (status code exit status: 1).
[INFO] [stderr] 
[INFO] [stderr]   --- stderr
[INFO] [stderr] 
[INFO] [stderr] 
[INFO] [stderr]   error occurred: Command "cc" "-O3" "-ffunction-sections" "-fdata-sections" "-fPIC" "-m64" "-I" "zstd/lib/" "-I" "zstd/lib/common" "-I" "zstd/lib/legacy" "-fvisibility=hidden" "-ffunction-sections" "-fdata-sections" "-fmerge-all-constants" "-DZSTD_LIB_DEPRECATED=0" "-DXXH_PRIVATE_API=" "-DZSTDLIB_VISIBILITY=" "-DZDICTLIB_VISIBILITY=" "-DZSTDERRORLIB_VISIBILITY=" "-DZSTD_LEGACY_SUPPORT=1" "-o" "/opt/rustwide/target/release/build/zstd-sys-fbbeba435956558d/out/zstd/lib/compress/zstd_lazy.o" "-c" "zstd/lib/compress/zstd_lazy.c" with args "cc" did not execute successfully (status code exit status: 1).
[INFO] [stderr] 
[INFO] [stderr] 
[INFO] [stderr] error: failed to run custom build command for `protobuf-src v1.1.0+21.5`
[INFO] [stderr] note: To improve backtraces for build dependencies, set the CARGO_PROFILE_RELEASE_BUILD_OVERRIDE_DEBUG=true environment variable to enable debug information generation.
[INFO] [stderr] 
[INFO] [stderr] Caused by:
[INFO] [stderr]   process didn't exit successfully: `/opt/rustwide/target/release/build/protobuf-src-9162529f7679b938/build-script-build` (exit status: 101)
[INFO] [stderr]   --- stdout
[INFO] [stderr]   running: cd "/opt/rustwide/target/release/build/protobuf-src-ef478bd586b85114/out/install/build" && CC="cc" CFLAGS="-O0 -ffunction-sections -fdata-sections -fPIC -m64" CXX="c++" CXXFLAGS="-O0 -ffunction-sections -fdata-sections -fPIC -m64" "sh" "-c" "exec \"$0\" \"$@\"" "/opt/rustwide/cargo-home/registry/src/index.crates.io-1949cf8c6b5b557f/protobuf-src-1.1.0+21.5/protobuf/configure" "--prefix=/opt/rustwide/target/release/build/protobuf-src-ef478bd586b85114/out/install" "--disable-shared" "--enable-static" "--disable-maintainer-mode"
[INFO] [stderr]   checking whether to enable maintainer-specific portions of Makefiles... no
[INFO] [stderr]   checking build system type... x86_64-pc-linux-gnu
[INFO] [stderr]   checking host system type... x86_64-pc-linux-gnu
[INFO] [stderr]   checking target system type... x86_64-pc-linux-gnu
[INFO] [stderr]   checking for a BSD-compatible install... /usr/bin/install -c
[INFO] [stderr]   checking whether build environment is sane... yes
[INFO] [stderr]   checking for a race-free mkdir -p... /usr/bin/mkdir -p
[INFO] [stderr]   checking for gawk... no
[INFO] [stderr]   checking for mawk... mawk
[INFO] [stderr]   checking whether make sets $(MAKE)... yes
[INFO] [stderr]   checking whether make supports nested variables... yes
[INFO] [stderr]   checking whether UID '0' is supported by ustar format... yes
[INFO] [stderr]   checking whether GID '0' is supported by ustar format... yes
[INFO] [stderr]   checking how to create a ustar tar archive... gnutar
[INFO] [stderr]   checking whether make supports nested variables... (cached) yes
[INFO] [stderr]   checking for gcc... cc
[INFO] [stderr]   checking whether the C compiler works... yes
[INFO] [stderr]   checking for C compiler default output file name... a.out
[INFO] [stderr]   checking for suffix of executables... 
[INFO] [stderr]   checking whether we are cross compiling... no
[INFO] [stderr]   checking for suffix of object files... o
[INFO] [stderr]   checking whether the compiler supports GNU C... yes
[INFO] [stderr]   checking whether cc accepts -g... yes
[INFO] [stderr]   checking for cc option to enable C11 features... none needed
[INFO] [stderr]   checking whether cc understands -c and -o together... yes
[INFO] [stderr]   checking whether make supports the include directive... yes (GNU style)
[INFO] [stderr]   checking dependency style of cc... gcc3
[INFO] [stderr]   checking whether the compiler supports GNU C++... yes
[INFO] [stderr]   checking whether c++ accepts -g... yes
[INFO] [stderr]   checking for c++ option to enable C++11 features... none needed
[INFO] [stderr]   checking dependency style of c++... gcc3
[INFO] [stderr]   checking how to run the C preprocessor... cc -E
[INFO] [stderr]   checking for gcc... gcc
[INFO] [stderr]   checking whether the compiler supports GNU C... (cached) yes
[INFO] [stderr]   checking whether gcc accepts -g... yes
[INFO] [stderr]   checking for gcc option to enable C11 features... (cached) none needed
[INFO] [stderr]   checking whether gcc understands -c and -o together... (cached) yes
[INFO] [stderr]   checking dependency style of gcc... (cached) gcc3
[INFO] [stderr]   checking how to run the C preprocessor... gcc -E
[INFO] [stderr]   checking how to run the C++ preprocessor... c++ -E
[INFO] [stderr]   checking for g++... g++
[INFO] [stderr]   checking whether the compiler supports GNU C++... (cached) yes
[INFO] [stderr]   checking whether g++ accepts -g... yes
[INFO] [stderr]   checking for g++ option to enable C++11 features... (cached) none needed
[INFO] [stderr]   checking dependency style of g++... (cached) gcc3
[INFO] [stderr]   checking how to run the C++ preprocessor... g++ -E
[INFO] [stderr]   checking for stdio.h... yes
[INFO] [stderr]   checking for stdlib.h... yes
[INFO] [stderr]   checking for string.h... yes
[INFO] [stderr]   checking for inttypes.h... yes
[INFO] [stderr]   checking for stdint.h... yes
[INFO] [stderr]   checking for strings.h... yes
[INFO] [stderr]   checking for sys/stat.h... yes
[INFO] [stderr]   checking for sys/types.h... yes
[INFO] [stderr]   checking for unistd.h... yes
[INFO] [stderr]   checking for wchar.h... yes
[INFO] [stderr]   checking for minix/config.h... no
[INFO] [stderr]   checking whether it is safe to define __EXTENSIONS__... yes
[INFO] [stderr]   checking whether _XOPEN_SOURCE should be defined... no
[INFO] [stderr]   checking for ar... ar
[INFO] [stderr]   checking the archiver (ar) interface... ar
[INFO] [stderr]   checking C++ compiler flags...... use user-supplied: -O0 -ffunction-sections -fdata-sections -fPIC -m64
[INFO] [stderr]   checking for c++ options needed to detect all undeclared functions... none needed
[INFO] [stderr]   checking whether __SUNPRO_CC is declared... no
[INFO] [stderr]   checking how to print strings... printf
[INFO] [stderr]   checking for a sed that does not truncate output... /usr/bin/sed
[INFO] [stderr]   checking for grep that handles long lines and -e... /usr/bin/grep
[INFO] [stderr]   checking for egrep... /usr/bin/grep -E
[INFO] [stderr]   checking for fgrep... /usr/bin/grep -F
[INFO] [stderr]   checking for ld used by cc... /usr/bin/x86_64-linux-gnu-ld
[INFO] [stderr]   checking if the linker (/usr/bin/x86_64-linux-gnu-ld) is GNU ld... yes
[INFO] [stderr]   checking for BSD- or MS-compatible name lister (nm)... /usr/bin/nm -B
[INFO] [stderr]   checking the name lister (/usr/bin/nm -B) interface... BSD nm
[INFO] [stderr]   checking whether ln -s works... yes
[INFO] [stderr]   checking the maximum length of command line arguments... 1572864
[INFO] [stderr]   checking how to convert x86_64-pc-linux-gnu file names to x86_64-pc-linux-gnu format... func_convert_file_noop
[INFO] [stderr]   checking how to convert x86_64-pc-linux-gnu file names to toolchain format... func_convert_file_noop
[INFO] [stderr]   checking for /usr/bin/x86_64-linux-gnu-ld option to reload object files... -r
[INFO] [stderr]   checking for file... file
[INFO] [stderr]   checking for objdump... objdump
[INFO] [stderr]   checking how to recognize dependent libraries... pass_all
[INFO] [stderr]   checking for dlltool... no
[INFO] [stderr]   checking how to associate runtime and link libraries... printf %s\n
[INFO] [stderr]   checking for archiver @FILE support... @
[INFO] [stderr]   checking for strip... strip
[INFO] [stderr]   checking for ranlib... ranlib
[INFO] [stderr]   checking command to parse /usr/bin/nm -B output from cc object... ok
[INFO] [stderr]   checking for sysroot... no
[INFO] [stderr]   checking for a working dd... /usr/bin/dd
[INFO] [stderr]   checking how to truncate binary pipes... /usr/bin/dd bs=4096 count=1
[INFO] [stderr]   checking for mt... no
[INFO] [stderr]   checking if : is a manifest tool... no
[INFO] [stderr]   checking for dlfcn.h... yes
[INFO] [stderr]   checking for objdir... .libs
[INFO] [stderr]   checking if cc supports -fno-rtti -fno-exceptions... no
[INFO] [stderr]   checking for cc option to produce PIC... -fPIC -DPIC
[INFO] [stderr]   checking if cc PIC flag -fPIC -DPIC works... yes
[INFO] [stderr]   checking if cc static flag -static works... yes
[INFO] [stderr]   checking if cc supports -c -o file.o... yes
[INFO] [stderr]   checking if cc supports -c -o file.o... (cached) yes
[INFO] [stderr]   checking whether the cc linker (/usr/bin/x86_64-linux-gnu-ld -m elf_x86_64) supports shared libraries... yes
[INFO] [stderr]   checking dynamic linker characteristics... GNU/Linux ld.so
[INFO] [stderr]   checking how to hardcode library paths into programs... immediate
[INFO] [stderr]   checking whether stripping libraries is possible... yes
[INFO] [stderr]   checking if libtool supports shared libraries... yes
[INFO] [stderr]   checking whether to build shared libraries... no
[INFO] [stderr]   checking whether to build static libraries... yes
[INFO] [stderr]   checking how to run the C++ preprocessor... c++ -E
[INFO] [stderr]   checking for ld used by c++... /usr/bin/x86_64-linux-gnu-ld -m elf_x86_64
[INFO] [stderr]   checking if the linker (/usr/bin/x86_64-linux-gnu-ld -m elf_x86_64) is GNU ld... yes
[INFO] [stderr]   checking whether the c++ linker (/usr/bin/x86_64-linux-gnu-ld -m elf_x86_64) supports shared libraries... yes
[INFO] [stderr]   checking for c++ option to produce PIC... -fPIC -DPIC
[INFO] [stderr]   checking if c++ PIC flag -fPIC -DPIC works... yes
[INFO] [stderr]   checking if c++ static flag -static works... yes
[INFO] [stderr]   checking if c++ supports -c -o file.o... yes
[INFO] [stderr]   checking if c++ supports -c -o file.o... (cached) yes
[INFO] [stderr]   checking whether the c++ linker (/usr/bin/x86_64-linux-gnu-ld -m elf_x86_64) supports shared libraries... yes
[INFO] [stderr]   checking dynamic linker characteristics... (cached) GNU/Linux ld.so
[INFO] [stderr]   checking how to hardcode library paths into programs... immediate
[INFO] [stderr]   checking whether the linker supports version scripts... yes
[INFO] [stderr]   checking for egrep... (cached) /usr/bin/grep -E
[INFO] [stderr]   checking for fcntl.h... yes
[INFO] [stderr]   checking for inttypes.h... (cached) yes
[INFO] [stderr]   checking for limits.h... yes
[INFO] [stderr]   checking for stdlib.h... (cached) yes
[INFO] [stderr]   checking for unistd.h... (cached) yes
[INFO] [stderr]   checking for working memcmp... yes
[INFO] [stderr]   checking for working strtod... yes
[INFO] [stderr]   checking for ftruncate... yes
[INFO] [stderr]   checking for memset... yes
[INFO] [stderr]   checking for mkdir... yes
[INFO] [stderr]   checking for strchr... yes
[INFO] [stderr]   checking for strerror... yes
[INFO] [stderr]   checking for strtol... yes
[INFO] [stderr]   checking zlib version... ok (1.2.0.4 or later)
[INFO] [stderr]   checking for library containing zlibVersion... -lz
[INFO] [stderr]   checking whether c++ supports C++11 features by default... yes
[INFO] [stderr]   checking whether -latomic is needed... no
[INFO] [stderr]   checking whether cc is Clang... no
[INFO] [stderr]   checking whether pthreads work with "-pthread" and "-lpthread"... yes
[INFO] [stderr]   checking for joinable pthread attribute... PTHREAD_CREATE_JOINABLE
[INFO] [stderr]   checking whether more special flags are required for pthreads... no
[INFO] [stderr]   checking for PTHREAD_PRIO_INHERIT... yes
[INFO] [stderr]   checking the location of hash_map... <unordered_map>
[INFO] [stderr]   checking whether -llog is needed... no
[INFO] [stderr]   checking that generated files are newer than configure... done
[INFO] [stderr]   configure: creating ./config.status
[INFO] [stderr]   config.status: creating Makefile
[INFO] [stderr]   config.status: creating src/Makefile
[INFO] [stderr]   config.status: creating benchmarks/Makefile
[INFO] [stderr]   config.status: creating conformance/Makefile
[INFO] [stderr]   config.status: creating protobuf.pc
[INFO] [stderr]   config.status: creating protobuf-lite.pc
[INFO] [stderr]   config.status: creating config.h
[INFO] [stderr]   config.status: executing depfiles commands
[INFO] [stderr]   config.status: executing libtool commands
[INFO] [stderr]   === configuring in third_party/googletest (/opt/rustwide/target/release/build/protobuf-src-ef478bd586b85114/out/install/build/third_party/googletest)
[INFO] [stderr]   configure: running /bin/bash /opt/rustwide/cargo-home/registry/src/index.crates.io-1949cf8c6b5b557f/protobuf-src-1.1.0+21.5/protobuf/third_party/googletest/configure --disable-option-checking '--prefix=/opt/rustwide/target/release/build/protobuf-src-ef478bd586b85114/out/install'  '--disable-shared' '--enable-static' '--disable-maintainer-mode' 'CC=cc' 'CFLAGS=-O0 -ffunction-sections -fdata-sections -fPIC -m64' 'CXX=c++' 'CXXFLAGS=-O0 -ffunction-sections -fdata-sections -fPIC -m64' --cache-file=/dev/null --srcdir=/opt/rustwide/cargo-home/registry/src/index.crates.io-1949cf8c6b5b557f/protobuf-src-1.1.0+21.5/protobuf/third_party/googletest
[INFO] [stderr]   checking for a BSD-compatible install... /usr/bin/install -c
[INFO] [stderr]   checking whether build environment is sane... yes
[INFO] [stderr]   checking for a race-free mkdir -p... /usr/bin/mkdir -p
[INFO] [stderr]   checking for gawk... no
[INFO] [stderr]   checking for mawk... mawk
[INFO] [stderr]   checking whether make sets $(MAKE)... yes
[INFO] [stderr]   checking whether make supports nested variables... yes
[INFO] [stderr]   checking that generated files are newer than configure... done
[INFO] [stderr]   configure: creating ./config.status
[INFO] [stderr]   config.status: creating Makefile
[INFO] [stderr]   === configuring in googletest (/opt/rustwide/target/release/build/protobuf-src-ef478bd586b85114/out/install/build/third_party/googletest/googletest)
[INFO] [stderr]   configure: running /bin/bash /opt/rustwide/cargo-home/registry/src/index.crates.io-1949cf8c6b5b557f/protobuf-src-1.1.0+21.5/protobuf/third_party/googletest/googletest/configure --disable-option-checking '--prefix=/opt/rustwide/target/release/build/protobuf-src-ef478bd586b85114/out/install'  '--disable-shared' '--enable-static' '--disable-maintainer-mode' 'CC=cc' 'CFLAGS=-O0 -ffunction-sections -fdata-sections -fPIC -m64' 'CXX=c++' 'CXXFLAGS=-O0 -ffunction-sections -fdata-sections -fPIC -m64' --cache-file=/dev/null --srcdir=/opt/rustwide/cargo-home/registry/src/index.crates.io-1949cf8c6b5b557f/protobuf-src-1.1.0+21.5/protobuf/third_party/googletest/googletest
[INFO] [stderr]   checking for a BSD-compatible install... /usr/bin/install -c
[INFO] [stderr]   checking whether build environment is sane... yes
[INFO] [stderr]   checking for a race-free mkdir -p... /usr/bin/mkdir -p
[INFO] [stderr]   checking for gawk... no
[INFO] [stderr]   checking for mawk... mawk
[INFO] [stderr]   checking whether make sets $(MAKE)... yes
[INFO] [stderr]   checking whether make supports nested variables... yes
[INFO] [stderr]   checking for gcc... cc
[INFO] [stderr]   checking whether the C compiler works... yes
[INFO] [stderr]   checking for C compiler default output file name... a.out
[INFO] [stderr]   checking for suffix of executables... 
[INFO] [stderr]   checking whether we are cross compiling... no
[INFO] [stderr]   checking for suffix of object files... o
[INFO] [stderr]   checking whether the compiler supports GNU C... yes
[INFO] [stderr]   checking whether cc accepts -g... yes
[INFO] [stderr]   checking for cc option to enable C11 features... none needed
[INFO] [stderr]   checking whether cc understands -c and -o together... yes
[INFO] [stderr]   checking whether make supports the include directive... yes (GNU style)
[INFO] [stderr]   checking dependency style of cc... gcc3
[INFO] [stderr]   checking whether the compiler supports GNU C++... yes
[INFO] [stderr]   checking whether c++ accepts -g... yes
[INFO] [stderr]   checking for c++ option to enable C++11 features... none needed
[INFO] [stderr]   checking dependency style of c++... gcc3
[INFO] [stderr]   checking build system type... x86_64-pc-linux-gnu
[INFO] [stderr]   checking host system type... x86_64-pc-linux-gnu
[INFO] [stderr]   checking how to print strings... printf
[INFO] [stderr]   checking for a sed that does not truncate output... /usr/bin/sed
[INFO] [stderr]   checking for grep that handles long lines and -e... /usr/bin/grep
[INFO] [stderr]   checking for egrep... /usr/bin/grep -E
[INFO] [stderr]   checking for fgrep... /usr/bin/grep -F
[INFO] [stderr]   checking for ld used by cc... /usr/bin/x86_64-linux-gnu-ld
[INFO] [stderr]   checking if the linker (/usr/bin/x86_64-linux-gnu-ld) is GNU ld... yes
[INFO] [stderr]   checking for BSD- or MS-compatible name lister (nm)... /usr/bin/nm -B
[INFO] [stderr]   checking the name lister (/usr/bin/nm -B) interface... BSD nm
[INFO] [stderr]   checking whether ln -s works... yes
[INFO] [stderr]   checking the maximum length of command line arguments... 1572864
[INFO] [stderr]   checking how to convert x86_64-pc-linux-gnu file names to x86_64-pc-linux-gnu format... func_convert_file_noop
[INFO] [stderr]   checking how to convert x86_64-pc-linux-gnu file names to toolchain format... func_convert_file_noop
[INFO] [stderr]   checking for /usr/bin/x86_64-linux-gnu-ld option to reload object files... -r
[INFO] [stderr]   checking for file... file
[INFO] [stderr]   checking for objdump... objdump
[INFO] [stderr]   checking how to recognize dependent libraries... pass_all
[INFO] [stderr]   checking for dlltool... no
[INFO] [stderr]   checking how to associate runtime and link libraries... printf %s\n
[INFO] [stderr]   checking for ar... ar
[INFO] [stderr]   checking for archiver @FILE support... @
[INFO] [stderr]   checking for strip... strip
[INFO] [stderr]   checking for ranlib... ranlib
[INFO] [stderr]   checking command to parse /usr/bin/nm -B output from cc object... ok
[INFO] [stderr]   checking for sysroot... no
[INFO] [stderr]   checking for a working dd... /usr/bin/dd
[INFO] [stderr]   checking how to truncate binary pipes... /usr/bin/dd bs=4096 count=1
[INFO] [stderr]   checking for mt... no
[INFO] [stderr]   checking if : is a manifest tool... no
[INFO] [stderr]   checking for stdio.h... yes
[INFO] [stderr]   checking for stdlib.h... yes
[INFO] [stderr]   checking for string.h... yes
[INFO] [stderr]   checking for inttypes.h... yes
[INFO] [stderr]   checking for stdint.h... yes
[INFO] [stderr]   checking for strings.h... yes
[INFO] [stderr]   checking for sys/stat.h... yes
[INFO] [stderr]   checking for sys/types.h... yes
[INFO] [stderr]   checking for unistd.h... yes
[INFO] [stderr]   checking for dlfcn.h... yes
[INFO] [stderr]   checking for objdir... .libs
[INFO] [stderr]   checking if cc supports -fno-rtti -fno-exceptions... no
[INFO] [stderr]   checking for cc option to produce PIC... -fPIC -DPIC
[INFO] [stderr]   checking if cc PIC flag -fPIC -DPIC works... yes
[INFO] [stderr]   checking if cc static flag -static works... yes
[INFO] [stderr]   checking if cc supports -c -o file.o... yes
[INFO] [stderr]   checking if cc supports -c -o file.o... (cached) yes
[INFO] [stderr]   checking whether the cc linker (/usr/bin/x86_64-linux-gnu-ld -m elf_x86_64) supports shared libraries... yes
[INFO] [stderr]   checking dynamic linker characteristics... GNU/Linux ld.so
[INFO] [stderr]   checking how to hardcode library paths into programs... immediate
[INFO] [stderr]   checking whether stripping libraries is possible... yes
[INFO] [stderr]   checking if libtool supports shared libraries... yes
[INFO] [stderr]   checking whether to build shared libraries... no
[INFO] [stderr]   checking whether to build static libraries... yes
[INFO] [stderr]   checking how to run the C++ preprocessor... c++ -E
[INFO] [stderr]   checking for ld used by c++... /usr/bin/x86_64-linux-gnu-ld -m elf_x86_64
[INFO] [stderr]   checking if the linker (/usr/bin/x86_64-linux-gnu-ld -m elf_x86_64) is GNU ld... yes
[INFO] [stderr]   checking whether the c++ linker (/usr/bin/x86_64-linux-gnu-ld -m elf_x86_64) supports shared libraries... yes
[INFO] [stderr]   checking for c++ option to produce PIC... -fPIC -DPIC
[INFO] [stderr]   checking if c++ PIC flag -fPIC -DPIC works... yes
[INFO] [stderr]   checking if c++ static flag -static works... yes
[INFO] [stderr]   checking if c++ supports -c -o file.o... yes
[INFO] [stderr]   checking if c++ supports -c -o file.o... (cached) yes
[INFO] [stderr]   checking whether the c++ linker (/usr/bin/x86_64-linux-gnu-ld -m elf_x86_64) supports shared libraries... yes
[INFO] [stderr]   checking dynamic linker characteristics... (cached) GNU/Linux ld.so
[INFO] [stderr]   checking how to hardcode library paths into programs... immediate
[INFO] [stderr]   checking for python... :
[INFO] [stderr]   checking for the pthreads library -lpthreads... no
[INFO] [stderr]   checking whether pthreads work without any flags... yes
[INFO] [stderr]   checking for joinable pthread attribute... PTHREAD_CREATE_JOINABLE
[INFO] [stderr]   checking if more special flags are required for pthreads... no
[INFO] [stderr]   checking whether to check for GCC pthread/shared inconsistencies... yes
[INFO] [stderr]   checking whether -pthread is sufficient with -shared... yes
[INFO] [stderr]   checking that generated files are newer than configure... done
[INFO] [stderr]   configure: creating ./config.status
[INFO] [stderr]   config.status: creating Makefile
[INFO] [stderr]   config.status: creating scripts/gtest-config
[INFO] [stderr]   config.status: creating build-aux/config.h
[INFO] [stderr]   config.status: executing depfiles commands
[INFO] [stderr]   config.status: executing libtool commands
[INFO] [stderr]   === configuring in googlemock (/opt/rustwide/target/release/build/protobuf-src-ef478bd586b85114/out/install/build/third_party/googletest/googlemock)
[INFO] [stderr]   configure: running /bin/bash /opt/rustwide/cargo-home/registry/src/index.crates.io-1949cf8c6b5b557f/protobuf-src-1.1.0+21.5/protobuf/third_party/googletest/googlemock/configure --disable-option-checking '--prefix=/opt/rustwide/target/release/build/protobuf-src-ef478bd586b85114/out/install'  '--disable-shared' '--enable-static' '--disable-maintainer-mode' 'CC=cc' 'CFLAGS=-O0 -ffunction-sections -fdata-sections -fPIC -m64' 'CXX=c++' 'CXXFLAGS=-O0 -ffunction-sections -fdata-sections -fPIC -m64' --cache-file=/dev/null --srcdir=/opt/rustwide/cargo-home/registry/src/index.crates.io-1949cf8c6b5b557f/protobuf-src-1.1.0+21.5/protobuf/third_party/googletest/googlemock
[INFO] [stderr]   checking for a BSD-compatible install... /usr/bin/install -c
[INFO] [stderr]   checking whether build environment is sane... yes
[INFO] [stderr]   checking for a race-free mkdir -p... /usr/bin/mkdir -p
[INFO] [stderr]   checking for gawk... no
[INFO] [stderr]   checking for mawk... mawk
[INFO] [stderr]   checking whether make sets $(MAKE)... yes
[INFO] [stderr]   checking whether make supports nested variables... yes
[INFO] [stderr]   checking for gcc... cc
[INFO] [stderr]   checking whether the C compiler works... yes
[INFO] [stderr]   checking for C compiler default output file name... a.out
[INFO] [stderr]   checking for suffix of executables... 
[INFO] [stderr]   checking whether we are cross compiling... no
[INFO] [stderr]   checking for suffix of object files... o
[INFO] [stderr]   checking whether the compiler supports GNU C... yes
[INFO] [stderr]   checking whether cc accepts -g... yes
[INFO] [stderr]   checking for cc option to enable C11 features... none needed
[INFO] [stderr]   checking whether cc understands -c and -o together... yes
[INFO] [stderr]   checking whether make supports the include directive... yes (GNU style)
[INFO] [stderr]   checking dependency style of cc... gcc3
[INFO] [stderr]   checking whether the compiler supports GNU C++... yes
[INFO] [stderr]   checking whether c++ accepts -g... yes
[INFO] [stderr]   checking for c++ option to enable C++11 features... none needed
[INFO] [stderr]   checking dependency style of c++... gcc3
[INFO] [stderr]   checking build system type... x86_64-pc-linux-gnu
[INFO] [stderr]   checking host system type... x86_64-pc-linux-gnu
[INFO] [stderr]   checking how to print strings... printf
[INFO] [stderr]   checking for a sed that does not truncate output... /usr/bin/sed
[INFO] [stderr]   checking for grep that handles long lines and -e... /usr/bin/grep
[INFO] [stderr]   checking for egrep... /usr/bin/grep -E
[INFO] [stderr]   checking for fgrep... /usr/bin/grep -F
[INFO] [stderr]   checking for ld used by cc... /usr/bin/x86_64-linux-gnu-ld
[INFO] [stderr]   checking if the linker (/usr/bin/x86_64-linux-gnu-ld) is GNU ld... yes
[INFO] [stderr]   checking for BSD- or MS-compatible name lister (nm)... /usr/bin/nm -B
[INFO] [stderr]   checking the name lister (/usr/bin/nm -B) interface... BSD nm
[INFO] [stderr]   checking whether ln -s works... yes
[INFO] [stderr]   checking the maximum length of command line arguments... 1572864
[INFO] [stderr]   checking how to convert x86_64-pc-linux-gnu file names to x86_64-pc-linux-gnu format... func_convert_file_noop
[INFO] [stderr]   checking how to convert x86_64-pc-linux-gnu file names to toolchain format... func_convert_file_noop
[INFO] [stderr]   checking for /usr/bin/x86_64-linux-gnu-ld option to reload object files... -r
[INFO] [stderr]   checking for file... file
[INFO] [stderr]   checking for objdump... objdump
[INFO] [stderr]   checking how to recognize dependent libraries... pass_all
[INFO] [stderr]   checking for dlltool... no
[INFO] [stderr]   checking how to associate runtime and link libraries... printf %s\n
[INFO] [stderr]   checking for ar... ar
[INFO] [stderr]   checking for archiver @FILE support... @
[INFO] [stderr]   checking for strip... strip
[INFO] [stderr]   checking for ranlib... ranlib
[INFO] [stderr]   checking command to parse /usr/bin/nm -B output from cc object... ok
[INFO] [stderr]   checking for sysroot... no
[INFO] [stderr]   checking for a working dd... /usr/bin/dd
[INFO] [stderr]   checking how to truncate binary pipes... /usr/bin/dd bs=4096 count=1
[INFO] [stderr]   checking for mt... no
[INFO] [stderr]   checking if : is a manifest tool... no
[INFO] [stderr]   checking for stdio.h... yes
[INFO] [stderr]   checking for stdlib.h... yes
[INFO] [stderr]   checking for string.h... yes
[INFO] [stderr]   checking for inttypes.h... yes
[INFO] [stderr]   checking for stdint.h... yes
[INFO] [stderr]   checking for strings.h... yes
[INFO] [stderr]   checking for sys/stat.h... yes
[INFO] [stderr]   checking for sys/types.h... yes
[INFO] [stderr]   checking for unistd.h... yes
[INFO] [stderr]   checking for dlfcn.h... yes
[INFO] [stderr]   checking for objdir... .libs
[INFO] [stderr]   checking if cc supports -fno-rtti -fno-exceptions... no
[INFO] [stderr]   checking for cc option to produce PIC... -fPIC -DPIC
[INFO] [stderr]   checking if cc PIC flag -fPIC -DPIC works... yes
[INFO] [stderr]   checking if cc static flag -static works... yes
[INFO] [stderr]   checking if cc supports -c -o file.o... yes
[INFO] [stderr]   checking if cc supports -c -o file.o... (cached) yes
[INFO] [stderr]   checking whether the cc linker (/usr/bin/x86_64-linux-gnu-ld -m elf_x86_64) supports shared libraries... yes
[INFO] [stderr]   checking dynamic linker characteristics... GNU/Linux ld.so
[INFO] [stderr]   checking how to hardcode library paths into programs... immediate
[INFO] [stderr]   checking whether stripping libraries is possible... yes
[INFO] [stderr]   checking if libtool supports shared libraries... yes
[INFO] [stderr]   checking whether to build shared libraries... no
[INFO] [stderr]   checking whether to build static libraries... yes
[INFO] [stderr]   checking how to run the C++ preprocessor... c++ -E
[INFO] [stderr]   checking for ld used by c++... /usr/bin/x86_64-linux-gnu-ld -m elf_x86_64
[INFO] [stderr]   checking if the linker (/usr/bin/x86_64-linux-gnu-ld -m elf_x86_64) is GNU ld... yes
[INFO] [stderr]   checking whether the c++ linker (/usr/bin/x86_64-linux-gnu-ld -m elf_x86_64) supports shared libraries... yes
[INFO] [stderr]   checking for c++ option to produce PIC... -fPIC -DPIC
[INFO] [stderr]   checking if c++ PIC flag -fPIC -DPIC works... yes
[INFO] [stderr]   checking if c++ static flag -static works... yes
[INFO] [stderr]   checking if c++ supports -c -o file.o... yes
[INFO] [stderr]   checking if c++ supports -c -o file.o... (cached) yes
[INFO] [stderr]   checking whether the c++ linker (/usr/bin/x86_64-linux-gnu-ld -m elf_x86_64) supports shared libraries... yes
[INFO] [stderr]   checking dynamic linker characteristics... (cached) GNU/Linux ld.so
[INFO] [stderr]   checking how to hardcode library paths into programs... immediate
[INFO] [stderr]   checking for python... :
[INFO] [stderr]   checking for the pthreads library -lpthreads... no
[INFO] [stderr]   checking whether pthreads work without any flags... yes
[INFO] [stderr]   checking for joinable pthread attribute... PTHREAD_CREATE_JOINABLE
[INFO] [stderr]   checking if more special flags are required for pthreads... no
[INFO] [stderr]   checking whether to check for GCC pthread/shared inconsistencies... yes
[INFO] [stderr]   checking whether -pthread is sufficient with -shared... yes
[INFO] [stderr]   checking for gtest-config... no
[INFO] [stderr]   checking that generated files are newer than configure... done
[INFO] [stderr]   configure: creating ./config.status
[INFO] [stderr]   config.status: creating Makefile
[INFO] [stderr]   config.status: creating scripts/gmock-config
[INFO] [stderr]   config.status: creating build-aux/config.h
[INFO] [stderr]   config.status: executing depfiles commands
[INFO] [stderr]   config.status: executing libtool commands
[INFO] [stderr]   running: cd "/opt/rustwide/target/release/build/protobuf-src-ef478bd586b85114/out/install/build" && MAKEFLAGS="-j --jobserver-fds=4,5 --jobserver-auth=4,5" "sh" "-c" "exec \"$0\" \"$@\"" "make" "install"
[INFO] [stderr]   Making install in .
[INFO] [stderr]   make[1]: Entering directory '/opt/rustwide/target/release/build/protobuf-src-ef478bd586b85114/out/install/build'
[INFO] [stderr]   make[2]: Entering directory '/opt/rustwide/target/release/build/protobuf-src-ef478bd586b85114/out/install/build'
[INFO] [stderr]   make[2]: Nothing to be done for 'install-exec-am'.
[INFO] [stderr]    /usr/bin/mkdir -p '/opt/rustwide/target/release/build/protobuf-src-ef478bd586b85114/out/install/lib/pkgconfig'
[INFO] [stderr]    /usr/bin/install -c -m 644 protobuf.pc protobuf-lite.pc '/opt/rustwide/target/release/build/protobuf-src-ef478bd586b85114/out/install/lib/pkgconfig'
[INFO] [stderr]   make[2]: Leaving directory '/opt/rustwide/target/release/build/protobuf-src-ef478bd586b85114/out/install/build'
[INFO] [stderr]   make[1]: Leaving directory '/opt/rustwide/target/release/build/protobuf-src-ef478bd586b85114/out/install/build'
[INFO] [stderr]   Making install in src
[INFO] [stderr]   make[1]: Entering directory '/opt/rustwide/target/release/build/protobuf-src-ef478bd586b85114/out/install/build/src'
[INFO] [stderr]     CXX      google/protobuf/map.lo
[INFO] [stderr]     CXX      google/protobuf/message_lite.lo
[INFO] [stderr]     CXX      google/protobuf/parse_context.lo
[INFO] [stderr]     CXX      google/protobuf/repeated_field.lo
[INFO] [stderr]     CXX      google/protobuf/repeated_ptr_field.lo
[INFO] [stderr]     CXX      google/protobuf/wire_format_lite.lo
[INFO] [stderr]     CXX      google/protobuf/any.lo
[INFO] [stderr]     CXX      google/protobuf/any.pb.lo
[INFO] [stderr]     CXX      google/protobuf/api.pb.lo
[INFO] [stderr]     CXX      google/protobuf/compiler/importer.lo
[INFO] [stderr]     CXX      google/protobuf/compiler/parser.lo
[INFO] [stderr]     CXX      google/protobuf/descriptor.lo
[INFO] [stderr]     CXX      google/protobuf/descriptor.pb.lo
[INFO] [stderr]   make[1]: Leaving directory '/opt/rustwide/target/release/build/protobuf-src-ef478bd586b85114/out/install/build/src'
[INFO] [stderr] 
[INFO] [stderr]   --- stderr
[INFO] [stderr]   c++: fatal error: Killed signal terminated program cc1plus
[INFO] [stderr]   compilation terminated.
[INFO] [stderr]   make[1]: *** [Makefile:4514: google/protobuf/map.lo] Error 1
[INFO] [stderr]   make[1]: *** Waiting for unfinished jobs....
[INFO] [stderr]   c++: fatal error: Killed signal terminated program cc1plus
[INFO] [stderr]   compilation terminated.
[INFO] [stderr]   make[1]: *** [Makefile:4514: google/protobuf/message_lite.lo] Error 1
[INFO] [stderr]   make: *** [Makefile:1757: install-recursive] Error 1
[INFO] [stderr] 
[INFO] [stderr]   thread 'main' (3306) panicked at /opt/rustwide/cargo-home/registry/src/index.crates.io-1949cf8c6b5b557f/autotools-0.2.6/src/lib.rs:781:5:
[INFO] [stderr] 
[INFO] [stderr]   command did not execute successfully, got: exit status: 2
[INFO] [stderr] 
[INFO] [stderr]   build script failed, must exit now
[INFO] [stderr]   stack backtrace:
[INFO] [stderr]      0:     0x580cb8656a21 - <<std[70759c8f55707aa4]::sys::backtrace::BacktraceLock>::print::DisplayBacktrace as core[df12db4294e9bfd3]::fmt::Display>::fmt
[INFO] [stderr]      1:     0x580cb866aa8a - core[df12db4294e9bfd3]::fmt::write
[INFO] [stderr]      2:     0x580cb865cbfc - <std[70759c8f55707aa4]::sys::stdio::unix::Stderr as core[df12db4294e9bfd3]::io::write::Write>::write_fmt
[INFO] [stderr]      3:     0x580cb8635116 - std[70759c8f55707aa4]::panicking::default_hook::{closure#0}
[INFO] [stderr]      4:     0x580cb8651021 - std[70759c8f55707aa4]::panicking::default_hook
[INFO] [stderr]      5:     0x580cb86511db - std[70759c8f55707aa4]::panicking::panic_with_hook
[INFO] [stderr]      6:     0x580cb86351c2 - std[70759c8f55707aa4]::panicking::panic_handler::{closure#0}
[INFO] [stderr]      7:     0x580cb862dd99 - std[70759c8f55707aa4]::sys::backtrace::__rust_end_short_backtrace::<std[70759c8f55707aa4]::panicking::panic_handler::{closure#0}, !>
[INFO] [stderr]      8:     0x580cb8635acd - __rustc[8fa7c3cbc660c2b3]::rust_begin_unwind
[INFO] [stderr]      9:     0x580cb866b1fc - core[df12db4294e9bfd3]::panicking::panic_fmt
[INFO] [stderr]     10:     0x580cb85e2db7 - autotools[60db1f56eb37d22]::fail
[INFO] [stderr]     11:     0x580cb85e6588 - <autotools[60db1f56eb37d22]::Config>::build
[INFO] [stderr]     12:     0x580cb85dfb89 - build_script_build[95a1fe8bd48b77a7]::main
[INFO] [stderr]     13:     0x580cb85e0e23 - <fn() -> core[df12db4294e9bfd3]::result::Result<(), alloc[2182bb758b4b3781]::boxed::Box<dyn core[df12db4294e9bfd3]::error::Error>> as core[df12db4294e9bfd3]::ops::function::FnOnce<()>>::call_once
[INFO] [stderr]     14:     0x580cb85df806 - std[70759c8f55707aa4]::sys::backtrace::__rust_begin_short_backtrace::<fn() -> core[df12db4294e9bfd3]::result::Result<(), alloc[2182bb758b4b3781]::boxed::Box<dyn core[df12db4294e9bfd3]::error::Error>>, core[df12db4294e9bfd3]::result::Result<(), alloc[2182bb758b4b3781]::boxed::Box<dyn core[df12db4294e9bfd3]::error::Error>>>
[INFO] [stderr]     15:     0x580cb85df859 - std[70759c8f55707aa4]::rt::lang_start::<core[df12db4294e9bfd3]::result::Result<(), alloc[2182bb758b4b3781]::boxed::Box<dyn core[df12db4294e9bfd3]::error::Error>>>::{closure#0}
[INFO] [stderr]     16:     0x580cb86503e9 - std[70759c8f55707aa4]::rt::lang_start_internal
[INFO] [stderr]     17:     0x580cb85df321 - std[70759c8f55707aa4]::rt::lang_start::<core[df12db4294e9bfd3]::result::Result<(), alloc[2182bb758b4b3781]::boxed::Box<dyn core[df12db4294e9bfd3]::error::Error>>>
[INFO] [stderr]     18:     0x580cb85e0ee5 - main
[INFO] [stderr]     19:     0x74cfec0d1601 - <unknown>
[INFO] [stderr]     20:     0x74cfec0d1718 - __libc_start_main
[INFO] [stderr]     21:     0x580cb85ddd95 - _start
[INFO] [stderr]     22:                0x0 - <unknown>
[INFO] running `Command { std: "docker" "inspect" "235506201a55e8d32f9928739194a720e82548902127fb5b5f9cacf51f4b2a39", kill_on_drop: false }`
[INFO] running `Command { std: "docker" "rm" "-f" "235506201a55e8d32f9928739194a720e82548902127fb5b5f9cacf51f4b2a39", kill_on_drop: false }`
[INFO] [stdout] 235506201a55e8d32f9928739194a720e82548902127fb5b5f9cacf51f4b2a39
