[INFO] fetching crate solana-address 2.9.0...
[INFO] testing solana-address-2.9.0 against 1.100.0-beta.1+cargoflags=--release for beta-release-1.100-2
[INFO] extracting crate solana-address 2.9.0 into /workspace/builds/worker-5-tc2/source
[INFO] started tweaking crates.io crate solana-address 2.9.0
[INFO] finished tweaking crates.io crate solana-address 2.9.0
[INFO] tweaked toml for crates.io crate solana-address 2.9.0 written to /workspace/builds/worker-5-tc2/source/Cargo.toml
[INFO] validating manifest of crates.io crate solana-address 2.9.0 on toolchain 1.100.0-beta.1
[INFO] running `Command { std: CARGO_HOME="/workspace/cargo-home" RUSTUP_HOME="/workspace/rustup-home" "/workspace/cargo-home/bin/cargo" "+1.100.0-beta.1" "metadata" "--manifest-path" "Cargo.toml" "--no-deps", kill_on_drop: false }`
[INFO] crate crates.io crate solana-address 2.9.0 already has a lockfile, it will not be regenerated
[INFO] running `Command { std: CARGO_HOME="/workspace/cargo-home" RUSTUP_HOME="/workspace/rustup-home" "/workspace/cargo-home/bin/cargo" "+1.100.0-beta.1" "fetch" "--manifest-path" "Cargo.toml", kill_on_drop: false }`
[INFO] running `Command { std: "docker" "create" "-v" "/var/lib/crater-agent-workspace/builds/worker-5-tc2/source:/opt/rustwide/workdir:ro,Z" "-v" "/var/lib/crater-agent-workspace/builds/worker-5-tc2/target:/opt/rustwide/target:rw,Z" "-v" "/var/lib/crater-agent-workspace/cargo-home:/opt/rustwide/cargo-home:ro,Z" "-v" "/var/lib/crater-agent-workspace/rustup-home:/opt/rustwide/rustup-home:ro,Z" "-m" "1610612736" "--network" "none" "ghcr.io/rust-lang/crates-build-env/linux@sha256:77db811e55d90add9212f6832c23229e3de5f1c1f9905e8cb07319ea15df73ac" "sleep" "infinity", kill_on_drop: false }`
[INFO] [stdout] fae39fdccbd959c7a16bbca5fd5182c17561dca65c8324cb37c250ec44da3cd2
[INFO] running `Command { std: "docker" "start" "fae39fdccbd959c7a16bbca5fd5182c17561dca65c8324cb37c250ec44da3cd2", kill_on_drop: false }`
[INFO] running `Command { std: "docker" "inspect" "fae39fdccbd959c7a16bbca5fd5182c17561dca65c8324cb37c250ec44da3cd2", kill_on_drop: false }`
[INFO] running `Command { std: "docker" "exec" "-e" "SOURCE_DIR=/opt/rustwide/workdir" "-e" "CARGO_HOME=/opt/rustwide/cargo-home" "-e" "RUSTUP_HOME=/opt/rustwide/rustup-home" "-e" "CARGO_TARGET_DIR=/opt/rustwide/target" "-w" "/opt/rustwide/workdir" "--user" "0:0" "fae39fdccbd959c7a16bbca5fd5182c17561dca65c8324cb37c250ec44da3cd2" "/opt/rustwide/cargo-home/bin/cargo" "+1.100.0-beta.1" "metadata" "--no-deps" "--format-version=1", kill_on_drop: false }`
[INFO] running `Command { std: "docker" "inspect" "fae39fdccbd959c7a16bbca5fd5182c17561dca65c8324cb37c250ec44da3cd2", kill_on_drop: false }`
[INFO] running `Command { std: "docker" "exec" "-e" "SOURCE_DIR=/opt/rustwide/workdir" "-e" "CARGO_HOME=/opt/rustwide/cargo-home" "-e" "RUSTUP_HOME=/opt/rustwide/rustup-home" "-e" "CARGO_TARGET_DIR=/opt/rustwide/target" "-e" "CARGO_INCREMENTAL=0" "-e" "RUST_BACKTRACE=full" "-e" "RUSTFLAGS=--cap-lints=warn" "-e" "RUSTDOCFLAGS=--cap-lints=warn" "-w" "/opt/rustwide/workdir" "--user" "0:0" "fae39fdccbd959c7a16bbca5fd5182c17561dca65c8324cb37c250ec44da3cd2" "/opt/rustwide/cargo-home/bin/cargo" "+1.100.0-beta.1" "build" "--frozen" "--message-format=json" "--release", kill_on_drop: false }`
[INFO] [stderr]    Compiling solana-address v2.9.0 (/opt/rustwide/workdir)
[INFO] [stderr]     Finished `release` profile [optimized] target(s) in 0.11s
[INFO] running `Command { std: "docker" "inspect" "fae39fdccbd959c7a16bbca5fd5182c17561dca65c8324cb37c250ec44da3cd2", kill_on_drop: false }`
[INFO] running `Command { std: "docker" "exec" "-e" "SOURCE_DIR=/opt/rustwide/workdir" "-e" "CARGO_HOME=/opt/rustwide/cargo-home" "-e" "RUSTUP_HOME=/opt/rustwide/rustup-home" "-e" "CARGO_TARGET_DIR=/opt/rustwide/target" "-e" "CARGO_INCREMENTAL=0" "-e" "RUST_BACKTRACE=full" "-e" "RUSTFLAGS=--cap-lints=warn" "-e" "RUSTDOCFLAGS=--cap-lints=warn" "-w" "/opt/rustwide/workdir" "--user" "0:0" "fae39fdccbd959c7a16bbca5fd5182c17561dca65c8324cb37c250ec44da3cd2" "/opt/rustwide/cargo-home/bin/cargo" "+1.100.0-beta.1" "test" "--frozen" "--no-run" "--message-format=json" "--release", kill_on_drop: false }`
[INFO] [stderr]    Compiling indexmap v2.14.0
[INFO] [stderr]    Compiling cfg_aliases v0.2.2
[INFO] [stderr]    Compiling syn v2.0.119
[INFO] [stderr]    Compiling syn v1.0.109
[INFO] [stderr]    Compiling solana-hash v4.7.0
[INFO] [stderr]    Compiling strum v0.24.1
[INFO] [stderr]    Compiling borsh v1.8.0
[INFO] [stderr]    Compiling toml_edit v0.25.13+spec-1.1.0
[INFO] [stderr]    Compiling proc-macro-crate v3.5.0
[INFO] [stderr]    Compiling strum_macros v0.24.3
[INFO] [stderr]    Compiling borsh-derive v1.8.0
[INFO] [stderr]    Compiling solana-program-error v3.0.1
[INFO] [stderr]    Compiling solana-address v2.9.0 (/opt/rustwide/workdir)
[INFO] [stdout] error[E0433]: cannot find module or crate `std` in this scope
[INFO] [stdout]    --> src/lib.rs:519:42
[INFO] [stdout]     |
[INFO] [stdout] 519 |     use {super::*, core::str::from_utf8, std::string::String};
[INFO] [stdout]     |                                          ^^^ use of unresolved module or unlinked crate `std`
[INFO] [stdout]     |
[INFO] [stdout]     = help: if you wanted to use a crate named `std`, use `cargo add std` to add it to your `Cargo.toml`
[INFO] [stdout] 
[INFO] [stdout] 
[INFO] [stdout] error[E0433]: cannot find module or crate `std` in this scope
[INFO] [stdout]    --> src/lib.rs:723:29
[INFO] [stdout]     |
[INFO] [stdout] 723 |         let mut addresses = std::vec![];
[INFO] [stdout]     |                             ^^^ use of unresolved module or unlinked crate `std`
[INFO] [stdout]     |
[INFO] [stdout] note: found an item that was configured out
[INFO] [stdout]    --> src/lib.rs:30:14
[INFO] [stdout]     |
[INFO] [stdout]  29 | #[cfg(feature = "std")]
[INFO] [stdout]     |       --------------- the item is gated behind the `std` feature
[INFO] [stdout]  30 | extern crate std;
[INFO] [stdout]     |              ^^^
[INFO] [stdout] 
[INFO] [stdout] 
[INFO] [stdout] error: cannot find macro `address` in this scope
[INFO] [stdout]    --> src/lib.rs:789:13
[INFO] [stdout]     |
[INFO] [stdout] 789 |             address!("9h1HyLCW5dZnBVap8C5egQ9Z6pHyjsh5MNy83iPqqRuq"),
[INFO] [stdout]     |             ^^^^^^^
[INFO] [stdout] 
[INFO] [stdout] 
[INFO] [stdout] error[E0425]: cannot find type `AddressError` in this scope
[INFO] [stdout]    --> src/lib.rs:752:70
[INFO] [stdout]     |
[INFO] [stdout] 752 |     fn address_from_seed_by_marker(marker: &[u8]) -> Result<Address, AddressError> {
[INFO] [stdout]     |                                                                      ^^^^^^^^^^^^ not found in this scope
[INFO] [stdout]     |
[INFO] [stdout] note: found an item that was configured out
[INFO] [stdout]    --> src/lib.rs:21:19
[INFO] [stdout]     |
[INFO] [stdout]  20 | #[cfg(feature = "sha2")]
[INFO] [stdout]     |       ---------------- the item is gated behind the `sha2` feature
[INFO] [stdout]  21 | use crate::error::AddressError;
[INFO] [stdout]     |                   ^^^^^^^^^^^^
[INFO] [stdout] help: you might be missing a type parameter
[INFO] [stdout]     |
[INFO] [stdout] 752 |     fn address_from_seed_by_marker<AddressError>(marker: &[u8]) -> Result<Address, AddressError> {
[INFO] [stdout]     |                                   ++++++++++++++
[INFO] [stdout] 
[INFO] [stdout] 
[INFO] [stdout] error[E0433]: cannot find module or crate `five8` in this scope
[INFO] [stdout]    --> src/lib.rs:523:21
[INFO] [stdout]     |
[INFO] [stdout] 523 |         let count = five8::encode_32(address, &mut buffer);
[INFO] [stdout]     |                     ^^^^^ use of unresolved module or unlinked crate `five8`
[INFO] [stdout]     |
[INFO] [stdout]     = help: if you wanted to use a crate named `five8`, use `cargo add five8` to add it to your `Cargo.toml`
[INFO] [stdout] 
[INFO] [stdout] 
[INFO] [stdout] error[E0599]: no method named `to_string` found for reference `&str` in the current scope
[INFO] [stdout]    --> src/lib.rs:524:55
[INFO] [stdout]     |
[INFO] [stdout] 524 |         from_utf8(&buffer[..count as usize]).unwrap().to_string()
[INFO] [stdout]     |                                                       ^^^^^^^^^ method not found in `&str`
[INFO] [stdout]     |
[INFO] [stdout]     = help: items from traits can only be used if the trait is in scope
[INFO] [stdout] help: trait `ToString` which provides `to_string` is implemented but not in scope; perhaps you want to import it
[INFO] [stdout]     |
[INFO] [stdout] 519 +     use alloc::string::ToString;
[INFO] [stdout]     |
[INFO] [stdout] 
[INFO] [stdout] 
[INFO] [stdout] error[E0599]: no associated function or constant named `new_unique` found for struct `Address` in the current scope
[INFO] [stdout]    --> src/lib.rs:529:26
[INFO] [stdout]     |
[INFO] [stdout] 108 | pub struct Address(pub(crate) [u8; 32]);
[INFO] [stdout]     | ------------------ associated function or constant `new_unique` not found for this struct
[INFO] [stdout] ...
[INFO] [stdout] 529 |         assert!(Address::new_unique() != Address::new_unique());
[INFO] [stdout]     |                          ^^^^^^^^^^ associated function or constant not found in `Address`
[INFO] [stdout]     |
[INFO] [stdout] note: if you're trying to build a new `Address`, consider using `Address::new_from_array` which returns `Address`
[INFO] [stdout]    --> src/lib.rs:230:5
[INFO] [stdout]     |
[INFO] [stdout] 230 |     pub const fn new_from_array(address_array: [u8; 32]) -> Self {
[INFO] [stdout]     |     ^^^^^^^^^^^^^^^^^^^^^^^^^^^^^^^^^^^^^^^^^^^^^^^^^^^^^^^^^^^^
[INFO] [stdout] 
[INFO] [stdout] 
[INFO] [stdout] error[E0599]: no associated function or constant named `new_unique` found for struct `Address` in the current scope
[INFO] [stdout]    --> src/lib.rs:529:51
[INFO] [stdout]     |
[INFO] [stdout] 108 | pub struct Address(pub(crate) [u8; 32]);
[INFO] [stdout]     | ------------------ associated function or constant `new_unique` not found for this struct
[INFO] [stdout] ...
[INFO] [stdout] 529 |         assert!(Address::new_unique() != Address::new_unique());
[INFO] [stdout]     |                                                   ^^^^^^^^^^ associated function or constant not found in `Address`
[INFO] [stdout]     |
[INFO] [stdout] note: if you're trying to build a new `Address`, consider using `Address::new_from_array` which returns `Address`
[INFO] [stdout]    --> src/lib.rs:230:5
[INFO] [stdout]     |
[INFO] [stdout] 230 |     pub const fn new_from_array(address_array: [u8; 32]) -> Self {
[INFO] [stdout]     |     ^^^^^^^^^^^^^^^^^^^^^^^^^^^^^^^^^^^^^^^^^^^^^^^^^^^^^^^^^^^^
[INFO] [stdout] 
[INFO] [stdout] 
[INFO] [stdout] error[E0599]: no associated function or constant named `new_unique` found for struct `Address` in the current scope
[INFO] [stdout]    --> src/lib.rs:534:32
[INFO] [stdout]     |
[INFO] [stdout] 108 | pub struct Address(pub(crate) [u8; 32]);
[INFO] [stdout]     | ------------------ associated function or constant `new_unique` not found for this struct
[INFO] [stdout] ...
[INFO] [stdout] 534 |         let address = Address::new_unique();
[INFO] [stdout]     |                                ^^^^^^^^^^ associated function or constant not found in `Address`
[INFO] [stdout]     |
[INFO] [stdout] note: if you're trying to build a new `Address`, consider using `Address::new_from_array` which returns `Address`
[INFO] [stdout]    --> src/lib.rs:230:5
[INFO] [stdout]     |
[INFO] [stdout] 230 |     pub const fn new_from_array(address_array: [u8; 32]) -> Self {
[INFO] [stdout]     |     ^^^^^^^^^^^^^^^^^^^^^^^^^^^^^^^^^^^^^^^^^^^^^^^^^^^^^^^^^^^^
[INFO] [stdout] 
[INFO] [stdout] 
[INFO] [stdout] error[E0433]: cannot find type `ParseAddressError` in this scope
[INFO] [stdout]    --> src/lib.rs:542:17
[INFO] [stdout]     |
[INFO] [stdout] 542 |             Err(ParseAddressError::WrongSize)
[INFO] [stdout]     |                 ^^^^^^^^^^^^^^^^^ use of undeclared type `ParseAddressError`
[INFO] [stdout]     |
[INFO] [stdout] note: found an item that was configured out
[INFO] [stdout]    --> src/lib.rs:23:19
[INFO] [stdout]     |
[INFO] [stdout]  22 | #[cfg(feature = "decode")]
[INFO] [stdout]     |       ------------------ the item is gated behind the `decode` feature
[INFO] [stdout]  23 | use crate::error::ParseAddressError;
[INFO] [stdout]     |                   ^^^^^^^^^^^^^^^^^
[INFO] [stdout] 
[INFO] [stdout] 
[INFO] [stdout] error[E0433]: cannot find type `ParseAddressError` in this scope
[INFO] [stdout]    --> src/lib.rs:551:17
[INFO] [stdout]     |
[INFO] [stdout] 551 |             Err(ParseAddressError::WrongSize)
[INFO] [stdout]     |                 ^^^^^^^^^^^^^^^^^ use of undeclared type `ParseAddressError`
[INFO] [stdout]     |
[INFO] [stdout] note: found an item that was configured out
[INFO] [stdout]    --> src/lib.rs:23:19
[INFO] [stdout]     |
[INFO] [stdout]  22 | #[cfg(feature = "decode")]
[INFO] [stdout]     |       ------------------ the item is gated behind the `decode` feature
[INFO] [stdout]  23 | use crate::error::ParseAddressError;
[INFO] [stdout]     |                   ^^^^^^^^^^^^^^^^^
[INFO] [stdout] 
[INFO] [stdout] 
[INFO] [stdout] error[E0433]: cannot find type `ParseAddressError` in this scope
[INFO] [stdout]    --> src/lib.rs:561:17
[INFO] [stdout]     |
[INFO] [stdout] 561 |             Err(ParseAddressError::Invalid)
[INFO] [stdout]     |                 ^^^^^^^^^^^^^^^^^ use of undeclared type `ParseAddressError`
[INFO] [stdout]     |
[INFO] [stdout] note: found an item that was configured out
[INFO] [stdout]    --> src/lib.rs:23:19
[INFO] [stdout]     |
[INFO] [stdout]  22 | #[cfg(feature = "decode")]
[INFO] [stdout]     |       ------------------ the item is gated behind the `decode` feature
[INFO] [stdout]  23 | use crate::error::ParseAddressError;
[INFO] [stdout]     |                   ^^^^^^^^^^^^^^^^^
[INFO] [stdout] 
[INFO] [stdout] 
[INFO] [stdout] error[E0433]: cannot find type `ParseAddressError` in this scope
[INFO] [stdout]    --> src/lib.rs:571:17
[INFO] [stdout]     |
[INFO] [stdout] 571 |             Err(ParseAddressError::WrongSize)
[INFO] [stdout]     |                 ^^^^^^^^^^^^^^^^^ use of undeclared type `ParseAddressError`
[INFO] [stdout]     |
[INFO] [stdout] note: found an item that was configured out
[INFO] [stdout]    --> src/lib.rs:23:19
[INFO] [stdout]     |
[INFO] [stdout]  22 | #[cfg(feature = "decode")]
[INFO] [stdout]     |       ------------------ the item is gated behind the `decode` feature
[INFO] [stdout]  23 | use crate::error::ParseAddressError;
[INFO] [stdout]     |                   ^^^^^^^^^^^^^^^^^
[INFO] [stdout] 
[INFO] [stdout] 
[INFO] [stdout] error[E0599]: no associated function or constant named `create_with_seed` found for struct `Address` in the current scope
[INFO] [stdout]    --> src/lib.rs:578:22
[INFO] [stdout]     |
[INFO] [stdout] 108 | pub struct Address(pub(crate) [u8; 32]);
[INFO] [stdout]     | ------------------ associated function or constant `create_with_seed` not found for this struct
[INFO] [stdout] ...
[INFO] [stdout] 578 |             Address::create_with_seed(&Address::new_unique(), "☉", &Address::new_unique()).is_ok()
[INFO] [stdout]     |                      ^^^^^^^^^^^^^^^^ associated function or constant not found in `Address`
[INFO] [stdout]     |
[INFO] [stdout] note: if you're trying to build a new `Address`, consider using `Address::new_from_array` which returns `Address`
[INFO] [stdout]    --> src/lib.rs:230:5
[INFO] [stdout]     |
[INFO] [stdout] 230 |     pub const fn new_from_array(address_array: [u8; 32]) -> Self {
[INFO] [stdout]     |     ^^^^^^^^^^^^^^^^^^^^^^^^^^^^^^^^^^^^^^^^^^^^^^^^^^^^^^^^^^^^
[INFO] [stdout] 
[INFO] [stdout] 
[INFO] [stdout] error[E0599]: no associated function or constant named `new_unique` found for struct `Address` in the current scope
[INFO] [stdout]    --> src/lib.rs:578:49
[INFO] [stdout]     |
[INFO] [stdout] 108 | pub struct Address(pub(crate) [u8; 32]);
[INFO] [stdout]     | ------------------ associated function or constant `new_unique` not found for this struct
[INFO] [stdout] ...
[INFO] [stdout] 578 |             Address::create_with_seed(&Address::new_unique(), "☉", &Address::new_unique()).is_ok()
[INFO] [stdout]     |                                                 ^^^^^^^^^^ associated function or constant not found in `Address`
[INFO] [stdout]     |
[INFO] [stdout] note: if you're trying to build a new `Address`, consider using `Address::new_from_array` which returns `Address`
[INFO] [stdout]    --> src/lib.rs:230:5
[INFO] [stdout]     |
[INFO] [stdout] 230 |     pub const fn new_from_array(address_array: [u8; 32]) -> Self {
[INFO] [stdout]     |     ^^^^^^^^^^^^^^^^^^^^^^^^^^^^^^^^^^^^^^^^^^^^^^^^^^^^^^^^^^^^
[INFO] [stdout] 
[INFO] [stdout] 
[INFO] [stdout] error[E0599]: no associated function or constant named `new_unique` found for struct `Address` in the current scope
[INFO] [stdout]    --> src/lib.rs:578:78
[INFO] [stdout]     |
[INFO] [stdout] 108 | pub struct Address(pub(crate) [u8; 32]);
[INFO] [stdout]     | ------------------ associated function or constant `new_unique` not found for this struct
[INFO] [stdout] ...
[INFO] [stdout] 578 |             Address::create_with_seed(&Address::new_unique(), "☉", &Address::new_unique()).is_ok()
[INFO] [stdout]     |                                                                              ^^^^^^^^^^ associated function or constant not found in `Address`
[INFO] [stdout]     |
[INFO] [stdout] note: if you're trying to build a new `Address`, consider using `Address::new_from_array` which returns `Address`
[INFO] [stdout]    --> src/lib.rs:230:5
[INFO] [stdout]     |
[INFO] [stdout] 230 |     pub const fn new_from_array(address_array: [u8; 32]) -> Self {
[INFO] [stdout]     |     ^^^^^^^^^^^^^^^^^^^^^^^^^^^^^^^^^^^^^^^^^^^^^^^^^^^^^^^^^^^^
[INFO] [stdout] 
[INFO] [stdout] 
[INFO] [stdout] error[E0599]: no associated function or constant named `create_with_seed` found for struct `Address` in the current scope
[INFO] [stdout]    --> src/lib.rs:581:22
[INFO] [stdout]     |
[INFO] [stdout] 108 | pub struct Address(pub(crate) [u8; 32]);
[INFO] [stdout]     | ------------------ associated function or constant `create_with_seed` not found for this struct
[INFO] [stdout] ...
[INFO] [stdout] 581 |             Address::create_with_seed(
[INFO] [stdout]     |                      ^^^^^^^^^^^^^^^^ associated function or constant not found in `Address`
[INFO] [stdout]     |
[INFO] [stdout] note: if you're trying to build a new `Address`, consider using `Address::new_from_array` which returns `Address`
[INFO] [stdout]    --> src/lib.rs:230:5
[INFO] [stdout]     |
[INFO] [stdout] 230 |     pub const fn new_from_array(address_array: [u8; 32]) -> Self {
[INFO] [stdout]     |     ^^^^^^^^^^^^^^^^^^^^^^^^^^^^^^^^^^^^^^^^^^^^^^^^^^^^^^^^^^^^
[INFO] [stdout] 
[INFO] [stdout] 
[INFO] [stdout] error[E0599]: no associated function or constant named `new_unique` found for struct `Address` in the current scope
[INFO] [stdout]    --> src/lib.rs:582:27
[INFO] [stdout]     |
[INFO] [stdout] 108 | pub struct Address(pub(crate) [u8; 32]);
[INFO] [stdout]     | ------------------ associated function or constant `new_unique` not found for this struct
[INFO] [stdout] ...
[INFO] [stdout] 582 |                 &Address::new_unique(),
[INFO] [stdout]     |                           ^^^^^^^^^^ associated function or constant not found in `Address`
[INFO] [stdout]     |
[INFO] [stdout] note: if you're trying to build a new `Address`, consider using `Address::new_from_array` which returns `Address`
[INFO] [stdout]    --> src/lib.rs:230:5
[INFO] [stdout]     |
[INFO] [stdout] 230 |     pub const fn new_from_array(address_array: [u8; 32]) -> Self {
[INFO] [stdout]     |     ^^^^^^^^^^^^^^^^^^^^^^^^^^^^^^^^^^^^^^^^^^^^^^^^^^^^^^^^^^^^
[INFO] [stdout] 
[INFO] [stdout] 
[INFO] [stdout] error[E0599]: no associated function or constant named `new_unique` found for struct `Address` in the current scope
[INFO] [stdout]    --> src/lib.rs:584:27
[INFO] [stdout]     |
[INFO] [stdout] 108 | pub struct Address(pub(crate) [u8; 32]);
[INFO] [stdout]     | ------------------ associated function or constant `new_unique` not found for this struct
[INFO] [stdout] ...
[INFO] [stdout] 584 |                 &Address::new_unique()
[INFO] [stdout]     |                           ^^^^^^^^^^ associated function or constant not found in `Address`
[INFO] [stdout]     |
[INFO] [stdout] note: if you're trying to build a new `Address`, consider using `Address::new_from_array` which returns `Address`
[INFO] [stdout]    --> src/lib.rs:230:5
[INFO] [stdout]     |
[INFO] [stdout] 230 |     pub const fn new_from_array(address_array: [u8; 32]) -> Self {
[INFO] [stdout]     |     ^^^^^^^^^^^^^^^^^^^^^^^^^^^^^^^^^^^^^^^^^^^^^^^^^^^^^^^^^^^^
[INFO] [stdout] 
[INFO] [stdout] 
[INFO] [stdout] error[E0433]: cannot find type `AddressError` in this scope
[INFO] [stdout]    --> src/lib.rs:586:17
[INFO] [stdout]     |
[INFO] [stdout] 586 |             Err(AddressError::MaxSeedLengthExceeded)
[INFO] [stdout]     |                 ^^^^^^^^^^^^ use of undeclared type `AddressError`
[INFO] [stdout]     |
[INFO] [stdout] note: found an item that was configured out
[INFO] [stdout]    --> src/lib.rs:21:19
[INFO] [stdout]     |
[INFO] [stdout]  20 | #[cfg(feature = "sha2")]
[INFO] [stdout]     |       ---------------- the item is gated behind the `sha2` feature
[INFO] [stdout]  21 | use crate::error::AddressError;
[INFO] [stdout]     |                   ^^^^^^^^^^^^
[INFO] [stdout] 
[INFO] [stdout] 
[INFO] [stdout] error[E0599]: no associated function or constant named `create_with_seed` found for struct `Address` in the current scope
[INFO] [stdout]    --> src/lib.rs:588:26
[INFO] [stdout]     |
[INFO] [stdout] 108 | pub struct Address(pub(crate) [u8; 32]);
[INFO] [stdout]     | ------------------ associated function or constant `create_with_seed` not found for this struct
[INFO] [stdout] ...
[INFO] [stdout] 588 |         assert!(Address::create_with_seed(
[INFO] [stdout]     |                          ^^^^^^^^^^^^^^^^ associated function or constant not found in `Address`
[INFO] [stdout]     |
[INFO] [stdout] note: if you're trying to build a new `Address`, consider using `Address::new_from_array` which returns `Address`
[INFO] [stdout]    --> src/lib.rs:230:5
[INFO] [stdout]     |
[INFO] [stdout] 230 |     pub const fn new_from_array(address_array: [u8; 32]) -> Self {
[INFO] [stdout]     |     ^^^^^^^^^^^^^^^^^^^^^^^^^^^^^^^^^^^^^^^^^^^^^^^^^^^^^^^^^^^^
[INFO] [stdout] 
[INFO] [stdout] 
[INFO] [stdout] error[E0599]: no associated function or constant named `new_unique` found for struct `Address` in the current scope
[INFO] [stdout]    --> src/lib.rs:589:23
[INFO] [stdout]     |
[INFO] [stdout] 108 | pub struct Address(pub(crate) [u8; 32]);
[INFO] [stdout]     | ------------------ associated function or constant `new_unique` not found for this struct
[INFO] [stdout] ...
[INFO] [stdout] 589 |             &Address::new_unique(),
[INFO] [stdout]     |                       ^^^^^^^^^^ associated function or constant not found in `Address`
[INFO] [stdout]     |
[INFO] [stdout] note: if you're trying to build a new `Address`, consider using `Address::new_from_array` which returns `Address`
[INFO] [stdout]    --> src/lib.rs:230:5
[INFO] [stdout]     |
[INFO] [stdout] 230 |     pub const fn new_from_array(address_array: [u8; 32]) -> Self {
[INFO] [stdout]     |     ^^^^^^^^^^^^^^^^^^^^^^^^^^^^^^^^^^^^^^^^^^^^^^^^^^^^^^^^^^^^
[INFO] [stdout] 
[INFO] [stdout] 
[INFO] [stdout] error[E0599]: no associated function or constant named `new_unique` found for struct `Address` in the current scope
[INFO] [stdout]    --> src/lib.rs:593:23
[INFO] [stdout]     |
[INFO] [stdout] 108 | pub struct Address(pub(crate) [u8; 32]);
[INFO] [stdout]     | ------------------ associated function or constant `new_unique` not found for this struct
[INFO] [stdout] ...
[INFO] [stdout] 593 |             &Address::new_unique()
[INFO] [stdout]     |                       ^^^^^^^^^^ associated function or constant not found in `Address`
[INFO] [stdout]     |
[INFO] [stdout] note: if you're trying to build a new `Address`, consider using `Address::new_from_array` which returns `Address`
[INFO] [stdout]    --> src/lib.rs:230:5
[INFO] [stdout]     |
[INFO] [stdout] 230 |     pub const fn new_from_array(address_array: [u8; 32]) -> Self {
[INFO] [stdout]     |     ^^^^^^^^^^^^^^^^^^^^^^^^^^^^^^^^^^^^^^^^^^^^^^^^^^^^^^^^^^^^
[INFO] [stdout] 
[INFO] [stdout] 
[INFO] [stdout] error[E0599]: no associated function or constant named `create_with_seed` found for struct `Address` in the current scope
[INFO] [stdout]    --> src/lib.rs:598:22
[INFO] [stdout]     |
[INFO] [stdout] 108 | pub struct Address(pub(crate) [u8; 32]);
[INFO] [stdout]     | ------------------ associated function or constant `create_with_seed` not found for this struct
[INFO] [stdout] ...
[INFO] [stdout] 598 |             Address::create_with_seed(
[INFO] [stdout]     |                      ^^^^^^^^^^^^^^^^ associated function or constant not found in `Address`
[INFO] [stdout]     |
[INFO] [stdout] note: if you're trying to build a new `Address`, consider using `Address::new_from_array` which returns `Address`
[INFO] [stdout]    --> src/lib.rs:230:5
[INFO] [stdout]     |
[INFO] [stdout] 230 |     pub const fn new_from_array(address_array: [u8; 32]) -> Self {
[INFO] [stdout]     |     ^^^^^^^^^^^^^^^^^^^^^^^^^^^^^^^^^^^^^^^^^^^^^^^^^^^^^^^^^^^^
[INFO] [stdout] 
[INFO] [stdout] 
[INFO] [stdout] error[E0599]: no associated function or constant named `new_unique` found for struct `Address` in the current scope
[INFO] [stdout]    --> src/lib.rs:599:27
[INFO] [stdout]     |
[INFO] [stdout] 108 | pub struct Address(pub(crate) [u8; 32]);
[INFO] [stdout]     | ------------------ associated function or constant `new_unique` not found for this struct
[INFO] [stdout] ...
[INFO] [stdout] 599 |                 &Address::new_unique(),
[INFO] [stdout]     |                           ^^^^^^^^^^ associated function or constant not found in `Address`
[INFO] [stdout]     |
[INFO] [stdout] note: if you're trying to build a new `Address`, consider using `Address::new_from_array` which returns `Address`
[INFO] [stdout]    --> src/lib.rs:230:5
[INFO] [stdout]     |
[INFO] [stdout] 230 |     pub const fn new_from_array(address_array: [u8; 32]) -> Self {
[INFO] [stdout]     |     ^^^^^^^^^^^^^^^^^^^^^^^^^^^^^^^^^^^^^^^^^^^^^^^^^^^^^^^^^^^^
[INFO] [stdout] 
[INFO] [stdout] 
[INFO] [stdout] error[E0599]: no associated function or constant named `new_unique` found for struct `Address` in the current scope
[INFO] [stdout]    --> src/lib.rs:603:27
[INFO] [stdout]     |
[INFO] [stdout] 108 | pub struct Address(pub(crate) [u8; 32]);
[INFO] [stdout]     | ------------------ associated function or constant `new_unique` not found for this struct
[INFO] [stdout] ...
[INFO] [stdout] 603 |                 &Address::new_unique()
[INFO] [stdout]     |                           ^^^^^^^^^^ associated function or constant not found in `Address`
[INFO] [stdout]     |
[INFO] [stdout] note: if you're trying to build a new `Address`, consider using `Address::new_from_array` which returns `Address`
[INFO] [stdout]    --> src/lib.rs:230:5
[INFO] [stdout]     |
[INFO] [stdout] 230 |     pub const fn new_from_array(address_array: [u8; 32]) -> Self {
[INFO] [stdout]     |     ^^^^^^^^^^^^^^^^^^^^^^^^^^^^^^^^^^^^^^^^^^^^^^^^^^^^^^^^^^^^
[INFO] [stdout] 
[INFO] [stdout] 
[INFO] [stdout] error[E0433]: cannot find type `AddressError` in this scope
[INFO] [stdout]    --> src/lib.rs:605:17
[INFO] [stdout]     |
[INFO] [stdout] 605 |             Err(AddressError::MaxSeedLengthExceeded)
[INFO] [stdout]     |                 ^^^^^^^^^^^^ use of undeclared type `AddressError`
[INFO] [stdout]     |
[INFO] [stdout] note: found an item that was configured out
[INFO] [stdout]    --> src/lib.rs:21:19
[INFO] [stdout]     |
[INFO] [stdout]  20 | #[cfg(feature = "sha2")]
[INFO] [stdout]     |       ---------------- the item is gated behind the `sha2` feature
[INFO] [stdout]  21 | use crate::error::AddressError;
[INFO] [stdout]     |                   ^^^^^^^^^^^^
[INFO] [stdout] 
[INFO] [stdout] 
[INFO] [stdout] error[E0599]: no associated function or constant named `create_with_seed` found for struct `Address` in the current scope
[INFO] [stdout]    --> src/lib.rs:608:26
[INFO] [stdout]     |
[INFO] [stdout] 108 | pub struct Address(pub(crate) [u8; 32]);
[INFO] [stdout]     | ------------------ associated function or constant `create_with_seed` not found for this struct
[INFO] [stdout] ...
[INFO] [stdout] 608 |         assert!(Address::create_with_seed(
[INFO] [stdout]     |                          ^^^^^^^^^^^^^^^^ associated function or constant not found in `Address`
[INFO] [stdout]     |
[INFO] [stdout] note: if you're trying to build a new `Address`, consider using `Address::new_from_array` which returns `Address`
[INFO] [stdout]    --> src/lib.rs:230:5
[INFO] [stdout]     |
[INFO] [stdout] 230 |     pub const fn new_from_array(address_array: [u8; 32]) -> Self {
[INFO] [stdout]     |     ^^^^^^^^^^^^^^^^^^^^^^^^^^^^^^^^^^^^^^^^^^^^^^^^^^^^^^^^^^^^
[INFO] [stdout] 
[INFO] [stdout] 
[INFO] [stdout] error[E0599]: no associated function or constant named `new_unique` found for struct `Address` in the current scope
[INFO] [stdout]    --> src/lib.rs:609:23
[INFO] [stdout]     |
[INFO] [stdout] 108 | pub struct Address(pub(crate) [u8; 32]);
[INFO] [stdout]     | ------------------ associated function or constant `new_unique` not found for this struct
[INFO] [stdout] ...
[INFO] [stdout] 609 |             &Address::new_unique(),
[INFO] [stdout]     |                       ^^^^^^^^^^ associated function or constant not found in `Address`
[INFO] [stdout]     |
[INFO] [stdout] note: if you're trying to build a new `Address`, consider using `Address::new_from_array` which returns `Address`
[INFO] [stdout]    --> src/lib.rs:230:5
[INFO] [stdout]     |
[INFO] [stdout] 230 |     pub const fn new_from_array(address_array: [u8; 32]) -> Self {
[INFO] [stdout]     |     ^^^^^^^^^^^^^^^^^^^^^^^^^^^^^^^^^^^^^^^^^^^^^^^^^^^^^^^^^^^^
[INFO] [stdout] 
[INFO] [stdout] 
[INFO] [stdout] error[E0599]: no associated function or constant named `new_unique` found for struct `Address` in the current scope
[INFO] [stdout]    --> src/lib.rs:611:23
[INFO] [stdout]     |
[INFO] [stdout] 108 | pub struct Address(pub(crate) [u8; 32]);
[INFO] [stdout]     | ------------------ associated function or constant `new_unique` not found for this struct
[INFO] [stdout] ...
[INFO] [stdout] 611 |             &Address::new_unique(),
[INFO] [stdout]     |                       ^^^^^^^^^^ associated function or constant not found in `Address`
[INFO] [stdout]     |
[INFO] [stdout] note: if you're trying to build a new `Address`, consider using `Address::new_from_array` which returns `Address`
[INFO] [stdout]    --> src/lib.rs:230:5
[INFO] [stdout]     |
[INFO] [stdout] 230 |     pub const fn new_from_array(address_array: [u8; 32]) -> Self {
[INFO] [stdout]     |     ^^^^^^^^^^^^^^^^^^^^^^^^^^^^^^^^^^^^^^^^^^^^^^^^^^^^^^^^^^^^
[INFO] [stdout] 
[INFO] [stdout] 
[INFO] [stdout] error[E0599]: no associated function or constant named `create_with_seed` found for struct `Address` in the current scope
[INFO] [stdout]    --> src/lib.rs:616:22
[INFO] [stdout]     |
[INFO] [stdout] 108 | pub struct Address(pub(crate) [u8; 32]);
[INFO] [stdout]     | ------------------ associated function or constant `create_with_seed` not found for this struct
[INFO] [stdout] ...
[INFO] [stdout] 616 |             Address::create_with_seed(&Address::new_unique(), "", &Address::new_unique(),).is_ok()
[INFO] [stdout]     |                      ^^^^^^^^^^^^^^^^ associated function or constant not found in `Address`
[INFO] [stdout]     |
[INFO] [stdout] note: if you're trying to build a new `Address`, consider using `Address::new_from_array` which returns `Address`
[INFO] [stdout]    --> src/lib.rs:230:5
[INFO] [stdout]     |
[INFO] [stdout] 230 |     pub const fn new_from_array(address_array: [u8; 32]) -> Self {
[INFO] [stdout]     |     ^^^^^^^^^^^^^^^^^^^^^^^^^^^^^^^^^^^^^^^^^^^^^^^^^^^^^^^^^^^^
[INFO] [stdout] 
[INFO] [stdout] 
[INFO] [stdout] error[E0599]: no associated function or constant named `new_unique` found for struct `Address` in the current scope
[INFO] [stdout]    --> src/lib.rs:616:49
[INFO] [stdout]     |
[INFO] [stdout] 108 | pub struct Address(pub(crate) [u8; 32]);
[INFO] [stdout]     | ------------------ associated function or constant `new_unique` not found for this struct
[INFO] [stdout] ...
[INFO] [stdout] 616 |             Address::create_with_seed(&Address::new_unique(), "", &Address::new_unique(),).is_ok()
[INFO] [stdout]     |                                                 ^^^^^^^^^^ associated function or constant not found in `Address`
[INFO] [stdout]     |
[INFO] [stdout] note: if you're trying to build a new `Address`, consider using `Address::new_from_array` which returns `Address`
[INFO] [stdout]    --> src/lib.rs:230:5
[INFO] [stdout]     |
[INFO] [stdout] 230 |     pub const fn new_from_array(address_array: [u8; 32]) -> Self {
[INFO] [stdout]     |     ^^^^^^^^^^^^^^^^^^^^^^^^^^^^^^^^^^^^^^^^^^^^^^^^^^^^^^^^^^^^
[INFO] [stdout] 
[INFO] [stdout] 
[INFO] [stdout] error[E0599]: no associated function or constant named `new_unique` found for struct `Address` in the current scope
[INFO] [stdout]    --> src/lib.rs:616:77
[INFO] [stdout]     |
[INFO] [stdout] 108 | pub struct Address(pub(crate) [u8; 32]);
[INFO] [stdout]     | ------------------ associated function or constant `new_unique` not found for this struct
[INFO] [stdout] ...
[INFO] [stdout] 616 |             Address::create_with_seed(&Address::new_unique(), "", &Address::new_unique(),).is_ok()
[INFO] [stdout]     |                                                                             ^^^^^^^^^^ associated function or constant not found in `Address`
[INFO] [stdout]     |
[INFO] [stdout] note: if you're trying to build a new `Address`, consider using `Address::new_from_array` which returns `Address`
[INFO] [stdout]    --> src/lib.rs:230:5
[INFO] [stdout]     |
[INFO] [stdout] 230 |     pub const fn new_from_array(address_array: [u8; 32]) -> Self {
[INFO] [stdout]     |     ^^^^^^^^^^^^^^^^^^^^^^^^^^^^^^^^^^^^^^^^^^^^^^^^^^^^^^^^^^^^
[INFO] [stdout] 
[INFO] [stdout] 
[INFO] [stdout] error[E0599]: no associated function or constant named `create_with_seed` found for struct `Address` in the current scope
[INFO] [stdout]    --> src/lib.rs:620:22
[INFO] [stdout]     |
[INFO] [stdout] 108 | pub struct Address(pub(crate) [u8; 32]);
[INFO] [stdout]     | ------------------ associated function or constant `create_with_seed` not found for this struct
[INFO] [stdout] ...
[INFO] [stdout] 620 |             Address::create_with_seed(
[INFO] [stdout]     |                      ^^^^^^^^^^^^^^^^ associated function or constant not found in `Address`
[INFO] [stdout]     |
[INFO] [stdout] note: if you're trying to build a new `Address`, consider using `Address::new_from_array` which returns `Address`
[INFO] [stdout]    --> src/lib.rs:230:5
[INFO] [stdout]     |
[INFO] [stdout] 230 |     pub const fn new_from_array(address_array: [u8; 32]) -> Self {
[INFO] [stdout]     |     ^^^^^^^^^^^^^^^^^^^^^^^^^^^^^^^^^^^^^^^^^^^^^^^^^^^^^^^^^^^^
[INFO] [stdout] 
[INFO] [stdout] 
[INFO] [stdout] error[E0599]: no associated function or constant named `from_str` found for struct `Address` in the current scope
[INFO] [stdout]    --> src/lib.rs:672:35
[INFO] [stdout]     |
[INFO] [stdout] 108 | pub struct Address(pub(crate) [u8; 32]);
[INFO] [stdout]     | ------------------ associated function or constant `from_str` not found for this struct
[INFO] [stdout] ...
[INFO] [stdout] 672 |         let program_id = Address::from_str("BPFLoaderUpgradeab1e11111111111111111111111").unwrap();
[INFO] [stdout]     |                                   ^^^^^^^^ associated function or constant not found in `Address`
[INFO] [stdout]     |
[INFO] [stdout] note: if you're trying to build a new `Address`, consider using `Address::new_from_array` which returns `Address`
[INFO] [stdout]    --> src/lib.rs:230:5
[INFO] [stdout]     |
[INFO] [stdout] 230 |     pub const fn new_from_array(address_array: [u8; 32]) -> Self {
[INFO] [stdout]     |     ^^^^^^^^^^^^^^^^^^^^^^^^^^^^^^^^^^^^^^^^^^^^^^^^^^^^^^^^^^^^
[INFO] [stdout]     = help: items from traits can only be used if the trait is implemented and in scope
[INFO] [stdout]     = note: the following trait defines an item `from_str`, perhaps you need to implement it:
[INFO] [stdout]             candidate #1: `FromStr`
[INFO] [stdout] help: there is an associated function `from` with a similar name
[INFO] [stdout]     |
[INFO] [stdout] 672 -         let program_id = Address::from_str("BPFLoaderUpgradeab1e11111111111111111111111").unwrap();
[INFO] [stdout] 672 +         let program_id = Address::from("BPFLoaderUpgradeab1e11111111111111111111111").unwrap();
[INFO] [stdout]     |
[INFO] [stdout] 
[INFO] [stdout] 
[INFO] [stdout] error[E0599]: no associated function or constant named `from_str` found for struct `Address` in the current scope
[INFO] [stdout]    --> src/lib.rs:673:35
[INFO] [stdout]     |
[INFO] [stdout] 108 | pub struct Address(pub(crate) [u8; 32]);
[INFO] [stdout]     | ------------------ associated function or constant `from_str` not found for this struct
[INFO] [stdout] ...
[INFO] [stdout] 673 |         let public_key = Address::from_str("SeedPubey1111111111111111111111111111111111").unwrap();
[INFO] [stdout]     |                                   ^^^^^^^^ associated function or constant not found in `Address`
[INFO] [stdout]     |
[INFO] [stdout] note: if you're trying to build a new `Address`, consider using `Address::new_from_array` which returns `Address`
[INFO] [stdout]    --> src/lib.rs:230:5
[INFO] [stdout]     |
[INFO] [stdout] 230 |     pub const fn new_from_array(address_array: [u8; 32]) -> Self {
[INFO] [stdout]     |     ^^^^^^^^^^^^^^^^^^^^^^^^^^^^^^^^^^^^^^^^^^^^^^^^^^^^^^^^^^^^
[INFO] [stdout]     = help: items from traits can only be used if the trait is implemented and in scope
[INFO] [stdout]     = note: the following trait defines an item `from_str`, perhaps you need to implement it:
[INFO] [stdout]             candidate #1: `FromStr`
[INFO] [stdout] help: there is an associated function `from` with a similar name
[INFO] [stdout]     |
[INFO] [stdout] 673 -         let public_key = Address::from_str("SeedPubey1111111111111111111111111111111111").unwrap();
[INFO] [stdout] 673 +         let public_key = Address::from("SeedPubey1111111111111111111111111111111111").unwrap();
[INFO] [stdout]     |
[INFO] [stdout] 
[INFO] [stdout] 
[INFO] [stdout] error[E0599]: no associated function or constant named `create_program_address` found for struct `Address` in the current scope
[INFO] [stdout]    --> src/lib.rs:676:22
[INFO] [stdout]     |
[INFO] [stdout] 108 | pub struct Address(pub(crate) [u8; 32]);
[INFO] [stdout]     | ------------------ associated function or constant `create_program_address` not found for this struct
[INFO] [stdout] ...
[INFO] [stdout] 676 |             Address::create_program_address(&[exceeded_seed], &program_id),
[INFO] [stdout]     |                      ^^^^^^^^^^^^^^^^^^^^^^ associated function or constant not found in `Address`
[INFO] [stdout]     |
[INFO] [stdout] note: if you're trying to build a new `Address`, consider using `Address::new_from_array` which returns `Address`
[INFO] [stdout]    --> src/lib.rs:230:5
[INFO] [stdout]     |
[INFO] [stdout] 230 |     pub const fn new_from_array(address_array: [u8; 32]) -> Self {
[INFO] [stdout]     |     ^^^^^^^^^^^^^^^^^^^^^^^^^^^^^^^^^^^^^^^^^^^^^^^^^^^^^^^^^^^^
[INFO] [stdout] 
[INFO] [stdout] 
[INFO] [stdout] error[E0433]: cannot find type `AddressError` in this scope
[INFO] [stdout]    --> src/lib.rs:677:17
[INFO] [stdout]     |
[INFO] [stdout] 677 |             Err(AddressError::MaxSeedLengthExceeded)
[INFO] [stdout]     |                 ^^^^^^^^^^^^ use of undeclared type `AddressError`
[INFO] [stdout]     |
[INFO] [stdout] note: found an item that was configured out
[INFO] [stdout]    --> src/lib.rs:21:19
[INFO] [stdout]     |
[INFO] [stdout]  20 | #[cfg(feature = "sha2")]
[INFO] [stdout]     |       ---------------- the item is gated behind the `sha2` feature
[INFO] [stdout]  21 | use crate::error::AddressError;
[INFO] [stdout]     |                   ^^^^^^^^^^^^
[INFO] [stdout] 
[INFO] [stdout] 
[INFO] [stdout] error[E0599]: no associated function or constant named `create_program_address` found for struct `Address` in the current scope
[INFO] [stdout]    --> src/lib.rs:680:22
[INFO] [stdout]     |
[INFO] [stdout] 108 | pub struct Address(pub(crate) [u8; 32]);
[INFO] [stdout]     | ------------------ associated function or constant `create_program_address` not found for this struct
[INFO] [stdout] ...
[INFO] [stdout] 680 |             Address::create_program_address(&[b"short_seed", exceeded_seed], &program_id),
[INFO] [stdout]     |                      ^^^^^^^^^^^^^^^^^^^^^^ associated function or constant not found in `Address`
[INFO] [stdout]     |
[INFO] [stdout] note: if you're trying to build a new `Address`, consider using `Address::new_from_array` which returns `Address`
[INFO] [stdout]    --> src/lib.rs:230:5
[INFO] [stdout]     |
[INFO] [stdout] 230 |     pub const fn new_from_array(address_array: [u8; 32]) -> Self {
[INFO] [stdout]     |     ^^^^^^^^^^^^^^^^^^^^^^^^^^^^^^^^^^^^^^^^^^^^^^^^^^^^^^^^^^^^
[INFO] [stdout] 
[INFO] [stdout] 
[INFO] [stdout] error[E0308]: mismatched types
[INFO] [stdout]    --> src/lib.rs:680:62
[INFO] [stdout]     |
[INFO] [stdout] 680 |             Address::create_program_address(&[b"short_seed", exceeded_seed], &program_id),
[INFO] [stdout]     |                                                              ^^^^^^^^^^^^^ expected an array with a size of 10, found one with a size of 33
[INFO] [stdout] 
[INFO] [stdout] 
[INFO] [stdout] error[E0433]: cannot find type `AddressError` in this scope
[INFO] [stdout]    --> src/lib.rs:681:17
[INFO] [stdout]     |
[INFO] [stdout] 681 |             Err(AddressError::MaxSeedLengthExceeded)
[INFO] [stdout]     |                 ^^^^^^^^^^^^ use of undeclared type `AddressError`
[INFO] [stdout]     |
[INFO] [stdout] note: found an item that was configured out
[INFO] [stdout]    --> src/lib.rs:21:19
[INFO] [stdout]     |
[INFO] [stdout]  20 | #[cfg(feature = "sha2")]
[INFO] [stdout]     |       ---------------- the item is gated behind the `sha2` feature
[INFO] [stdout]  21 | use crate::error::AddressError;
[INFO] [stdout]     |                   ^^^^^^^^^^^^
[INFO] [stdout] 
[INFO] [stdout] 
[INFO] [stdout] error[E0599]: no associated function or constant named `create_program_address` found for struct `Address` in the current scope
[INFO] [stdout]    --> src/lib.rs:683:26
[INFO] [stdout]     |
[INFO] [stdout] 108 | pub struct Address(pub(crate) [u8; 32]);
[INFO] [stdout]     | ------------------ associated function or constant `create_program_address` not found for this struct
[INFO] [stdout] ...
[INFO] [stdout] 683 |         assert!(Address::create_program_address(&[max_seed], &program_id).is_ok());
[INFO] [stdout]     |                          ^^^^^^^^^^^^^^^^^^^^^^ associated function or constant not found in `Address`
[INFO] [stdout]     |
[INFO] [stdout] note: if you're trying to build a new `Address`, consider using `Address::new_from_array` which returns `Address`
[INFO] [stdout]    --> src/lib.rs:230:5
[INFO] [stdout]     |
[INFO] [stdout] 230 |     pub const fn new_from_array(address_array: [u8; 32]) -> Self {
[INFO] [stdout]     |     ^^^^^^^^^^^^^^^^^^^^^^^^^^^^^^^^^^^^^^^^^^^^^^^^^^^^^^^^^^^^
[INFO] [stdout] 
[INFO] [stdout] 
[INFO] [stdout] error[E0599]: no associated function or constant named `create_program_address` found for struct `Address` in the current scope
[INFO] [stdout]    --> src/lib.rs:685:22
[INFO] [stdout]     |
[INFO] [stdout] 108 | pub struct Address(pub(crate) [u8; 32]);
[INFO] [stdout]     | ------------------ associated function or constant `create_program_address` not found for this struct
[INFO] [stdout] ...
[INFO] [stdout] 685 |             Address::create_program_address(exceeded_seeds, &program_id),
[INFO] [stdout]     |                      ^^^^^^^^^^^^^^^^^^^^^^ associated function or constant not found in `Address`
[INFO] [stdout]     |
[INFO] [stdout] note: if you're trying to build a new `Address`, consider using `Address::new_from_array` which returns `Address`
[INFO] [stdout]    --> src/lib.rs:230:5
[INFO] [stdout]     |
[INFO] [stdout] 230 |     pub const fn new_from_array(address_array: [u8; 32]) -> Self {
[INFO] [stdout]     |     ^^^^^^^^^^^^^^^^^^^^^^^^^^^^^^^^^^^^^^^^^^^^^^^^^^^^^^^^^^^^
[INFO] [stdout] 
[INFO] [stdout] 
[INFO] [stdout] error[E0433]: cannot find type `AddressError` in this scope
[INFO] [stdout]    --> src/lib.rs:686:17
[INFO] [stdout]     |
[INFO] [stdout] 686 |             Err(AddressError::MaxSeedLengthExceeded)
[INFO] [stdout]     |                 ^^^^^^^^^^^^ use of undeclared type `AddressError`
[INFO] [stdout]     |
[INFO] [stdout] note: found an item that was configured out
[INFO] [stdout]    --> src/lib.rs:21:19
[INFO] [stdout]     |
[INFO] [stdout]  20 | #[cfg(feature = "sha2")]
[INFO] [stdout]     |       ---------------- the item is gated behind the `sha2` feature
[INFO] [stdout]  21 | use crate::error::AddressError;
[INFO] [stdout]     |                   ^^^^^^^^^^^^
[INFO] [stdout] 
[INFO] [stdout] 
[INFO] [stdout] error[E0599]: no associated function or constant named `create_program_address` found for struct `Address` in the current scope
[INFO] [stdout]    --> src/lib.rs:688:26
[INFO] [stdout]     |
[INFO] [stdout] 108 | pub struct Address(pub(crate) [u8; 32]);
[INFO] [stdout]     | ------------------ associated function or constant `create_program_address` not found for this struct
[INFO] [stdout] ...
[INFO] [stdout] 688 |         assert!(Address::create_program_address(max_seeds, &program_id).is_ok());
[INFO] [stdout]     |                          ^^^^^^^^^^^^^^^^^^^^^^ associated function or constant not found in `Address`
[INFO] [stdout]     |
[INFO] [stdout] note: if you're trying to build a new `Address`, consider using `Address::new_from_array` which returns `Address`
[INFO] [stdout]    --> src/lib.rs:230:5
[INFO] [stdout]     |
[INFO] [stdout] 230 |     pub const fn new_from_array(address_array: [u8; 32]) -> Self {
[INFO] [stdout]     |     ^^^^^^^^^^^^^^^^^^^^^^^^^^^^^^^^^^^^^^^^^^^^^^^^^^^^^^^^^^^^
[INFO] [stdout] 
[INFO] [stdout] 
[INFO] [stdout] error[E0599]: no associated function or constant named `create_program_address` found for struct `Address` in the current scope
[INFO] [stdout]    --> src/lib.rs:690:22
[INFO] [stdout]     |
[INFO] [stdout] 108 | pub struct Address(pub(crate) [u8; 32]);
[INFO] [stdout]     | ------------------ associated function or constant `create_program_address` not found for this struct
[INFO] [stdout] ...
[INFO] [stdout] 690 |             Address::create_program_address(&[b"", &[1]], &program_id),
[INFO] [stdout]     |                      ^^^^^^^^^^^^^^^^^^^^^^ associated function or constant not found in `Address`
[INFO] [stdout]     |
[INFO] [stdout] note: if you're trying to build a new `Address`, consider using `Address::new_from_array` which returns `Address`
[INFO] [stdout]    --> src/lib.rs:230:5
[INFO] [stdout]     |
[INFO] [stdout] 230 |     pub const fn new_from_array(address_array: [u8; 32]) -> Self {
[INFO] [stdout]     |     ^^^^^^^^^^^^^^^^^^^^^^^^^^^^^^^^^^^^^^^^^^^^^^^^^^^^^^^^^^^^
[INFO] [stdout] 
[INFO] [stdout] 
[INFO] [stdout] error[E0308]: mismatched types
[INFO] [stdout]    --> src/lib.rs:690:52
[INFO] [stdout]     |
[INFO] [stdout] 690 |             Address::create_program_address(&[b"", &[1]], &program_id),
[INFO] [stdout]     |                                                    ^^^^ expected an array with a size of 0, found one with a size of 1
[INFO] [stdout] 
[INFO] [stdout] 
[INFO] [stdout] error[E0599]: no associated function or constant named `create_program_address` found for struct `Address` in the current scope
[INFO] [stdout]    --> src/lib.rs:696:22
[INFO] [stdout]     |
[INFO] [stdout] 108 | pub struct Address(pub(crate) [u8; 32]);
[INFO] [stdout]     | ------------------ associated function or constant `create_program_address` not found for this struct
[INFO] [stdout] ...
[INFO] [stdout] 696 |             Address::create_program_address(&["☉".as_ref(), &[0]], &program_id),
[INFO] [stdout]     |                      ^^^^^^^^^^^^^^^^^^^^^^ associated function or constant not found in `Address`
[INFO] [stdout]     |
[INFO] [stdout] note: if you're trying to build a new `Address`, consider using `Address::new_from_array` which returns `Address`
[INFO] [stdout]    --> src/lib.rs:230:5
[INFO] [stdout]     |
[INFO] [stdout] 230 |     pub const fn new_from_array(address_array: [u8; 32]) -> Self {
[INFO] [stdout]     |     ^^^^^^^^^^^^^^^^^^^^^^^^^^^^^^^^^^^^^^^^^^^^^^^^^^^^^^^^^^^^
[INFO] [stdout] 
[INFO] [stdout] 
[INFO] [stdout] error[E0277]: the trait bound `str: AsRef<[{integer}; 1]>` is not satisfied
[INFO] [stdout]    --> src/lib.rs:696:51
[INFO] [stdout]     |
[INFO] [stdout] 696 |             Address::create_program_address(&["☉".as_ref(), &[0]], &program_id),
[INFO] [stdout]     |                                                   ^^^^^^ the trait `AsRef<[{integer}; 1]>` is not implemented for `str`
[INFO] [stdout]     |
[INFO] [stdout]     = help: `str` implements trait `AsRef<T>`:
[INFO] [stdout]               AsRef<ByteStr>
[INFO] [stdout]               AsRef<[u8]>
[INFO] [stdout]               AsRef<std::ffi::os_str::OsStr>
[INFO] [stdout]               AsRef<std::path::Path>
[INFO] [stdout]               AsRef<str>
[INFO] [stdout] 
[INFO] [stdout] 
[INFO] [stdout] error[E0599]: no associated function or constant named `create_program_address` found for struct `Address` in the current scope
[INFO] [stdout]    --> src/lib.rs:702:22
[INFO] [stdout]     |
[INFO] [stdout] 108 | pub struct Address(pub(crate) [u8; 32]);
[INFO] [stdout]     | ------------------ associated function or constant `create_program_address` not found for this struct
[INFO] [stdout] ...
[INFO] [stdout] 702 |             Address::create_program_address(&[b"Talking", b"Squirrels"], &program_id),
[INFO] [stdout]     |                      ^^^^^^^^^^^^^^^^^^^^^^ associated function or constant not found in `Address`
[INFO] [stdout]     |
[INFO] [stdout] note: if you're trying to build a new `Address`, consider using `Address::new_from_array` which returns `Address`
[INFO] [stdout]    --> src/lib.rs:230:5
[INFO] [stdout]     |
[INFO] [stdout] 230 |     pub const fn new_from_array(address_array: [u8; 32]) -> Self {
[INFO] [stdout]     |     ^^^^^^^^^^^^^^^^^^^^^^^^^^^^^^^^^^^^^^^^^^^^^^^^^^^^^^^^^^^^
[INFO] [stdout] 
[INFO] [stdout] 
[INFO] [stdout] error[E0308]: mismatched types
[INFO] [stdout]    --> src/lib.rs:702:59
[INFO] [stdout]     |
[INFO] [stdout] 702 |             Address::create_program_address(&[b"Talking", b"Squirrels"], &program_id),
[INFO] [stdout]     |                                                           ^^^^^^^^^^^^ expected an array with a size of 7, found one with a size of 9
[INFO] [stdout] 
[INFO] [stdout] 
[INFO] [stdout] error[E0599]: no associated function or constant named `create_program_address` found for struct `Address` in the current scope
[INFO] [stdout]    --> src/lib.rs:708:22
[INFO] [stdout]     |
[INFO] [stdout] 108 | pub struct Address(pub(crate) [u8; 32]);
[INFO] [stdout]     | ------------------ associated function or constant `create_program_address` not found for this struct
[INFO] [stdout] ...
[INFO] [stdout] 708 |             Address::create_program_address(&[public_key.as_ref(), &[1]], &program_id),
[INFO] [stdout]     |                      ^^^^^^^^^^^^^^^^^^^^^^ associated function or constant not found in `Address`
[INFO] [stdout]     |
[INFO] [stdout] note: if you're trying to build a new `Address`, consider using `Address::new_from_array` which returns `Address`
[INFO] [stdout]    --> src/lib.rs:230:5
[INFO] [stdout]     |
[INFO] [stdout] 230 |     pub const fn new_from_array(address_array: [u8; 32]) -> Self {
[INFO] [stdout]     |     ^^^^^^^^^^^^^^^^^^^^^^^^^^^^^^^^^^^^^^^^^^^^^^^^^^^^^^^^^^^^
[INFO] [stdout] 
[INFO] [stdout] 
[INFO] [stdout] error[E0599]: no associated function or constant named `create_program_address` found for struct `Address` in the current scope
[INFO] [stdout]    --> src/lib.rs:714:22
[INFO] [stdout]     |
[INFO] [stdout] 108 | pub struct Address(pub(crate) [u8; 32]);
[INFO] [stdout]     | ------------------ associated function or constant `create_program_address` not found for this struct
[INFO] [stdout] ...
[INFO] [stdout] 714 |             Address::create_program_address(&[b"Talking", b"Squirrels"], &program_id).unwrap(),
[INFO] [stdout]     |                      ^^^^^^^^^^^^^^^^^^^^^^ associated function or constant not found in `Address`
[INFO] [stdout]     |
[INFO] [stdout] note: if you're trying to build a new `Address`, consider using `Address::new_from_array` which returns `Address`
[INFO] [stdout]    --> src/lib.rs:230:5
[INFO] [stdout]     |
[INFO] [stdout] 230 |     pub const fn new_from_array(address_array: [u8; 32]) -> Self {
[INFO] [stdout]     |     ^^^^^^^^^^^^^^^^^^^^^^^^^^^^^^^^^^^^^^^^^^^^^^^^^^^^^^^^^^^^
[INFO] [stdout] 
[INFO] [stdout] 
[INFO] [stdout] error[E0308]: mismatched types
[INFO] [stdout]    --> src/lib.rs:714:59
[INFO] [stdout]     |
[INFO] [stdout] 714 |             Address::create_program_address(&[b"Talking", b"Squirrels"], &program_id).unwrap(),
[INFO] [stdout]     |                                                           ^^^^^^^^^^^^ expected an array with a size of 7, found one with a size of 9
[INFO] [stdout] 
[INFO] [stdout] 
[INFO] [stdout] error[E0599]: no associated function or constant named `create_program_address` found for struct `Address` in the current scope
[INFO] [stdout]    --> src/lib.rs:715:22
[INFO] [stdout]     |
[INFO] [stdout] 108 | pub struct Address(pub(crate) [u8; 32]);
[INFO] [stdout]     | ------------------ associated function or constant `create_program_address` not found for this struct
[INFO] [stdout] ...
[INFO] [stdout] 715 |             Address::create_program_address(&[b"Talking"], &program_id).unwrap(),
[INFO] [stdout]     |                      ^^^^^^^^^^^^^^^^^^^^^^ associated function or constant not found in `Address`
[INFO] [stdout]     |
[INFO] [stdout] note: if you're trying to build a new `Address`, consider using `Address::new_from_array` which returns `Address`
[INFO] [stdout]    --> src/lib.rs:230:5
[INFO] [stdout]     |
[INFO] [stdout] 230 |     pub const fn new_from_array(address_array: [u8; 32]) -> Self {
[INFO] [stdout]     |     ^^^^^^^^^^^^^^^^^^^^^^^^^^^^^^^^^^^^^^^^^^^^^^^^^^^^^^^^^^^^
[INFO] [stdout] 
[INFO] [stdout] 
[INFO] [stdout] error[E0599]: no associated function or constant named `new_unique` found for struct `Address` in the current scope
[INFO] [stdout]    --> src/lib.rs:725:39
[INFO] [stdout]     |
[INFO] [stdout] 108 | pub struct Address(pub(crate) [u8; 32]);
[INFO] [stdout]     | ------------------ associated function or constant `new_unique` not found for this struct
[INFO] [stdout] ...
[INFO] [stdout] 725 |             let program_id = Address::new_unique();
[INFO] [stdout]     |                                       ^^^^^^^^^^ associated function or constant not found in `Address`
[INFO] [stdout]     |
[INFO] [stdout] note: if you're trying to build a new `Address`, consider using `Address::new_from_array` which returns `Address`
[INFO] [stdout]    --> src/lib.rs:230:5
[INFO] [stdout]     |
[INFO] [stdout] 230 |     pub const fn new_from_array(address_array: [u8; 32]) -> Self {
[INFO] [stdout]     |     ^^^^^^^^^^^^^^^^^^^^^^^^^^^^^^^^^^^^^^^^^^^^^^^^^^^^^^^^^^^^
[INFO] [stdout] 
[INFO] [stdout] 
[INFO] [stdout] error[E0433]: cannot find module or crate `rand` in this scope
[INFO] [stdout]    --> src/lib.rs:726:26
[INFO] [stdout]     |
[INFO] [stdout] 726 |             let bytes1 = rand::random::<[u8; 10]>();
[INFO] [stdout]     |                          ^^^^ use of unresolved module or unlinked crate `rand`
[INFO] [stdout]     |
[INFO] [stdout]     = help: if you wanted to use a crate named `rand`, use `cargo add rand` to add it to your `Cargo.toml`
[INFO] [stdout] 
[INFO] [stdout] 
[INFO] [stdout] error[E0433]: cannot find module or crate `rand` in this scope
[INFO] [stdout]    --> src/lib.rs:727:26
[INFO] [stdout]     |
[INFO] [stdout] 727 |             let bytes2 = rand::random::<[u8; 32]>();
[INFO] [stdout]     |                          ^^^^ use of unresolved module or unlinked crate `rand`
[INFO] [stdout]     |
[INFO] [stdout]     = help: if you wanted to use a crate named `rand`, use `cargo add rand` to add it to your `Cargo.toml`
[INFO] [stdout] 
[INFO] [stdout] 
[INFO] [stdout] error[E0599]: no associated function or constant named `create_program_address` found for struct `Address` in the current scope
[INFO] [stdout]    --> src/lib.rs:729:26
[INFO] [stdout]     |
[INFO] [stdout] 108 | pub struct Address(pub(crate) [u8; 32]);
[INFO] [stdout]     | ------------------ associated function or constant `create_program_address` not found for this struct
[INFO] [stdout] ...
[INFO] [stdout] 729 |                 Address::create_program_address(&[&bytes1, &bytes2], &program_id)
[INFO] [stdout]     |                          ^^^^^^^^^^^^^^^^^^^^^^ associated function or constant not found in `Address`
[INFO] [stdout]     |
[INFO] [stdout] note: if you're trying to build a new `Address`, consider using `Address::new_from_array` which returns `Address`
[INFO] [stdout]    --> src/lib.rs:230:5
[INFO] [stdout]     |
[INFO] [stdout] 230 |     pub const fn new_from_array(address_array: [u8; 32]) -> Self {
[INFO] [stdout]     |     ^^^^^^^^^^^^^^^^^^^^^^^^^^^^^^^^^^^^^^^^^^^^^^^^^^^^^^^^^^^^
[INFO] [stdout] 
[INFO] [stdout] 
[INFO] [stdout] error[E0599]: no associated function or constant named `new_unique` found for struct `Address` in the current scope
[INFO] [stdout]    --> src/lib.rs:741:39
[INFO] [stdout]     |
[INFO] [stdout] 108 | pub struct Address(pub(crate) [u8; 32]);
[INFO] [stdout]     | ------------------ associated function or constant `new_unique` not found for this struct
[INFO] [stdout] ...
[INFO] [stdout] 741 |             let program_id = Address::new_unique();
[INFO] [stdout]     |                                       ^^^^^^^^^^ associated function or constant not found in `Address`
[INFO] [stdout]     |
[INFO] [stdout] note: if you're trying to build a new `Address`, consider using `Address::new_from_array` which returns `Address`
[INFO] [stdout]    --> src/lib.rs:230:5
[INFO] [stdout]     |
[INFO] [stdout] 230 |     pub const fn new_from_array(address_array: [u8; 32]) -> Self {
[INFO] [stdout]     |     ^^^^^^^^^^^^^^^^^^^^^^^^^^^^^^^^^^^^^^^^^^^^^^^^^^^^^^^^^^^^
[INFO] [stdout] 
[INFO] [stdout] 
[INFO] [stdout] error[E0599]: no associated function or constant named `find_program_address` found for struct `Address` in the current scope
[INFO] [stdout]    --> src/lib.rs:743:26
[INFO] [stdout]     |
[INFO] [stdout] 108 | pub struct Address(pub(crate) [u8; 32]);
[INFO] [stdout]     | ------------------ associated function or constant `find_program_address` not found for this struct
[INFO] [stdout] ...
[INFO] [stdout] 743 |                 Address::find_program_address(&[b"Lil'", b"Bits"], &program_id);
[INFO] [stdout]     |                          ^^^^^^^^^^^^^^^^^^^^ associated function or constant not found in `Address`
[INFO] [stdout]     |
[INFO] [stdout] note: if you're trying to build a new `Address`, consider using `Address::new_from_array` which returns `Address`
[INFO] [stdout]    --> src/lib.rs:230:5
[INFO] [stdout]     |
[INFO] [stdout] 230 |     pub const fn new_from_array(address_array: [u8; 32]) -> Self {
[INFO] [stdout]     |     ^^^^^^^^^^^^^^^^^^^^^^^^^^^^^^^^^^^^^^^^^^^^^^^^^^^^^^^^^^^^
[INFO] [stdout] 
[INFO] [stdout] 
[INFO] [stdout] error[E0599]: no associated function or constant named `create_program_address` found for struct `Address` in the current scope
[INFO] [stdout]    --> src/lib.rs:746:26
[INFO] [stdout]     |
[INFO] [stdout] 108 | pub struct Address(pub(crate) [u8; 32]);
[INFO] [stdout]     | ------------------ associated function or constant `create_program_address` not found for this struct
[INFO] [stdout] ...
[INFO] [stdout] 746 |                 Address::create_program_address(&[b"Lil'", b"Bits", &[bump_seed]], &program_id)
[INFO] [stdout]     |                          ^^^^^^^^^^^^^^^^^^^^^^ associated function or constant not found in `Address`
[INFO] [stdout]     |
[INFO] [stdout] note: if you're trying to build a new `Address`, consider using `Address::new_from_array` which returns `Address`
[INFO] [stdout]    --> src/lib.rs:230:5
[INFO] [stdout]     |
[INFO] [stdout] 230 |     pub const fn new_from_array(address_array: [u8; 32]) -> Self {
[INFO] [stdout]     |     ^^^^^^^^^^^^^^^^^^^^^^^^^^^^^^^^^^^^^^^^^^^^^^^^^^^^^^^^^^^^
[INFO] [stdout] 
[INFO] [stdout] 
[INFO] [stdout] error[E0308]: mismatched types
[INFO] [stdout]    --> src/lib.rs:746:69
[INFO] [stdout]     |
[INFO] [stdout] 746 |                 Address::create_program_address(&[b"Lil'", b"Bits", &[bump_seed]], &program_id)
[INFO] [stdout]     |                                                                     ^^^^^^^^^^^^ expected an array with a size of 4, found one with a size of 1
[INFO] [stdout] 
[INFO] [stdout] 
[INFO] [stdout] error[E0599]: no associated function or constant named `new_unique` found for struct `Address` in the current scope
[INFO] [stdout]    --> src/lib.rs:753:28
[INFO] [stdout]     |
[INFO] [stdout] 108 | pub struct Address(pub(crate) [u8; 32]);
[INFO] [stdout]     | ------------------ associated function or constant `new_unique` not found for this struct
[INFO] [stdout] ...
[INFO] [stdout] 753 |         let key = Address::new_unique();
[INFO] [stdout]     |                            ^^^^^^^^^^ associated function or constant not found in `Address`
[INFO] [stdout]     |
[INFO] [stdout] note: if you're trying to build a new `Address`, consider using `Address::new_from_array` which returns `Address`
[INFO] [stdout]    --> src/lib.rs:230:5
[INFO] [stdout]     |
[INFO] [stdout] 230 |     pub const fn new_from_array(address_array: [u8; 32]) -> Self {
[INFO] [stdout]     |     ^^^^^^^^^^^^^^^^^^^^^^^^^^^^^^^^^^^^^^^^^^^^^^^^^^^^^^^^^^^^
[INFO] [stdout] 
[INFO] [stdout] 
[INFO] [stdout] error[E0599]: no associated function or constant named `create_with_seed` found for struct `Address` in the current scope
[INFO] [stdout]    --> src/lib.rs:762:18
[INFO] [stdout]     |
[INFO] [stdout] 108 | pub struct Address(pub(crate) [u8; 32]);
[INFO] [stdout]     | ------------------ associated function or constant `create_with_seed` not found for this struct
[INFO] [stdout] ...
[INFO] [stdout] 762 |         Address::create_with_seed(&key, seed, base)
[INFO] [stdout]     |                  ^^^^^^^^^^^^^^^^ associated function or constant not found in `Address`
[INFO] [stdout]     |
[INFO] [stdout] note: if you're trying to build a new `Address`, consider using `Address::new_from_array` which returns `Address`
[INFO] [stdout]    --> src/lib.rs:230:5
[INFO] [stdout]     |
[INFO] [stdout] 230 |     pub const fn new_from_array(address_array: [u8; 32]) -> Self {
[INFO] [stdout]     |     ^^^^^^^^^^^^^^^^^^^^^^^^^^^^^^^^^^^^^^^^^^^^^^^^^^^^^^^^^^^^
[INFO] [stdout] 
[INFO] [stdout] 
[INFO] [stdout] error[E0433]: cannot find type `AddressError` in this scope
[INFO] [stdout]    --> src/lib.rs:769:17
[INFO] [stdout]     |
[INFO] [stdout] 769 |             Err(AddressError::IllegalOwner)
[INFO] [stdout]     |                 ^^^^^^^^^^^^ use of undeclared type `AddressError`
[INFO] [stdout]     |
[INFO] [stdout] note: found an item that was configured out
[INFO] [stdout]    --> src/lib.rs:21:19
[INFO] [stdout]     |
[INFO] [stdout]  20 | #[cfg(feature = "sha2")]
[INFO] [stdout]     |       ---------------- the item is gated behind the `sha2` feature
[INFO] [stdout]  21 | use crate::error::AddressError;
[INFO] [stdout]     |                   ^^^^^^^^^^^^
[INFO] [stdout] 
[INFO] [stdout] 
[INFO] [stdout] error[E0599]: no associated function or constant named `from_str` found for struct `Address` in the current scope
[INFO] [stdout]    --> src/lib.rs:793:22
[INFO] [stdout]     |
[INFO] [stdout] 108 | pub struct Address(pub(crate) [u8; 32]);
[INFO] [stdout]     | ------------------ associated function or constant `from_str` not found for this struct
[INFO] [stdout] ...
[INFO] [stdout] 793 |             Address::from_str("9h1HyLCW5dZnBVap8C5egQ9Z6pHyjsh5MNy83iPqqRuq").unwrap(),
[INFO] [stdout]     |                      ^^^^^^^^ associated function or constant not found in `Address`
[INFO] [stdout]     |
[INFO] [stdout] note: if you're trying to build a new `Address`, consider using `Address::new_from_array` which returns `Address`
[INFO] [stdout]    --> src/lib.rs:230:5
[INFO] [stdout]     |
[INFO] [stdout] 230 |     pub const fn new_from_array(address_array: [u8; 32]) -> Self {
[INFO] [stdout]     |     ^^^^^^^^^^^^^^^^^^^^^^^^^^^^^^^^^^^^^^^^^^^^^^^^^^^^^^^^^^^^
[INFO] [stdout]     = help: items from traits can only be used if the trait is implemented and in scope
[INFO] [stdout]     = note: the following trait defines an item `from_str`, perhaps you need to implement it:
[INFO] [stdout]             candidate #1: `FromStr`
[INFO] [stdout] help: there is an associated function `from` with a similar name
[INFO] [stdout]     |
[INFO] [stdout] 793 -             Address::from_str("9h1HyLCW5dZnBVap8C5egQ9Z6pHyjsh5MNy83iPqqRuq").unwrap(),
[INFO] [stdout] 793 +             Address::from("9h1HyLCW5dZnBVap8C5egQ9Z6pHyjsh5MNy83iPqqRuq").unwrap(),
[INFO] [stdout]     |
[INFO] [stdout] 
[INFO] [stdout] 
[INFO] [stdout] error[E0599]: no associated function or constant named `from_str_const` found for struct `Address` in the current scope
[INFO] [stdout]    --> src/lib.rs:787:22
[INFO] [stdout]     |
[INFO] [stdout] 108 | pub struct Address(pub(crate) [u8; 32]);
[INFO] [stdout]     | ------------------ associated function or constant `from_str_const` not found for this struct
[INFO] [stdout] ...
[INFO] [stdout] 787 |             Address::from_str_const("9h1HyLCW5dZnBVap8C5egQ9Z6pHyjsh5MNy83iPqqRuq");
[INFO] [stdout]     |                      ^^^^^^^^^^^^^^ associated function or constant not found in `Address`
[INFO] [stdout]     |
[INFO] [stdout] note: if you're trying to build a new `Address`, consider using `Address::new_from_array` which returns `Address`
[INFO] [stdout]    --> src/lib.rs:230:5
[INFO] [stdout]     |
[INFO] [stdout] 230 |     pub const fn new_from_array(address_array: [u8; 32]) -> Self {
[INFO] [stdout]     |     ^^^^^^^^^^^^^^^^^^^^^^^^^^^^^^^^^^^^^^^^^^^^^^^^^^^^^^^^^^^^
[INFO] [stdout] 
[INFO] [stdout] 
[INFO] [stdout] Some errors have detailed explanations: E0277, E0308, E0425, E0433, E0599.
[INFO] [stdout] 
[INFO] [stdout] For more information about an error, try `rustc --explain E0277`.
[INFO] [stdout] 
[INFO] [stderr] error: could not compile `solana-address` (lib test) due to 68 previous errors
[INFO] running `Command { std: "docker" "inspect" "fae39fdccbd959c7a16bbca5fd5182c17561dca65c8324cb37c250ec44da3cd2", kill_on_drop: false }`
[INFO] running `Command { std: "docker" "rm" "-f" "fae39fdccbd959c7a16bbca5fd5182c17561dca65c8324cb37c250ec44da3cd2", kill_on_drop: false }`
[INFO] [stdout] fae39fdccbd959c7a16bbca5fd5182c17561dca65c8324cb37c250ec44da3cd2
