[INFO] fetching crate sockudo-webhook 5.1.0...
[INFO] testing sockudo-webhook-5.1.0 against 1.99.0-beta.8+cargoflags=--release for beta-release-1.100-2
[INFO] extracting crate sockudo-webhook 5.1.0 into /workspace/builds/worker-4-tc1/source
[INFO] started tweaking crates.io crate sockudo-webhook 5.1.0
[INFO] finished tweaking crates.io crate sockudo-webhook 5.1.0
[INFO] tweaked toml for crates.io crate sockudo-webhook 5.1.0 written to /workspace/builds/worker-4-tc1/source/Cargo.toml
[INFO] validating manifest of crates.io crate sockudo-webhook 5.1.0 on toolchain 1.99.0-beta.8
[INFO] running `Command { std: CARGO_HOME="/workspace/cargo-home" RUSTUP_HOME="/workspace/rustup-home" "/workspace/cargo-home/bin/cargo" "+1.99.0-beta.8" "metadata" "--manifest-path" "Cargo.toml" "--no-deps", kill_on_drop: false }`
[INFO] crate crates.io crate sockudo-webhook 5.1.0 already has a lockfile, it will not be regenerated
[INFO] running `Command { std: CARGO_HOME="/workspace/cargo-home" RUSTUP_HOME="/workspace/rustup-home" "/workspace/cargo-home/bin/cargo" "+1.99.0-beta.8" "fetch" "--manifest-path" "Cargo.toml", kill_on_drop: false }`
[INFO] [stderr]     Updating crates.io index
[INFO] [stderr]  Downloading crates ...
[INFO] [stderr]   Downloaded sonic-number v0.1.3
[INFO] [stderr]   Downloaded sonic-simd v0.1.4
[INFO] [stderr]   Downloaded rend v0.5.4
[INFO] [stderr]   Downloaded ptr_meta v0.3.2
[INFO] [stderr]   Downloaded sonic-rs v0.5.10
[INFO] [stderr]   Downloaded wasip1 v1.0.0
[INFO] [stderr]   Downloaded slug v0.1.6
[INFO] [stderr]   Downloaded ptr_meta_derive v0.3.2
[INFO] [stderr]   Downloaded quanta v0.13.0
[INFO] [stderr]   Downloaded rancor v0.1.3
[INFO] [stderr]   Downloaded sockudo-protocol v5.1.0
[INFO] [stderr]   Downloaded serde-aux v4.7.0
[INFO] [stderr]   Downloaded rkyv_derive v0.8.18
[INFO] [stderr]   Downloaded crossfire v3.1.20
[INFO] [stderr]   Downloaded sockudo-filter v5.1.0
[INFO] [stderr]   Downloaded pointers v0.1.0
[INFO] [stderr]   Downloaded jsonwebtoken v11.0.0
[INFO] [stderr]   Downloaded aws-types v1.3.16
[INFO] [stderr]   Downloaded libz-rs-sys v0.6.8
[INFO] [stderr]   Downloaded jmespath v0.5.0
[INFO] [stderr]   Downloaded aws-smithy-schema v0.1.0
[INFO] [stderr]   Downloaded aws-smithy-eventstream v0.60.21
[INFO] [stderr]   Downloaded aws-smithy-json v0.62.7
[INFO] [stderr]   Downloaded aws-runtime v1.7.5
[INFO] [stderr]   Downloaded papaya v0.2.5
[INFO] [stderr]   Downloaded aws-smithy-http-client v1.1.13
[INFO] [stderr]   Downloaded rkyv v0.8.18
[INFO] [stderr]   Downloaded aws-smithy-runtime-api v1.12.3
[INFO] [stderr]   Downloaded aws-sigv4 v1.4.5
[INFO] [stderr]   Downloaded aws-sdk-sso v1.102.0
[INFO] [stderr]   Downloaded aws-smithy-types v1.5.0
[INFO] [stderr]   Downloaded aws-smithy-runtime v1.11.3
[INFO] [stderr]   Downloaded deunicode v1.6.2
[INFO] [stderr]   Downloaded aws-config v1.8.18
[INFO] [stderr]   Downloaded aws-sdk-ssooidc v1.104.0
[INFO] [stderr]   Downloaded aws-sdk-sts v1.107.0
[INFO] [stderr]   Downloaded faststr v0.2.34
[INFO] [stderr]   Downloaded sockudo-core v5.1.0
[INFO] [stderr]   Downloaded sockudo-ws v3.0.0
[INFO] [stderr]   Downloaded aws-sdk-lambda v1.131.0
[INFO] running `Command { std: "docker" "create" "-v" "/var/lib/crater-agent-workspace/builds/worker-4-tc1/source:/opt/rustwide/workdir:ro,Z" "-v" "/var/lib/crater-agent-workspace/builds/worker-4-tc1/target:/opt/rustwide/target:rw,Z" "-v" "/var/lib/crater-agent-workspace/cargo-home:/opt/rustwide/cargo-home:ro,Z" "-v" "/var/lib/crater-agent-workspace/rustup-home:/opt/rustwide/rustup-home:ro,Z" "-m" "1610612736" "--network" "none" "ghcr.io/rust-lang/crates-build-env/linux@sha256:77db811e55d90add9212f6832c23229e3de5f1c1f9905e8cb07319ea15df73ac" "sleep" "infinity", kill_on_drop: false }`
[INFO] [stdout] 210f4238e770d599635068d02824790348a26a3e46e21616e6ae6683afdfea6f
[INFO] running `Command { std: "docker" "start" "210f4238e770d599635068d02824790348a26a3e46e21616e6ae6683afdfea6f", kill_on_drop: false }`
[INFO] running `Command { std: "docker" "inspect" "210f4238e770d599635068d02824790348a26a3e46e21616e6ae6683afdfea6f", kill_on_drop: false }`
[INFO] running `Command { std: "docker" "exec" "-e" "SOURCE_DIR=/opt/rustwide/workdir" "-e" "CARGO_HOME=/opt/rustwide/cargo-home" "-e" "RUSTUP_HOME=/opt/rustwide/rustup-home" "-e" "CARGO_TARGET_DIR=/opt/rustwide/target" "-w" "/opt/rustwide/workdir" "--user" "0:0" "210f4238e770d599635068d02824790348a26a3e46e21616e6ae6683afdfea6f" "/opt/rustwide/cargo-home/bin/cargo" "+1.99.0-beta.8" "metadata" "--no-deps" "--format-version=1", kill_on_drop: false }`
[INFO] running `Command { std: "docker" "inspect" "210f4238e770d599635068d02824790348a26a3e46e21616e6ae6683afdfea6f", kill_on_drop: false }`
[INFO] running `Command { std: "docker" "exec" "-e" "SOURCE_DIR=/opt/rustwide/workdir" "-e" "CARGO_HOME=/opt/rustwide/cargo-home" "-e" "RUSTUP_HOME=/opt/rustwide/rustup-home" "-e" "CARGO_TARGET_DIR=/opt/rustwide/target" "-e" "CARGO_INCREMENTAL=0" "-e" "RUST_BACKTRACE=full" "-e" "RUSTFLAGS=--cap-lints=warn" "-e" "RUSTDOCFLAGS=--cap-lints=warn" "-w" "/opt/rustwide/workdir" "--user" "0:0" "210f4238e770d599635068d02824790348a26a3e46e21616e6ae6683afdfea6f" "/opt/rustwide/cargo-home/bin/cargo" "+1.99.0-beta.8" "build" "--frozen" "--message-format=json" "--release", kill_on_drop: false }`
[INFO] [stderr]    Compiling syn v3.0.5
[INFO] [stderr]    Compiling syn v2.0.119
[INFO] [stderr]    Compiling num-traits v0.2.19
[INFO] [stderr]    Compiling serde_json v1.0.151
[INFO] [stderr]    Compiling parking_lot_core v0.9.12
[INFO] [stderr]    Compiling zerocopy v0.8.57
[INFO] [stderr]    Compiling openssl-sys v0.9.117
[INFO] [stderr]    Compiling getrandom v0.3.4
[INFO] [stderr]    Compiling cmov v0.5.4
[INFO] [stderr]    Compiling ahash v0.8.12
[INFO] [stderr]    Compiling deunicode v1.6.2
[INFO] [stderr]    Compiling simdutf8 v0.1.5
[INFO] [stderr]    Compiling ref-cast v1.0.27
[INFO] [stderr]    Compiling portable-atomic v1.15.0
[INFO] [stderr]    Compiling either v1.18.0
[INFO] [stderr]    Compiling rustls v0.23.45
[INFO] [stderr]    Compiling time-macros v0.2.32
[INFO] [stderr]    Compiling getrandom v0.4.3
[INFO] [stderr]    Compiling slug v0.1.6
[INFO] [stderr]    Compiling chacha20 v0.10.2
[INFO] [stderr]    Compiling itertools v0.14.0
[INFO] [stderr]    Compiling parking_lot v0.12.5
[INFO] [stderr]    Compiling ctutils v0.4.2
[INFO] [stderr]    Compiling openssl v0.10.81
[INFO] [stderr]    Compiling native-tls v0.2.18
[INFO] [stderr]    Compiling sonic-simd v0.1.4
[INFO] [stderr]    Compiling sonic-number v0.1.3
[INFO] [stderr]    Compiling bumpalo v3.20.3
[INFO] [stderr]    Compiling zlib-rs v0.6.8
[INFO] [stderr]    Compiling aws-lc-rs v1.18.1
[INFO] [stderr]    Compiling digest v0.11.3
[INFO] [stderr]    Compiling rand v0.10.2
[INFO] [stderr]    Compiling rand_core v0.9.5
[INFO] [stderr]    Compiling raw-cpuid v11.6.0
[INFO] [stderr]    Compiling serde_path_to_error v0.1.20
[INFO] [stderr]    Compiling dashmap v6.2.1
[INFO] [stderr]    Compiling sha1 v0.11.0
[INFO] [stderr]    Compiling jmespath v0.5.0
[INFO] [stderr]    Compiling num-integer v0.1.47
[INFO] [stderr]    Compiling ordered-float v2.10.1
[INFO] [stderr]    Compiling rmp v0.8.15
[INFO] [stderr]    Compiling uuid v1.26.1
[INFO] [stderr]    Compiling chrono v0.4.45
[INFO] [stderr]    Compiling pem v3.0.6
[INFO] [stderr]    Compiling num-bigint v0.4.8
[INFO] [stderr]    Compiling seize v0.5.1
[INFO] [stderr]    Compiling time v0.3.55
[INFO] [stderr]    Compiling pointers v0.1.0
[INFO] [stderr]    Compiling signature v2.2.0
[INFO] [stderr]    Compiling hmac v0.13.0
[INFO] [stderr]    Compiling papaya v0.2.5
[INFO] [stderr]    Compiling sha2 v0.11.0
[INFO] [stderr]    Compiling md5 v0.8.1
[INFO] [stderr]    Compiling urlencoding v2.1.3
[INFO] [stderr]    Compiling quanta v0.13.0
[INFO] [stderr]    Compiling flate2 v1.1.10
[INFO] [stderr]    Compiling libz-rs-sys v0.6.8
[INFO] [stderr]    Compiling serde_derive v1.0.229
[INFO] [stderr]    Compiling tokio-macros v2.7.2
[INFO] [stderr]    Compiling zerovec-derive v0.11.6
[INFO] [stderr]    Compiling displaydoc v0.2.7
[INFO] [stderr]    Compiling futures-macro v0.3.34
[INFO] [stderr]    Compiling thiserror-impl v2.0.20
[INFO] [stderr]    Compiling ref-cast-impl v1.0.27
[INFO] [stderr]    Compiling async-trait v0.1.92
[INFO] [stderr]    Compiling synstructure v0.13.2
[INFO] [stderr]    Compiling futures-util v0.3.34
[INFO] [stderr]    Compiling tokio v1.53.1
[INFO] [stderr]    Compiling ppv-lite86 v0.2.21
[INFO] [stderr]    Compiling zerofrom-derive v0.1.7
[INFO] [stderr]    Compiling yoke-derive v0.8.2
[INFO] [stderr]    Compiling tracing-attributes v0.1.31
[INFO] [stderr]    Compiling zeroize_derive v1.5.0
[INFO] [stderr]    Compiling openssl-macros v0.1.1
[INFO] [stderr]    Compiling prost-derive v0.14.4
[INFO] [stderr]    Compiling thiserror v2.0.20
[INFO] [stderr]    Compiling simple_asn1 v0.6.4
[INFO] [stderr]    Compiling zeroize v1.9.0
[INFO] [stderr]    Compiling rustls-pki-types v1.15.1
[INFO] [stderr]    Compiling rand_chacha v0.9.0
[INFO] [stderr]    Compiling tracing v0.1.44
[INFO] [stderr]    Compiling rand v0.9.5
[INFO] [stderr]    Compiling zerofrom v0.1.8
[INFO] [stderr]    Compiling axum-core v0.5.6
[INFO] [stderr]    Compiling yoke v0.8.3
[INFO] [stderr]    Compiling rustls-webpki v0.103.15
[INFO] [stderr]    Compiling webpki-roots v1.0.9
[INFO] [stderr]    Compiling zerovec v0.11.8
[INFO] [stderr]    Compiling zerotrie v0.2.5
[INFO] [stderr]    Compiling prost v0.14.4
[INFO] [stderr]    Compiling serde v1.0.229
[INFO] [stderr]    Compiling tinystr v0.8.4
[INFO] [stderr]    Compiling potential_utf v0.1.6
[INFO] [stderr]    Compiling icu_collections v2.3.0
[INFO] [stderr]    Compiling icu_locale_core v2.3.0
[INFO] [stderr]    Compiling faststr v0.2.34
[INFO] [stderr]    Compiling serde_urlencoded v0.7.1
[INFO] [stderr]    Compiling toml_datetime v0.6.11
[INFO] [stderr]    Compiling serde_spanned v0.6.9
[INFO] [stderr]    Compiling serde-value v0.7.0
[INFO] [stderr]    Compiling rmp-serde v1.3.1
[INFO] [stderr]    Compiling jsonwebtoken v11.0.0
[INFO] [stderr]    Compiling toml_edit v0.22.27
[INFO] [stderr]    Compiling sonic-rs v0.5.10
[INFO] [stderr]    Compiling serde-aux v4.7.0
[INFO] [stderr]    Compiling icu_provider v2.3.1
[INFO] [stderr]    Compiling icu_normalizer v2.3.0
[INFO] [stderr]    Compiling icu_properties v2.3.0
[INFO] [stderr]    Compiling sockudo-protocol v5.1.0
[INFO] [stderr]    Compiling sockudo-filter v5.1.0
[INFO] [stderr]    Compiling idna_adapter v1.2.2
[INFO] [stderr]    Compiling idna v1.1.0
[INFO] [stderr]    Compiling toml v0.8.23
[INFO] [stderr]    Compiling url v2.5.8
[INFO] [stderr]    Compiling tokio-util v0.7.19
[INFO] [stderr]    Compiling tower v0.5.3
[INFO] [stderr]    Compiling tokio-native-tls v0.3.1
[INFO] [stderr]    Compiling tokio-rustls v0.26.5
[INFO] [stderr]    Compiling crossfire v3.1.20
[INFO] [stderr]    Compiling h2 v0.4.19
[INFO] [stderr]    Compiling tower-http v0.6.11
[INFO] [stderr]    Compiling hyper v1.11.1
[INFO] [stderr]    Compiling hyper-util v0.1.20
[INFO] [stderr]    Compiling axum v0.8.9
[INFO] [stderr]    Compiling hyper-tls v0.6.0
[INFO] [stderr]    Compiling hyper-rustls v0.27.9
[INFO] [stderr]    Compiling reqwest v0.12.28
[INFO] [stderr]    Compiling sockudo-ws v3.0.0
[INFO] [stderr]    Compiling sockudo-core v5.1.0
[INFO] [stderr]    Compiling sockudo-webhook v5.1.0 (/opt/rustwide/workdir)
[INFO] [stderr]     Finished `release` profile [optimized] target(s) in 2m 59s
[INFO] running `Command { std: "docker" "inspect" "210f4238e770d599635068d02824790348a26a3e46e21616e6ae6683afdfea6f", kill_on_drop: false }`
[INFO] running `Command { std: "docker" "exec" "-e" "SOURCE_DIR=/opt/rustwide/workdir" "-e" "CARGO_HOME=/opt/rustwide/cargo-home" "-e" "RUSTUP_HOME=/opt/rustwide/rustup-home" "-e" "CARGO_TARGET_DIR=/opt/rustwide/target" "-e" "CARGO_INCREMENTAL=0" "-e" "RUST_BACKTRACE=full" "-e" "RUSTFLAGS=--cap-lints=warn" "-e" "RUSTDOCFLAGS=--cap-lints=warn" "-w" "/opt/rustwide/workdir" "--user" "0:0" "210f4238e770d599635068d02824790348a26a3e46e21616e6ae6683afdfea6f" "/opt/rustwide/cargo-home/bin/cargo" "+1.99.0-beta.8" "test" "--frozen" "--no-run" "--message-format=json" "--release", kill_on_drop: false }`
[INFO] [stderr]    Compiling zerocopy v0.8.57
[INFO] [stderr]    Compiling zerocopy-derive v0.8.57
[INFO] [stderr]    Compiling futures-util v0.3.34
[INFO] [stderr]    Compiling hyper v1.11.1
[INFO] [stderr]    Compiling num-integer v0.1.47
[INFO] [stderr]    Compiling ordered-float v2.10.1
[INFO] [stderr]    Compiling rmp v0.8.15
[INFO] [stderr]    Compiling chrono v0.4.45
[INFO] [stderr]    Compiling clap_builder v4.6.7
[INFO] [stderr]    Compiling itertools v0.13.0
[INFO] [stderr]    Compiling plotters v0.3.7
[INFO] [stderr]    Compiling tinytemplate v1.2.1
[INFO] [stderr]    Compiling num-bigint v0.4.8
[INFO] [stderr]    Compiling serde-value v0.7.0
[INFO] [stderr]    Compiling rmp-serde v1.3.1
[INFO] [stderr]    Compiling serde-aux v4.7.0
[INFO] [stderr]    Compiling criterion-plot v0.6.0
[INFO] [stderr]    Compiling simple_asn1 v0.6.4
[INFO] [stderr]    Compiling jsonwebtoken v11.0.0
[INFO] [stderr]    Compiling clap v4.6.7
[INFO] [stderr]    Compiling hyper-util v0.1.20
[INFO] [stderr]    Compiling tower v0.5.3
[INFO] [stderr]    Compiling futures-executor v0.3.34
[INFO] [stderr]    Compiling futures v0.3.34
[INFO] [stderr]    Compiling tower-http v0.6.11
[INFO] [stderr]    Compiling axum v0.8.9
[INFO] [stderr]    Compiling hyper-tls v0.6.0
[INFO] [stderr]    Compiling hyper-rustls v0.27.9
[INFO] [stderr]    Compiling reqwest v0.12.28
[INFO] [stderr]    Compiling ahash v0.8.12
[INFO] [stderr]    Compiling ppv-lite86 v0.2.21
[INFO] [stderr]    Compiling half v2.7.1
[INFO] [stderr]    Compiling sonic-rs v0.5.10
[INFO] [stderr]    Compiling rand_chacha v0.9.0
[INFO] [stderr]    Compiling ciborium-ll v0.2.2
[INFO] [stderr]    Compiling rand v0.9.5
[INFO] [stderr]    Compiling ciborium v0.2.2
[INFO] [stderr]    Compiling criterion v0.7.0
[INFO] [stderr]    Compiling sockudo-protocol v5.1.0
[INFO] [stderr]    Compiling sockudo-filter v5.1.0
[INFO] [stderr]    Compiling sockudo-ws v3.0.0
[INFO] [stderr]    Compiling sockudo-core v5.1.0
[INFO] [stderr]    Compiling sockudo-webhook v5.1.0 (/opt/rustwide/workdir)
[INFO] [stdout] error[E0433]: cannot find module or crate `sockudo_app` in this scope
[INFO] [stdout]    --> src/integration.rs:832:9
[INFO] [stdout]     |
[INFO] [stdout] 832 |     use sockudo_app::memory_app_manager::MemoryAppManager;
[INFO] [stdout]     |         ^^^^^^^^^^^ use of unresolved module or unlinked crate `sockudo_app`
[INFO] [stdout]     |
[INFO] [stdout]     = help: if you wanted to use a crate named `sockudo_app`, use `cargo add sockudo_app` to add it to your `Cargo.toml`
[INFO] [stdout] 
[INFO] [stdout] 
[INFO] [stdout] error[E0433]: cannot find module or crate `sockudo_app` in this scope
[INFO] [stdout]    --> src/sender.rs:600:9
[INFO] [stdout]     |
[INFO] [stdout] 600 |     use sockudo_app::memory_app_manager::MemoryAppManager;
[INFO] [stdout]     |         ^^^^^^^^^^^ use of unresolved module or unlinked crate `sockudo_app`
[INFO] [stdout]     |
[INFO] [stdout]     = help: if you wanted to use a crate named `sockudo_app`, use `cargo add sockudo_app` to add it to your `Cargo.toml`
[INFO] [stdout] 
[INFO] [stdout] 
[INFO] [stdout] error[E0432]: unresolved import `sockudo_queue`
[INFO] [stdout]    --> src/integration.rs:835:9
[INFO] [stdout]     |
[INFO] [stdout] 835 |     use sockudo_queue::MemoryQueueManager;
[INFO] [stdout]     |         ^^^^^^^^^^^^^ use of unresolved module or unlinked crate `sockudo_queue`
[INFO] [stdout]     |
[INFO] [stdout] help: there is a crate or module with a similar name
[INFO] [stdout]     |
[INFO] [stdout] 835 -     use sockudo_queue::MemoryQueueManager;
[INFO] [stdout] 835 +     use sockudo_core::MemoryQueueManager;
[INFO] [stdout]     |
[INFO] [stdout] 
[INFO] [stdout] 
[INFO] [stdout] Some errors have detailed explanations: E0432, E0433.
[INFO] [stdout] 
[INFO] [stdout] For more information about an error, try `rustc --explain E0432`.
[INFO] [stdout] 
[INFO] [stderr] error: could not compile `sockudo-webhook` (lib test) due to 3 previous errors
[INFO] running `Command { std: "docker" "inspect" "210f4238e770d599635068d02824790348a26a3e46e21616e6ae6683afdfea6f", kill_on_drop: false }`
[INFO] running `Command { std: "docker" "rm" "-f" "210f4238e770d599635068d02824790348a26a3e46e21616e6ae6683afdfea6f", kill_on_drop: false }`
[INFO] [stdout] 210f4238e770d599635068d02824790348a26a3e46e21616e6ae6683afdfea6f
