[INFO] fetching crate snip-services 0.1.0...
[INFO] testing snip-services-0.1.0 against 1.99.0-beta.8+cargoflags=--release for beta-release-1.100-2
[INFO] extracting crate snip-services 0.1.0 into /workspace/builds/worker-7-tc1/source
[INFO] started tweaking crates.io crate snip-services 0.1.0
[INFO] finished tweaking crates.io crate snip-services 0.1.0
[INFO] tweaked toml for crates.io crate snip-services 0.1.0 written to /workspace/builds/worker-7-tc1/source/Cargo.toml
[INFO] validating manifest of crates.io crate snip-services 0.1.0 on toolchain 1.99.0-beta.8
[INFO] running `Command { std: CARGO_HOME="/workspace/cargo-home" RUSTUP_HOME="/workspace/rustup-home" "/workspace/cargo-home/bin/cargo" "+1.99.0-beta.8" "metadata" "--manifest-path" "Cargo.toml" "--no-deps", kill_on_drop: false }`
[INFO] running `Command { std: CARGO_HOME="/workspace/cargo-home" RUSTUP_HOME="/workspace/rustup-home" "/workspace/cargo-home/bin/cargo" "+1.99.0-beta.8" "generate-lockfile" "--manifest-path" "Cargo.toml", kill_on_drop: false }`
[INFO] [stderr]     Updating crates.io index
[INFO] [stderr]      Locking 358 packages to highest compatible versions
[INFO] [stderr]       Adding base64 v0.13.1 (available: v0.23.1)
[INFO] [stderr]       Adding generic-array v0.14.7 (available: v0.14.9)
[INFO] [stderr]       Adding psm v0.1.24 (available: v0.1.32)
[INFO] [stderr]       Adding wasmbus-rpc v0.14.0 (available: v0.15.0)
[INFO] running `Command { std: CARGO_HOME="/workspace/cargo-home" RUSTUP_HOME="/workspace/rustup-home" "/workspace/cargo-home/bin/cargo" "+1.99.0-beta.8" "fetch" "--manifest-path" "Cargo.toml", kill_on_drop: false }`
[INFO] [stderr]     Blocking waiting for file lock on package cache
[INFO] [stderr]  Downloading crates ...
[INFO] [stderr]   Downloaded weld-codegen v0.7.0
[INFO] [stderr]   Downloaded lexical-sort v0.3.1
[INFO] [stderr]   Downloaded any_ascii v0.1.7
[INFO] [stderr]   Downloaded downloader v0.2.8
[INFO] [stderr]   Downloaded directories v4.0.1
[INFO] [stderr]   Downloaded escape_string v0.1.2
[INFO] [stderr]   Downloaded ascii_tree v0.1.1
[INFO] [stderr]   Downloaded pest_ascii_tree v0.1.0
[INFO] [stderr]   Downloaded atelier_json v0.2.7
[INFO] [stderr]   Downloaded atelier_smithy v0.2.13
[INFO] [stderr]   Downloaded atelier_core v0.2.22
[INFO] [stderr]   Downloaded wasmbus-macros v0.1.11
[INFO] [stderr]   Downloaded leb128 v0.2.7
[INFO] [stderr]   Downloaded byteorder v0.5.3
[INFO] [stderr]   Downloaded nuid v0.4.1
[INFO] [stderr]   Downloaded atelier_assembler v0.1.4
[INFO] [stderr]   Downloaded atelier_test v0.1.4
[INFO] [stderr]   Downloaded pretty_assertions v0.7.2
[INFO] [stderr]   Downloaded output_vt100 v0.1.3
[INFO] [stderr]   Downloaded ctor v0.1.26
[INFO] [stderr]   Downloaded wasmbus-rpc v0.14.0
[INFO] [stderr]   Downloaded wasmparser v0.107.0
[INFO] [stderr]   Downloaded wasm-gen v0.1.4
[INFO] [stderr]   Downloaded nkeys v0.3.2
[INFO] [stderr]   Downloaded wasm-encoder v0.29.0
[INFO] [stderr]   Downloaded wascap v0.11.2
[INFO] [stderr]   Downloaded minicbor v0.11.5
[INFO] [stderr]   Downloaded tokio-retry v0.3.2
[INFO] [stderr]   Downloaded nuid v0.3.2
[INFO] [stderr]   Downloaded minicbor-ser v0.1.3
[INFO] [stderr]   Downloaded minicbor v0.17.1
[INFO] [stderr]   Downloaded async-nats v0.30.0
[INFO] running `Command { std: "docker" "create" "-v" "/var/lib/crater-agent-workspace/builds/worker-7-tc1/source:/opt/rustwide/workdir:ro,Z" "-v" "/var/lib/crater-agent-workspace/builds/worker-7-tc1/target:/opt/rustwide/target:rw,Z" "-v" "/var/lib/crater-agent-workspace/cargo-home:/opt/rustwide/cargo-home:ro,Z" "-v" "/var/lib/crater-agent-workspace/rustup-home:/opt/rustwide/rustup-home:ro,Z" "-m" "1610612736" "--network" "none" "ghcr.io/rust-lang/crates-build-env/linux@sha256:77db811e55d90add9212f6832c23229e3de5f1c1f9905e8cb07319ea15df73ac" "sleep" "infinity", kill_on_drop: false }`
[INFO] [stdout] 19905666ebd8db2bf6b38f9a8ac40b412687e5ba49a37e120f8d9b2c9e951bdc
[INFO] running `Command { std: "docker" "start" "19905666ebd8db2bf6b38f9a8ac40b412687e5ba49a37e120f8d9b2c9e951bdc", kill_on_drop: false }`
[INFO] running `Command { std: "docker" "inspect" "19905666ebd8db2bf6b38f9a8ac40b412687e5ba49a37e120f8d9b2c9e951bdc", kill_on_drop: false }`
[INFO] running `Command { std: "docker" "exec" "-e" "SOURCE_DIR=/opt/rustwide/workdir" "-e" "CARGO_HOME=/opt/rustwide/cargo-home" "-e" "RUSTUP_HOME=/opt/rustwide/rustup-home" "-e" "CARGO_TARGET_DIR=/opt/rustwide/target" "-w" "/opt/rustwide/workdir" "--user" "0:0" "19905666ebd8db2bf6b38f9a8ac40b412687e5ba49a37e120f8d9b2c9e951bdc" "/opt/rustwide/cargo-home/bin/cargo" "+1.99.0-beta.8" "metadata" "--no-deps" "--format-version=1", kill_on_drop: false }`
[INFO] running `Command { std: "docker" "inspect" "19905666ebd8db2bf6b38f9a8ac40b412687e5ba49a37e120f8d9b2c9e951bdc", kill_on_drop: false }`
[INFO] running `Command { std: "docker" "exec" "-e" "SOURCE_DIR=/opt/rustwide/workdir" "-e" "CARGO_HOME=/opt/rustwide/cargo-home" "-e" "RUSTUP_HOME=/opt/rustwide/rustup-home" "-e" "CARGO_TARGET_DIR=/opt/rustwide/target" "-e" "CARGO_INCREMENTAL=0" "-e" "RUST_BACKTRACE=full" "-e" "RUSTFLAGS=--cap-lints=warn" "-e" "RUSTDOCFLAGS=--cap-lints=warn" "-w" "/opt/rustwide/workdir" "--user" "0:0" "19905666ebd8db2bf6b38f9a8ac40b412687e5ba49a37e120f8d9b2c9e951bdc" "/opt/rustwide/cargo-home/bin/cargo" "+1.99.0-beta.8" "build" "--frozen" "--message-format=json" "--release", kill_on_drop: false }`
[INFO] [stderr]    Compiling serde v1.0.229
[INFO] [stderr]    Compiling getrandom v0.2.17
[INFO] [stderr]    Compiling curve25519-dalek v4.1.3
[INFO] [stderr]    Compiling regex-automata v0.4.18
[INFO] [stderr]    Compiling der v0.7.10
[INFO] [stderr]    Compiling curve25519-dalek-derive v0.1.1
[INFO] [stderr]    Compiling signature v2.2.0
[INFO] [stderr]    Compiling sha2 v0.10.9
[INFO] [stderr]    Compiling icu_normalizer v2.3.0
[INFO] [stderr]    Compiling indexmap v1.9.3
[INFO] [stderr]    Compiling rustls v0.21.12
[INFO] [stderr]    Compiling futures-util v0.3.34
[INFO] [stderr]    Compiling tracing v0.1.44
[INFO] [stderr]    Compiling serde_json v1.0.154
[INFO] [stderr]    Compiling minicbor v0.11.5
[INFO] [stderr]    Compiling leb128 v0.2.7
[INFO] [stderr]    Compiling is-terminal v0.4.17
[INFO] [stderr]    Compiling deranged v0.5.9
[INFO] [stderr]    Compiling rand_core v0.6.4
[INFO] [stderr]    Compiling ring v0.17.14
[INFO] [stderr]    Compiling ed25519 v2.2.3
[INFO] [stderr]    Compiling pin-project-internal v1.1.13
[INFO] [stderr]    Compiling thiserror-impl v1.0.69
[INFO] [stderr]    Compiling byteorder v0.5.3
[INFO] [stderr]    Compiling rand_chacha v0.3.1
[INFO] [stderr]    Compiling minicbor v0.17.1
[INFO] [stderr]    Compiling rustls-native-certs v0.6.3
[INFO] [stderr]    Compiling bytes v1.12.1
[INFO] [stderr]    Compiling tracing-serde v0.2.0
[INFO] [stderr]    Compiling ed25519-dalek v2.2.0
[INFO] [stderr]    Compiling rand v0.8.8
[INFO] [stderr]    Compiling idna_adapter v1.2.2
[INFO] [stderr]    Compiling pin-project v1.1.13
[INFO] [stderr]    Compiling wasmparser v0.107.0
[INFO] [stderr]    Compiling idna v1.1.0
[INFO] [stderr]    Compiling serde_nanos v0.1.4
[INFO] [stderr]    Compiling wasm-gen v0.1.4
[INFO] [stderr]    Compiling spki v0.7.3
[INFO] [stderr]    Compiling tokio v1.53.3
[INFO] [stderr]    Compiling pkcs8 v0.10.2
[INFO] [stderr]    Compiling thiserror v1.0.69
[INFO] [stderr]    Compiling http v0.2.12
[INFO] [stderr]    Compiling signatory v0.27.1
[INFO] [stderr]    Compiling time v0.3.55
[INFO] [stderr]    Compiling url v2.5.8
[INFO] [stderr]    Compiling sct v0.7.1
[INFO] [stderr]    Compiling rustls-webpki v0.101.7
[INFO] [stderr]    Compiling nkeys v0.3.2
[INFO] [stderr]    Compiling wasm-encoder v0.29.0
[INFO] [stderr]    Compiling rmp v0.8.15
[INFO] [stderr]    Compiling sharded-slab v0.1.7
[INFO] [stderr]    Compiling nuid v0.3.2
[INFO] [stderr]    Compiling nuid v0.4.1
[INFO] [stdout] error[E0432]: unresolved import `rand::distributions`
[INFO] [stdout]   --> /opt/rustwide/cargo-home/registry/src/index.crates.io-1949cf8c6b5b557f/nuid-0.3.2/src/lib.rs:19:11
[INFO] [stdout]    |
[INFO] [stdout] 19 | use rand::distributions::Alphanumeric;
[INFO] [stdout]    |           ^^^^^^^^^^^^^ could not find `distributions` in `rand`
[INFO] [stdout] 
[INFO] [stdout] 
[INFO] [stdout] error[E0432]: unresolved import `rand::rngs::OsRng`
[INFO] [stdout]   --> /opt/rustwide/cargo-home/registry/src/index.crates.io-1949cf8c6b5b557f/nuid-0.3.2/src/lib.rs:20:5
[INFO] [stdout]    |
[INFO] [stdout] 20 | use rand::rngs::OsRng;
[INFO] [stdout]    |     ^^^^^^^^^^^^-----
[INFO] [stdout]    |                 |
[INFO] [stdout]    |                 no `OsRng` in `rngs`
[INFO] [stdout] 
[INFO] [stdout] 
[INFO] [stdout] error[E0432]: unresolved import `rand::thread_rng`
[INFO] [stdout]   --> /opt/rustwide/cargo-home/registry/src/index.crates.io-1949cf8c6b5b557f/nuid-0.3.2/src/lib.rs:21:5
[INFO] [stdout]    |
[INFO] [stdout] 21 | use rand::thread_rng;
[INFO] [stdout]    |     ^^^^^^----------
[INFO] [stdout]    |           |
[INFO] [stdout]    |           no `thread_rng` in the root
[INFO] [stdout] 
[INFO] [stdout] 
[INFO] [stdout] error[E0432]: unresolved import `rand::distributions`
[INFO] [stdout]   --> /opt/rustwide/cargo-home/registry/src/index.crates.io-1949cf8c6b5b557f/nuid-0.4.1/src/lib.rs:19:11
[INFO] [stdout]    |
[INFO] [stdout] 19 | use rand::distributions::Alphanumeric;
[INFO] [stdout]    |           ^^^^^^^^^^^^^ could not find `distributions` in `rand`
[INFO] [stdout] 
[INFO] [stdout] 
[INFO] [stdout] error[E0432]: unresolved import `rand::rngs::OsRng`
[INFO] [stdout]   --> /opt/rustwide/cargo-home/registry/src/index.crates.io-1949cf8c6b5b557f/nuid-0.4.1/src/lib.rs:20:5
[INFO] [stdout]    |
[INFO] [stdout] 20 | use rand::rngs::OsRng;
[INFO] [stdout]    |     ^^^^^^^^^^^^-----
[INFO] [stdout]    |                 |
[INFO] [stdout]    |                 no `OsRng` in `rngs`
[INFO] [stdout] 
[INFO] [stdout] 
[INFO] [stdout] error[E0432]: unresolved import `rand::thread_rng`
[INFO] [stdout]   --> /opt/rustwide/cargo-home/registry/src/index.crates.io-1949cf8c6b5b557f/nuid-0.4.1/src/lib.rs:21:5
[INFO] [stdout]    |
[INFO] [stdout] 21 | use rand::thread_rng;
[INFO] [stdout]    |     ^^^^^^----------
[INFO] [stdout]    |           |
[INFO] [stdout]    |           no `thread_rng` in the root
[INFO] [stdout] 
[INFO] [stdout] 
[INFO] [stderr]    Compiling thread_local v1.1.10
[INFO] [stderr] error: could not compile `nuid` (lib) due to 3 previous errors
[INFO] [stdout] For more information about this error, try `rustc --explain E0432`.
[INFO] [stdout] 
[INFO] [stderr] warning: build failed, waiting for other jobs to finish...
[INFO] [stdout] For more information about this error, try `rustc --explain E0432`.
[INFO] [stdout] 
[INFO] [stderr] error: could not compile `nuid` (lib) due to 3 previous errors
[INFO] running `Command { std: "docker" "inspect" "19905666ebd8db2bf6b38f9a8ac40b412687e5ba49a37e120f8d9b2c9e951bdc", kill_on_drop: false }`
[INFO] running `Command { std: "docker" "rm" "-f" "19905666ebd8db2bf6b38f9a8ac40b412687e5ba49a37e120f8d9b2c9e951bdc", kill_on_drop: false }`
[INFO] [stdout] 19905666ebd8db2bf6b38f9a8ac40b412687e5ba49a37e120f8d9b2c9e951bdc
