[INFO] fetching crate snarkvm-ledger-block 4.12.0...
[INFO] testing snarkvm-ledger-block-4.12.0 against 1.100.0-beta.1+cargoflags=--release for beta-release-1.100-2
[INFO] extracting crate snarkvm-ledger-block 4.12.0 into /workspace/builds/worker-0-tc2/source
[INFO] started tweaking crates.io crate snarkvm-ledger-block 4.12.0
[INFO] finished tweaking crates.io crate snarkvm-ledger-block 4.12.0
[INFO] tweaked toml for crates.io crate snarkvm-ledger-block 4.12.0 written to /workspace/builds/worker-0-tc2/source/Cargo.toml
[INFO] validating manifest of crates.io crate snarkvm-ledger-block 4.12.0 on toolchain 1.100.0-beta.1
[INFO] running `Command { std: CARGO_HOME="/workspace/cargo-home" RUSTUP_HOME="/workspace/rustup-home" "/workspace/cargo-home/bin/cargo" "+1.100.0-beta.1" "metadata" "--manifest-path" "Cargo.toml" "--no-deps", kill_on_drop: false }`
[INFO] crate crates.io crate snarkvm-ledger-block 4.12.0 already has a lockfile, it will not be regenerated
[INFO] running `Command { std: CARGO_HOME="/workspace/cargo-home" RUSTUP_HOME="/workspace/rustup-home" "/workspace/cargo-home/bin/cargo" "+1.100.0-beta.1" "fetch" "--manifest-path" "Cargo.toml", kill_on_drop: false }`
[INFO] running `Command { std: "docker" "create" "-v" "/var/lib/crater-agent-workspace/builds/worker-0-tc2/source:/opt/rustwide/workdir:ro,Z" "-v" "/var/lib/crater-agent-workspace/builds/worker-0-tc2/target:/opt/rustwide/target:rw,Z" "-v" "/var/lib/crater-agent-workspace/cargo-home:/opt/rustwide/cargo-home:ro,Z" "-v" "/var/lib/crater-agent-workspace/rustup-home:/opt/rustwide/rustup-home:ro,Z" "-m" "1610612736" "--network" "none" "ghcr.io/rust-lang/crates-build-env/linux@sha256:77db811e55d90add9212f6832c23229e3de5f1c1f9905e8cb07319ea15df73ac" "sleep" "infinity", kill_on_drop: false }`
[INFO] [stdout] 3752c30e1ced627405f54d097a51834d5369528062ea88e7b28fefddf23ef706
[INFO] running `Command { std: "docker" "start" "3752c30e1ced627405f54d097a51834d5369528062ea88e7b28fefddf23ef706", kill_on_drop: false }`
[INFO] running `Command { std: "docker" "inspect" "3752c30e1ced627405f54d097a51834d5369528062ea88e7b28fefddf23ef706", kill_on_drop: false }`
[INFO] running `Command { std: "docker" "exec" "-e" "SOURCE_DIR=/opt/rustwide/workdir" "-e" "CARGO_HOME=/opt/rustwide/cargo-home" "-e" "RUSTUP_HOME=/opt/rustwide/rustup-home" "-e" "CARGO_TARGET_DIR=/opt/rustwide/target" "-w" "/opt/rustwide/workdir" "--user" "0:0" "3752c30e1ced627405f54d097a51834d5369528062ea88e7b28fefddf23ef706" "/opt/rustwide/cargo-home/bin/cargo" "+1.100.0-beta.1" "metadata" "--no-deps" "--format-version=1", kill_on_drop: false }`
[INFO] running `Command { std: "docker" "inspect" "3752c30e1ced627405f54d097a51834d5369528062ea88e7b28fefddf23ef706", kill_on_drop: false }`
[INFO] running `Command { std: "docker" "exec" "-e" "SOURCE_DIR=/opt/rustwide/workdir" "-e" "CARGO_HOME=/opt/rustwide/cargo-home" "-e" "RUSTUP_HOME=/opt/rustwide/rustup-home" "-e" "CARGO_TARGET_DIR=/opt/rustwide/target" "-e" "CARGO_INCREMENTAL=0" "-e" "RUST_BACKTRACE=full" "-e" "RUSTFLAGS=--cap-lints=warn" "-e" "RUSTDOCFLAGS=--cap-lints=warn" "-w" "/opt/rustwide/workdir" "--user" "0:0" "3752c30e1ced627405f54d097a51834d5369528062ea88e7b28fefddf23ef706" "/opt/rustwide/cargo-home/bin/cargo" "+1.100.0-beta.1" "build" "--frozen" "--message-format=json" "--release", kill_on_drop: false }`
[INFO] [stderr]    Compiling subtle v2.6.1
[INFO] [stderr]    Compiling quote v1.0.47
[INFO] [stderr]    Compiling serde_core v1.0.229
[INFO] [stderr]    Compiling syn v1.0.109
[INFO] [stderr]    Compiling serde v1.0.229
[INFO] [stderr]    Compiling rayon v1.12.0
[INFO] [stderr]    Compiling aleo-std v1.0.4
[INFO] [stderr]    Compiling serde_json v1.0.150
[INFO] [stderr]    Compiling memchr v2.8.2
[INFO] [stderr]    Compiling anyhow v1.0.103
[INFO] [stderr]    Compiling getrandom v0.4.3
[INFO] [stderr]    Compiling syn v2.0.119
[INFO] [stderr]    Compiling syn v3.0.6
[INFO] [stderr]    Compiling ctutils v0.4.2
[INFO] [stderr]    Compiling chacha20 v0.10.2
[INFO] [stderr]    Compiling aleo-std-cpu v1.0.4
[INFO] [stderr]    Compiling aleo-std-timer v1.0.4
[INFO] [stderr]    Compiling aleo-std-profiler v1.0.4
[INFO] [stderr]    Compiling rand v0.10.2
[INFO] [stderr]    Compiling num-bigint v0.4.8
[INFO] [stderr]    Compiling num_cpus v1.17.0
[INFO] [stderr]    Compiling rand_xorshift v0.5.0
[INFO] [stderr]    Compiling smol_str v0.2.2
[INFO] [stderr]    Compiling itertools v0.14.0
[INFO] [stderr]    Compiling minimal-lexical v0.2.1
[INFO] [stderr]    Compiling nom v7.1.3
[INFO] [stderr]    Compiling bech32 v0.11.1
[INFO] [stderr]    Compiling indexmap v2.14.0
[INFO] [stderr]    Compiling cpubits v0.1.1
[INFO] [stderr]    Compiling cc v1.2.66
[INFO] [stderr]    Compiling serde_derive v1.0.229
[INFO] [stderr]    Compiling snarkvm-utilities-derives v4.12.0
[INFO] [stderr]    Compiling ff v0.14.0
[INFO] [stderr]    Compiling ring v0.17.14
[INFO] [stderr]    Compiling group v0.14.0
[INFO] [stderr]    Compiling generic-array v0.14.9
[INFO] [stderr]    Compiling getrandom v0.2.17
[INFO] [stderr]    Compiling httparse v1.10.1
[INFO] [stderr]    Compiling aleo-std-timed v1.0.4
[INFO] [stderr]    Compiling aleo-std-time v1.0.4
[INFO] [stderr]    Compiling http v1.4.2
[INFO] [stderr]    Compiling parking_lot_core v0.9.12
[INFO] [stderr]    Compiling zeroize_derive v1.5.0
[INFO] [stderr]    Compiling tracing-attributes v0.1.31
[INFO] [stderr]    Compiling thiserror-impl v2.0.18
[INFO] [stderr]    Compiling tiny-keccak v2.0.2
[INFO] [stderr]    Compiling base64 v0.23.1
[INFO] [stderr]    Compiling zeroize v1.9.0
[INFO] [stderr]    Compiling hybrid-array v0.4.13
[INFO] [stderr]    Compiling der v0.8.2
[INFO] [stderr]    Compiling tracing v0.1.44
[INFO] [stderr]    Compiling crypto-common v0.2.2
[INFO] [stderr]    Compiling thiserror v2.0.18
[INFO] [stderr]    Compiling block-buffer v0.12.1
[INFO] [stderr]    Compiling crypto-bigint v0.7.5
[INFO] [stderr]    Compiling rustls-pki-types v1.15.0
[INFO] [stderr]    Compiling ureq-proto v0.6.4
[INFO] [stderr]    Compiling digest v0.11.3
[INFO] [stderr]    Compiling sec1 v0.8.1
[INFO] [stderr]    Compiling sha2 v0.11.0
[INFO] [stderr]    Compiling bincode v1.3.3
[INFO] [stderr]    Compiling hmac v0.13.0
[INFO] [stderr]    Compiling signature v3.0.0
[INFO] [stderr]    Compiling webpki-roots v1.0.8
[INFO] [stderr]    Compiling parking_lot v0.12.5
[INFO] [stderr]    Compiling block-buffer v0.10.4
[INFO] [stderr]    Compiling crypto-common v0.1.6
[INFO] [stderr]    Compiling snarkvm-utilities v4.12.0
[INFO] [stderr]    Compiling ahash v0.8.12
[INFO] [stderr]    Compiling arrayvec v0.7.8
[INFO] [stderr]    Compiling blake2s_simd v1.0.5
[INFO] [stderr]    Compiling digest v0.10.7
[INFO] [stderr]    Compiling blake2 v0.10.6
[INFO] [stderr]    Compiling elliptic-curve v0.14.1
[INFO] [stderr]    Compiling snarkvm-fields v4.12.0
[INFO] [stderr]    Compiling primefield v0.14.0
[INFO] [stderr]    Compiling rfc6979 v0.6.0
[INFO] [stderr]    Compiling ecdsa v0.17.0
[INFO] [stderr]    Compiling wnaf v0.14.1
[INFO] [stderr]    Compiling enum-iterator-derive v1.5.0
[INFO] [stderr]    Compiling primeorder v0.14.0
[INFO] [stderr]    Compiling snarkvm-circuit-environment-witness v4.12.0
[INFO] [stderr]    Compiling unicode-xid v0.0.4
[INFO] [stderr]    Compiling synom v0.11.3
[INFO] [stderr]    Compiling bs58 v0.5.1
[INFO] [stderr]    Compiling quote v0.3.15
[INFO] [stderr]    Compiling num-derive v0.4.2
[INFO] [stderr]    Compiling k256 v0.14.0
[INFO] [stderr]    Compiling enum-iterator v2.3.0
[INFO] [stderr]    Compiling enum_index v0.2.0
[INFO] [stderr]    Compiling syn v0.11.11
[INFO] [stderr]    Compiling snarkvm-curves v4.12.0
[INFO] [stderr]    Compiling seq-macro v0.3.6
[INFO] [stderr]    Compiling rand_chacha v0.10.0
[INFO] [stderr]    Compiling lru v0.18.2
[INFO] [stderr]    Compiling snarkvm-console-network-environment v4.12.0
[INFO] [stderr]    Compiling enum_index_derive v0.2.0
[INFO] [stderr]    Compiling snarkvm-console-types-boolean v4.12.0
[INFO] [stderr]    Compiling snarkvm-console-types-field v4.12.0
[INFO] [stderr]    Compiling snarkvm-console-types-scalar v4.12.0
[INFO] [stderr]    Compiling snarkvm-console-types-group v4.12.0
[INFO] [stderr]    Compiling snarkvm-console-types-integers v4.12.0
[INFO] [stderr]    Compiling snarkvm-console-types-address v4.12.0
[INFO] [stderr]    Compiling snarkvm-console-types-string v4.12.0
[INFO] [stderr]    Compiling snarkvm-console-types v4.12.0
[INFO] [stderr]    Compiling snarkvm-console-algorithms v4.12.0
[INFO] [stderr]    Compiling snarkvm-console-collections v4.12.0
[INFO] [stderr]    Compiling rustls v0.23.45
[INFO] [stderr]    Compiling rustls-webpki v0.103.15
[INFO] [stderr]    Compiling ureq v3.4.2
[INFO] [stderr]    Compiling snarkvm-parameters v4.12.0
[INFO] [stderr]    Compiling snarkvm-algorithms v4.12.0
[INFO] [stderr]    Compiling snarkvm-console-network v4.12.0
[INFO] [stderr]    Compiling snarkvm-circuit-environment v4.12.0
[INFO] [stderr]    Compiling snarkvm-console-account v4.12.0
[INFO] [stderr]    Compiling snarkvm-console-program v4.12.0
[INFO] [stderr]    Compiling snarkvm-circuit-types-boolean v4.12.0
[INFO] [stderr]    Compiling snarkvm-circuit-types-field v4.12.0
[INFO] [stderr]    Compiling snarkvm-circuit-types-scalar v4.12.0
[INFO] [stderr]    Compiling snarkvm-circuit-types-group v4.12.0
[INFO] [stderr]    Compiling snarkvm-circuit-types-integers v4.12.0
[INFO] [stderr]    Compiling snarkvm-circuit-types-string v4.12.0
[INFO] [stderr]    Compiling snarkvm-circuit-types-address v4.12.0
[INFO] [stderr]    Compiling snarkvm-circuit-types v4.12.0
[INFO] [stderr]    Compiling snarkvm-circuit-algorithms v4.12.0
[INFO] [stderr]    Compiling snarkvm-circuit-collections v4.12.0
[INFO] [stderr]    Compiling snarkvm-circuit-network v4.12.0
[INFO] [stderr]    Compiling snarkvm-console v4.12.0
[INFO] [stderr]    Compiling snarkvm-synthesizer-error v4.12.0
[INFO] [stderr]    Compiling snarkvm-ledger-puzzle v4.12.0
[INFO] [stderr]    Compiling snarkvm-ledger-narwhal-data v4.12.0
[INFO] [stderr]    Compiling snarkvm-circuit-account v4.12.0
[INFO] [stderr]    Compiling snarkvm-circuit-program v4.12.0
[INFO] [stderr]    Compiling snarkvm-ledger-narwhal-transmission-id v4.12.0
[INFO] [stderr]    Compiling snarkvm-ledger-narwhal-batch-header v4.12.0
[INFO] [stderr]    Compiling snarkvm-ledger-narwhal-batch-certificate v4.12.0
[INFO] [stderr]    Compiling snarkvm-ledger-committee v4.12.0
[INFO] [stderr]    Compiling snarkvm-ledger-narwhal-subdag v4.12.0
[INFO] [stderr]    Compiling snarkvm-ledger-authority v4.12.0
[INFO] [stderr]    Compiling snarkvm-circuit v4.12.0
[INFO] [stderr]    Compiling snarkvm-synthesizer-snark v4.12.0
[INFO] [stderr]    Compiling snarkvm-synthesizer-program v4.12.0
[INFO] [stderr]    Compiling snarkvm-ledger-block v4.12.0 (/opt/rustwide/workdir)
[INFO] [stderr]     Finished `release` profile [optimized] target(s) in 4m 40s
[INFO] [stderr] warning: the following packages contain code that will be rejected by a future version of Rust: syn v0.11.11
[INFO] [stderr] note: to see what the problems were, use the option `--future-incompat-report`, or run `cargo report future-incompatibilities --id 4`
[INFO] running `Command { std: "docker" "inspect" "3752c30e1ced627405f54d097a51834d5369528062ea88e7b28fefddf23ef706", kill_on_drop: false }`
[INFO] running `Command { std: "docker" "exec" "-e" "SOURCE_DIR=/opt/rustwide/workdir" "-e" "CARGO_HOME=/opt/rustwide/cargo-home" "-e" "RUSTUP_HOME=/opt/rustwide/rustup-home" "-e" "CARGO_TARGET_DIR=/opt/rustwide/target" "-e" "CARGO_INCREMENTAL=0" "-e" "RUST_BACKTRACE=full" "-e" "RUSTFLAGS=--cap-lints=warn" "-e" "RUSTDOCFLAGS=--cap-lints=warn" "-w" "/opt/rustwide/workdir" "--user" "0:0" "3752c30e1ced627405f54d097a51834d5369528062ea88e7b28fefddf23ef706" "/opt/rustwide/cargo-home/bin/cargo" "+1.100.0-beta.1" "test" "--frozen" "--no-run" "--message-format=json" "--release", kill_on_drop: false }`
[INFO] [stderr]    Compiling num-traits v0.2.19
[INFO] [stderr]    Compiling bitflags v2.13.0
[INFO] [stderr]    Compiling dirs-sys v0.3.7
[INFO] [stderr]    Compiling aleo-std v1.0.4
[INFO] [stderr]    Compiling getrandom v0.2.17
[INFO] [stderr]    Compiling structmeta-derive v0.2.0
[INFO] [stderr]    Compiling rustix v1.1.4
[INFO] [stderr]    Compiling dirs v4.0.0
[INFO] [stderr]    Compiling ring v0.17.14
[INFO] [stderr]    Compiling rand_core v0.6.4
[INFO] [stderr]    Compiling rand_chacha v0.3.1
[INFO] [stderr]    Compiling rand_xorshift v0.3.0
[INFO] [stderr]    Compiling rand v0.8.6
[INFO] [stderr]    Compiling structmeta v0.2.0
[INFO] [stderr]    Compiling test-strategy v0.3.1
[INFO] [stderr]    Compiling num-integer v0.1.46
[INFO] [stderr]    Compiling crypto-bigint v0.7.5
[INFO] [stderr]    Compiling rand_distr v0.6.0
[INFO] [stderr]    Compiling num-bigint v0.4.8
[INFO] [stderr]    Compiling rustls-webpki v0.103.15
[INFO] [stderr]    Compiling tempfile v3.27.0
[INFO] [stderr]    Compiling rustls v0.23.45
[INFO] [stderr]    Compiling aleo-std-storage v1.0.4
[INFO] [stderr]    Compiling snarkvm-utilities v4.12.0
[INFO] [stderr]    Compiling rusty-fork v0.3.1
[INFO] [stderr]    Compiling proptest v1.6.0
[INFO] [stderr]    Compiling elliptic-curve v0.14.1
[INFO] [stderr]    Compiling primefield v0.14.0
[INFO] [stderr]    Compiling snarkvm-fields v4.12.0
[INFO] [stderr]    Compiling wnaf v0.14.1
[INFO] [stderr]    Compiling rfc6979 v0.6.0
[INFO] [stderr]    Compiling ecdsa v0.17.0
[INFO] [stderr]    Compiling primeorder v0.14.0
[INFO] [stderr]    Compiling k256 v0.14.0
[INFO] [stderr]    Compiling snarkvm-curves v4.12.0
[INFO] [stderr]    Compiling snarkvm-console-network-environment v4.12.0
[INFO] [stderr]    Compiling snarkvm-console-types-boolean v4.12.0
[INFO] [stderr]    Compiling snarkvm-console-types-field v4.12.0
[INFO] [stderr]    Compiling snarkvm-console-types-scalar v4.12.0
[INFO] [stderr]    Compiling snarkvm-console-types-group v4.12.0
[INFO] [stderr]    Compiling snarkvm-console-types-integers v4.12.0
[INFO] [stderr]    Compiling snarkvm-console-types-address v4.12.0
[INFO] [stderr]    Compiling snarkvm-console-types-string v4.12.0
[INFO] [stderr]    Compiling ureq v3.4.2
[INFO] [stderr]    Compiling snarkvm-console-types v4.12.0
[INFO] [stderr]    Compiling snarkvm-console-algorithms v4.12.0
[INFO] [stderr]    Compiling snarkvm-parameters v4.12.0
[INFO] [stderr]    Compiling snarkvm-console-collections v4.12.0
[INFO] [stderr]    Compiling snarkvm-algorithms v4.12.0
[INFO] [stderr]    Compiling snarkvm-console-network v4.12.0
[INFO] [stderr]    Compiling snarkvm-circuit-environment v4.12.0
[INFO] [stderr]    Compiling snarkvm-console-account v4.12.0
[INFO] [stderr]    Compiling snarkvm-console-program v4.12.0
[INFO] [stderr]    Compiling snarkvm-circuit-types-boolean v4.12.0
[INFO] [stderr]    Compiling snarkvm-circuit-types-field v4.12.0
[INFO] [stderr]    Compiling snarkvm-circuit-types-scalar v4.12.0
[INFO] [stderr]    Compiling snarkvm-circuit-types-group v4.12.0
[INFO] [stderr]    Compiling snarkvm-circuit-types-integers v4.12.0
[INFO] [stderr]    Compiling snarkvm-circuit-types-address v4.12.0
[INFO] [stderr]    Compiling snarkvm-circuit-types-string v4.12.0
[INFO] [stderr]    Compiling snarkvm-circuit-types v4.12.0
[INFO] [stderr]    Compiling snarkvm-circuit-algorithms v4.12.0
[INFO] [stderr]    Compiling snarkvm-circuit-collections v4.12.0
[INFO] [stderr]    Compiling snarkvm-circuit-network v4.12.0
[INFO] [stderr]    Compiling snarkvm-console v4.12.0
[INFO] [stderr]    Compiling snarkvm-ledger-puzzle v4.12.0
[INFO] [stderr]    Compiling snarkvm-ledger-narwhal-transmission-id v4.12.0
[INFO] [stderr]    Compiling snarkvm-ledger-narwhal-batch-header v4.12.0
[INFO] [stderr]    Compiling snarkvm-circuit-account v4.12.0
[INFO] [stderr]    Compiling snarkvm-circuit-program v4.12.0
[INFO] [stderr]    Compiling snarkvm-ledger-narwhal-batch-certificate v4.12.0
[INFO] [stderr]    Compiling snarkvm-ledger-committee v4.12.0
[INFO] [stderr]    Compiling snarkvm-synthesizer-error v4.12.0
[INFO] [stderr]    Compiling snarkvm-ledger-narwhal-data v4.12.0
[INFO] [stderr]    Compiling snarkvm-ledger-narwhal-subdag v4.12.0
[INFO] [stderr]    Compiling snarkvm-circuit v4.12.0
[INFO] [stderr]    Compiling snarkvm-synthesizer-snark v4.12.0
[INFO] [stderr]    Compiling snarkvm-ledger-authority v4.12.0
[INFO] [stderr]    Compiling snarkvm-synthesizer-program v4.12.0
[INFO] [stderr]    Compiling snarkvm-ledger-block v4.12.0 (/opt/rustwide/workdir)
[INFO] [stdout] error[E0432]: unresolved import `snarkvm_synthesizer_process`
[INFO] [stdout]    --> src/transaction/deployment/mod.rs:412:9
[INFO] [stdout]     |
[INFO] [stdout] 412 |     use snarkvm_synthesizer_process::Process;
[INFO] [stdout]     |         ^^^^^^^^^^^^^^^^^^^^^^^^^^^ use of unresolved module or unlinked crate `snarkvm_synthesizer_process`
[INFO] [stdout]     |
[INFO] [stdout] help: there is a crate or module with a similar name
[INFO] [stdout]     |
[INFO] [stdout] 412 -     use snarkvm_synthesizer_process::Process;
[INFO] [stdout] 412 +     use snarkvm_synthesizer_program::Process;
[INFO] [stdout]     |
[INFO] [stdout] 
[INFO] [stdout] 
[INFO] [stdout] error[E0432]: unresolved import `snarkvm_ledger_query`
[INFO] [stdout]    --> src/transaction/fee/mod.rs:206:9
[INFO] [stdout]     |
[INFO] [stdout] 206 |     use snarkvm_ledger_query::Query;
[INFO] [stdout]     |         ^^^^^^^^^^^^^^^^^^^^ use of unresolved module or unlinked crate `snarkvm_ledger_query`
[INFO] [stdout]     |
[INFO] [stdout] help: there is a crate or module with a similar name
[INFO] [stdout]     |
[INFO] [stdout] 206 -     use snarkvm_ledger_query::Query;
[INFO] [stdout] 206 +     use snarkvm_ledger_puzzle::Query;
[INFO] [stdout]     |
[INFO] [stdout] 
[INFO] [stdout] 
[INFO] [stdout] error[E0433]: cannot find module or crate `snarkvm_ledger_store` in this scope
[INFO] [stdout]    --> src/transaction/fee/mod.rs:207:9
[INFO] [stdout]     |
[INFO] [stdout] 207 |     use snarkvm_ledger_store::{BlockStore, helpers::memory::BlockMemory};
[INFO] [stdout]     |         ^^^^^^^^^^^^^^^^^^^^ use of unresolved module or unlinked crate `snarkvm_ledger_store`
[INFO] [stdout]     |
[INFO] [stdout] help: there is a crate or module with a similar name
[INFO] [stdout]     |
[INFO] [stdout] 207 -     use snarkvm_ledger_store::{BlockStore, helpers::memory::BlockMemory};
[INFO] [stdout] 207 +     use snarkvm_ledger_puzzle::{BlockStore, helpers::memory::BlockMemory};
[INFO] [stdout]     |
[INFO] [stdout] 
[INFO] [stdout] 
[INFO] [stdout] error[E0432]: unresolved import `snarkvm_ledger_store`
[INFO] [stdout]    --> src/transaction/fee/mod.rs:207:9
[INFO] [stdout]     |
[INFO] [stdout] 207 |     use snarkvm_ledger_store::{BlockStore, helpers::memory::BlockMemory};
[INFO] [stdout]     |         ^^^^^^^^^^^^^^^^^^^^ use of unresolved module or unlinked crate `snarkvm_ledger_store`
[INFO] [stdout]     |
[INFO] [stdout] help: there is a crate or module with a similar name
[INFO] [stdout]     |
[INFO] [stdout] 207 -     use snarkvm_ledger_store::{BlockStore, helpers::memory::BlockMemory};
[INFO] [stdout] 207 +     use snarkvm_ledger_puzzle::{BlockStore, helpers::memory::BlockMemory};
[INFO] [stdout]     |
[INFO] [stdout] 
[INFO] [stdout] 
[INFO] [stdout] error[E0432]: unresolved import `snarkvm_synthesizer_process`
[INFO] [stdout]    --> src/transaction/fee/mod.rs:208:9
[INFO] [stdout]     |
[INFO] [stdout] 208 |     use snarkvm_synthesizer_process::Process;
[INFO] [stdout]     |         ^^^^^^^^^^^^^^^^^^^^^^^^^^^ use of unresolved module or unlinked crate `snarkvm_synthesizer_process`
[INFO] [stdout]     |
[INFO] [stdout] help: there is a crate or module with a similar name
[INFO] [stdout]     |
[INFO] [stdout] 208 -     use snarkvm_synthesizer_process::Process;
[INFO] [stdout] 208 +     use snarkvm_synthesizer_program::Process;
[INFO] [stdout]     |
[INFO] [stdout] 
[INFO] [stdout] 
[INFO] [stdout] error[E0432]: unresolved import `snarkvm_ledger_query`
[INFO] [stdout]    --> src/lib.rs:623:9
[INFO] [stdout]     |
[INFO] [stdout] 623 |     use snarkvm_ledger_query::Query;
[INFO] [stdout]     |         ^^^^^^^^^^^^^^^^^^^^ use of unresolved module or unlinked crate `snarkvm_ledger_query`
[INFO] [stdout]     |
[INFO] [stdout] help: there is a crate or module with a similar name
[INFO] [stdout]     |
[INFO] [stdout] 623 -     use snarkvm_ledger_query::Query;
[INFO] [stdout] 623 +     use snarkvm_ledger_puzzle::Query;
[INFO] [stdout]     |
[INFO] [stdout] 
[INFO] [stdout] 
[INFO] [stdout] error[E0433]: cannot find module or crate `snarkvm_ledger_store` in this scope
[INFO] [stdout]    --> src/lib.rs:624:9
[INFO] [stdout]     |
[INFO] [stdout] 624 |     use snarkvm_ledger_store::{BlockStore, helpers::memory::BlockMemory};
[INFO] [stdout]     |         ^^^^^^^^^^^^^^^^^^^^ use of unresolved module or unlinked crate `snarkvm_ledger_store`
[INFO] [stdout]     |
[INFO] [stdout] help: there is a crate or module with a similar name
[INFO] [stdout]     |
[INFO] [stdout] 624 -     use snarkvm_ledger_store::{BlockStore, helpers::memory::BlockMemory};
[INFO] [stdout] 624 +     use snarkvm_ledger_puzzle::{BlockStore, helpers::memory::BlockMemory};
[INFO] [stdout]     |
[INFO] [stdout] 
[INFO] [stdout] 
[INFO] [stdout] error[E0432]: unresolved import `snarkvm_ledger_store`
[INFO] [stdout]    --> src/lib.rs:624:9
[INFO] [stdout]     |
[INFO] [stdout] 624 |     use snarkvm_ledger_store::{BlockStore, helpers::memory::BlockMemory};
[INFO] [stdout]     |         ^^^^^^^^^^^^^^^^^^^^ use of unresolved module or unlinked crate `snarkvm_ledger_store`
[INFO] [stdout]     |
[INFO] [stdout] help: there is a crate or module with a similar name
[INFO] [stdout]     |
[INFO] [stdout] 624 -     use snarkvm_ledger_store::{BlockStore, helpers::memory::BlockMemory};
[INFO] [stdout] 624 +     use snarkvm_ledger_puzzle::{BlockStore, helpers::memory::BlockMemory};
[INFO] [stdout]     |
[INFO] [stdout] 
[INFO] [stdout] 
[INFO] [stdout] error[E0432]: unresolved import `snarkvm_synthesizer_process`
[INFO] [stdout]    --> src/lib.rs:625:9
[INFO] [stdout]     |
[INFO] [stdout] 625 |     use snarkvm_synthesizer_process::Process;
[INFO] [stdout]     |         ^^^^^^^^^^^^^^^^^^^^^^^^^^^ use of unresolved module or unlinked crate `snarkvm_synthesizer_process`
[INFO] [stdout]     |
[INFO] [stdout] help: there is a crate or module with a similar name
[INFO] [stdout]     |
[INFO] [stdout] 625 -     use snarkvm_synthesizer_process::Process;
[INFO] [stdout] 625 +     use snarkvm_synthesizer_program::Process;
[INFO] [stdout]     |
[INFO] [stdout] 
[INFO] [stdout] 
[INFO] [stdout] Some errors have detailed explanations: E0432, E0433.
[INFO] [stdout] 
[INFO] [stdout] For more information about an error, try `rustc --explain E0432`.
[INFO] [stdout] 
[INFO] [stderr] error: could not compile `snarkvm-ledger-block` (lib test) due to 9 previous errors
[INFO] running `Command { std: "docker" "inspect" "3752c30e1ced627405f54d097a51834d5369528062ea88e7b28fefddf23ef706", kill_on_drop: false }`
[INFO] running `Command { std: "docker" "rm" "-f" "3752c30e1ced627405f54d097a51834d5369528062ea88e7b28fefddf23ef706", kill_on_drop: false }`
[INFO] [stdout] 3752c30e1ced627405f54d097a51834d5369528062ea88e7b28fefddf23ef706
