[INFO] fetching crate snap-coin-utils 3.1.2...
[INFO] testing snap-coin-utils-3.1.2 against 1.99.0-beta.8+cargoflags=--release for beta-release-1.100-2
[INFO] extracting crate snap-coin-utils 3.1.2 into /workspace/builds/worker-5-tc1/source
[INFO] started tweaking crates.io crate snap-coin-utils 3.1.2
[INFO] finished tweaking crates.io crate snap-coin-utils 3.1.2
[INFO] tweaked toml for crates.io crate snap-coin-utils 3.1.2 written to /workspace/builds/worker-5-tc1/source/Cargo.toml
[INFO] validating manifest of crates.io crate snap-coin-utils 3.1.2 on toolchain 1.99.0-beta.8
[INFO] running `Command { std: CARGO_HOME="/workspace/cargo-home" RUSTUP_HOME="/workspace/rustup-home" "/workspace/cargo-home/bin/cargo" "+1.99.0-beta.8" "metadata" "--manifest-path" "Cargo.toml" "--no-deps", kill_on_drop: false }`
[INFO] crate crates.io crate snap-coin-utils 3.1.2 already has a lockfile, it will not be regenerated
[INFO] running `Command { std: CARGO_HOME="/workspace/cargo-home" RUSTUP_HOME="/workspace/rustup-home" "/workspace/cargo-home/bin/cargo" "+1.99.0-beta.8" "fetch" "--manifest-path" "Cargo.toml", kill_on_drop: false }`
[INFO] [stderr]     Updating crates.io index
[INFO] [stderr]  Downloading crates ...
[INFO] [stderr]   Downloaded get_if_addrs v0.5.3
[INFO] [stderr]   Downloaded get_if_addrs-sys v0.1.1
[INFO] [stderr]   Downloaded snap-coin v9.0.0
[INFO] [stderr]   Downloaded gcc v0.3.55
[INFO] [stderr]   Downloaded c_linked_list v1.1.1
[INFO] [stderr]   Downloaded base64ct v1.8.1
[INFO] [stderr]   Downloaded flexi_logger v0.31.7
[INFO] [stderr]   Downloaded sled v0.34.7
[INFO] [stderr]   Downloaded randomx-rs v1.4.1
[INFO] running `Command { std: "docker" "create" "-v" "/var/lib/crater-agent-workspace/builds/worker-5-tc1/source:/opt/rustwide/workdir:ro,Z" "-v" "/var/lib/crater-agent-workspace/builds/worker-5-tc1/target:/opt/rustwide/target:rw,Z" "-v" "/var/lib/crater-agent-workspace/cargo-home:/opt/rustwide/cargo-home:ro,Z" "-v" "/var/lib/crater-agent-workspace/rustup-home:/opt/rustwide/rustup-home:ro,Z" "-m" "1610612736" "--network" "none" "ghcr.io/rust-lang/crates-build-env/linux@sha256:77db811e55d90add9212f6832c23229e3de5f1c1f9905e8cb07319ea15df73ac" "sleep" "infinity", kill_on_drop: false }`
[INFO] [stdout] 03ec9c3ca7dca06114699112aca22e32702c9351b6c1a42834dc568478ca4ec1
[INFO] running `Command { std: "docker" "start" "03ec9c3ca7dca06114699112aca22e32702c9351b6c1a42834dc568478ca4ec1", kill_on_drop: false }`
[INFO] running `Command { std: "docker" "inspect" "03ec9c3ca7dca06114699112aca22e32702c9351b6c1a42834dc568478ca4ec1", kill_on_drop: false }`
[INFO] running `Command { std: "docker" "exec" "-e" "SOURCE_DIR=/opt/rustwide/workdir" "-e" "CARGO_HOME=/opt/rustwide/cargo-home" "-e" "RUSTUP_HOME=/opt/rustwide/rustup-home" "-e" "CARGO_TARGET_DIR=/opt/rustwide/target" "-w" "/opt/rustwide/workdir" "--user" "0:0" "03ec9c3ca7dca06114699112aca22e32702c9351b6c1a42834dc568478ca4ec1" "/opt/rustwide/cargo-home/bin/cargo" "+1.99.0-beta.8" "metadata" "--no-deps" "--format-version=1", kill_on_drop: false }`
[INFO] running `Command { std: "docker" "inspect" "03ec9c3ca7dca06114699112aca22e32702c9351b6c1a42834dc568478ca4ec1", kill_on_drop: false }`
[INFO] running `Command { std: "docker" "exec" "-e" "SOURCE_DIR=/opt/rustwide/workdir" "-e" "CARGO_HOME=/opt/rustwide/cargo-home" "-e" "RUSTUP_HOME=/opt/rustwide/rustup-home" "-e" "CARGO_TARGET_DIR=/opt/rustwide/target" "-e" "CARGO_INCREMENTAL=0" "-e" "RUST_BACKTRACE=full" "-e" "RUSTFLAGS=--cap-lints=warn" "-e" "RUSTDOCFLAGS=--cap-lints=warn" "-w" "/opt/rustwide/workdir" "--user" "0:0" "03ec9c3ca7dca06114699112aca22e32702c9351b6c1a42834dc568478ca4ec1" "/opt/rustwide/cargo-home/bin/cargo" "+1.99.0-beta.8" "build" "--frozen" "--message-format=json" "--release", kill_on_drop: false }`
[INFO] [stderr]    Compiling syn v2.0.111
[INFO] [stderr]    Compiling typenum v1.19.0
[INFO] [stderr]    Compiling semver v1.0.27
[INFO] [stderr]    Compiling parking_lot_core v0.8.6
[INFO] [stderr]    Compiling futures-core v0.3.31
[INFO] [stderr]    Compiling futures-sink v0.3.31
[INFO] [stderr]    Compiling instant v0.1.13
[INFO] [stderr]    Compiling aho-corasick v1.1.4
[INFO] [stderr]    Compiling cmake v0.1.57
[INFO] [stderr]    Compiling getrandom v0.3.4
[INFO] [stderr]    Compiling regex-syntax v0.8.8
[INFO] [stderr]    Compiling ppv-lite86 v0.2.21
[INFO] [stderr]    Compiling signature v2.2.0
[INFO] [stderr]    Compiling iana-time-zone v0.1.64
[INFO] [stderr]    Compiling zeroize v1.8.2
[INFO] [stderr]    Compiling anstyle v1.0.13
[INFO] [stderr]    Compiling virtue v0.0.18
[INFO] [stderr]    Compiling ed25519 v2.2.3
[INFO] [stderr]    Compiling rand_core v0.9.3
[INFO] [stderr]    Compiling futures-channel v0.3.31
[INFO] [stderr]    Compiling rustc_version v0.4.1
[INFO] [stderr]    Compiling anstream v0.6.21
[INFO] [stderr]    Compiling parking_lot v0.11.2
[INFO] [stderr]    Compiling chrono v0.4.42
[INFO] [stderr]    Compiling anyhow v1.0.100
[INFO] [stderr]    Compiling fxhash v0.2.1
[INFO] [stderr]    Compiling randomx-rs v1.4.1
[INFO] [stderr]    Compiling crossbeam-epoch v0.9.18
[INFO] [stderr]    Compiling rand_chacha v0.9.0
[INFO] [stderr]    Compiling socket2 v0.6.1
[INFO] [stderr]    Compiling fs2 v0.4.3
[INFO] [stderr]    Compiling curve25519-dalek v4.1.3
[INFO] [stderr]    Compiling mio v1.1.1
[INFO] [stderr]    Compiling c_linked_list v1.1.1
[INFO] [stderr]    Compiling unty v0.0.4
[INFO] [stderr]    Compiling bytes v1.11.0
[INFO] [stderr]    Compiling clap_lex v0.7.6
[INFO] [stderr]    Compiling get_if_addrs v0.5.3
[INFO] [stderr]    Compiling generic-array v0.14.7
[INFO] [stderr]    Compiling rand v0.9.2
[INFO] [stderr]    Compiling clap_builder v4.5.53
[INFO] [stderr]    Compiling sled v0.34.7
[INFO] [stderr]    Compiling num-rational v0.4.2
[INFO] [stderr]    Compiling term_size v0.3.2
[INFO] [stderr]    Compiling bincode_derive v2.0.1
[INFO] [stderr]    Compiling crypto-common v0.1.7
[INFO] [stderr]    Compiling block-buffer v0.10.4
[INFO] [stderr]    Compiling digest v0.10.7
[INFO] [stderr]    Compiling sha2 v0.10.9
[INFO] [stderr]    Compiling bincode v2.0.1
[INFO] [stderr] error: could not compile `syn` (lib)
[INFO] [stderr] 
[INFO] [stderr] Caused by:
[INFO] [stderr]   process didn't exit successfully: `/opt/rustwide/rustup-home/toolchains/1.99.0-beta.8-x86_64-unknown-linux-gnu/bin/rustc --crate-name syn --edition=2021 /opt/rustwide/cargo-home/registry/src/index.crates.io-1949cf8c6b5b557f/syn-2.0.111/src/lib.rs --error-format=json --json=diagnostic-rendered-ansi,artifacts,future-incompat --crate-type lib --emit=dep-info,metadata,link -C embed-bitcode=no -C debug-assertions=off --cfg 'feature="clone-impls"' --cfg 'feature="default"' --cfg 'feature="derive"' --cfg 'feature="full"' --cfg 'feature="parsing"' --cfg 'feature="printing"' --cfg 'feature="proc-macro"' --cfg 'feature="visit-mut"' --check-cfg 'cfg(docsrs,test)' --check-cfg 'cfg(feature, values("clone-impls", "default", "derive", "extra-traits", "fold", "full", "parsing", "printing", "proc-macro", "test", "visit", "visit-mut"))' -C metadata=bea579baf71a432f -C extra-filename=-c6812eceef4c3daa --out-dir /opt/rustwide/target/release/deps -C strip=debuginfo -L dependency=/opt/rustwide/target/release/deps --extern proc_macro2=/opt/rustwide/target/release/deps/libproc_macro2-65328d7212518a11.rmeta --extern quote=/opt/rustwide/target/release/deps/libquote-c053c075a4c1a1d3.rmeta --extern unicode_ident=/opt/rustwide/target/release/deps/libunicode_ident-c79326c9fe5e1db9.rmeta --cap-lints allow --cap-lints=warn` (signal: 9, SIGKILL: kill)
[INFO] [stderr] warning: build failed, waiting for other jobs to finish...
[INFO] [stderr] error: could not compile `regex-syntax` (lib)
[INFO] [stderr] 
[INFO] [stderr] Caused by:
[INFO] [stderr]   process didn't exit successfully: `/opt/rustwide/rustup-home/toolchains/1.99.0-beta.8-x86_64-unknown-linux-gnu/bin/rustc --crate-name regex_syntax --edition=2021 /opt/rustwide/cargo-home/registry/src/index.crates.io-1949cf8c6b5b557f/regex-syntax-0.8.8/src/lib.rs --error-format=json --json=diagnostic-rendered-ansi,artifacts,future-incompat --crate-type lib --emit=dep-info,metadata,link -C opt-level=3 -C embed-bitcode=no --cfg 'feature="default"' --cfg 'feature="std"' --cfg 'feature="unicode"' --cfg 'feature="unicode-age"' --cfg 'feature="unicode-bool"' --cfg 'feature="unicode-case"' --cfg 'feature="unicode-gencat"' --cfg 'feature="unicode-perl"' --cfg 'feature="unicode-script"' --cfg 'feature="unicode-segment"' --check-cfg 'cfg(docsrs,test)' --check-cfg 'cfg(feature, values("arbitrary", "default", "std", "unicode", "unicode-age", "unicode-bool", "unicode-case", "unicode-gencat", "unicode-perl", "unicode-script", "unicode-segment"))' -C metadata=b821817b9a2fd876 -C extra-filename=-3f2dd4f0badfd6e9 --out-dir /opt/rustwide/target/release/deps -C strip=debuginfo -L dependency=/opt/rustwide/target/release/deps --cap-lints allow --cap-lints=warn` (signal: 9, SIGKILL: kill)
[INFO] [stderr] error: could not compile `sled` (lib)
[INFO] [stderr] 
[INFO] [stderr] Caused by:
[INFO] [stderr]   process didn't exit successfully: `/opt/rustwide/rustup-home/toolchains/1.99.0-beta.8-x86_64-unknown-linux-gnu/bin/rustc --crate-name sled --edition=2018 /opt/rustwide/cargo-home/registry/src/index.crates.io-1949cf8c6b5b557f/sled-0.34.7/src/lib.rs --error-format=json --json=diagnostic-rendered-ansi,artifacts,future-incompat --crate-type lib --emit=dep-info,metadata,link -C opt-level=3 -C embed-bitcode=no --cfg 'feature="default"' --cfg 'feature="no_metrics"' --check-cfg 'cfg(docsrs,test)' --check-cfg 'cfg(feature, values("backtrace", "color-backtrace", "compression", "default", "docs", "event_log", "failpoints", "io_uring", "lock_free_delays", "measure_allocs", "miri_optimizations", "mutex", "no_inline", "no_logs", "no_metrics", "pretty_backtrace", "rio", "testing", "zstd"))' -C metadata=cc12a0abbad3de6c -C extra-filename=-d646b3a524b0f799 --out-dir /opt/rustwide/target/release/deps -C strip=debuginfo -L dependency=/opt/rustwide/target/release/deps --extern crc32fast=/opt/rustwide/target/release/deps/libcrc32fast-de10743154edaffb.rmeta --extern crossbeam_epoch=/opt/rustwide/target/release/deps/libcrossbeam_epoch-dc2aa68b91736bf1.rmeta --extern crossbeam_utils=/opt/rustwide/target/release/deps/libcrossbeam_utils-c35c21890820cf1a.rmeta --extern fs2=/opt/rustwide/target/release/deps/libfs2-f1a941fbcf900bdf.rmeta --extern fxhash=/opt/rustwide/target/release/deps/libfxhash-79ea38955f5d78ca.rmeta --extern libc=/opt/rustwide/target/release/deps/liblibc-bc825f7af4364aad.rmeta --extern log=/opt/rustwide/target/release/deps/liblog-9f5fd3dda547de7d.rmeta --extern parking_lot=/opt/rustwide/target/release/deps/libparking_lot-69c4d851f39f7cb3.rmeta --cap-lints allow --cap-lints=warn` (signal: 9, SIGKILL: kill)
[INFO] [stderr] error: could not compile `clap_builder` (lib)
[INFO] [stderr] 
[INFO] [stderr] Caused by:
[INFO] [stderr]   process didn't exit successfully: `/opt/rustwide/rustup-home/toolchains/1.99.0-beta.8-x86_64-unknown-linux-gnu/bin/rustc --crate-name clap_builder --edition=2021 /opt/rustwide/cargo-home/registry/src/index.crates.io-1949cf8c6b5b557f/clap_builder-4.5.53/src/lib.rs --error-format=json --json=diagnostic-rendered-ansi,artifacts,future-incompat --crate-type lib --emit=dep-info,metadata,link -C opt-level=3 -C embed-bitcode=no --cfg 'feature="color"' --cfg 'feature="error-context"' --cfg 'feature="help"' --cfg 'feature="std"' --cfg 'feature="suggestions"' --cfg 'feature="usage"' --check-cfg 'cfg(docsrs,test)' --check-cfg 'cfg(feature, values("cargo", "color", "debug", "default", "deprecated", "env", "error-context", "help", "std", "string", "suggestions", "unicode", "unstable-doc", "unstable-ext", "unstable-styles", "unstable-v5", "usage", "wrap_help"))' -C metadata=b2dc82f8b33e4763 -C extra-filename=-0d5f09b380e39878 --out-dir /opt/rustwide/target/release/deps -C strip=debuginfo -L dependency=/opt/rustwide/target/release/deps --extern anstream=/opt/rustwide/target/release/deps/libanstream-c914bf1de34742d6.rmeta --extern anstyle=/opt/rustwide/target/release/deps/libanstyle-8f069d2d725bf663.rmeta --extern clap_lex=/opt/rustwide/target/release/deps/libclap_lex-9fcf0bc87aa3b61b.rmeta --extern strsim=/opt/rustwide/target/release/deps/libstrsim-59d8e27f2067b49a.rmeta --cap-lints allow --cap-lints=warn` (signal: 9, SIGKILL: kill)
[INFO] [stderr] error: failed to run custom build command for `randomx-rs v1.4.1`
[INFO] [stderr] note: To improve backtraces for build dependencies, set the CARGO_PROFILE_RELEASE_BUILD_OVERRIDE_DEBUG=true environment variable to enable debug information generation.
[INFO] [stderr] 
[INFO] [stderr] Caused by:
[INFO] [stderr]   process didn't exit successfully: `/opt/rustwide/target/release/build/randomx-rs-2cb699bd2cb64374/build-script-build` (exit status: 101)
[INFO] [stderr]   --- stdout
[INFO] [stderr]   CMAKE_TOOLCHAIN_FILE_x86_64-unknown-linux-gnu = None
[INFO] [stderr]   CMAKE_TOOLCHAIN_FILE_x86_64_unknown_linux_gnu = None
[INFO] [stderr]   HOST_CMAKE_TOOLCHAIN_FILE = None
[INFO] [stderr]   CMAKE_TOOLCHAIN_FILE = None
[INFO] [stderr]   CMAKE_GENERATOR_x86_64-unknown-linux-gnu = None
[INFO] [stderr]   CMAKE_GENERATOR_x86_64_unknown_linux_gnu = None
[INFO] [stderr]   HOST_CMAKE_GENERATOR = None
[INFO] [stderr]   CMAKE_GENERATOR = None
[INFO] [stderr]   CMAKE_PREFIX_PATH_x86_64-unknown-linux-gnu = None
[INFO] [stderr]   CMAKE_PREFIX_PATH_x86_64_unknown_linux_gnu = None
[INFO] [stderr]   HOST_CMAKE_PREFIX_PATH = None
[INFO] [stderr]   CMAKE_PREFIX_PATH = None
[INFO] [stderr]   CMAKE_x86_64-unknown-linux-gnu = None
[INFO] [stderr]   CMAKE_x86_64_unknown_linux_gnu = None
[INFO] [stderr]   HOST_CMAKE = None
[INFO] [stderr]   CMAKE = None
[INFO] [stderr]   -- The C compiler identification is GNU 15.2.0
[INFO] [stderr]   -- The CXX compiler identification is GNU 15.2.0
[INFO] [stderr]   -- Detecting C compiler ABI info
[INFO] [stderr]   -- Detecting C compiler ABI info - done
[INFO] [stderr]   -- Check for working C compiler: /usr/bin/cc - skipped
[INFO] [stderr]   -- Detecting C compile features
[INFO] [stderr]   -- Detecting C compile features - done
[INFO] [stderr]   -- Detecting CXX compiler ABI info
[INFO] [stderr]   -- Detecting CXX compiler ABI info - done
[INFO] [stderr]   -- Check for working CXX compiler: /usr/bin/c++ - skipped
[INFO] [stderr]   -- Detecting CXX compile features
[INFO] [stderr]   -- Detecting CXX compile features - done
[INFO] [stderr]   -- Performing Test _maes_cxx
[INFO] [stderr]   -- Performing Test _maes_cxx - Success
[INFO] [stderr]   -- Setting CXX flag -maes
[INFO] [stderr]   -- Performing Test _maes_c
[INFO] [stderr]   -- Performing Test _maes_c - Success
[INFO] [stderr]   -- Setting C flag -maes
[INFO] [stderr]   -- Performing Test HAVE_SSSE3
[INFO] [stderr]   -- Performing Test HAVE_SSSE3 - Success
[INFO] [stderr]   -- Performing Test HAVE_AVX2
[INFO] [stderr]   -- Performing Test HAVE_AVX2 - Success
[INFO] [stderr]   -- Performing Test CMAKE_HAVE_LIBC_PTHREAD
[INFO] [stderr]   -- Performing Test CMAKE_HAVE_LIBC_PTHREAD - Success
[INFO] [stderr]   -- Found Threads: TRUE
[INFO] [stderr]   -- Performing Test HAVE_CXX_ATOMICS
[INFO] [stderr]   -- Performing Test HAVE_CXX_ATOMICS - Success
[INFO] [stderr]   -- Configuring done (10.3s)
[INFO] [stderr]   -- Generating done (0.2s)
[INFO] [stderr]   -- Build files have been written to: /opt/rustwide/target/release/build/randomx-rs-37529dfbc4c96323/out/build
[INFO] [stderr]   [  2%] Building C object CMakeFiles/randomx.dir/src/argon2_ssse3.c.o
[INFO] [stderr]   [  5%] Building CXX object CMakeFiles/randomx.dir/src/aes_hash.cpp.o
[INFO] [stderr]   [  8%] Building C object CMakeFiles/randomx.dir/src/argon2_ref.c.o
[INFO] [stderr]   [ 11%] Building C object CMakeFiles/randomx.dir/src/argon2_avx2.c.o
[INFO] [stderr]   [ 17%] Building CXX object CMakeFiles/randomx.dir/src/bytecode_machine.cpp.o
[INFO] [stderr]   [ 17%] Building CXX object CMakeFiles/randomx.dir/src/cpu.cpp.o
[INFO] [stderr]   [ 20%] Building CXX object CMakeFiles/randomx.dir/src/dataset.cpp.o
[INFO] [stderr]   [ 23%] Building CXX object CMakeFiles/randomx.dir/src/soft_aes.cpp.o
[INFO] [stderr]   [ 26%] Building C object CMakeFiles/randomx.dir/src/virtual_memory.c.o
[INFO] [stderr]   [ 29%] Building CXX object CMakeFiles/randomx.dir/src/vm_interpreted.cpp.o
[INFO] [stderr]   [ 32%] Building CXX object CMakeFiles/randomx.dir/src/allocator.cpp.o
[INFO] [stderr]   [ 35%] Building CXX object CMakeFiles/randomx.dir/src/assembly_generator_x86.cpp.o
[INFO] [stderr]   [ 38%] Building CXX object CMakeFiles/randomx.dir/src/instruction.cpp.o
[INFO] [stderr]   [ 41%] Building CXX object CMakeFiles/randomx.dir/src/randomx.cpp.o
[INFO] [stderr]   [ 47%] Building CXX object CMakeFiles/randomx.dir/src/superscalar.cpp.o
[INFO] [stderr]   [ 47%] Building CXX object CMakeFiles/randomx.dir/src/vm_compiled.cpp.o
[INFO] [stderr]   [ 50%] Building CXX object CMakeFiles/randomx.dir/src/vm_interpreted_light.cpp.o
[INFO] [stderr]   [ 52%] Building C object CMakeFiles/randomx.dir/src/argon2_core.c.o
[INFO] [stderr]   [ 61%] Building CXX object CMakeFiles/randomx.dir/src/blake2_generator.cpp.o
[INFO] [stderr]   [ 61%] Building CXX object CMakeFiles/randomx.dir/src/instructions_portable.cpp.o
[INFO] [stderr]   [ 61%] Building C object CMakeFiles/randomx.dir/src/reciprocal.c.o
[INFO] [stderr]   [ 64%] Building CXX object CMakeFiles/randomx.dir/src/virtual_machine.cpp.o
[INFO] [stderr]   [ 67%] Building CXX object CMakeFiles/randomx.dir/src/vm_compiled_light.cpp.o
[INFO] [stderr]   [ 70%] Building C object CMakeFiles/randomx.dir/src/blake2/blake2b.c.o
[INFO] [stderr]   [ 73%] Building CXX object CMakeFiles/randomx.dir/src/jit_compiler_x86.cpp.o
[INFO] [stderr]   [ 76%] Building C object CMakeFiles/randomx.dir/src/jit_compiler_x86_static.S.o
[INFO] [stderr] 
[INFO] [stderr]   --- stderr
[INFO] [stderr]   running: cd "/opt/rustwide/target/release/build/randomx-rs-37529dfbc4c96323/out/build" && CMAKE_PREFIX_PATH="" LC_ALL="C" "cmake" "/opt/rustwide/cargo-home/registry/src/index.crates.io-1949cf8c6b5b557f/randomx-rs-1.4.1/RandomX" "-B" "/opt/rustwide/target/release/build/randomx-rs-37529dfbc4c96323/out/build" "-DDARCH=native" "-DCMAKE_INSTALL_PREFIX=/opt/rustwide/target/release/build/randomx-rs-37529dfbc4c96323/out" "-DCMAKE_C_FLAGS= -ffunction-sections -fdata-sections -fPIC -m64" "-DCMAKE_C_COMPILER=/usr/bin/cc" "-DCMAKE_CXX_FLAGS= -ffunction-sections -fdata-sections -fPIC -m64" "-DCMAKE_CXX_COMPILER=/usr/bin/c++" "-DCMAKE_ASM_FLAGS= -ffunction-sections -fdata-sections -fPIC -m64" "-DCMAKE_ASM_COMPILER=/usr/bin/cc" "-DCMAKE_BUILD_TYPE=Release"
[INFO] [stderr]   CMake Deprecation Warning at CMakeLists.txt:29 (cmake_minimum_required):
[INFO] [stderr]     Compatibility with CMake < 3.10 will be removed from a future version of
[INFO] [stderr]     CMake.
[INFO] [stderr] 
[INFO] [stderr]     Update the VERSION argument <min> value.  Or, use the <min>...<max> syntax
[INFO] [stderr]     to tell CMake that the project requires at least <min> but has been updated
[INFO] [stderr]     to work with policies introduced by <max> or earlier.
[INFO] [stderr] 
[INFO] [stderr] 
[INFO] [stderr]   CMake Warning:
[INFO] [stderr]     Manually-specified variables were not used by the project:
[INFO] [stderr] 
[INFO] [stderr]       CMAKE_ASM_COMPILER
[INFO] [stderr]       CMAKE_ASM_FLAGS
[INFO] [stderr]       DARCH
[INFO] [stderr] 
[INFO] [stderr] 
[INFO] [stderr]   running: cd "/opt/rustwide/target/release/build/randomx-rs-37529dfbc4c96323/out/build" && LC_ALL="C" MAKEFLAGS="-j --jobserver-fds=4,5 --jobserver-auth=4,5" "cmake" "--build" "/opt/rustwide/target/release/build/randomx-rs-37529dfbc4c96323/out/build" "--target" "install" "--config" "Release"
[INFO] [stderr]   c++: fatal error: Killed signal terminated program cc1plus
[INFO] [stderr]   compilation terminated.
[INFO] [stderr]   gmake[2]: *** [CMakeFiles/randomx.dir/build.make:163: CMakeFiles/randomx.dir/src/dataset.cpp.o] Error 1
[INFO] [stderr]   gmake[2]: *** Waiting for unfinished jobs....
[INFO] [stderr]   gmake[1]: *** [CMakeFiles/Makefile2:96: CMakeFiles/randomx.dir/all] Error 2
[INFO] [stderr]   gmake: *** [Makefile:136: all] Error 2
[INFO] [stderr] 
[INFO] [stderr]   thread 'main' (336) panicked at /opt/rustwide/cargo-home/registry/src/index.crates.io-1949cf8c6b5b557f/cmake-0.1.57/src/lib.rs:1132:5:
[INFO] [stderr] 
[INFO] [stderr]   command did not execute successfully, got: exit status: 2
[INFO] [stderr] 
[INFO] [stderr]   build script failed, must exit now
[INFO] [stderr]   stack backtrace:
[INFO] [stderr]      0:     0x6263b095c6d1 - <<std[70759c8f55707aa4]::sys::backtrace::BacktraceLock>::print::DisplayBacktrace as core[df12db4294e9bfd3]::fmt::Display>::fmt
[INFO] [stderr]      1:     0x6263b097097a - core[df12db4294e9bfd3]::fmt::write
[INFO] [stderr]      2:     0x6263b096229c - <std[70759c8f55707aa4]::sys::stdio::unix::Stderr as core[df12db4294e9bfd3]::io::write::Write>::write_fmt
[INFO] [stderr]      3:     0x6263b093bc86 - std[70759c8f55707aa4]::panicking::default_hook::{closure#0}
[INFO] [stderr]      4:     0x6263b09574f1 - std[70759c8f55707aa4]::panicking::default_hook
[INFO] [stderr]      5:     0x6263b09576ab - std[70759c8f55707aa4]::panicking::panic_with_hook
[INFO] [stderr]      6:     0x6263b093bd32 - std[70759c8f55707aa4]::panicking::panic_handler::{closure#0}
[INFO] [stderr]      7:     0x6263b09349c9 - std[70759c8f55707aa4]::sys::backtrace::__rust_end_short_backtrace::<std[70759c8f55707aa4]::panicking::panic_handler::{closure#0}, !>
[INFO] [stderr]      8:     0x6263b093c54d - __rustc[8fa7c3cbc660c2b3]::rust_begin_unwind
[INFO] [stderr]      9:     0x6263b09710ec - core[df12db4294e9bfd3]::panicking::panic_fmt
[INFO] [stderr]     10:     0x6263b08c9ab7 - cmake[f0b42dabbd1118bb]::fail
[INFO] [stderr]     11:     0x6263b08c9743 - cmake[f0b42dabbd1118bb]::run
[INFO] [stderr]     12:     0x6263b08cf715 - <cmake[f0b42dabbd1118bb]::Config>::build
[INFO] [stderr]     13:     0x6263b08bc01a - build_script_build[983a84503fc4d475]::main
[INFO] [stderr]     14:     0x6263b08bca73 - <fn() as core[df12db4294e9bfd3]::ops::function::FnOnce<()>>::call_once
[INFO] [stderr]     15:     0x6263b08bbe86 - std[70759c8f55707aa4]::sys::backtrace::__rust_begin_short_backtrace::<fn(), ()>
[INFO] [stderr]     16:     0x6263b08bbe99 - std[70759c8f55707aa4]::rt::lang_start::<()>::{closure#0}
[INFO] [stderr]     17:     0x6263b09567b9 - std[70759c8f55707aa4]::rt::lang_start_internal
[INFO] [stderr]     18:     0x6263b08bba11 - std[70759c8f55707aa4]::rt::lang_start::<()>
[INFO] [stderr]     19:     0x6263b08bcae5 - main
[INFO] [stderr]     20:     0x71fd15e46601 - <unknown>
[INFO] [stderr]     21:     0x71fd15e46718 - __libc_start_main
[INFO] [stderr]     22:     0x6263b08bad95 - _start
[INFO] [stderr]     23:                0x0 - <unknown>
[INFO] running `Command { std: "docker" "inspect" "03ec9c3ca7dca06114699112aca22e32702c9351b6c1a42834dc568478ca4ec1", kill_on_drop: false }`
[INFO] running `Command { std: "docker" "rm" "-f" "03ec9c3ca7dca06114699112aca22e32702c9351b6c1a42834dc568478ca4ec1", kill_on_drop: false }`
[INFO] [stdout] 03ec9c3ca7dca06114699112aca22e32702c9351b6c1a42834dc568478ca4ec1
