[INFO] fetching crate smeltery-mold-macros 0.1.0...
[INFO] testing smeltery-mold-macros-0.1.0 against 1.100.0-beta.1+cargoflags=--release for beta-release-1.100-2
[INFO] extracting crate smeltery-mold-macros 0.1.0 into /workspace/builds/worker-2-tc2/source
[INFO] started tweaking crates.io crate smeltery-mold-macros 0.1.0
[INFO] removed 0 missing tests
[INFO] finished tweaking crates.io crate smeltery-mold-macros 0.1.0
[INFO] tweaked toml for crates.io crate smeltery-mold-macros 0.1.0 written to /workspace/builds/worker-2-tc2/source/Cargo.toml
[INFO] validating manifest of crates.io crate smeltery-mold-macros 0.1.0 on toolchain 1.100.0-beta.1
[INFO] running `Command { std: CARGO_HOME="/workspace/cargo-home" RUSTUP_HOME="/workspace/rustup-home" "/workspace/cargo-home/bin/cargo" "+1.100.0-beta.1" "metadata" "--manifest-path" "Cargo.toml" "--no-deps", kill_on_drop: false }`
[INFO] crate crates.io crate smeltery-mold-macros 0.1.0 already has a lockfile, it will not be regenerated
[INFO] running `Command { std: CARGO_HOME="/workspace/cargo-home" RUSTUP_HOME="/workspace/rustup-home" "/workspace/cargo-home/bin/cargo" "+1.100.0-beta.1" "fetch" "--manifest-path" "Cargo.toml", kill_on_drop: false }`
[INFO] running `Command { std: "docker" "create" "-v" "/var/lib/crater-agent-workspace/builds/worker-2-tc2/source:/opt/rustwide/workdir:ro,Z" "-v" "/var/lib/crater-agent-workspace/builds/worker-2-tc2/target:/opt/rustwide/target:rw,Z" "-v" "/var/lib/crater-agent-workspace/cargo-home:/opt/rustwide/cargo-home:ro,Z" "-v" "/var/lib/crater-agent-workspace/rustup-home:/opt/rustwide/rustup-home:ro,Z" "-m" "1610612736" "--network" "none" "ghcr.io/rust-lang/crates-build-env/linux@sha256:77db811e55d90add9212f6832c23229e3de5f1c1f9905e8cb07319ea15df73ac" "sleep" "infinity", kill_on_drop: false }`
[INFO] [stdout] f75e07f67e663db3b81770dc72a822105b0a32da288a9395f439a55137609dd3
[INFO] running `Command { std: "docker" "start" "f75e07f67e663db3b81770dc72a822105b0a32da288a9395f439a55137609dd3", kill_on_drop: false }`
[INFO] running `Command { std: "docker" "inspect" "f75e07f67e663db3b81770dc72a822105b0a32da288a9395f439a55137609dd3", kill_on_drop: false }`
[INFO] running `Command { std: "docker" "exec" "-e" "SOURCE_DIR=/opt/rustwide/workdir" "-e" "CARGO_HOME=/opt/rustwide/cargo-home" "-e" "RUSTUP_HOME=/opt/rustwide/rustup-home" "-e" "CARGO_TARGET_DIR=/opt/rustwide/target" "-w" "/opt/rustwide/workdir" "--user" "0:0" "f75e07f67e663db3b81770dc72a822105b0a32da288a9395f439a55137609dd3" "/opt/rustwide/cargo-home/bin/cargo" "+1.100.0-beta.1" "metadata" "--no-deps" "--format-version=1", kill_on_drop: false }`
[INFO] running `Command { std: "docker" "inspect" "f75e07f67e663db3b81770dc72a822105b0a32da288a9395f439a55137609dd3", kill_on_drop: false }`
[INFO] running `Command { std: "docker" "exec" "-e" "SOURCE_DIR=/opt/rustwide/workdir" "-e" "CARGO_HOME=/opt/rustwide/cargo-home" "-e" "RUSTUP_HOME=/opt/rustwide/rustup-home" "-e" "CARGO_TARGET_DIR=/opt/rustwide/target" "-e" "CARGO_INCREMENTAL=0" "-e" "RUST_BACKTRACE=full" "-e" "RUSTFLAGS=--cap-lints=warn" "-e" "RUSTDOCFLAGS=--cap-lints=warn" "-w" "/opt/rustwide/workdir" "--user" "0:0" "f75e07f67e663db3b81770dc72a822105b0a32da288a9395f439a55137609dd3" "/opt/rustwide/cargo-home/bin/cargo" "+1.100.0-beta.1" "build" "--frozen" "--message-format=json" "--release", kill_on_drop: false }`
[INFO] [stderr]    Compiling syn v3.0.6
[INFO] [stderr]    Compiling serde_json v1.0.151
[INFO] [stderr]    Compiling syn v2.0.119
[INFO] [stderr]    Compiling serde_derive v1.0.229
[INFO] [stderr]    Compiling thiserror-impl v2.0.21
[INFO] [stderr]    Compiling thiserror v2.0.21
[INFO] [stderr]    Compiling serde v1.0.229
[INFO] [stderr]    Compiling smeltery-mold v0.1.0
[INFO] [stderr]    Compiling smeltery-mold-macros v0.1.0 (/opt/rustwide/workdir)
[INFO] [stderr]     Finished `release` profile [optimized] target(s) in 15.84s
[INFO] running `Command { std: "docker" "inspect" "f75e07f67e663db3b81770dc72a822105b0a32da288a9395f439a55137609dd3", kill_on_drop: false }`
[INFO] running `Command { std: "docker" "exec" "-e" "SOURCE_DIR=/opt/rustwide/workdir" "-e" "CARGO_HOME=/opt/rustwide/cargo-home" "-e" "RUSTUP_HOME=/opt/rustwide/rustup-home" "-e" "CARGO_TARGET_DIR=/opt/rustwide/target" "-e" "CARGO_INCREMENTAL=0" "-e" "RUST_BACKTRACE=full" "-e" "RUSTFLAGS=--cap-lints=warn" "-e" "RUSTDOCFLAGS=--cap-lints=warn" "-w" "/opt/rustwide/workdir" "--user" "0:0" "f75e07f67e663db3b81770dc72a822105b0a32da288a9395f439a55137609dd3" "/opt/rustwide/cargo-home/bin/cargo" "+1.100.0-beta.1" "test" "--frozen" "--no-run" "--message-format=json" "--release", kill_on_drop: false }`
[INFO] [stderr]    Compiling target-tuple v1.0.2
[INFO] [stderr]    Compiling serde v1.0.229
[INFO] [stderr]    Compiling serde_json v1.0.151
[INFO] [stderr]    Compiling proc-macro2 v1.0.107
[INFO] [stderr]    Compiling winnow v1.0.4
[INFO] [stderr]    Compiling unicode-ident v1.0.26
[INFO] [stderr]    Compiling quote v1.0.47
[INFO] [stderr]    Compiling toml_parser v1.1.3+spec-1.1.0
[INFO] [stderr]    Compiling serde_spanned v1.1.1
[INFO] [stderr]    Compiling toml_datetime v1.1.1+spec-1.1.0
[INFO] [stderr]    Compiling toml_writer v1.1.2+spec-1.1.0
[INFO] [stderr]    Compiling thiserror v2.0.21
[INFO] [stderr]    Compiling glob v0.3.4
[INFO] [stderr]    Compiling toml v1.1.6+spec-1.1.0
[INFO] [stderr]    Compiling smeltery-mold v0.1.0
[INFO] [stderr]    Compiling syn v2.0.119
[INFO] [stderr]    Compiling trybuild v1.0.121
[INFO] [stderr]    Compiling smeltery-mold-macros v0.1.0 (/opt/rustwide/workdir)
[INFO] [stdout] error: ../smeltery-mold/tests/corpus/basics/views/page.mold.html: template `page` not found
[INFO] [stdout]    --> tests/equality.rs:101:5
[INFO] [stdout]     |
[INFO] [stdout] 101 |     "page",
[INFO] [stdout]     |     ^^^^^^
[INFO] [stdout] 
[INFO] [stdout] 
[INFO] [stdout] error: ../smeltery-mold/tests/corpus/loops/views/page.mold.html: template `page` not found
[INFO] [stdout]    --> tests/equality.rs:157:5
[INFO] [stdout]     |
[INFO] [stdout] 157 |     "page",
[INFO] [stdout]     |     ^^^^^^
[INFO] [stdout] 
[INFO] [stdout] 
[INFO] [stdout] error: ../smeltery-mold/tests/corpus/layouts/views/page.mold.html: template `page` not found
[INFO] [stdout]    --> tests/equality.rs:194:5
[INFO] [stdout]     |
[INFO] [stdout] 194 |     "page",
[INFO] [stdout]     |     ^^^^^^
[INFO] [stdout] 
[INFO] [stdout] 
[INFO] [stdout] error: ../smeltery-mold/tests/corpus/components/views/page.mold.html: template `page` not found
[INFO] [stdout]    --> tests/equality.rs:218:5
[INFO] [stdout]     |
[INFO] [stdout] 218 |     "page",
[INFO] [stdout]     |     ^^^^^^
[INFO] [stdout] 
[INFO] [stdout] 
[INFO] [stdout] error: ../smeltery-mold/tests/corpus/request/views/page.mold.html: template `page` not found
[INFO] [stdout]    --> tests/equality.rs:245:5
[INFO] [stdout]     |
[INFO] [stdout] 245 |     "page",
[INFO] [stdout]     |     ^^^^^^
[INFO] [stdout] 
[INFO] [stdout] 
[INFO] [stdout] error: ../smeltery-mold/tests/corpus/alloy/views/page.mold.html: template `page` not found
[INFO] [stdout]    --> tests/equality.rs:302:5
[INFO] [stdout]     |
[INFO] [stdout] 302 |     "page",
[INFO] [stdout]     |     ^^^^^^
[INFO] [stdout] 
[INFO] [stdout] 
[INFO] [stdout] error: ../smeltery-mold/tests/corpus/adjacency/views/page.mold.html: template `page` not found
[INFO] [stdout]    --> tests/equality.rs:354:5
[INFO] [stdout]     |
[INFO] [stdout] 354 |     "page",
[INFO] [stdout]     |     ^^^^^^
[INFO] [stdout] 
[INFO] [stdout] 
[INFO] [stdout] error: ../smeltery-mold/tests/corpus/js/views/page.mold.html: template `page` not found
[INFO] [stdout]    --> tests/equality.rs:384:5
[INFO] [stdout]     |
[INFO] [stdout] 384 |     "page",
[INFO] [stdout]     |     ^^^^^^
[INFO] [stdout] 
[INFO] [stdout] 
[INFO] [stdout] error[E0277]: the trait bound `Basics: Template` is not satisfied
[INFO] [stdout]    --> tests/equality.rs:128:9
[INFO] [stdout]     |
[INFO] [stdout] 126 |       check(
[INFO] [stdout]     |       ----- required by a bound introduced by this call
[INFO] [stdout] 127 |           "basics",
[INFO] [stdout] 128 | /         &Basics {
[INFO] [stdout] 129 | |             title: "<Hello & 'World'>".into(),
[INFO] [stdout] 130 | |             html: "<em>raw</em>",
[INFO] [stdout] 131 | |             unicode: "héllo wörld ✓".into(),
[INFO] [stdout] ...   |
[INFO] [stdout] 144 | |             scores: BTreeMap::from([("math".to_owned(), 9)]),
[INFO] [stdout] 145 | |         },
[INFO] [stdout]     | |_________^ unsatisfied trait bound
[INFO] [stdout]     |
[INFO] [stdout] help: the trait `Template` is not implemented for `Basics`
[INFO] [stdout]    --> tests/equality.rs:105:1
[INFO] [stdout]     |
[INFO] [stdout] 105 | struct Basics {
[INFO] [stdout]     | ^^^^^^^^^^^^^
[INFO] [stdout] help: the following other types implement trait `Template`
[INFO] [stdout]    --> tests/equality.rs:265:10
[INFO] [stdout]     |
[INFO] [stdout] 265 | #[derive(Mold)]
[INFO] [stdout]     |          ^^^^ `Errors`
[INFO] [stdout] ...
[INFO] [stdout] 320 | #[derive(Mold)]
[INFO] [stdout]     |          ^^^^ `AlloyOff`
[INFO] [stdout] ...
[INFO] [stdout] 324 | #[derive(Mold)]
[INFO] [stdout]     |          ^^^^ `ViteOff`
[INFO] [stdout] ...
[INFO] [stdout] 436 | #[derive(Mold)]
[INFO] [stdout]     |          ^^^^ `SafeField`
[INFO] [stdout] note: required by a bound in `check`
[INFO] [stdout]    --> tests/equality.rs:81:13
[INFO] [stdout]     |
[INFO] [stdout]  81 | fn check<T: Template>(case: &str, t: &T) {
[INFO] [stdout]     |             ^^^^^^^^ required by this bound in `check`
[INFO] [stdout]     = note: this error originates in the derive macro `Mold` (in Nightly builds, run with -Z macro-backtrace for more info)
[INFO] [stdout] 
[INFO] [stdout] 
[INFO] [stdout] error[E0277]: the trait bound `Loops: Template` is not satisfied
[INFO] [stdout]    --> tests/equality.rs:173:9
[INFO] [stdout]     |
[INFO] [stdout] 171 |       check(
[INFO] [stdout]     |       ----- required by a bound introduced by this call
[INFO] [stdout] 172 |           "loops",
[INFO] [stdout] 173 | /         &Loops {
[INFO] [stdout] 174 | |             posts: vec![
[INFO] [stdout] 175 | |                 Post {
[INFO] [stdout] 176 | |                     title: "First".into(),
[INFO] [stdout] ...   |
[INFO] [stdout] 187 | |             maybe_list: None,
[INFO] [stdout] 188 | |         },
[INFO] [stdout]     | |_________^ unsatisfied trait bound
[INFO] [stdout]     |
[INFO] [stdout] help: the trait `Template` is not implemented for `Loops`
[INFO] [stdout]    --> tests/equality.rs:161:1
[INFO] [stdout]     |
[INFO] [stdout] 161 | struct Loops {
[INFO] [stdout]     | ^^^^^^^^^^^^
[INFO] [stdout] help: the following other types implement trait `Template`
[INFO] [stdout]    --> tests/equality.rs:265:10
[INFO] [stdout]     |
[INFO] [stdout] 265 | #[derive(Mold)]
[INFO] [stdout]     |          ^^^^ `Errors`
[INFO] [stdout] ...
[INFO] [stdout] 320 | #[derive(Mold)]
[INFO] [stdout]     |          ^^^^ `AlloyOff`
[INFO] [stdout] ...
[INFO] [stdout] 324 | #[derive(Mold)]
[INFO] [stdout]     |          ^^^^ `ViteOff`
[INFO] [stdout] ...
[INFO] [stdout] 436 | #[derive(Mold)]
[INFO] [stdout]     |          ^^^^ `SafeField`
[INFO] [stdout] note: required by a bound in `check`
[INFO] [stdout]    --> tests/equality.rs:81:13
[INFO] [stdout]     |
[INFO] [stdout]  81 | fn check<T: Template>(case: &str, t: &T) {
[INFO] [stdout]     |             ^^^^^^^^ required by this bound in `check`
[INFO] [stdout]     = note: this error originates in the derive macro `Mold` (in Nightly builds, run with -Z macro-backtrace for more info)
[INFO] [stdout] 
[INFO] [stdout] 
[INFO] [stdout] error[E0277]: the trait bound `Layouts<'_>: Template` is not satisfied
[INFO] [stdout]    --> tests/equality.rs:208:9
[INFO] [stdout]     |
[INFO] [stdout] 206 |       check(
[INFO] [stdout]     |       ----- required by a bound introduced by this call
[INFO] [stdout] 207 |           "layouts",
[INFO] [stdout] 208 | /         &Layouts {
[INFO] [stdout] 209 | |             page_title: "About & us",
[INFO] [stdout] 210 | |             user: "ann".into(),
[INFO] [stdout] 211 | |             site: "Smeltery".into(),
[INFO] [stdout] 212 | |         },
[INFO] [stdout]     | |_________^ unsatisfied trait bound
[INFO] [stdout]     |
[INFO] [stdout] help: the trait `Template` is not implemented for `Layouts<'_>`
[INFO] [stdout]    --> tests/equality.rs:198:1
[INFO] [stdout]     |
[INFO] [stdout] 198 | struct Layouts<'a> {
[INFO] [stdout]     | ^^^^^^^^^^^^^^^^^^
[INFO] [stdout] help: the following other types implement trait `Template`
[INFO] [stdout]    --> tests/equality.rs:265:10
[INFO] [stdout]     |
[INFO] [stdout] 265 | #[derive(Mold)]
[INFO] [stdout]     |          ^^^^ `Errors`
[INFO] [stdout] ...
[INFO] [stdout] 320 | #[derive(Mold)]
[INFO] [stdout]     |          ^^^^ `AlloyOff`
[INFO] [stdout] ...
[INFO] [stdout] 324 | #[derive(Mold)]
[INFO] [stdout]     |          ^^^^ `ViteOff`
[INFO] [stdout] ...
[INFO] [stdout] 436 | #[derive(Mold)]
[INFO] [stdout]     |          ^^^^ `SafeField`
[INFO] [stdout] note: required by a bound in `check`
[INFO] [stdout]    --> tests/equality.rs:81:13
[INFO] [stdout]     |
[INFO] [stdout]  81 | fn check<T: Template>(case: &str, t: &T) {
[INFO] [stdout]     |             ^^^^^^^^ required by this bound in `check`
[INFO] [stdout]     = note: this error originates in the derive macro `Mold` (in Nightly builds, run with -Z macro-backtrace for more info)
[INFO] [stdout] 
[INFO] [stdout] 
[INFO] [stdout] error[E0277]: the trait bound `Components<{integer}>: Template` is not satisfied
[INFO] [stdout]    --> tests/equality.rs:235:9
[INFO] [stdout]     |
[INFO] [stdout] 233 |       check(
[INFO] [stdout]     |       ----- required by a bound introduced by this call
[INFO] [stdout] 234 |           "components",
[INFO] [stdout] 235 | /         &Components {
[INFO] [stdout] 236 | |             items: vec![1, 2, 3],
[INFO] [stdout] 237 | |             message: "<script>".into(),
[INFO] [stdout] 238 | |             email: "a@b.c".into(),
[INFO] [stdout] 239 | |         },
[INFO] [stdout]     | |_________^ unsatisfied trait bound
[INFO] [stdout]     |
[INFO] [stdout] help: the trait `Template` is not implemented for `Components<{integer}>`
[INFO] [stdout]    --> tests/equality.rs:222:1
[INFO] [stdout]     |
[INFO] [stdout] 222 | struct Components<T: serde::Serialize>
[INFO] [stdout]     | ^^^^^^^^^^^^^^^^^^^^^^^^^^^^^^^^^^^^^^
[INFO] [stdout] help: the following other types implement trait `Template`
[INFO] [stdout]    --> tests/equality.rs:265:10
[INFO] [stdout]     |
[INFO] [stdout] 265 | #[derive(Mold)]
[INFO] [stdout]     |          ^^^^ `Errors`
[INFO] [stdout] ...
[INFO] [stdout] 320 | #[derive(Mold)]
[INFO] [stdout]     |          ^^^^ `AlloyOff`
[INFO] [stdout] ...
[INFO] [stdout] 324 | #[derive(Mold)]
[INFO] [stdout]     |          ^^^^ `ViteOff`
[INFO] [stdout] ...
[INFO] [stdout] 436 | #[derive(Mold)]
[INFO] [stdout]     |          ^^^^ `SafeField`
[INFO] [stdout] note: required by a bound in `check`
[INFO] [stdout]    --> tests/equality.rs:81:13
[INFO] [stdout]     |
[INFO] [stdout]  81 | fn check<T: Template>(case: &str, t: &T) {
[INFO] [stdout]     |             ^^^^^^^^ required by this bound in `check`
[INFO] [stdout]     = note: this error originates in the derive macro `Mold` (in Nightly builds, run with -Z macro-backtrace for more info)
[INFO] [stdout] 
[INFO] [stdout] 
[INFO] [stdout] error[E0277]: the trait bound `Request: Template` is not satisfied
[INFO] [stdout]    --> tests/equality.rs:258:9
[INFO] [stdout]     |
[INFO] [stdout] 256 |       check(
[INFO] [stdout]     |       ----- required by a bound introduced by this call
[INFO] [stdout] 257 |           "request",
[INFO] [stdout] 258 | /         &Request {
[INFO] [stdout] 259 | |             post_id: 42,
[INFO] [stdout] 260 | |             start: 5,
[INFO] [stdout] 261 | |         },
[INFO] [stdout]     | |_________^ unsatisfied trait bound
[INFO] [stdout]     |
[INFO] [stdout] help: the trait `Template` is not implemented for `Request`
[INFO] [stdout]    --> tests/equality.rs:249:1
[INFO] [stdout]     |
[INFO] [stdout] 249 | struct Request {
[INFO] [stdout]     | ^^^^^^^^^^^^^^
[INFO] [stdout] help: the following other types implement trait `Template`
[INFO] [stdout]    --> tests/equality.rs:265:10
[INFO] [stdout]     |
[INFO] [stdout] 265 | #[derive(Mold)]
[INFO] [stdout]     |          ^^^^ `Errors`
[INFO] [stdout] ...
[INFO] [stdout] 320 | #[derive(Mold)]
[INFO] [stdout]     |          ^^^^ `AlloyOff`
[INFO] [stdout] ...
[INFO] [stdout] 324 | #[derive(Mold)]
[INFO] [stdout]     |          ^^^^ `ViteOff`
[INFO] [stdout] ...
[INFO] [stdout] 436 | #[derive(Mold)]
[INFO] [stdout]     |          ^^^^ `SafeField`
[INFO] [stdout] note: required by a bound in `check`
[INFO] [stdout]    --> tests/equality.rs:81:13
[INFO] [stdout]     |
[INFO] [stdout]  81 | fn check<T: Template>(case: &str, t: &T) {
[INFO] [stdout]     |             ^^^^^^^^ required by this bound in `check`
[INFO] [stdout]     = note: this error originates in the derive macro `Mold` (in Nightly builds, run with -Z macro-backtrace for more info)
[INFO] [stdout] 
[INFO] [stdout] 
[INFO] [stdout] error[E0599]: no method named `render` found for struct `Request` in the current scope
[INFO] [stdout]    --> tests/equality.rs:297:18
[INFO] [stdout]     |
[INFO] [stdout] 249 | struct Request {
[INFO] [stdout]     | -------------- method `render` not found for this struct
[INFO] [stdout] ...
[INFO] [stdout] 297 |     assert_eq!(t.render(&h).unwrap(), t.render_compiled(&h).unwrap());
[INFO] [stdout]     |                  ^^^^^^ method not found in `Request`
[INFO] [stdout]     |
[INFO] [stdout]     = help: items from traits can only be used if the trait is implemented and in scope
[INFO] [stdout]     = note: the following traits define an item `render`, perhaps you need to implement one of them:
[INFO] [stdout]             candidate #1: `Template`
[INFO] [stdout]             candidate #2: `smeltery_mold::rt::Render`
[INFO] [stdout] 
[INFO] [stdout] 
[INFO] [stdout] error[E0599]: no method named `render_compiled` found for struct `Request` in the current scope
[INFO] [stdout]    --> tests/equality.rs:297:41
[INFO] [stdout]     |
[INFO] [stdout] 249 | struct Request {
[INFO] [stdout]     | -------------- method `render_compiled` not found for this struct
[INFO] [stdout] ...
[INFO] [stdout] 297 |     assert_eq!(t.render(&h).unwrap(), t.render_compiled(&h).unwrap());
[INFO] [stdout]     |                                         ^^^^^^^^^^^^^^^ method not found in `Request`
[INFO] [stdout]     |
[INFO] [stdout]     = help: items from traits can only be used if the trait is implemented and in scope
[INFO] [stdout]     = note: the following trait defines an item `render_compiled`, perhaps you need to implement it:
[INFO] [stdout]             candidate #1: `Template`
[INFO] [stdout] 
[INFO] [stdout] 
[INFO] [stdout] error[E0277]: the trait bound `Alloy: Template` is not satisfied
[INFO] [stdout]    --> tests/equality.rs:314:9
[INFO] [stdout]     |
[INFO] [stdout] 312 |       check(
[INFO] [stdout]     |       ----- required by a bound introduced by this call
[INFO] [stdout] 313 |           "alloy",
[INFO] [stdout] 314 | /         &Alloy {
[INFO] [stdout] 315 | |             title: "Forge <Alloy>".into(),
[INFO] [stdout] 316 | |         },
[INFO] [stdout]     | |_________^ unsatisfied trait bound
[INFO] [stdout]     |
[INFO] [stdout] help: the trait `Template` is not implemented for `Alloy`
[INFO] [stdout]    --> tests/equality.rs:306:1
[INFO] [stdout]     |
[INFO] [stdout] 306 | struct Alloy {
[INFO] [stdout]     | ^^^^^^^^^^^^
[INFO] [stdout] help: the following other types implement trait `Template`
[INFO] [stdout]    --> tests/equality.rs:265:10
[INFO] [stdout]     |
[INFO] [stdout] 265 | #[derive(Mold)]
[INFO] [stdout]     |          ^^^^ `Errors`
[INFO] [stdout] ...
[INFO] [stdout] 320 | #[derive(Mold)]
[INFO] [stdout]     |          ^^^^ `AlloyOff`
[INFO] [stdout] ...
[INFO] [stdout] 324 | #[derive(Mold)]
[INFO] [stdout]     |          ^^^^ `ViteOff`
[INFO] [stdout] ...
[INFO] [stdout] 436 | #[derive(Mold)]
[INFO] [stdout]     |          ^^^^ `SafeField`
[INFO] [stdout] note: required by a bound in `check`
[INFO] [stdout]    --> tests/equality.rs:81:13
[INFO] [stdout]     |
[INFO] [stdout]  81 | fn check<T: Template>(case: &str, t: &T) {
[INFO] [stdout]     |             ^^^^^^^^ required by this bound in `check`
[INFO] [stdout]     = note: this error originates in the derive macro `Mold` (in Nightly builds, run with -Z macro-backtrace for more info)
[INFO] [stdout] 
[INFO] [stdout] 
[INFO] [stdout] error[E0277]: the trait bound `Adjacency: Template` is not satisfied
[INFO] [stdout]    --> tests/equality.rs:369:9
[INFO] [stdout]     |
[INFO] [stdout] 367 |       check(
[INFO] [stdout]     |       ----- required by a bound introduced by this call
[INFO] [stdout] 368 |           "adjacency",
[INFO] [stdout] 369 | /         &Adjacency {
[INFO] [stdout] 370 | |             show: true,
[INFO] [stdout] 371 | |             name: "Ann".into(),
[INFO] [stdout] 372 | |         },
[INFO] [stdout]     | |_________^ unsatisfied trait bound
[INFO] [stdout]     |
[INFO] [stdout] help: the trait `Template` is not implemented for `Adjacency`
[INFO] [stdout]    --> tests/equality.rs:358:1
[INFO] [stdout]     |
[INFO] [stdout] 358 | struct Adjacency {
[INFO] [stdout]     | ^^^^^^^^^^^^^^^^
[INFO] [stdout] help: the following other types implement trait `Template`
[INFO] [stdout]    --> tests/equality.rs:265:10
[INFO] [stdout]     |
[INFO] [stdout] 265 | #[derive(Mold)]
[INFO] [stdout]     |          ^^^^ `Errors`
[INFO] [stdout] ...
[INFO] [stdout] 320 | #[derive(Mold)]
[INFO] [stdout]     |          ^^^^ `AlloyOff`
[INFO] [stdout] ...
[INFO] [stdout] 324 | #[derive(Mold)]
[INFO] [stdout]     |          ^^^^ `ViteOff`
[INFO] [stdout] ...
[INFO] [stdout] 436 | #[derive(Mold)]
[INFO] [stdout]     |          ^^^^ `SafeField`
[INFO] [stdout] note: required by a bound in `check`
[INFO] [stdout]    --> tests/equality.rs:81:13
[INFO] [stdout]     |
[INFO] [stdout]  81 | fn check<T: Template>(case: &str, t: &T) {
[INFO] [stdout]     |             ^^^^^^^^ required by this bound in `check`
[INFO] [stdout]     = note: this error originates in the derive macro `Mold` (in Nightly builds, run with -Z macro-backtrace for more info)
[INFO] [stdout] 
[INFO] [stdout] 
[INFO] [stdout] error[E0277]: the trait bound `Js: Template` is not satisfied
[INFO] [stdout]    --> tests/equality.rs:412:9
[INFO] [stdout]     |
[INFO] [stdout] 410 |       check(
[INFO] [stdout]     |       ----- required by a bound introduced by this call
[INFO] [stdout] 411 |           "js",
[INFO] [stdout] 412 | /         &Js {
[INFO] [stdout] 413 | |             name: "'+alert(1)+'\\</script><!--&\"".into(),
[INFO] [stdout] 414 | |             id: 7,
[INFO] [stdout] 415 | |             post: JsPost {
[INFO] [stdout] ...   |
[INFO] [stdout] 431 | |             colon_path: "posts/a:b".into(),
[INFO] [stdout] 432 | |         },
[INFO] [stdout]     | |_________^ unsatisfied trait bound
[INFO] [stdout]     |
[INFO] [stdout] help: the trait `Template` is not implemented for `Js`
[INFO] [stdout]    --> tests/equality.rs:388:1
[INFO] [stdout]     |
[INFO] [stdout] 388 | struct Js {
[INFO] [stdout]     | ^^^^^^^^^
[INFO] [stdout] help: the following other types implement trait `Template`
[INFO] [stdout]    --> tests/equality.rs:265:10
[INFO] [stdout]     |
[INFO] [stdout] 265 | #[derive(Mold)]
[INFO] [stdout]     |          ^^^^ `Errors`
[INFO] [stdout] ...
[INFO] [stdout] 320 | #[derive(Mold)]
[INFO] [stdout]     |          ^^^^ `AlloyOff`
[INFO] [stdout] ...
[INFO] [stdout] 324 | #[derive(Mold)]
[INFO] [stdout]     |          ^^^^ `ViteOff`
[INFO] [stdout] ...
[INFO] [stdout] 436 | #[derive(Mold)]
[INFO] [stdout]     |          ^^^^ `SafeField`
[INFO] [stdout] note: required by a bound in `check`
[INFO] [stdout]    --> tests/equality.rs:81:13
[INFO] [stdout]     |
[INFO] [stdout]  81 | fn check<T: Template>(case: &str, t: &T) {
[INFO] [stdout]     |             ^^^^^^^^ required by this bound in `check`
[INFO] [stdout]     = note: this error originates in the derive macro `Mold` (in Nightly builds, run with -Z macro-backtrace for more info)
[INFO] [stdout] 
[INFO] [stdout] 
[INFO] [stdout] Some errors have detailed explanations: E0277, E0599.
[INFO] [stdout] 
[INFO] [stdout] For more information about an error, try `rustc --explain E0277`.
[INFO] [stdout] 
[INFO] [stderr] error: could not compile `smeltery-mold-macros` (test "equality") due to 18 previous errors
[INFO] running `Command { std: "docker" "inspect" "f75e07f67e663db3b81770dc72a822105b0a32da288a9395f439a55137609dd3", kill_on_drop: false }`
[INFO] running `Command { std: "docker" "rm" "-f" "f75e07f67e663db3b81770dc72a822105b0a32da288a9395f439a55137609dd3", kill_on_drop: false }`
[INFO] [stdout] f75e07f67e663db3b81770dc72a822105b0a32da288a9395f439a55137609dd3
