[INFO] fetching crate smeltery-alloy 0.1.0...
[INFO] testing smeltery-alloy-0.1.0 against 1.100.0-beta.1+cargoflags=--release for beta-release-1.100-2
[INFO] extracting crate smeltery-alloy 0.1.0 into /workspace/builds/worker-1-tc2/source
[INFO] started tweaking crates.io crate smeltery-alloy 0.1.0
[INFO] removed 0 missing tests
[INFO] finished tweaking crates.io crate smeltery-alloy 0.1.0
[INFO] tweaked toml for crates.io crate smeltery-alloy 0.1.0 written to /workspace/builds/worker-1-tc2/source/Cargo.toml
[INFO] validating manifest of crates.io crate smeltery-alloy 0.1.0 on toolchain 1.100.0-beta.1
[INFO] running `Command { std: CARGO_HOME="/workspace/cargo-home" RUSTUP_HOME="/workspace/rustup-home" "/workspace/cargo-home/bin/cargo" "+1.100.0-beta.1" "metadata" "--manifest-path" "Cargo.toml" "--no-deps", kill_on_drop: false }`
[INFO] crate crates.io crate smeltery-alloy 0.1.0 already has a lockfile, it will not be regenerated
[INFO] running `Command { std: CARGO_HOME="/workspace/cargo-home" RUSTUP_HOME="/workspace/rustup-home" "/workspace/cargo-home/bin/cargo" "+1.100.0-beta.1" "fetch" "--manifest-path" "Cargo.toml", kill_on_drop: false }`
[INFO] [stderr]     Blocking waiting for file lock on package cache
[INFO] [stderr]     Blocking waiting for file lock on package cache
[INFO] running `Command { std: "docker" "create" "-v" "/var/lib/crater-agent-workspace/builds/worker-1-tc2/source:/opt/rustwide/workdir:ro,Z" "-v" "/var/lib/crater-agent-workspace/builds/worker-1-tc2/target:/opt/rustwide/target:rw,Z" "-v" "/var/lib/crater-agent-workspace/cargo-home:/opt/rustwide/cargo-home:ro,Z" "-v" "/var/lib/crater-agent-workspace/rustup-home:/opt/rustwide/rustup-home:ro,Z" "-m" "1610612736" "--network" "none" "ghcr.io/rust-lang/crates-build-env/linux@sha256:77db811e55d90add9212f6832c23229e3de5f1c1f9905e8cb07319ea15df73ac" "sleep" "infinity", kill_on_drop: false }`
[INFO] [stdout] 0b38a7f00349522063533743dfbd056068c10177f9fbc18f13e0289940423cfd
[INFO] running `Command { std: "docker" "start" "0b38a7f00349522063533743dfbd056068c10177f9fbc18f13e0289940423cfd", kill_on_drop: false }`
[INFO] running `Command { std: "docker" "inspect" "0b38a7f00349522063533743dfbd056068c10177f9fbc18f13e0289940423cfd", kill_on_drop: false }`
[INFO] running `Command { std: "docker" "exec" "-e" "SOURCE_DIR=/opt/rustwide/workdir" "-e" "CARGO_HOME=/opt/rustwide/cargo-home" "-e" "RUSTUP_HOME=/opt/rustwide/rustup-home" "-e" "CARGO_TARGET_DIR=/opt/rustwide/target" "-w" "/opt/rustwide/workdir" "--user" "0:0" "0b38a7f00349522063533743dfbd056068c10177f9fbc18f13e0289940423cfd" "/opt/rustwide/cargo-home/bin/cargo" "+1.100.0-beta.1" "metadata" "--no-deps" "--format-version=1", kill_on_drop: false }`
[INFO] running `Command { std: "docker" "inspect" "0b38a7f00349522063533743dfbd056068c10177f9fbc18f13e0289940423cfd", kill_on_drop: false }`
[INFO] running `Command { std: "docker" "exec" "-e" "SOURCE_DIR=/opt/rustwide/workdir" "-e" "CARGO_HOME=/opt/rustwide/cargo-home" "-e" "RUSTUP_HOME=/opt/rustwide/rustup-home" "-e" "CARGO_TARGET_DIR=/opt/rustwide/target" "-e" "CARGO_INCREMENTAL=0" "-e" "RUST_BACKTRACE=full" "-e" "RUSTFLAGS=--cap-lints=warn" "-e" "RUSTDOCFLAGS=--cap-lints=warn" "-w" "/opt/rustwide/workdir" "--user" "0:0" "0b38a7f00349522063533743dfbd056068c10177f9fbc18f13e0289940423cfd" "/opt/rustwide/cargo-home/bin/cargo" "+1.100.0-beta.1" "build" "--frozen" "--message-format=json" "--release", kill_on_drop: false }`
[INFO] [stderr]    Compiling smallvec v1.16.2
[INFO] [stderr]    Compiling syn v3.0.6
[INFO] [stderr]    Compiling syn v2.0.119
[INFO] [stderr]    Compiling getrandom v0.2.17
[INFO] [stderr]    Compiling errno v0.3.14
[INFO] [stderr]    Compiling alloc-no-stdlib v3.0.0
[INFO] [stderr]    Compiling serde_json v1.0.151
[INFO] [stderr]    Compiling inout v0.1.4
[INFO] [stderr]    Compiling getrandom v0.4.3
[INFO] [stderr]    Compiling crossbeam-utils v0.8.23
[INFO] [stderr]    Compiling thiserror v2.0.21
[INFO] [stderr]    Compiling regex-automata v0.4.18
[INFO] [stderr]    Compiling base64ct v1.8.3
[INFO] [stderr]    Compiling either v1.18.0
[INFO] [stderr]    Compiling crossbeam-epoch v0.9.21
[INFO] [stderr]    Compiling digest v0.11.3
[INFO] [stderr]    Compiling signal-hook-registry v1.4.8
[INFO] [stderr]    Compiling alloc-stdlib v0.3.0
[INFO] [stderr]    Compiling ordered-float v4.6.0
[INFO] [stderr]    Compiling multer v3.1.0
[INFO] [stderr]    Compiling brotli-decompressor v6.0.1
[INFO] [stderr]    Compiling uuid v1.27.0
[INFO] [stderr]    Compiling itertools v0.14.0
[INFO] [stderr]    Compiling rand_core v0.6.4
[INFO] [stderr]    Compiling cookie v0.18.2
[INFO] [stderr]    Compiling rustix v1.1.5
[INFO] [stderr]    Compiling parking_lot_core v0.9.12
[INFO] [stderr]    Compiling phc v0.6.1
[INFO] [stderr]    Compiling time v0.3.55
[INFO] [stderr]    Compiling sharded-slab v0.1.7
[INFO] [stderr]    Compiling crypto-common v0.1.6
[INFO] [stderr]    Compiling cipher v0.4.4
[INFO] [stderr]    Compiling universal-hash v0.5.1
[INFO] [stderr]    Compiling digest v0.10.7
[INFO] [stderr]    Compiling hmac v0.12.1
[INFO] [stderr]    Compiling aead v0.5.2
[INFO] [stderr]    Compiling rand_chacha v0.3.1
[INFO] [stderr]    Compiling hkdf v0.12.4
[INFO] [stderr]    Compiling crossbeam-channel v0.5.17
[INFO] [stderr]    Compiling polyval v0.6.2
[INFO] [stderr]    Compiling password-hash v0.6.1
[INFO] [stderr]    Compiling ctr v0.9.2
[INFO] [stderr]    Compiling ghash v0.5.1
[INFO] [stderr]    Compiling aes v0.8.4
[INFO] [stderr]    Compiling sha2 v0.10.9
[INFO] [stderr]    Compiling parking_lot v0.12.5
[INFO] [stderr]    Compiling rand v0.8.8
[INFO] [stderr]    Compiling brotli v9.0.0
[INFO] [stderr]    Compiling blake2 v0.11.0
[INFO] [stderr]    Compiling aes-gcm v0.10.3
[INFO] [stderr]    Compiling axum-core v0.5.6
[INFO] [stderr]    Compiling thread_local v1.1.10
[INFO] [stderr]    Compiling tagptr v0.2.0
[INFO] [stderr]    Compiling http-range-header v0.4.2
[INFO] [stderr]    Compiling spin v0.9.9
[INFO] [stderr]    Compiling strum v0.28.0
[INFO] [stderr]    Compiling linux-raw-sys v0.12.1
[INFO] [stderr]    Compiling argon2 v0.6.0
[INFO] [stderr]    Compiling tracing-subscriber v0.3.23
[INFO] [stderr]    Compiling regex v1.13.1
[INFO] [stderr]    Compiling pluralizer v0.5.0
[INFO] [stderr]    Compiling darling_core v0.20.11
[INFO] [stderr]    Compiling synstructure v0.14.0
[INFO] [stderr]    Compiling tracing-attributes v0.1.31
[INFO] [stderr]    Compiling derive_more-impl v2.1.1
[INFO] [stderr]    Compiling async-stream-impl v0.3.6
[INFO] [stderr]    Compiling sea-bae v0.2.2
[INFO] [stderr]    Compiling sea-orm-macros v2.0.4
[INFO] [stderr]    Compiling zerofrom-derive v0.1.8
[INFO] [stderr]    Compiling yoke-derive v0.8.4
[INFO] [stderr]    Compiling zerovec-derive v0.11.6
[INFO] [stderr]    Compiling futures-macro v0.3.34
[INFO] [stderr]    Compiling displaydoc v0.2.7
[INFO] [stderr]    Compiling tokio-macros v2.7.2
[INFO] [stderr]    Compiling serde_derive v1.0.229
[INFO] [stderr]    Compiling thiserror-impl v2.0.21
[INFO] [stderr]    Compiling async-stream v0.3.6
[INFO] [stderr]    Compiling derive-where v1.7.0
[INFO] [stderr]    Compiling tokio v1.53.2
[INFO] [stderr]    Compiling futures-util v0.3.34
[INFO] [stderr]    Compiling compression-codecs v0.4.45
[INFO] [stderr]    Compiling tracing v0.1.44
[INFO] [stderr]    Compiling async-trait v0.1.92
[INFO] [stderr]    Compiling derive_more v2.1.1
[INFO] [stderr]    Compiling zerofrom v0.1.8
[INFO] [stderr]    Compiling yoke v0.8.3
[INFO] [stderr]    Compiling zerovec v0.11.8
[INFO] [stderr]    Compiling zerotrie v0.2.5
[INFO] [stderr]    Compiling serde v1.0.229
[INFO] [stderr]    Compiling darling_macro v0.20.11
[INFO] [stderr]    Compiling darling v0.20.11
[INFO] [stderr]    Compiling sea-query-derive v1.0.0
[INFO] [stderr]    Compiling tinystr v0.8.4
[INFO] [stderr]    Compiling potential_utf v0.1.6
[INFO] [stderr]    Compiling chrono v0.4.45
[INFO] [stderr]    Compiling icu_locale_core v2.3.0
[INFO] [stderr]    Compiling serde_urlencoded v0.7.1
[INFO] [stderr]    Compiling smeltery-mold v0.1.0
[INFO] [stderr]    Compiling icu_collections v2.3.0
[INFO] [stderr]    Compiling moka v0.12.16
[INFO] [stderr]    Compiling sea-query v1.0.2
[INFO] [stderr]    Compiling icu_provider v2.3.1
[INFO] [stderr]    Compiling icu_properties v2.3.0
[INFO] [stderr]    Compiling icu_normalizer v2.3.0
[INFO] [stderr]    Compiling idna_adapter v1.2.2
[INFO] [stderr]    Compiling idna v1.1.0
[INFO] [stderr]    Compiling url v2.5.8
[INFO] [stderr]    Compiling sea-orm v2.0.4
[INFO] [stderr]    Compiling tokio-util v0.7.19
[INFO] [stderr]    Compiling tower v0.5.3
[INFO] [stderr]    Compiling async-compression v0.4.50
[INFO] [stderr]    Compiling h2 v0.4.19
[INFO] [stderr]    Compiling tower-http v0.7.1
[INFO] [stderr]    Compiling hyper v1.11.1
[INFO] [stderr]    Compiling hyper-util v0.1.21
[INFO] [stderr]    Compiling axum v0.8.9
[INFO] [stderr]    Compiling smeltery-core v0.1.0
[INFO] [stderr]    Compiling smeltery-alloy v0.1.0 (/opt/rustwide/workdir)
[INFO] [stderr]     Finished `release` profile [optimized] target(s) in 2m 28s
[INFO] running `Command { std: "docker" "inspect" "0b38a7f00349522063533743dfbd056068c10177f9fbc18f13e0289940423cfd", kill_on_drop: false }`
[INFO] running `Command { std: "docker" "exec" "-e" "SOURCE_DIR=/opt/rustwide/workdir" "-e" "CARGO_HOME=/opt/rustwide/cargo-home" "-e" "RUSTUP_HOME=/opt/rustwide/rustup-home" "-e" "CARGO_TARGET_DIR=/opt/rustwide/target" "-e" "CARGO_INCREMENTAL=0" "-e" "RUST_BACKTRACE=full" "-e" "RUSTFLAGS=--cap-lints=warn" "-e" "RUSTDOCFLAGS=--cap-lints=warn" "-w" "/opt/rustwide/workdir" "--user" "0:0" "0b38a7f00349522063533743dfbd056068c10177f9fbc18f13e0289940423cfd" "/opt/rustwide/cargo-home/bin/cargo" "+1.100.0-beta.1" "test" "--frozen" "--no-run" "--message-format=json" "--release", kill_on_drop: false }`
[INFO] [stderr]    Compiling rustix v1.1.5
[INFO] [stderr]    Compiling smeltery-core v0.1.0
[INFO] [stderr]    Compiling tempfile v3.27.0
[INFO] [stderr]    Compiling smeltery-alloy v0.1.0 (/opt/rustwide/workdir)
[INFO] [stdout] error[E0433]: cannot find module or crate `smeltery` in this scope
[INFO] [stdout]  --> tests/serve.rs:7:5
[INFO] [stdout]   |
[INFO] [stdout] 7 | use smeltery::prelude::*;
[INFO] [stdout]   |     ^^^^^^^^ use of unresolved module or unlinked crate `smeltery`
[INFO] [stdout]   |
[INFO] [stdout]   = help: if you wanted to use a crate named `smeltery`, use `cargo add smeltery` to add it to your `Cargo.toml`
[INFO] [stdout] 
[INFO] [stdout] 
[INFO] [stdout] error[E0433]: cannot find module or crate `smeltery` in this scope
[INFO] [stdout]  --> tests/serve.rs:6:5
[INFO] [stdout]   |
[INFO] [stdout] 6 | use smeltery::alloy::{Alloy, AlloyExt as _};
[INFO] [stdout]   |     ^^^^^^^^ use of unresolved module or unlinked crate `smeltery`
[INFO] [stdout]   |
[INFO] [stdout]   = help: if you wanted to use a crate named `smeltery`, use `cargo add smeltery` to add it to your `Cargo.toml`
[INFO] [stdout] 
[INFO] [stdout] 
[INFO] [stdout] error[E0432]: unresolved imports `smeltery::alloy::Alloy`, `smeltery::alloy::AlloyExt`
[INFO] [stdout]  --> tests/serve.rs:6:23
[INFO] [stdout]   |
[INFO] [stdout] 6 | use smeltery::alloy::{Alloy, AlloyExt as _};
[INFO] [stdout]   |                       ^^^^^  ^^^^^^^^^^^^^
[INFO] [stdout] 
[INFO] [stdout] 
[INFO] [stdout] error[E0433]: cannot find module or crate `smeltery` in this scope
[INFO] [stdout]  --> tests/serve.rs:9:10
[INFO] [stdout]   |
[INFO] [stdout] 9 | #[derive(smeltery::Mold, Default)]
[INFO] [stdout]   |          ^^^^^^^^ use of unresolved module or unlinked crate `smeltery`
[INFO] [stdout] 
[INFO] [stdout] 
[INFO] [stdout] error[E0433]: cannot find module or crate `smeltery` in this scope
[INFO] [stdout]   --> tests/protocol.rs:16:5
[INFO] [stdout]    |
[INFO] [stdout] 16 | use smeltery::prelude::*;
[INFO] [stdout]    |     ^^^^^^^^ use of unresolved module or unlinked crate `smeltery`
[INFO] [stdout]    |
[INFO] [stdout]    = help: if you wanted to use a crate named `smeltery`, use `cargo add smeltery` to add it to your `Cargo.toml`
[INFO] [stdout] 
[INFO] [stdout] 
[INFO] [stdout] error[E0433]: cannot find module or crate `smeltery` in this scope
[INFO] [stdout]   --> tests/protocol.rs:13:5
[INFO] [stdout]    |
[INFO] [stdout] 13 | use smeltery::alloy::testing::{AlloyAssertions as _, AlloyRequests as _};
[INFO] [stdout]    |     ^^^^^^^^ use of unresolved module or unlinked crate `smeltery`
[INFO] [stdout]    |
[INFO] [stdout]    = help: if you wanted to use a crate named `smeltery`, use `cargo add smeltery` to add it to your `Cargo.toml`
[INFO] [stdout] 
[INFO] [stdout] 
[INFO] [stdout] error[E0433]: cannot find module or crate `smeltery` in this scope
[INFO] [stdout]   --> tests/protocol.rs:14:5
[INFO] [stdout]    |
[INFO] [stdout] 14 | use smeltery::alloy::{self, Alloy, AlloyExt as _, Location, Page, Props, SharedCtx};
[INFO] [stdout]    |     ^^^^^^^^ use of unresolved module or unlinked crate `smeltery`
[INFO] [stdout]    |
[INFO] [stdout]    = help: if you wanted to use a crate named `smeltery`, use `cargo add smeltery` to add it to your `Cargo.toml`
[INFO] [stdout] 
[INFO] [stdout] 
[INFO] [stdout] error[E0433]: cannot find module or crate `smeltery` in this scope
[INFO] [stdout]   --> tests/protocol.rs:15:5
[INFO] [stdout]    |
[INFO] [stdout] 15 | use smeltery::http::{HeaderMap, HeaderValue, Method, Redirect, StatusCode, header};
[INFO] [stdout]    |     ^^^^^^^^ use of unresolved module or unlinked crate `smeltery`
[INFO] [stdout]    |
[INFO] [stdout]    = help: if you wanted to use a crate named `smeltery`, use `cargo add smeltery` to add it to your `Cargo.toml`
[INFO] [stdout] 
[INFO] [stdout] 
[INFO] [stdout] error[E0433]: cannot find module or crate `smeltery` in this scope
[INFO] [stdout]   --> tests/protocol.rs:17:5
[INFO] [stdout]    |
[INFO] [stdout] 17 | use smeltery::testing::{TestApp, TestResponse};
[INFO] [stdout]    |     ^^^^^^^^ use of unresolved module or unlinked crate `smeltery`
[INFO] [stdout]    |
[INFO] [stdout]    = help: if you wanted to use a crate named `smeltery`, use `cargo add smeltery` to add it to your `Cargo.toml`
[INFO] [stdout] 
[INFO] [stdout] 
[INFO] [stdout] error[E0433]: cannot find module or crate `smeltery` in this scope
[INFO] [stdout]    --> tests/protocol.rs:156:9
[INFO] [stdout]     |
[INFO] [stdout] 156 |     use smeltery::http::IntoResponse as _;
[INFO] [stdout]     |         ^^^^^^^^ use of unresolved module or unlinked crate `smeltery`
[INFO] [stdout]     |
[INFO] [stdout]     = help: if you wanted to use a crate named `smeltery`, use `cargo add smeltery` to add it to your `Cargo.toml`
[INFO] [stdout] 
[INFO] [stdout] 
[INFO] [stdout] error[E0433]: cannot find module or crate `smeltery` in this scope
[INFO] [stdout]    --> tests/protocol.rs:166:9
[INFO] [stdout]     |
[INFO] [stdout] 166 |     use smeltery::http::IntoResponse as _;
[INFO] [stdout]     |         ^^^^^^^^ use of unresolved module or unlinked crate `smeltery`
[INFO] [stdout]     |
[INFO] [stdout]     = help: if you wanted to use a crate named `smeltery`, use `cargo add smeltery` to add it to your `Cargo.toml`
[INFO] [stdout] 
[INFO] [stdout] 
[INFO] [stdout] error[E0432]: unresolved imports `smeltery::alloy::testing::AlloyAssertions`, `smeltery::alloy::testing::AlloyRequests`, `smeltery::alloy::self`, `smeltery::alloy::Alloy`, `smeltery::alloy::AlloyExt`, `smeltery::alloy::Location`, `smeltery::alloy::Page`, `smeltery::alloy::Props`, `smeltery::alloy::SharedCtx`, `smeltery::http::HeaderMap`, `smeltery::http::HeaderValue`, `smeltery::http::Method`, `smeltery::http::Redirect`, `smeltery::http::StatusCode`, `smeltery::http::header`, `smeltery::testing::TestApp`, `smeltery::testing::TestResponse`, `smeltery::http::IntoResponse`, `smeltery::http::IntoResponse`
[INFO] [stdout]    --> tests/protocol.rs:13:32
[INFO] [stdout]     |
[INFO] [stdout]  13 | use smeltery::alloy::testing::{AlloyAssertions as _, AlloyRequests as _};
[INFO] [stdout]     |                                ^^^^^^^^^^^^^^^^^^^^  ^^^^^^^^^^^^^^^^^^
[INFO] [stdout]  14 | use smeltery::alloy::{self, Alloy, AlloyExt as _, Location, Page, Props, SharedCtx};
[INFO] [stdout]     |                       ^^^^  ^^^^^  ^^^^^^^^^^^^^  ^^^^^^^^  ^^^^  ^^^^^  ^^^^^^^^^
[INFO] [stdout]  15 | use smeltery::http::{HeaderMap, HeaderValue, Method, Redirect, StatusCode, header};
[INFO] [stdout]     |                      ^^^^^^^^^  ^^^^^^^^^^^  ^^^^^^  ^^^^^^^^  ^^^^^^^^^^  ^^^^^^
[INFO] [stdout]  16 | use smeltery::prelude::*;
[INFO] [stdout]  17 | use smeltery::testing::{TestApp, TestResponse};
[INFO] [stdout]     |                         ^^^^^^^  ^^^^^^^^^^^^
[INFO] [stdout] ...
[INFO] [stdout] 156 |     use smeltery::http::IntoResponse as _;
[INFO] [stdout]     |         ^^^^^^^^^^^^^^^^^^^^^^^^^^^^^^^^^
[INFO] [stdout] ...
[INFO] [stdout] 166 |     use smeltery::http::IntoResponse as _;
[INFO] [stdout]     |         ^^^^^^^^^^^^^^^^^^^^^^^^^^^^^^^^^
[INFO] [stdout] 
[INFO] [stdout] 
[INFO] [stdout] error[E0433]: cannot find module or crate `smeltery` in this scope
[INFO] [stdout]   --> tests/protocol.rs:19:10
[INFO] [stdout]    |
[INFO] [stdout] 19 | #[derive(smeltery::Mold, Default)]
[INFO] [stdout]    |          ^^^^^^^^ use of unresolved module or unlinked crate `smeltery`
[INFO] [stdout] 
[INFO] [stdout] 
[INFO] [stdout] error[E0433]: cannot find module or crate `smeltery` in this scope
[INFO] [stdout]   --> tests/protocol.rs:24:10
[INFO] [stdout]    |
[INFO] [stdout] 24 | #[derive(smeltery::Mold)]
[INFO] [stdout]    |          ^^^^^^^^ use of unresolved module or unlinked crate `smeltery`
[INFO] [stdout] 
[INFO] [stdout] 
[INFO] [stdout] error[E0433]: cannot find module or crate `smeltery` in this scope
[INFO] [stdout]    --> tests/protocol.rs:124:28
[INFO] [stdout]     |
[INFO] [stdout] 124 | #[derive(serde::Serialize, smeltery::Alloy)]
[INFO] [stdout]     |                            ^^^^^^^^ use of unresolved module or unlinked crate `smeltery`
[INFO] [stdout] 
[INFO] [stdout] 
[INFO] [stdout] error: cannot find attribute `mold` in this scope
[INFO] [stdout]   --> tests/protocol.rs:20:3
[INFO] [stdout]    |
[INFO] [stdout] 20 | #[mold("app", crate = "smeltery::mold", dir = "tests/app/resources/views")]
[INFO] [stdout]    |   ^^^^
[INFO] [stdout]    |
[INFO] [stdout] help: a built-in attribute with a similar name exists
[INFO] [stdout]    |
[INFO] [stdout] 20 - #[mold("app", crate = "smeltery::mold", dir = "tests/app/resources/views")]
[INFO] [stdout] 20 + #[cold("app", crate = "smeltery::mold", dir = "tests/app/resources/views")]
[INFO] [stdout]    |
[INFO] [stdout] 
[INFO] [stdout] 
[INFO] [stdout] error: cannot find attribute `mold` in this scope
[INFO] [stdout]   --> tests/protocol.rs:25:3
[INFO] [stdout]    |
[INFO] [stdout] 25 | #[mold("plain", crate = "smeltery::mold", dir = "tests/app/resources/views")]
[INFO] [stdout]    |   ^^^^
[INFO] [stdout]    |
[INFO] [stdout] help: a built-in attribute with a similar name exists
[INFO] [stdout]    |
[INFO] [stdout] 25 - #[mold("plain", crate = "smeltery::mold", dir = "tests/app/resources/views")]
[INFO] [stdout] 25 + #[cold("plain", crate = "smeltery::mold", dir = "tests/app/resources/views")]
[INFO] [stdout]    |
[INFO] [stdout] 
[INFO] [stdout] 
[INFO] [stdout] error: cannot find attribute `mold` in this scope
[INFO] [stdout]   --> tests/serve.rs:10:3
[INFO] [stdout]    |
[INFO] [stdout] 10 | #[mold("app", crate = "smeltery::mold", dir = "tests/app/resources/views")]
[INFO] [stdout]    |   ^^^^
[INFO] [stdout]    |
[INFO] [stdout] help: a built-in attribute with a similar name exists
[INFO] [stdout]    |
[INFO] [stdout] 10 - #[mold("app", crate = "smeltery::mold", dir = "tests/app/resources/views")]
[INFO] [stdout] 10 + #[cold("app", crate = "smeltery::mold", dir = "tests/app/resources/views")]
[INFO] [stdout]    |
[INFO] [stdout] 
[INFO] [stdout] 
[INFO] [stdout] error[E0433]: cannot find module or crate `smeltery` in this scope
[INFO] [stdout]   --> tests/serve.rs:42:24
[INFO] [stdout]    |
[INFO] [stdout] 42 |     let mut settings = smeltery::config::Settings::from_env();
[INFO] [stdout]    |                        ^^^^^^^^ use of unresolved module or unlinked crate `smeltery`
[INFO] [stdout]    |
[INFO] [stdout]    = help: if you wanted to use a crate named `smeltery`, use `cargo add smeltery` to add it to your `Cargo.toml`
[INFO] [stdout] 
[INFO] [stdout] 
[INFO] [stdout] error[E0425]: cannot find type `AppBuilder` in this scope
[INFO] [stdout]   --> tests/serve.rs:41:39
[INFO] [stdout]    |
[INFO] [stdout] 41 | fn builder(root: &std::path::Path) -> AppBuilder {
[INFO] [stdout]    |                                       ^^^^^^^^^^ not found in this scope
[INFO] [stdout] 
[INFO] [stdout] 
[INFO] [stdout] error[E0433]: cannot find type `AppBuilder` in this scope
[INFO] [stdout]   --> tests/serve.rs:47:5
[INFO] [stdout]    |
[INFO] [stdout] 47 |     AppBuilder::new(settings)
[INFO] [stdout]    |     ^^^^^^^^^^ use of undeclared type `AppBuilder`
[INFO] [stdout] 
[INFO] [stdout] 
[INFO] [stdout] error[E0433]: cannot find module or crate `smeltery` in this scope
[INFO] [stdout]    --> tests/protocol.rs:206:32
[INFO] [stdout]     |
[INFO] [stdout] 206 |                 move |mut req: smeltery::middleware::Request, next: smeltery::middleware::Next| {
[INFO] [stdout]     |                                ^^^^^^^^ use of unresolved module or unlinked crate `smeltery`
[INFO] [stdout]     |
[INFO] [stdout]     = help: if you wanted to use a crate named `smeltery`, use `cargo add smeltery` to add it to your `Cargo.toml`
[INFO] [stdout] 
[INFO] [stdout] 
[INFO] [stdout] error[E0433]: cannot find module or crate `smeltery` in this scope
[INFO] [stdout]    --> tests/protocol.rs:206:69
[INFO] [stdout]     |
[INFO] [stdout] 206 |                 move |mut req: smeltery::middleware::Request, next: smeltery::middleware::Next| {
[INFO] [stdout]     |                                                                     ^^^^^^^^ use of unresolved module or unlinked crate `smeltery`
[INFO] [stdout]     |
[INFO] [stdout]     = help: if you wanted to use a crate named `smeltery`, use `cargo add smeltery` to add it to your `Cargo.toml`
[INFO] [stdout] 
[INFO] [stdout] 
[INFO] [stdout] error[E0433]: cannot find module or crate `smeltery` in this scope
[INFO] [stdout]    --> tests/protocol.rs:401:29
[INFO] [stdout]     |
[INFO] [stdout] 401 |     async fn catch_all(uri: smeltery::http::Uri) -> Response {
[INFO] [stdout]     |                             ^^^^^^^^ use of unresolved module or unlinked crate `smeltery`
[INFO] [stdout]     |
[INFO] [stdout]     = help: if you wanted to use a crate named `smeltery`, use `cargo add smeltery` to add it to your `Cargo.toml`
[INFO] [stdout] 
[INFO] [stdout] 
[INFO] [stdout] error[E0433]: cannot find type `Error` in this scope
[INFO] [stdout]   --> tests/protocol.rs:72:9
[INFO] [stdout]    |
[INFO] [stdout] 72 |     Err(Error::validation("email", "The email field is required."))
[INFO] [stdout]    |         ^^^^^ use of undeclared type `Error`
[INFO] [stdout]    |
[INFO] [stdout] help: consider importing one of these items
[INFO] [stdout]    |
[INFO] [stdout]  9 + use std::error::Error;
[INFO] [stdout]    |
[INFO] [stdout]  9 + use std::fmt::Error;
[INFO] [stdout]    |
[INFO] [stdout]  9 + use std::io::Error;
[INFO] [stdout]    |
[INFO] [stdout]  9 + use core::error::Error;
[INFO] [stdout]    |
[INFO] [stdout]    = and 1 other candidate
[INFO] [stdout] 
[INFO] [stdout] 
[INFO] [stdout] error[E0425]: cannot find type `Session` in this scope
[INFO] [stdout]   --> tests/protocol.rs:75:32
[INFO] [stdout]    |
[INFO] [stdout] 75 | async fn flash_and_go(session: Session) -> Redirect {
[INFO] [stdout]    |                                ^^^^^^^ not found in this scope
[INFO] [stdout] 
[INFO] [stdout] 
[INFO] [stdout] error[E0425]: cannot find type `Response` in this scope
[INFO] [stdout]   --> tests/protocol.rs:81:25
[INFO] [stdout]    |
[INFO] [stdout] 81 | async fn put_found() -> Response {
[INFO] [stdout]    |                         ^^^^^^^^ not found in this scope
[INFO] [stdout] 
[INFO] [stdout] 
[INFO] [stdout] error[E0425]: cannot find type `Response` in this scope
[INFO] [stdout]   --> tests/protocol.rs:95:21
[INFO] [stdout]    |
[INFO] [stdout] 95 | async fn plain() -> Response {
[INFO] [stdout]    |                     ^^^^^^^^ not found in this scope
[INFO] [stdout] 
[INFO] [stdout] 
[INFO] [stdout] error[E0425]: cannot find type `Session` in this scope
[INFO] [stdout]   --> tests/protocol.rs:99:26
[INFO] [stdout]    |
[INFO] [stdout] 99 | async fn logout(session: Session) -> Redirect {
[INFO] [stdout]    |                          ^^^^^^^ not found in this scope
[INFO] [stdout] 
[INFO] [stdout] 
[INFO] [stdout] error[E0433]: cannot find type `Error` in this scope
[INFO] [stdout]    --> tests/protocol.rs:150:23
[INFO] [stdout]     |
[INFO] [stdout] 150 |         Err::<u32, _>(Error::internal("lazy failed"))
[INFO] [stdout]     |                       ^^^^^ use of undeclared type `Error`
[INFO] [stdout]     |
[INFO] [stdout] help: consider importing one of these items
[INFO] [stdout]     |
[INFO] [stdout]   9 + use std::error::Error;
[INFO] [stdout]     |
[INFO] [stdout]   9 + use std::fmt::Error;
[INFO] [stdout]     |
[INFO] [stdout]   9 + use std::io::Error;
[INFO] [stdout]     |
[INFO] [stdout]   9 + use core::error::Error;
[INFO] [stdout]     |
[INFO] [stdout]     = and 1 other candidate
[INFO] [stdout] 
[INFO] [stdout] 
[INFO] [stdout] error[E0425]: cannot find type `Response` in this scope
[INFO] [stdout]    --> tests/protocol.rs:401:53
[INFO] [stdout]     |
[INFO] [stdout] 401 |     async fn catch_all(uri: smeltery::http::Uri) -> Response {
[INFO] [stdout]     |                                                     ^^^^^^^^ not found in this scope
[INFO] [stdout] 
[INFO] [stdout] 
[INFO] [stdout] Some errors have detailed explanations: E0425, E0432, E0433.
[INFO] [stdout] 
[INFO] [stdout] For more information about an error, try `rustc --explain E0425`.
[INFO] [stdout] 
[INFO] [stderr] error: could not compile `smeltery-alloy` (test "serve") due to 8 previous errors
[INFO] [stdout] error[E0107]: enum takes 2 generic arguments but 1 generic argument was supplied
[INFO] [stdout]   --> tests/protocol.rs:65:36
[INFO] [stdout]    |
[INFO] [stdout] 65 | async fn shared(ctx: SharedCtx) -> Result<Props> {
[INFO] [stdout]    |                                    ^^^^^^ ----- supplied 1 generic argument
[INFO] [stdout]    |                                    |
[INFO] [stdout]    |                                    expected 2 generic arguments
[INFO] [stdout]    |
[INFO] [stdout] help: add missing generic argument
[INFO] [stdout]    |
[INFO] [stdout] 65 | async fn shared(ctx: SharedCtx) -> Result<Props, E> {
[INFO] [stdout]    |                                                +++
[INFO] [stdout] 
[INFO] [stdout] 
[INFO] [stderr] warning: build failed, waiting for other jobs to finish...
[INFO] [stdout] error[E0107]: enum takes 2 generic arguments but 1 generic argument was supplied
[INFO] [stdout]   --> tests/protocol.rs:71:21
[INFO] [stdout]    |
[INFO] [stdout] 71 | async fn store() -> Result<String> {
[INFO] [stdout]    |                     ^^^^^^ ------ supplied 1 generic argument
[INFO] [stdout]    |                     |
[INFO] [stdout]    |                     expected 2 generic arguments
[INFO] [stdout]    |
[INFO] [stdout] help: add missing generic argument
[INFO] [stdout]    |
[INFO] [stdout] 71 | async fn store() -> Result<String, E> {
[INFO] [stdout]    |                                  +++
[INFO] [stdout] 
[INFO] [stdout] 
[INFO] [stdout] error[E0433]: cannot find module or crate `smeltery` in this scope
[INFO] [stdout]    --> tests/protocol.rs:155:28
[INFO] [stdout]     |
[INFO] [stdout] 155 | async fn private_page() -> smeltery::Response {
[INFO] [stdout]     |                            ^^^^^^^^ use of unresolved module or unlinked crate `smeltery`
[INFO] [stdout]     |
[INFO] [stdout]     = help: if you wanted to use a crate named `smeltery`, use `cargo add smeltery` to add it to your `Cargo.toml`
[INFO] [stdout] 
[INFO] [stdout] 
[INFO] [stdout] error[E0433]: cannot find module or crate `smeltery` in this scope
[INFO] [stdout]    --> tests/protocol.rs:165:29
[INFO] [stdout]     |
[INFO] [stdout] 165 | async fn meddling_page() -> smeltery::Response {
[INFO] [stdout]     |                             ^^^^^^^^ use of unresolved module or unlinked crate `smeltery`
[INFO] [stdout]     |
[INFO] [stdout]     = help: if you wanted to use a crate named `smeltery`, use `cargo add smeltery` to add it to your `Cargo.toml`
[INFO] [stdout] 
[INFO] [stdout] 
[INFO] [stdout] error[E0425]: cannot find function `view` in this scope
[INFO] [stdout]   --> tests/protocol.rs:96:5
[INFO] [stdout]    |
[INFO] [stdout] 96 |     view(Plain {})
[INFO] [stdout]    |     ^^^^ not found in this scope
[INFO] [stdout] 
[INFO] [stdout] 
[INFO] [stdout] error[E0425]: cannot find function `view` in this scope
[INFO] [stdout]    --> tests/protocol.rs:403:13
[INFO] [stdout]     |
[INFO] [stdout] 403 |             view(Plain {})
[INFO] [stdout]     |             ^^^^ not found in this scope
[INFO] [stdout] 
[INFO] [stdout] 
[INFO] [stdout] Some errors have detailed explanations: E0107, E0425, E0432, E0433.
[INFO] [stdout] 
[INFO] [stdout] For more information about an error, try `rustc --explain E0107`.
[INFO] [stdout] 
[INFO] [stderr] error: could not compile `smeltery-alloy` (test "protocol") due to 29 previous errors
[INFO] running `Command { std: "docker" "inspect" "0b38a7f00349522063533743dfbd056068c10177f9fbc18f13e0289940423cfd", kill_on_drop: false }`
[INFO] running `Command { std: "docker" "rm" "-f" "0b38a7f00349522063533743dfbd056068c10177f9fbc18f13e0289940423cfd", kill_on_drop: false }`
[INFO] [stdout] 0b38a7f00349522063533743dfbd056068c10177f9fbc18f13e0289940423cfd
