[INFO] fetching crate slurry 0.1.7...
[INFO] testing slurry-0.1.7 against 1.99.0-beta.8+cargoflags=--release for beta-release-1.100-2
[INFO] extracting crate slurry 0.1.7 into /workspace/builds/worker-2-tc1/source
[INFO] started tweaking crates.io crate slurry 0.1.7
[INFO] finished tweaking crates.io crate slurry 0.1.7
[INFO] tweaked toml for crates.io crate slurry 0.1.7 written to /workspace/builds/worker-2-tc1/source/Cargo.toml
[INFO] validating manifest of crates.io crate slurry 0.1.7 on toolchain 1.99.0-beta.8
[INFO] running `Command { std: CARGO_HOME="/workspace/cargo-home" RUSTUP_HOME="/workspace/rustup-home" "/workspace/cargo-home/bin/cargo" "+1.99.0-beta.8" "metadata" "--manifest-path" "Cargo.toml" "--no-deps", kill_on_drop: false }`
[INFO] crate crates.io crate slurry 0.1.7 already has a lockfile, it will not be regenerated
[INFO] running `Command { std: CARGO_HOME="/workspace/cargo-home" RUSTUP_HOME="/workspace/rustup-home" "/workspace/cargo-home/bin/cargo" "+1.99.0-beta.8" "fetch" "--manifest-path" "Cargo.toml", kill_on_drop: false }`
[INFO] [stderr]     Updating crates.io index
[INFO] [stderr]  Downloading crates ...
[INFO] [stderr]   Downloaded signal-hook-registry v1.4.2
[INFO] [stderr]   Downloaded socket2 v0.5.7
[INFO] [stderr]   Downloaded js-sys v0.3.72
[INFO] [stderr]   Downloaded const-random-macro v0.1.16
[INFO] [stderr]   Downloaded quote v1.0.37
[INFO] [stderr]   Downloaded anyhow v1.0.89
[INFO] [stderr]   Downloaded ssh-encoding v0.2.0
[INFO] [stderr]   Downloaded tiny-keccak v2.0.2
[INFO] [stderr]   Downloaded blowfish v0.9.1
[INFO] [stderr]   Downloaded seize v0.3.3
[INFO] [stderr]   Downloaded tokio-stream v0.1.16
[INFO] [stderr]   Downloaded const-random v0.1.18
[INFO] [stderr]   Downloaded wasm-bindgen v0.2.95
[INFO] [stderr]   Downloaded typenum v1.17.0
[INFO] [stderr]   Downloaded russh v0.45.0
[INFO] [stderr]   Downloaded ed25519-dalek v2.1.1
[INFO] [stderr]   Downloaded semver v1.0.23
[INFO] [stderr]   Downloaded pbkdf2 v0.11.0
[INFO] [stderr]   Downloaded md5 v0.7.0
[INFO] [stderr]   Downloaded wasm-bindgen-macro v0.2.95
[INFO] [stderr]   Downloaded cpufeatures v0.2.14
[INFO] [stderr]   Downloaded inout v0.1.3
[INFO] [stderr]   Downloaded serde v1.0.210
[INFO] [stderr]   Downloaded itoa v1.0.11
[INFO] [stderr]   Downloaded home v0.5.5
[INFO] [stderr]   Downloaded lock_api v0.4.12
[INFO] [stderr]   Downloaded structdiff-derive v0.7.1
[INFO] [stderr]   Downloaded bcrypt-pbkdf v0.10.0
[INFO] [stderr]   Downloaded rustc-demangle v0.1.24
[INFO] [stderr]   Downloaded sha2 v0.10.8
[INFO] [stderr]   Downloaded adler2 v2.0.0
[INFO] [stderr]   Downloaded ssh-cipher v0.2.0
[INFO] [stderr]   Downloaded der v0.7.9
[INFO] [stderr]   Downloaded redox_syscall v0.5.7
[INFO] [stderr]   Downloaded iana-time-zone v0.1.61
[INFO] [stderr]   Downloaded async-trait v0.1.83
[INFO] [stderr]   Downloaded password-hash v0.4.2
[INFO] [stderr]   Downloaded data-encoding v2.6.0
[INFO] [stderr]   Downloaded autocfg v1.4.0
[INFO] [stderr]   Downloaded wasm-bindgen-macro-support v0.2.95
[INFO] [stderr]   Downloaded thiserror v1.0.64
[INFO] [stderr]   Downloaded crc32fast v1.4.2
[INFO] [stderr]   Downloaded des v0.8.1
[INFO] [stderr]   Downloaded crossbeam-deque v0.8.5
[INFO] [stderr]   Downloaded once_cell v1.20.2
[INFO] [stderr]   Downloaded russh-sftp v2.0.5
[INFO] [stderr]   Downloaded crossbeam-utils v0.8.20
[INFO] [stderr]   Downloaded ahash v0.8.11
[INFO] [stderr]   Downloaded smallvec v1.13.2
[INFO] [stderr]   Downloaded structdiff v0.7.1
[INFO] [stderr]   Downloaded ryu v1.0.18
[INFO] [stderr]   Downloaded wasm-bindgen-backend v0.2.95
[INFO] [stderr]   Downloaded russh-keys v0.45.0
[INFO] [stderr]   Downloaded bytes v1.7.2
[INFO] [stderr]   Downloaded rayon-core v1.12.1
[INFO] [stderr]   Downloaded cc v1.1.29
[INFO] [stderr]   Downloaded async-ssh2-tokio v0.8.12
[INFO] [stderr]   Downloaded rsa v0.9.6
[INFO] [stderr]   Downloaded serde_derive v1.0.210
[INFO] [stderr]   Downloaded flurry v0.5.1
[INFO] [stderr]   Downloaded flate2 v1.0.34
[INFO] [stderr]   Downloaded mio v1.0.2
[INFO] [stderr]   Downloaded rayon v1.10.0
[INFO] [stderr]   Downloaded libm v0.2.8
[INFO] [stderr]   Downloaded tokio-util v0.7.12
[INFO] [stderr]   Downloaded zerocopy v0.7.35
[INFO] [stderr]   Downloaded ssh-key v0.6.7
[INFO] [stderr]   Downloaded p521 v0.13.3
[INFO] [stderr]   Downloaded backtrace v0.3.74
[INFO] [stderr]   Downloaded tokio v1.43.0
[INFO] [stderr]   Downloaded wasm-bindgen-shared v0.2.95
[INFO] [stderr]   Downloaded p384 v0.13.0
[INFO] [stderr]   Downloaded object v0.36.5
[INFO] [stderr]   Downloaded ff v0.13.0
[INFO] [stderr]   Downloaded russh-cryptovec v0.7.3
[INFO] [stderr]   Downloaded parking_lot_core v0.9.10
[INFO] [stderr]   Downloaded thiserror-impl v1.0.64
[INFO] [stderr]   Downloaded getrandom v0.2.15
[INFO] [stderr]   Downloaded base64ct v1.6.0
[INFO] [stderr]   Downloaded ppv-lite86 v0.2.20
[INFO] [stderr]   Downloaded slab v0.4.9
[INFO] [stderr]   Downloaded pin-project-lite v0.2.14
[INFO] [stderr]   Downloaded miniz_oxide v0.8.0
[INFO] [stderr]   Downloaded zerocopy-derive v0.7.35
[INFO] [stderr]   Downloaded pkcs5 v0.7.1
[INFO] [stderr]   Downloaded unicode-ident v1.0.13
[INFO] [stderr]   Downloaded parking_lot v0.12.3
[INFO] [stderr]   Downloaded serde_json v1.0.128
[INFO] running `Command { std: "docker" "create" "-v" "/var/lib/crater-agent-workspace/builds/worker-2-tc1/source:/opt/rustwide/workdir:ro,Z" "-v" "/var/lib/crater-agent-workspace/builds/worker-2-tc1/target:/opt/rustwide/target:rw,Z" "-v" "/var/lib/crater-agent-workspace/cargo-home:/opt/rustwide/cargo-home:ro,Z" "-v" "/var/lib/crater-agent-workspace/rustup-home:/opt/rustwide/rustup-home:ro,Z" "-m" "1610612736" "--network" "none" "ghcr.io/rust-lang/crates-build-env/linux@sha256:77db811e55d90add9212f6832c23229e3de5f1c1f9905e8cb07319ea15df73ac" "sleep" "infinity", kill_on_drop: false }`
[INFO] [stdout] 4c583b95788694d4727b806af29b8bd2fca26a6b7fc4040478eaff2cce592b3d
[INFO] running `Command { std: "docker" "start" "4c583b95788694d4727b806af29b8bd2fca26a6b7fc4040478eaff2cce592b3d", kill_on_drop: false }`
[INFO] running `Command { std: "docker" "inspect" "4c583b95788694d4727b806af29b8bd2fca26a6b7fc4040478eaff2cce592b3d", kill_on_drop: false }`
[INFO] running `Command { std: "docker" "exec" "-e" "SOURCE_DIR=/opt/rustwide/workdir" "-e" "CARGO_HOME=/opt/rustwide/cargo-home" "-e" "RUSTUP_HOME=/opt/rustwide/rustup-home" "-e" "CARGO_TARGET_DIR=/opt/rustwide/target" "-w" "/opt/rustwide/workdir" "--user" "0:0" "4c583b95788694d4727b806af29b8bd2fca26a6b7fc4040478eaff2cce592b3d" "/opt/rustwide/cargo-home/bin/cargo" "+1.99.0-beta.8" "metadata" "--no-deps" "--format-version=1", kill_on_drop: false }`
[INFO] running `Command { std: "docker" "inspect" "4c583b95788694d4727b806af29b8bd2fca26a6b7fc4040478eaff2cce592b3d", kill_on_drop: false }`
[INFO] running `Command { std: "docker" "exec" "-e" "SOURCE_DIR=/opt/rustwide/workdir" "-e" "CARGO_HOME=/opt/rustwide/cargo-home" "-e" "RUSTUP_HOME=/opt/rustwide/rustup-home" "-e" "CARGO_TARGET_DIR=/opt/rustwide/target" "-e" "CARGO_INCREMENTAL=0" "-e" "RUST_BACKTRACE=full" "-e" "RUSTFLAGS=--cap-lints=warn" "-e" "RUSTDOCFLAGS=--cap-lints=warn" "-w" "/opt/rustwide/workdir" "--user" "0:0" "4c583b95788694d4727b806af29b8bd2fca26a6b7fc4040478eaff2cce592b3d" "/opt/rustwide/cargo-home/bin/cargo" "+1.99.0-beta.8" "build" "--frozen" "--message-format=json" "--release", kill_on_drop: false }`
[INFO] [stderr]    Compiling proc-macro2 v1.0.92
[INFO] [stderr]    Compiling unicode-ident v1.0.13
[INFO] [stderr]    Compiling serde v1.0.210
[INFO] [stderr]    Compiling crossbeam-utils v0.8.20
[INFO] [stderr]    Compiling autocfg v1.4.0
[INFO] [stderr]    Compiling rayon-core v1.12.1
[INFO] [stderr]    Compiling serde_json v1.0.128
[INFO] [stderr]    Compiling anyhow v1.0.89
[INFO] [stderr]    Compiling iana-time-zone v0.1.61
[INFO] [stderr]    Compiling either v1.13.0
[INFO] [stderr]    Compiling ryu v1.0.18
[INFO] [stderr]    Compiling memchr v2.7.4
[INFO] [stderr]    Compiling itoa v1.0.11
[INFO] [stderr]    Compiling glob v0.3.1
[INFO] [stderr]    Compiling num-traits v0.2.19
[INFO] [stderr]    Compiling quote v1.0.37
[INFO] [stderr]    Compiling syn v2.0.95
[INFO] [stderr]    Compiling crossbeam-epoch v0.9.18
[INFO] [stderr]    Compiling crossbeam-deque v0.8.5
[INFO] [stderr]    Compiling rayon v1.10.0
[INFO] [stderr]    Compiling serde_derive v1.0.210
[INFO] [stderr]    Compiling structdiff-derive v0.7.1
[INFO] [stderr]    Compiling chrono v0.4.39
[INFO] [stderr]    Compiling structdiff v0.7.1
[INFO] [stderr]    Compiling slurry v0.1.7 (/opt/rustwide/workdir)
[INFO] [stderr]     Finished `release` profile [optimized] target(s) in 20.37s
[INFO] running `Command { std: "docker" "inspect" "4c583b95788694d4727b806af29b8bd2fca26a6b7fc4040478eaff2cce592b3d", kill_on_drop: false }`
[INFO] running `Command { std: "docker" "exec" "-e" "SOURCE_DIR=/opt/rustwide/workdir" "-e" "CARGO_HOME=/opt/rustwide/cargo-home" "-e" "RUSTUP_HOME=/opt/rustwide/rustup-home" "-e" "CARGO_TARGET_DIR=/opt/rustwide/target" "-e" "CARGO_INCREMENTAL=0" "-e" "RUST_BACKTRACE=full" "-e" "RUSTFLAGS=--cap-lints=warn" "-e" "RUSTDOCFLAGS=--cap-lints=warn" "-w" "/opt/rustwide/workdir" "--user" "0:0" "4c583b95788694d4727b806af29b8bd2fca26a6b7fc4040478eaff2cce592b3d" "/opt/rustwide/cargo-home/bin/cargo" "+1.99.0-beta.8" "test" "--frozen" "--no-run" "--message-format=json" "--release", kill_on_drop: false }`
[INFO] [stderr]    Compiling slurry v0.1.7 (/opt/rustwide/workdir)
[INFO] [stdout] error[E0432]: unresolved import `crate::ConnectionConfig`
[INFO] [stdout]    --> src/misc/mod.rs:2:5
[INFO] [stdout]     |
[INFO] [stdout]   2 | use crate::ConnectionConfig;
[INFO] [stdout]     |     ^^^^^^^----------------
[INFO] [stdout]     |            |
[INFO] [stdout]     |            no `ConnectionConfig` in the root
[INFO] [stdout]     |
[INFO] [stdout] note: found an item that was configured out
[INFO] [stdout]    --> src/lib.rs:148:12
[INFO] [stdout]     |
[INFO] [stdout] 145 | #[cfg(feature = "ssh")]
[INFO] [stdout]     |       --------------- the item is gated behind the `ssh` feature
[INFO] [stdout] ...
[INFO] [stdout] 148 | pub struct ConnectionConfig {
[INFO] [stdout]     |            ^^^^^^^^^^^^^^^^
[INFO] [stdout] 
[INFO] [stdout] 
[INFO] [stdout] error[E0432]: unresolved import `crate::ConnectionAuth`
[INFO] [stdout]    --> src/misc/mod.rs:12:9
[INFO] [stdout]     |
[INFO] [stdout]  12 |     use crate::ConnectionAuth;
[INFO] [stdout]     |         ^^^^^^^--------------
[INFO] [stdout]     |                |
[INFO] [stdout]     |                no `ConnectionAuth` in the root
[INFO] [stdout]     |
[INFO] [stdout] note: found an item that was configured out
[INFO] [stdout]    --> src/lib.rs:203:10
[INFO] [stdout]     |
[INFO] [stdout] 201 | #[cfg(feature = "ssh")]
[INFO] [stdout]     |       --------------- the item is gated behind the `ssh` feature
[INFO] [stdout] 202 | /// Authentication Settings for a SHH Connection ([`ConnectionConfig`])
[INFO] [stdout] 203 | pub enum ConnectionAuth {
[INFO] [stdout]     |          ^^^^^^^^^^^^^^
[INFO] [stdout] 
[INFO] [stdout] 
[INFO] [stdout] error[E0433]: cannot find module or crate `tokio` in this scope
[INFO] [stdout]    --> src/data_extraction/squeue.rs:390:7
[INFO] [stdout]     |
[INFO] [stdout] 390 |     #[tokio::test]
[INFO] [stdout]     |       ^^^^^ use of unresolved module or unlinked crate `tokio`
[INFO] [stdout] 
[INFO] [stdout] 
[INFO] [stdout] warning: unused imports: `HashMap`, `HashSet`, and `path::PathBuf`
[INFO] [stdout]    --> src/data_extraction/squeue.rs:356:23
[INFO] [stdout]     |
[INFO] [stdout] 356 |         collections::{HashMap, HashSet},
[INFO] [stdout]     |                       ^^^^^^^  ^^^^^^^
[INFO] [stdout] 357 |         path::PathBuf,
[INFO] [stdout]     |         ^^^^^^^^^^^^^
[INFO] [stdout]     |
[INFO] [stdout]     = note: `#[warn(unused_imports)]` (part of `#[warn(unused)]`) on by default
[INFO] [stdout] 
[INFO] [stdout] 
[INFO] [stdout] Some errors have detailed explanations: E0432, E0433.
[INFO] [stdout] 
[INFO] [stdout] For more information about an error, try `rustc --explain E0432`.
[INFO] [stdout] 
[INFO] [stderr] error: could not compile `slurry` (lib test) due to 3 previous errors; 1 warning emitted
[INFO] running `Command { std: "docker" "inspect" "4c583b95788694d4727b806af29b8bd2fca26a6b7fc4040478eaff2cce592b3d", kill_on_drop: false }`
[INFO] running `Command { std: "docker" "rm" "-f" "4c583b95788694d4727b806af29b8bd2fca26a6b7fc4040478eaff2cce592b3d", kill_on_drop: false }`
[INFO] [stdout] 4c583b95788694d4727b806af29b8bd2fca26a6b7fc4040478eaff2cce592b3d
