[INFO] fetching crate slop-stacked 6.9.0...
[INFO] testing slop-stacked-6.9.0 against 1.99.0-beta.8+cargoflags=--release for beta-release-1.100-2
[INFO] extracting crate slop-stacked 6.9.0 into /workspace/builds/worker-7-tc1/source
[INFO] started tweaking crates.io crate slop-stacked 6.9.0
[INFO] finished tweaking crates.io crate slop-stacked 6.9.0
[INFO] tweaked toml for crates.io crate slop-stacked 6.9.0 written to /workspace/builds/worker-7-tc1/source/Cargo.toml
[INFO] validating manifest of crates.io crate slop-stacked 6.9.0 on toolchain 1.99.0-beta.8
[INFO] running `Command { std: CARGO_HOME="/workspace/cargo-home" RUSTUP_HOME="/workspace/rustup-home" "/workspace/cargo-home/bin/cargo" "+1.99.0-beta.8" "metadata" "--manifest-path" "Cargo.toml" "--no-deps", kill_on_drop: false }`
[INFO] crate crates.io crate slop-stacked 6.9.0 already has a lockfile, it will not be regenerated
[INFO] running `Command { std: CARGO_HOME="/workspace/cargo-home" RUSTUP_HOME="/workspace/rustup-home" "/workspace/cargo-home/bin/cargo" "+1.99.0-beta.8" "fetch" "--manifest-path" "Cargo.toml", kill_on_drop: false }`
[INFO] [stderr]     Updating crates.io index
[INFO] [stderr]  Downloading crates ...
[INFO] [stderr]   Downloaded slop-tensor v6.9.0
[INFO] [stderr]   Downloaded slop-matrix v6.9.0
[INFO] [stderr]   Downloaded p3-matrix v0.4.3-succinct
[INFO] [stderr]   Downloaded p3-util v0.4.3-succinct
[INFO] [stderr]   Downloaded p3-maybe-rayon v0.4.3-succinct
[INFO] [stderr]   Downloaded slop-multilinear v6.9.0
[INFO] [stderr]   Downloaded num-bigint v0.3.3
[INFO] [stderr]   Downloaded slop-alloc v6.9.0
[INFO] [stderr]   Downloaded p3-symmetric v0.4.3-succinct
[INFO] [stderr]   Downloaded slop-poseidon2 v6.9.0
[INFO] [stderr]   Downloaded p3-bn254-fr v0.4.3-succinct
[INFO] [stderr]   Downloaded ff_derive v0.13.1
[INFO] [stderr]   Downloaded slop-basefold-prover v6.9.0
[INFO] [stderr]   Downloaded slop-fri v6.9.0
[INFO] [stderr]   Downloaded p3-interpolation v0.4.3-succinct
[INFO] [stderr]   Downloaded slop-dft v6.9.0
[INFO] [stderr]   Downloaded slop-algebra v6.9.0
[INFO] [stderr]   Downloaded p3-commit v0.4.3-succinct
[INFO] [stderr]   Downloaded slop-challenger v6.9.0
[INFO] [stderr]   Downloaded p3-mds v0.4.3-succinct
[INFO] [stderr]   Downloaded slop-utils v6.9.0
[INFO] [stderr]   Downloaded p3-poseidon2 v0.4.3-succinct
[INFO] [stderr]   Downloaded slop-commit v6.9.0
[INFO] [stderr]   Downloaded slop-symmetric v6.9.0
[INFO] [stderr]   Downloaded slop-basefold v6.9.0
[INFO] [stderr]   Downloaded p3-merkle-tree v0.4.3-succinct
[INFO] [stderr]   Downloaded p3-challenger v0.4.3-succinct
[INFO] [stderr]   Downloaded slop-bn254 v6.9.0
[INFO] [stderr]   Downloaded p3-field v0.4.3-succinct
[INFO] [stderr]   Downloaded slop-futures v6.9.0
[INFO] [stderr]   Downloaded addchain v0.2.1
[INFO] [stderr]   Downloaded p3-dft v0.4.3-succinct
[INFO] [stderr]   Downloaded slop-baby-bear v6.9.0
[INFO] [stderr]   Downloaded slop-primitives v6.9.0
[INFO] [stderr]   Downloaded p3-fri v0.4.3-succinct
[INFO] [stderr]   Downloaded slop-merkle-tree v6.9.0
[INFO] [stderr]   Downloaded slop-koala-bear v6.9.0
[INFO] [stderr]   Downloaded tracing-forest v0.1.6
[INFO] [stderr]   Downloaded p3-koala-bear v0.4.3-succinct
[INFO] [stderr]   Downloaded derive-where v1.6.1
[INFO] [stderr]   Downloaded p3-baby-bear v0.4.3-succinct
[INFO] running `Command { std: "docker" "create" "-v" "/var/lib/crater-agent-workspace/builds/worker-7-tc1/source:/opt/rustwide/workdir:ro,Z" "-v" "/var/lib/crater-agent-workspace/builds/worker-7-tc1/target:/opt/rustwide/target:rw,Z" "-v" "/var/lib/crater-agent-workspace/cargo-home:/opt/rustwide/cargo-home:ro,Z" "-v" "/var/lib/crater-agent-workspace/rustup-home:/opt/rustwide/rustup-home:ro,Z" "-m" "1610612736" "--network" "none" "ghcr.io/rust-lang/crates-build-env/linux@sha256:77db811e55d90add9212f6832c23229e3de5f1c1f9905e8cb07319ea15df73ac" "sleep" "infinity", kill_on_drop: false }`
[INFO] [stdout] fb7d7bc55ac02ec4d0d19ee9b2c86d4e31a9d90c6777aba931d8c21bf8262bff
[INFO] running `Command { std: "docker" "start" "fb7d7bc55ac02ec4d0d19ee9b2c86d4e31a9d90c6777aba931d8c21bf8262bff", kill_on_drop: false }`
[INFO] running `Command { std: "docker" "inspect" "fb7d7bc55ac02ec4d0d19ee9b2c86d4e31a9d90c6777aba931d8c21bf8262bff", kill_on_drop: false }`
[INFO] running `Command { std: "docker" "exec" "-e" "SOURCE_DIR=/opt/rustwide/workdir" "-e" "CARGO_HOME=/opt/rustwide/cargo-home" "-e" "RUSTUP_HOME=/opt/rustwide/rustup-home" "-e" "CARGO_TARGET_DIR=/opt/rustwide/target" "-w" "/opt/rustwide/workdir" "--user" "0:0" "fb7d7bc55ac02ec4d0d19ee9b2c86d4e31a9d90c6777aba931d8c21bf8262bff" "/opt/rustwide/cargo-home/bin/cargo" "+1.99.0-beta.8" "metadata" "--no-deps" "--format-version=1", kill_on_drop: false }`
[INFO] running `Command { std: "docker" "inspect" "fb7d7bc55ac02ec4d0d19ee9b2c86d4e31a9d90c6777aba931d8c21bf8262bff", kill_on_drop: false }`
[INFO] running `Command { std: "docker" "exec" "-e" "SOURCE_DIR=/opt/rustwide/workdir" "-e" "CARGO_HOME=/opt/rustwide/cargo-home" "-e" "RUSTUP_HOME=/opt/rustwide/rustup-home" "-e" "CARGO_TARGET_DIR=/opt/rustwide/target" "-e" "CARGO_INCREMENTAL=0" "-e" "RUST_BACKTRACE=full" "-e" "RUSTFLAGS=--cap-lints=warn" "-e" "RUSTDOCFLAGS=--cap-lints=warn" "-w" "/opt/rustwide/workdir" "--user" "0:0" "fb7d7bc55ac02ec4d0d19ee9b2c86d4e31a9d90c6777aba931d8c21bf8262bff" "/opt/rustwide/cargo-home/bin/cargo" "+1.99.0-beta.8" "build" "--frozen" "--message-format=json" "--release", kill_on_drop: false }`
[INFO] [stderr]    Compiling num-traits v0.2.19
[INFO] [stderr]    Compiling itertools v0.12.1
[INFO] [stderr]    Compiling p3-maybe-rayon v0.4.3-succinct
[INFO] [stderr]    Compiling serde v1.0.228
[INFO] [stderr]    Compiling tracing v0.1.44
[INFO] [stderr]    Compiling itertools v0.14.0
[INFO] [stderr]    Compiling rand v0.8.6
[INFO] [stderr]    Compiling thiserror-impl v1.0.69
[INFO] [stderr]    Compiling crossbeam-epoch v0.9.18
[INFO] [stderr]    Compiling gcd v2.3.0
[INFO] [stderr]    Compiling crossbeam-deque v0.8.6
[INFO] [stderr]    Compiling p3-util v0.4.3-succinct
[INFO] [stderr]    Compiling num-bigint v0.3.3
[INFO] [stderr]    Compiling syn v1.0.109
[INFO] [stderr]    Compiling radium v0.7.0
[INFO] [stderr]    Compiling num-integer v0.1.46
[INFO] [stderr]    Compiling rayon-core v1.13.0
[INFO] [stderr]    Compiling futures-sink v0.3.32
[INFO] [stderr]    Compiling tap v1.0.1
[INFO] [stderr]    Compiling regex-automata v0.4.14
[INFO] [stderr]    Compiling wyz v0.5.1
[INFO] [stderr]    Compiling thiserror v1.0.69
[INFO] [stderr]    Compiling futures-channel v0.3.32
[INFO] [stderr]    Compiling num-bigint v0.4.6
[INFO] [stderr]    Compiling rayon v1.12.0
[INFO] [stderr]    Compiling funty v2.0.0
[INFO] [stderr]    Compiling futures-util v0.3.32
[INFO] [stderr]    Compiling transpose v0.2.3
[INFO] [stderr]    Compiling p3-baby-bear v0.4.3-succinct
[INFO] [stderr]    Compiling bitvec v1.0.1
[INFO] [stderr]    Compiling p3-field v0.4.3-succinct
[INFO] [stderr]    Compiling addchain v0.2.1
[INFO] [stderr]    Compiling p3-koala-bear v0.4.3-succinct
[INFO] [stderr]    Compiling derive-where v1.6.1
[INFO] [stderr]    Compiling p3-matrix v0.4.3-succinct
[INFO] [stderr]    Compiling p3-symmetric v0.4.3-succinct
[INFO] [stderr]    Compiling p3-dft v0.4.3-succinct
[INFO] [stderr]    Compiling p3-challenger v0.4.3-succinct
[INFO] [stderr]    Compiling slop-algebra v6.9.0
[INFO] [stderr]    Compiling p3-mds v0.4.3-succinct
[INFO] [stderr]    Compiling p3-commit v0.4.3-succinct
[INFO] [stderr]    Compiling slop-symmetric v6.9.0
[INFO] [stderr]    Compiling slop-challenger v6.9.0
[INFO] [stderr]    Compiling p3-poseidon2 v0.4.3-succinct
[INFO] [stderr]    Compiling slop-alloc v6.9.0
[INFO] [stderr]    Compiling matchers v0.2.0
[INFO] [stderr]    Compiling slop-poseidon2 v6.9.0
[INFO] [stderr]    Compiling slop-matrix v6.9.0
[INFO] [stderr]    Compiling smallvec v1.15.1
[INFO] [stderr]    Compiling subtle v2.6.1
[INFO] [stderr]    Compiling arrayvec v0.7.6
[INFO] [stderr]    Compiling crossbeam-channel v0.5.15
[INFO] [stderr]    Compiling slop-tensor v6.9.0
[INFO] [stderr]    Compiling tracing-subscriber v0.3.23
[INFO] [stderr]    Compiling futures-executor v0.3.32
[INFO] [stderr]    Compiling crossbeam-queue v0.3.12
[INFO] [stderr]    Compiling pin-project-internal v1.1.11
[INFO] [stderr]    Compiling futures v0.3.32
[INFO] [stderr]    Compiling crossbeam v0.8.4
[INFO] [stderr]    Compiling ff_derive v0.13.1
[INFO] [stderr]    Compiling slop-commit v6.9.0
[INFO] [stderr]    Compiling tokio v1.52.1
[INFO] [stderr]    Compiling slop-baby-bear v6.9.0
[INFO] [stderr]    Compiling slop-koala-bear v6.9.0
[INFO] [stderr]    Compiling p3-merkle-tree v0.4.3-succinct
[INFO] [stderr]    Compiling p3-interpolation v0.4.3-succinct
[INFO] [stderr]    Compiling num_cpus v1.17.0
[INFO] [stderr]    Compiling p3-fri v0.4.3-succinct
[INFO] [stderr]    Compiling pin-project v1.1.11
[INFO] [stderr]    Compiling slop-primitives v6.9.0
[INFO] [stderr]    Compiling ff v0.13.1
[INFO] [stderr]    Compiling slop-dft v6.9.0
[INFO] [stderr]    Compiling tracing-forest v0.1.6
[INFO] [stderr]    Compiling p3-bn254-fr v0.4.3-succinct
[INFO] [stderr]    Compiling slop-multilinear v6.9.0
[INFO] [stderr]    Compiling slop-utils v6.9.0
[INFO] [stderr]    Compiling slop-fri v6.9.0
[INFO] [stderr]    Compiling slop-futures v6.9.0
[INFO] [stderr]    Compiling slop-bn254 v6.9.0
[INFO] [stderr]    Compiling slop-merkle-tree v6.9.0
[INFO] [stderr]    Compiling slop-basefold v6.9.0
[INFO] [stderr]    Compiling slop-basefold-prover v6.9.0
[INFO] [stderr]    Compiling slop-stacked v6.9.0 (/opt/rustwide/workdir)
[INFO] [stderr]     Finished `release` profile [optimized] target(s) in 1m 21s
[INFO] running `Command { std: "docker" "inspect" "fb7d7bc55ac02ec4d0d19ee9b2c86d4e31a9d90c6777aba931d8c21bf8262bff", kill_on_drop: false }`
[INFO] running `Command { std: "docker" "exec" "-e" "SOURCE_DIR=/opt/rustwide/workdir" "-e" "CARGO_HOME=/opt/rustwide/cargo-home" "-e" "RUSTUP_HOME=/opt/rustwide/rustup-home" "-e" "CARGO_TARGET_DIR=/opt/rustwide/target" "-e" "CARGO_INCREMENTAL=0" "-e" "RUST_BACKTRACE=full" "-e" "RUSTFLAGS=--cap-lints=warn" "-e" "RUSTDOCFLAGS=--cap-lints=warn" "-w" "/opt/rustwide/workdir" "--user" "0:0" "fb7d7bc55ac02ec4d0d19ee9b2c86d4e31a9d90c6777aba931d8c21bf8262bff" "/opt/rustwide/cargo-home/bin/cargo" "+1.99.0-beta.8" "test" "--frozen" "--no-run" "--message-format=json" "--release", kill_on_drop: false }`
[INFO] [stderr]    Compiling slop-stacked v6.9.0 (/opt/rustwide/workdir)
[INFO] [stdout] error[E0433]: cannot find module or crate `slop_baby_bear` in this scope
[INFO] [stdout]    --> src/prover.rs:170:9
[INFO] [stdout]     |
[INFO] [stdout] 170 |     use slop_baby_bear::{baby_bear_poseidon2::BabyBearDegree4Duplex, BabyBear};
[INFO] [stdout]     |         ^^^^^^^^^^^^^^ use of unresolved module or unlinked crate `slop_baby_bear`
[INFO] [stdout]     |
[INFO] [stdout]     = help: if you wanted to use a crate named `slop_baby_bear`, use `cargo add slop_baby_bear` to add it to your `Cargo.toml`
[INFO] [stdout] 
[INFO] [stdout] 
[INFO] [stdout] error[E0432]: unresolved import `rand`
[INFO] [stdout]    --> src/prover.rs:168:9
[INFO] [stdout]     |
[INFO] [stdout] 168 |     use rand::thread_rng;
[INFO] [stdout]     |         ^^^^ use of unresolved module or unlinked crate `rand`
[INFO] [stdout]     |
[INFO] [stdout]     = help: if you wanted to use a crate named `rand`, use `cargo add rand` to add it to your `Cargo.toml`
[INFO] [stdout] 
[INFO] [stdout] 
[INFO] [stdout] error[E0432]: unresolved import `slop_baby_bear`
[INFO] [stdout]    --> src/prover.rs:170:9
[INFO] [stdout]     |
[INFO] [stdout] 170 |     use slop_baby_bear::{baby_bear_poseidon2::BabyBearDegree4Duplex, BabyBear};
[INFO] [stdout]     |         ^^^^^^^^^^^^^^ use of unresolved module or unlinked crate `slop_baby_bear`
[INFO] [stdout]     |
[INFO] [stdout]     = help: if you wanted to use a crate named `slop_baby_bear`, use `cargo add slop_baby_bear` to add it to your `Cargo.toml`
[INFO] [stdout] 
[INFO] [stdout] 
[INFO] [stdout] Some errors have detailed explanations: E0432, E0433.
[INFO] [stdout] 
[INFO] [stdout] For more information about an error, try `rustc --explain E0432`.
[INFO] [stdout] 
[INFO] [stderr] error: could not compile `slop-stacked` (lib test) due to 3 previous errors
[INFO] running `Command { std: "docker" "inspect" "fb7d7bc55ac02ec4d0d19ee9b2c86d4e31a9d90c6777aba931d8c21bf8262bff", kill_on_drop: false }`
[INFO] running `Command { std: "docker" "rm" "-f" "fb7d7bc55ac02ec4d0d19ee9b2c86d4e31a9d90c6777aba931d8c21bf8262bff", kill_on_drop: false }`
[INFO] [stdout] fb7d7bc55ac02ec4d0d19ee9b2c86d4e31a9d90c6777aba931d8c21bf8262bff
