[INFO] fetching crate slang-rs 0.23.0...
[INFO] testing slang-rs-0.23.0 against 1.99.0-beta.8+cargoflags=--release for beta-release-1.100-2
[INFO] extracting crate slang-rs 0.23.0 into /workspace/builds/worker-0-tc1/source
[INFO] started tweaking crates.io crate slang-rs 0.23.0
[INFO] removed 0 missing tests
[INFO] finished tweaking crates.io crate slang-rs 0.23.0
[INFO] tweaked toml for crates.io crate slang-rs 0.23.0 written to /workspace/builds/worker-0-tc1/source/Cargo.toml
[INFO] validating manifest of crates.io crate slang-rs 0.23.0 on toolchain 1.99.0-beta.8
[INFO] running `Command { std: CARGO_HOME="/workspace/cargo-home" RUSTUP_HOME="/workspace/rustup-home" "/workspace/cargo-home/bin/cargo" "+1.99.0-beta.8" "metadata" "--manifest-path" "Cargo.toml" "--no-deps", kill_on_drop: false }`
[INFO] crate crates.io crate slang-rs 0.23.0 already has a lockfile, it will not be regenerated
[INFO] running `Command { std: CARGO_HOME="/workspace/cargo-home" RUSTUP_HOME="/workspace/rustup-home" "/workspace/cargo-home/bin/cargo" "+1.99.0-beta.8" "fetch" "--manifest-path" "Cargo.toml", kill_on_drop: false }`
[INFO] [stderr]     Blocking waiting for file lock on package cache
[INFO] [stderr]  Downloading crates ...
[INFO] [stderr]   Downloaded semver v1.0.25
[INFO] [stderr]   Downloaded cxx-build v1.0.197
[INFO] [stderr]   Downloaded cpufeatures v0.2.14
[INFO] [stderr]   Downloaded cxxbridge-flags v1.0.197
[INFO] [stderr]   Downloaded thiserror-impl v1.0.64
[INFO] [stderr]   Downloaded thiserror v1.0.64
[INFO] [stderr]   Downloaded cxxbridge-macro v1.0.197
[INFO] [stderr]   Downloaded openssl-sys v0.9.106
[INFO] [stderr]   Downloaded cxxbridge-cmd v1.0.197
[INFO] [stderr]   Downloaded curl v0.4.47
[INFO] [stderr]   Downloaded cxx v1.0.197
[INFO] [stderr]   Downloaded rustix v0.38.37
[INFO] [stderr]   Downloaded libz-sys v1.1.21
[INFO] [stderr]   Downloaded curl-sys v0.4.80+curl-8.12.1
[INFO] running `Command { std: "docker" "create" "-v" "/var/lib/crater-agent-workspace/builds/worker-0-tc1/source:/opt/rustwide/workdir:ro,Z" "-v" "/var/lib/crater-agent-workspace/builds/worker-0-tc1/target:/opt/rustwide/target:rw,Z" "-v" "/var/lib/crater-agent-workspace/cargo-home:/opt/rustwide/cargo-home:ro,Z" "-v" "/var/lib/crater-agent-workspace/rustup-home:/opt/rustwide/rustup-home:ro,Z" "-m" "1610612736" "--network" "none" "ghcr.io/rust-lang/crates-build-env/linux@sha256:77db811e55d90add9212f6832c23229e3de5f1c1f9905e8cb07319ea15df73ac" "sleep" "infinity", kill_on_drop: false }`
[INFO] [stdout] c91656e84d828aa25423f58f00e9286171c39e38bdc1d856aca79ed8dca31730
[INFO] running `Command { std: "docker" "start" "c91656e84d828aa25423f58f00e9286171c39e38bdc1d856aca79ed8dca31730", kill_on_drop: false }`
[INFO] running `Command { std: "docker" "inspect" "c91656e84d828aa25423f58f00e9286171c39e38bdc1d856aca79ed8dca31730", kill_on_drop: false }`
[INFO] running `Command { std: "docker" "exec" "-e" "SOURCE_DIR=/opt/rustwide/workdir" "-e" "CARGO_HOME=/opt/rustwide/cargo-home" "-e" "RUSTUP_HOME=/opt/rustwide/rustup-home" "-e" "CARGO_TARGET_DIR=/opt/rustwide/target" "-w" "/opt/rustwide/workdir" "--user" "0:0" "c91656e84d828aa25423f58f00e9286171c39e38bdc1d856aca79ed8dca31730" "/opt/rustwide/cargo-home/bin/cargo" "+1.99.0-beta.8" "metadata" "--no-deps" "--format-version=1", kill_on_drop: false }`
[INFO] running `Command { std: "docker" "inspect" "c91656e84d828aa25423f58f00e9286171c39e38bdc1d856aca79ed8dca31730", kill_on_drop: false }`
[INFO] running `Command { std: "docker" "exec" "-e" "SOURCE_DIR=/opt/rustwide/workdir" "-e" "CARGO_HOME=/opt/rustwide/cargo-home" "-e" "RUSTUP_HOME=/opt/rustwide/rustup-home" "-e" "CARGO_TARGET_DIR=/opt/rustwide/target" "-e" "CARGO_INCREMENTAL=0" "-e" "RUST_BACKTRACE=full" "-e" "RUSTFLAGS=--cap-lints=warn" "-e" "RUSTDOCFLAGS=--cap-lints=warn" "-w" "/opt/rustwide/workdir" "--user" "0:0" "c91656e84d828aa25423f58f00e9286171c39e38bdc1d856aca79ed8dca31730" "/opt/rustwide/cargo-home/bin/cargo" "+1.99.0-beta.8" "build" "--frozen" "--message-format=json" "--release", kill_on_drop: false }`
[INFO] [stderr]    Compiling proc-macro2 v1.0.86
[INFO] [stderr]    Compiling unicode-ident v1.0.13
[INFO] [stderr]    Compiling link-cplusplus v1.0.12
[INFO] [stderr]    Compiling typenum v1.17.0
[INFO] [stderr]    Compiling indexmap v2.14.2
[INFO] [stderr]    Compiling cxxbridge-flags v1.0.197
[INFO] [stderr]    Compiling cpufeatures v0.2.14
[INFO] [stderr]    Compiling cmake v0.1.58
[INFO] [stderr]    Compiling cxx v1.0.197
[INFO] [stderr]    Compiling num-bigint v0.4.6
[INFO] [stderr]    Compiling generic-array v0.14.7
[INFO] [stderr]    Compiling quote v1.0.37
[INFO] [stderr]    Compiling syn v2.0.77
[INFO] [stderr]    Compiling block-buffer v0.10.4
[INFO] [stderr]    Compiling crypto-common v0.1.6
[INFO] [stderr]    Compiling digest v0.10.7
[INFO] [stderr]    Compiling sha2 v0.10.8
[INFO] [stderr]    Compiling cxx-build v1.0.197
[INFO] [stderr]    Compiling cxxbridge-macro v1.0.197
[INFO] [stderr]    Compiling slang-rs v0.23.0 (/opt/rustwide/workdir)
[INFO] [stderr] error: failed to run custom build command for `slang-rs v0.23.0 (/opt/rustwide/workdir)`
[INFO] [stderr] note: To improve backtraces for build dependencies, set the CARGO_PROFILE_RELEASE_BUILD_OVERRIDE_DEBUG=true environment variable to enable debug information generation.
[INFO] [stderr] 
[INFO] [stderr] Caused by:
[INFO] [stderr]   process didn't exit successfully: `/opt/rustwide/target/release/build/slang-rs-95ec4f719711b908/build-script-build` (exit status: 101)
[INFO] [stderr]   --- stdout
[INFO] [stderr]   cargo:rerun-if-env-changed=DOCS_RS
[INFO] [stderr]   cargo:rerun-if-changed=build.rs
[INFO] [stderr]   cargo:rerun-if-changed=build/native.rs
[INFO] [stderr]   cargo:rerun-if-changed=cmake/CMakeLists.txt
[INFO] [stderr]   cargo:rerun-if-changed=src/native.rs
[INFO] [stderr]   cargo:rerun-if-changed=cpp/native.cpp
[INFO] [stderr]   cargo:rerun-if-changed=cpp/native.h
[INFO] [stderr]   cargo:rerun-if-env-changed=SLANG_RS_NATIVE_DIR
[INFO] [stderr]   cargo:rerun-if-env-changed=CC
[INFO] [stderr]   cargo:rerun-if-env-changed=CC_x86_64-unknown-linux-gnu
[INFO] [stderr]   cargo:rerun-if-env-changed=CC_x86_64_unknown_linux_gnu
[INFO] [stderr]   cargo:rerun-if-env-changed=HOST_CC
[INFO] [stderr]   cargo:rerun-if-env-changed=CXX
[INFO] [stderr]   cargo:rerun-if-env-changed=CXX_x86_64-unknown-linux-gnu
[INFO] [stderr]   cargo:rerun-if-env-changed=CXX_x86_64_unknown_linux_gnu
[INFO] [stderr]   cargo:rerun-if-env-changed=HOST_CXX
[INFO] [stderr]   cargo:rerun-if-env-changed=AR
[INFO] [stderr]   cargo:rerun-if-env-changed=AR_x86_64-unknown-linux-gnu
[INFO] [stderr]   cargo:rerun-if-env-changed=AR_x86_64_unknown_linux_gnu
[INFO] [stderr]   cargo:rerun-if-env-changed=HOST_AR
[INFO] [stderr]   cargo:rerun-if-env-changed=CFLAGS
[INFO] [stderr]   cargo:rerun-if-env-changed=CFLAGS_x86_64-unknown-linux-gnu
[INFO] [stderr]   cargo:rerun-if-env-changed=CFLAGS_x86_64_unknown_linux_gnu
[INFO] [stderr]   cargo:rerun-if-env-changed=HOST_CFLAGS
[INFO] [stderr]   cargo:rerun-if-env-changed=CXXFLAGS
[INFO] [stderr]   cargo:rerun-if-env-changed=CXXFLAGS_x86_64-unknown-linux-gnu
[INFO] [stderr]   cargo:rerun-if-env-changed=CXXFLAGS_x86_64_unknown_linux_gnu
[INFO] [stderr]   cargo:rerun-if-env-changed=HOST_CXXFLAGS
[INFO] [stderr]   cargo:rerun-if-env-changed=ARFLAGS
[INFO] [stderr]   cargo:rerun-if-env-changed=ARFLAGS_x86_64-unknown-linux-gnu
[INFO] [stderr]   cargo:rerun-if-env-changed=ARFLAGS_x86_64_unknown_linux_gnu
[INFO] [stderr]   cargo:rerun-if-env-changed=HOST_ARFLAGS
[INFO] [stderr]   cargo:rerun-if-env-changed=CMAKE
[INFO] [stderr]   cargo:rerun-if-env-changed=CMAKE_x86_64-unknown-linux-gnu
[INFO] [stderr]   cargo:rerun-if-env-changed=CMAKE_x86_64_unknown_linux_gnu
[INFO] [stderr]   cargo:rerun-if-env-changed=HOST_CMAKE
[INFO] [stderr]   cargo:rerun-if-env-changed=CMAKE_GENERATOR
[INFO] [stderr]   cargo:rerun-if-env-changed=CMAKE_GENERATOR_x86_64-unknown-linux-gnu
[INFO] [stderr]   cargo:rerun-if-env-changed=CMAKE_GENERATOR_x86_64_unknown_linux_gnu
[INFO] [stderr]   cargo:rerun-if-env-changed=HOST_CMAKE_GENERATOR
[INFO] [stderr]   cargo:rerun-if-env-changed=CMAKE_TOOLCHAIN_FILE
[INFO] [stderr]   cargo:rerun-if-env-changed=CMAKE_TOOLCHAIN_FILE_x86_64-unknown-linux-gnu
[INFO] [stderr]   cargo:rerun-if-env-changed=CMAKE_TOOLCHAIN_FILE_x86_64_unknown_linux_gnu
[INFO] [stderr]   cargo:rerun-if-env-changed=HOST_CMAKE_TOOLCHAIN_FILE
[INFO] [stderr]   cargo:rerun-if-env-changed=CMAKE_PREFIX_PATH
[INFO] [stderr]   cargo:rerun-if-env-changed=CMAKE_PREFIX_PATH_x86_64-unknown-linux-gnu
[INFO] [stderr]   cargo:rerun-if-env-changed=CMAKE_PREFIX_PATH_x86_64_unknown_linux_gnu
[INFO] [stderr]   cargo:rerun-if-env-changed=HOST_CMAKE_PREFIX_PATH
[INFO] [stderr]   cargo:rerun-if-env-changed=CMAKE_CXX_COMPILER_LAUNCHER
[INFO] [stderr]   cargo:rerun-if-env-changed=Python_EXECUTABLE
[INFO] [stderr]   cargo:rerun-if-env-changed=SDKROOT
[INFO] [stderr]   cargo:rerun-if-env-changed=MACOSX_DEPLOYMENT_TARGET
[INFO] [stderr]   cargo:rerun-if-env-changed=IPHONEOS_DEPLOYMENT_TARGET
[INFO] [stderr]   cargo:rerun-if-env-changed=CRATE_CC_NO_DEFAULTS
[INFO] [stderr]   cargo:rerun-if-env-changed=CXXSTDLIB
[INFO] [stderr]   cargo:rerun-if-env-changed=FETCHCONTENT_SOURCE_DIR_SLANG
[INFO] [stderr]   cargo:rerun-if-env-changed=FETCHCONTENT_SOURCE_DIR_FMT
[INFO] [stderr]   CMAKE_TOOLCHAIN_FILE_x86_64-unknown-linux-gnu = None
[INFO] [stderr]   CMAKE_TOOLCHAIN_FILE_x86_64_unknown_linux_gnu = None
[INFO] [stderr]   HOST_CMAKE_TOOLCHAIN_FILE = None
[INFO] [stderr]   CMAKE_TOOLCHAIN_FILE = None
[INFO] [stderr]   CMAKE_GENERATOR_x86_64-unknown-linux-gnu = None
[INFO] [stderr]   CMAKE_GENERATOR_x86_64_unknown_linux_gnu = None
[INFO] [stderr]   HOST_CMAKE_GENERATOR = None
[INFO] [stderr]   CMAKE_GENERATOR = None
[INFO] [stderr]   CMAKE_PREFIX_PATH_x86_64-unknown-linux-gnu = None
[INFO] [stderr]   CMAKE_PREFIX_PATH_x86_64_unknown_linux_gnu = None
[INFO] [stderr]   HOST_CMAKE_PREFIX_PATH = None
[INFO] [stderr]   CMAKE_PREFIX_PATH = None
[INFO] [stderr]   CMAKE_x86_64-unknown-linux-gnu = None
[INFO] [stderr]   CMAKE_x86_64_unknown_linux_gnu = None
[INFO] [stderr]   HOST_CMAKE = None
[INFO] [stderr]   CMAKE = None
[INFO] [stderr]   -- The CXX compiler identification is GNU 15.2.0
[INFO] [stderr]   -- Detecting CXX compiler ABI info
[INFO] [stderr]   -- Detecting CXX compiler ABI info - done
[INFO] [stderr]   -- Check for working CXX compiler: /usr/bin/c++ - skipped
[INFO] [stderr]   -- Detecting CXX compile features
[INFO] [stderr]   -- Detecting CXX compile features - done
[INFO] [stderr]   -- Configuring incomplete, errors occurred!
[INFO] [stderr] 
[INFO] [stderr]   --- stderr
[INFO] [stderr]   running: cd "/opt/rustwide/target/release/build/slang-rs-77830b07bc75b72f/out/native/build" && CMAKE_PREFIX_PATH="" LC_ALL="C" "cmake" "/opt/rustwide/workdir/cmake" "-B" "/opt/rustwide/target/release/build/slang-rs-77830b07bc75b72f/out/native/build" "-DFETCHCONTENT_SOURCE_DIR_SLANG=" "-DFETCHCONTENT_SOURCE_DIR_FMT=" "-DCMAKE_CXX_COMPILER_LAUNCHER=" "-DPython_EXECUTABLE=" "-DCMAKE_INSTALL_PREFIX=/opt/rustwide/target/release/build/slang-rs-77830b07bc75b72f/out/native" "-DCMAKE_C_FLAGS= -ffunction-sections -fdata-sections -fPIC -m64 -w" "-DCMAKE_C_COMPILER=/usr/bin/cc" "-DCMAKE_CXX_FLAGS= -ffunction-sections -fdata-sections -fPIC -m64 -w" "-DCMAKE_CXX_COMPILER=/usr/bin/c++" "-DCMAKE_ASM_FLAGS= -ffunction-sections -fdata-sections -fPIC -m64 -w" "-DCMAKE_ASM_COMPILER=/usr/bin/cc" "-DCMAKE_BUILD_TYPE=Release"
[INFO] [stderr]   [ 11%] Creating directories for 'slang-populate'
[INFO] [stderr]   [ 22%] Performing download step (download, verify and extract) for 'slang-populate'
[INFO] [stderr]   -- Downloading...
[INFO] [stderr]      dst='/opt/rustwide/target/release/build/slang-rs-77830b07bc75b72f/out/native/build/_deps/slang-subbuild/slang-populate-prefix/src/archive.tar'
[INFO] [stderr]      timeout='none'
[INFO] [stderr]      inactivity timeout='none'
[INFO] [stderr]   -- Using src='https://codeload.github.com/MikePopoloski/slang/tar.gz/7ddf4059f79eff508dd486eb42fd650cdf320d52'
[INFO] [stderr]   -- Retrying...
[INFO] [stderr]   -- Using src='https://codeload.github.com/MikePopoloski/slang/tar.gz/7ddf4059f79eff508dd486eb42fd650cdf320d52'
[INFO] [stderr]   -- Retry after 5 seconds (attempt #2) ...
[INFO] [stderr]   -- Using src='https://codeload.github.com/MikePopoloski/slang/tar.gz/7ddf4059f79eff508dd486eb42fd650cdf320d52'
[INFO] [stderr]   -- Retry after 5 seconds (attempt #3) ...
[INFO] [stderr]   -- Using src='https://codeload.github.com/MikePopoloski/slang/tar.gz/7ddf4059f79eff508dd486eb42fd650cdf320d52'
[INFO] [stderr]   -- Retry after 15 seconds (attempt #4) ...
[INFO] [stderr]   -- Using src='https://codeload.github.com/MikePopoloski/slang/tar.gz/7ddf4059f79eff508dd486eb42fd650cdf320d52'
[INFO] [stderr]   -- Retry after 60 seconds (attempt #5) ...
[INFO] [stderr]   -- Using src='https://codeload.github.com/MikePopoloski/slang/tar.gz/7ddf4059f79eff508dd486eb42fd650cdf320d52'
[INFO] [stderr]   CMake Error at slang-subbuild/slang-populate-prefix/src/slang-populate-stamp/download-slang-populate.cmake:163 (message):
[INFO] [stderr]     Each download failed!
[INFO] [stderr] 
[INFO] [stderr]       error: downloading 'https://codeload.github.com/MikePopoloski/slang/tar.gz/7ddf4059f79eff508dd486eb42fd650cdf320d52' failed
[INFO] [stderr]             status_code: 6
[INFO] [stderr]             status_string: "Could not resolve hostname"
[INFO] [stderr]             log:
[INFO] [stderr]             --- LOG BEGIN ---
[INFO] [stderr]             Could not resolve host: codeload.github.com
[INFO] [stderr] 
[INFO] [stderr]     Store negative name resolve for codeload.github.com:443
[INFO] [stderr] 
[INFO] [stderr]     shutting down connection #0
[INFO] [stderr] 
[INFO] [stderr] 
[INFO] [stderr] 
[INFO] [stderr]             --- LOG END ---
[INFO] [stderr]             error: downloading 'https://codeload.github.com/MikePopoloski/slang/tar.gz/7ddf4059f79eff508dd486eb42fd650cdf320d52' failed
[INFO] [stderr]             status_code: 6
[INFO] [stderr]             status_string: "Could not resolve hostname"
[INFO] [stderr]             log:
[INFO] [stderr]             --- LOG BEGIN ---
[INFO] [stderr]             Could not resolve host: codeload.github.com
[INFO] [stderr] 
[INFO] [stderr]     Store negative name resolve for codeload.github.com:443
[INFO] [stderr] 
[INFO] [stderr]     shutting down connection #0
[INFO] [stderr] 
[INFO] [stderr] 
[INFO] [stderr] 
[INFO] [stderr]             --- LOG END ---
[INFO] [stderr]             error: downloading 'https://codeload.github.com/MikePopoloski/slang/tar.gz/7ddf4059f79eff508dd486eb42fd650cdf320d52' failed
[INFO] [stderr]             status_code: 6
[INFO] [stderr]             status_string: "Could not resolve hostname"
[INFO] [stderr]             log:
[INFO] [stderr]             --- LOG BEGIN ---
[INFO] [stderr]             Could not resolve host: codeload.github.com
[INFO] [stderr] 
[INFO] [stderr]     Store negative name resolve for codeload.github.com:443
[INFO] [stderr] 
[INFO] [stderr]     shutting down connection #0
[INFO] [stderr] 
[INFO] [stderr] 
[INFO] [stderr] 
[INFO] [stderr]             --- LOG END ---
[INFO] [stderr]             error: downloading 'https://codeload.github.com/MikePopoloski/slang/tar.gz/7ddf4059f79eff508dd486eb42fd650cdf320d52' failed
[INFO] [stderr]             status_code: 6
[INFO] [stderr]             status_string: "Could not resolve hostname"
[INFO] [stderr]             log:
[INFO] [stderr]             --- LOG BEGIN ---
[INFO] [stderr]             Could not resolve host: codeload.github.com
[INFO] [stderr] 
[INFO] [stderr]     Store negative name resolve for codeload.github.com:443
[INFO] [stderr] 
[INFO] [stderr]     shutting down connection #0
[INFO] [stderr] 
[INFO] [stderr] 
[INFO] [stderr] 
[INFO] [stderr]             --- LOG END ---
[INFO] [stderr]             error: downloading 'https://codeload.github.com/MikePopoloski/slang/tar.gz/7ddf4059f79eff508dd486eb42fd650cdf320d52' failed
[INFO] [stderr]             status_code: 6
[INFO] [stderr]             status_string: "Could not resolve hostname"
[INFO] [stderr]             log:
[INFO] [stderr]             --- LOG BEGIN ---
[INFO] [stderr]             Could not resolve host: codeload.github.com
[INFO] [stderr] 
[INFO] [stderr]     Store negative name resolve for codeload.github.com:443
[INFO] [stderr] 
[INFO] [stderr]     shutting down connection #0
[INFO] [stderr] 
[INFO] [stderr] 
[INFO] [stderr] 
[INFO] [stderr]             --- LOG END ---
[INFO] [stderr]             error: downloading 'https://codeload.github.com/MikePopoloski/slang/tar.gz/7ddf4059f79eff508dd486eb42fd650cdf320d52' failed
[INFO] [stderr]             status_code: 6
[INFO] [stderr]             status_string: "Could not resolve hostname"
[INFO] [stderr]             log:
[INFO] [stderr]             --- LOG BEGIN ---
[INFO] [stderr]             Could not resolve host: codeload.github.com
[INFO] [stderr] 
[INFO] [stderr]     Store negative name resolve for codeload.github.com:443
[INFO] [stderr] 
[INFO] [stderr]     shutting down connection #0
[INFO] [stderr] 
[INFO] [stderr] 
[INFO] [stderr] 
[INFO] [stderr]             --- LOG END ---
[INFO] [stderr]             
[INFO] [stderr]       
[INFO] [stderr] 
[INFO] [stderr] 
[INFO] [stderr]   gmake[2]: *** [CMakeFiles/slang-populate.dir/build.make:100: slang-populate-prefix/src/slang-populate-stamp/slang-populate-download] Error 1
[INFO] [stderr]   gmake[1]: *** [CMakeFiles/Makefile2:87: CMakeFiles/slang-populate.dir/all] Error 2
[INFO] [stderr]   gmake: *** [Makefile:91: all] Error 2
[INFO] [stderr] 
[INFO] [stderr]   CMake Error at /usr/share/cmake-4.2/Modules/FetchContent.cmake:1928 (message):
[INFO] [stderr]     Build step for slang failed: 2
[INFO] [stderr]   Call Stack (most recent call first):
[INFO] [stderr]     /usr/share/cmake-4.2/Modules/FetchContent.cmake:1619 (__FetchContent_populateSubbuild)
[INFO] [stderr]     /usr/share/cmake-4.2/Modules/FetchContent.cmake:2155:EVAL:2 (__FetchContent_doPopulation)
[INFO] [stderr]     /usr/share/cmake-4.2/Modules/FetchContent.cmake:2155 (cmake_language)
[INFO] [stderr]     /usr/share/cmake-4.2/Modules/FetchContent.cmake:2394 (__FetchContent_Populate)
[INFO] [stderr]     CMakeLists.txt:49 (FetchContent_MakeAvailable)
[INFO] [stderr] 
[INFO] [stderr] 
[INFO] [stderr] 
[INFO] [stderr]   thread 'main' (335) panicked at /opt/rustwide/cargo-home/registry/src/index.crates.io-1949cf8c6b5b557f/cmake-0.1.58/src/lib.rs:1132:5:
[INFO] [stderr] 
[INFO] [stderr]   command did not execute successfully, got: exit status: 1
[INFO] [stderr] 
[INFO] [stderr]   build script failed, must exit now
[INFO] [stderr]   stack backtrace:
[INFO] [stderr]      0:     0x600e9eea3081 - <<std[70759c8f55707aa4]::sys::backtrace::BacktraceLock>::print::DisplayBacktrace as core[df12db4294e9bfd3]::fmt::Display>::fmt
[INFO] [stderr]      1:     0x600e9eeb932a - core[df12db4294e9bfd3]::fmt::write
[INFO] [stderr]      2:     0x600e9eea971c - <std[70759c8f55707aa4]::sys::stdio::unix::Stderr as core[df12db4294e9bfd3]::io::write::Write>::write_fmt
[INFO] [stderr]      3:     0x600e9ee7f3b6 - std[70759c8f55707aa4]::panicking::default_hook::{closure#0}
[INFO] [stderr]      4:     0x600e9ee9c061 - std[70759c8f55707aa4]::panicking::default_hook
[INFO] [stderr]      5:     0x600e9ee9c38b - std[70759c8f55707aa4]::panicking::panic_with_hook
[INFO] [stderr]      6:     0x600e9ee7f462 - std[70759c8f55707aa4]::panicking::panic_handler::{closure#0}
[INFO] [stderr]      7:     0x600e9ee77c89 - std[70759c8f55707aa4]::sys::backtrace::__rust_end_short_backtrace::<std[70759c8f55707aa4]::panicking::panic_handler::{closure#0}, !>
[INFO] [stderr]      8:     0x600e9ee7fedd - __rustc[8fa7c3cbc660c2b3]::rust_begin_unwind
[INFO] [stderr]      9:     0x600e9eeb9b4c - core[df12db4294e9bfd3]::panicking::panic_fmt
[INFO] [stderr]     10:     0x600e9edee737 - cmake[83d4a578746f0f8e]::fail
[INFO] [stderr]     11:     0x600e9edee3c3 - cmake[83d4a578746f0f8e]::run
[INFO] [stderr]     12:     0x600e9edf3c92 - <cmake[83d4a578746f0f8e]::Config>::build
[INFO] [stderr]     13:     0x600e9ebab6ec - build_script_build[54b90fcdded3d5be]::native::build
[INFO] [stderr]     14:     0x600e9ebabcbb - build_script_build[54b90fcdded3d5be]::native::prefix
[INFO] [stderr]     15:     0x600e9eba1b16 - build_script_build[54b90fcdded3d5be]::main
[INFO] [stderr]     16:     0x600e9eba6053 - <fn() as core[df12db4294e9bfd3]::ops::function::FnOnce<()>>::call_once
[INFO] [stderr]     17:     0x600e9eba02c6 - std[70759c8f55707aa4]::sys::backtrace::__rust_begin_short_backtrace::<fn(), ()>
[INFO] [stderr]     18:     0x600e9eba13b9 - std[70759c8f55707aa4]::rt::lang_start::<()>::{closure#0}
[INFO] [stderr]     19:     0x600e9ee9b319 - std[70759c8f55707aa4]::rt::lang_start_internal
[INFO] [stderr]     20:     0x600e9eb9fbc1 - std[70759c8f55707aa4]::rt::lang_start::<()>
[INFO] [stderr]     21:     0x600e9eba6395 - main
[INFO] [stderr]     22:     0x7ad9f5a3e601 - <unknown>
[INFO] [stderr]     23:     0x7ad9f5a3e718 - __libc_start_main
[INFO] [stderr]     24:     0x600e9eb9cf95 - _start
[INFO] [stderr]     25:                0x0 - <unknown>
[INFO] running `Command { std: "docker" "inspect" "c91656e84d828aa25423f58f00e9286171c39e38bdc1d856aca79ed8dca31730", kill_on_drop: false }`
[INFO] running `Command { std: "docker" "rm" "-f" "c91656e84d828aa25423f58f00e9286171c39e38bdc1d856aca79ed8dca31730", kill_on_drop: false }`
[INFO] [stdout] c91656e84d828aa25423f58f00e9286171c39e38bdc1d856aca79ed8dca31730
