[INFO] fetching crate skuld 0.6.0...
[INFO] testing skuld-0.6.0 against 1.99.0-beta.8+cargoflags=--release for beta-release-1.100-2
[INFO] extracting crate skuld 0.6.0 into /workspace/builds/worker-3-tc1/source
[INFO] removed /workspace/builds/worker-3-tc1/source/.cargo/config.toml
[INFO] started tweaking crates.io crate skuld 0.6.0
[INFO] removed 0 missing tests
[INFO] finished tweaking crates.io crate skuld 0.6.0
[INFO] tweaked toml for crates.io crate skuld 0.6.0 written to /workspace/builds/worker-3-tc1/source/Cargo.toml
[INFO] validating manifest of crates.io crate skuld 0.6.0 on toolchain 1.99.0-beta.8
[INFO] running `Command { std: CARGO_HOME="/workspace/cargo-home" RUSTUP_HOME="/workspace/rustup-home" "/workspace/cargo-home/bin/cargo" "+1.99.0-beta.8" "metadata" "--manifest-path" "Cargo.toml" "--no-deps", kill_on_drop: false }`
[INFO] crate crates.io crate skuld 0.6.0 already has a lockfile, it will not be regenerated
[INFO] running `Command { std: CARGO_HOME="/workspace/cargo-home" RUSTUP_HOME="/workspace/rustup-home" "/workspace/cargo-home/bin/cargo" "+1.99.0-beta.8" "fetch" "--manifest-path" "Cargo.toml", kill_on_drop: false }`
[INFO] [stderr] warning: Cargo.toml: only one of `license` or `license-file` is necessary
[INFO] [stderr] `license` should be used if the package license can be expressed with a standard SPDX expression.
[INFO] [stderr] `license-file` should be used if the package uses a non-standard license.
[INFO] [stderr] See https://doc.rust-lang.org/cargo/reference/manifest.html#the-license-and-license-file-fields for more information.
[INFO] [stderr] warning: `skuld` (manifest) generated 1 warning
[INFO] [stderr]     Updating crates.io index
[INFO] [stderr]  Downloading crates ...
[INFO] [stderr]   Downloaded serde_yml v0.0.13
[INFO] [stderr]   Downloaded trybuild v1.0.116
[INFO] [stderr]   Downloaded skuld-macros v0.6.0
[INFO] [stderr]   Downloaded escape8259 v0.5.3
[INFO] [stderr]   Downloaded noyalib v0.0.5
[INFO] [stderr]   Downloaded boolean_expression v0.4.4
[INFO] [stderr]   Downloaded libtest-mimic v0.8.2
[INFO] [stderr]   Downloaded clap v4.6.2
[INFO] running `Command { std: "docker" "create" "-v" "/var/lib/crater-agent-workspace/builds/worker-3-tc1/source:/opt/rustwide/workdir:ro,Z" "-v" "/var/lib/crater-agent-workspace/builds/worker-3-tc1/target:/opt/rustwide/target:rw,Z" "-v" "/var/lib/crater-agent-workspace/cargo-home:/opt/rustwide/cargo-home:ro,Z" "-v" "/var/lib/crater-agent-workspace/rustup-home:/opt/rustwide/rustup-home:ro,Z" "-m" "1610612736" "--network" "none" "ghcr.io/rust-lang/crates-build-env/linux@sha256:77db811e55d90add9212f6832c23229e3de5f1c1f9905e8cb07319ea15df73ac" "sleep" "infinity", kill_on_drop: false }`
[INFO] [stdout] da54d44212f215c4219a12ccfa6b92384a470d2c344bd3e09aca0573c73eb2cd
[INFO] running `Command { std: "docker" "start" "da54d44212f215c4219a12ccfa6b92384a470d2c344bd3e09aca0573c73eb2cd", kill_on_drop: false }`
[INFO] running `Command { std: "docker" "inspect" "da54d44212f215c4219a12ccfa6b92384a470d2c344bd3e09aca0573c73eb2cd", kill_on_drop: false }`
[INFO] running `Command { std: "docker" "exec" "-e" "SOURCE_DIR=/opt/rustwide/workdir" "-e" "CARGO_HOME=/opt/rustwide/cargo-home" "-e" "RUSTUP_HOME=/opt/rustwide/rustup-home" "-e" "CARGO_TARGET_DIR=/opt/rustwide/target" "-w" "/opt/rustwide/workdir" "--user" "0:0" "da54d44212f215c4219a12ccfa6b92384a470d2c344bd3e09aca0573c73eb2cd" "/opt/rustwide/cargo-home/bin/cargo" "+1.99.0-beta.8" "metadata" "--no-deps" "--format-version=1", kill_on_drop: false }`
[INFO] running `Command { std: "docker" "inspect" "da54d44212f215c4219a12ccfa6b92384a470d2c344bd3e09aca0573c73eb2cd", kill_on_drop: false }`
[INFO] running `Command { std: "docker" "exec" "-e" "SOURCE_DIR=/opt/rustwide/workdir" "-e" "CARGO_HOME=/opt/rustwide/cargo-home" "-e" "RUSTUP_HOME=/opt/rustwide/rustup-home" "-e" "CARGO_TARGET_DIR=/opt/rustwide/target" "-e" "CARGO_INCREMENTAL=0" "-e" "RUST_BACKTRACE=full" "-e" "RUSTFLAGS=--cap-lints=warn" "-e" "RUSTDOCFLAGS=--cap-lints=warn" "-w" "/opt/rustwide/workdir" "--user" "0:0" "da54d44212f215c4219a12ccfa6b92384a470d2c344bd3e09aca0573c73eb2cd" "/opt/rustwide/cargo-home/bin/cargo" "+1.99.0-beta.8" "build" "--frozen" "--message-format=json" "--release", kill_on_drop: false }`
[INFO] [stderr] warning: Cargo.toml: only one of `license` or `license-file` is necessary
[INFO] [stderr] `license` should be used if the package license can be expressed with a standard SPDX expression.
[INFO] [stderr] `license-file` should be used if the package uses a non-standard license.
[INFO] [stderr] See https://doc.rust-lang.org/cargo/reference/manifest.html#the-license-and-license-file-fields for more information.
[INFO] [stderr] warning: `skuld` (manifest) generated 1 warning
[INFO] [stderr]    Compiling syn v2.0.119
[INFO] [stderr]    Compiling hashbrown v0.17.1
[INFO] [stderr]    Compiling cc v1.2.60
[INFO] [stderr]    Compiling noyalib v0.0.5
[INFO] [stderr]    Compiling either v1.15.0
[INFO] [stderr]    Compiling tinyvec_macros v0.1.1
[INFO] [stderr]    Compiling clap_builder v4.6.2
[INFO] [stderr]    Compiling rustc-hash v2.1.3
[INFO] [stderr]    Compiling escape8259 v0.5.3
[INFO] [stderr]    Compiling getrandom v0.4.2
[INFO] [stderr]    Compiling os_pipe v1.2.3
[INFO] [stderr]    Compiling serde_json v1.0.149
[INFO] [stderr]    Compiling dunce v1.0.5
[INFO] [stderr]    Compiling tinyvec v1.11.0
[INFO] [stderr]    Compiling tempfile v3.27.0
[INFO] [stderr]    Compiling itertools v0.9.0
[INFO] [stderr]    Compiling indexmap v2.14.0
[INFO] [stderr]    Compiling hashlink v0.12.1
[INFO] [stderr]    Compiling unicode-normalization v0.1.25
[INFO] [stderr]    Compiling libsqlite3-sys v0.38.1
[INFO] [stderr]    Compiling boolean_expression v0.4.4
[INFO] [stderr]    Compiling pest_generator v2.8.6
[INFO] [stderr]    Compiling serde_derive v1.0.228
[INFO] [stderr]    Compiling clap_derive v4.6.1
[INFO] [stderr]    Compiling skuld-macros v0.6.0
[INFO] [stderr]    Compiling pest_derive v2.8.6
[INFO] [stderr]    Compiling clap v4.6.2
[INFO] [stderr]    Compiling libtest-mimic v0.8.2
[INFO] [stderr]    Compiling serde v1.0.228
[INFO] [stderr]    Compiling serde_yml v0.0.13
[INFO] [stderr]    Compiling rusqlite v0.40.1
[INFO] [stderr]    Compiling skuld v0.6.0 (/opt/rustwide/workdir)
[INFO] [stderr]     Finished `release` profile [optimized] target(s) in 2m 00s
[INFO] running `Command { std: "docker" "inspect" "da54d44212f215c4219a12ccfa6b92384a470d2c344bd3e09aca0573c73eb2cd", kill_on_drop: false }`
[INFO] running `Command { std: "docker" "exec" "-e" "SOURCE_DIR=/opt/rustwide/workdir" "-e" "CARGO_HOME=/opt/rustwide/cargo-home" "-e" "RUSTUP_HOME=/opt/rustwide/rustup-home" "-e" "CARGO_TARGET_DIR=/opt/rustwide/target" "-e" "CARGO_INCREMENTAL=0" "-e" "RUST_BACKTRACE=full" "-e" "RUSTFLAGS=--cap-lints=warn" "-e" "RUSTDOCFLAGS=--cap-lints=warn" "-w" "/opt/rustwide/workdir" "--user" "0:0" "da54d44212f215c4219a12ccfa6b92384a470d2c344bd3e09aca0573c73eb2cd" "/opt/rustwide/cargo-home/bin/cargo" "+1.99.0-beta.8" "test" "--frozen" "--no-run" "--message-format=json" "--release", kill_on_drop: false }`
[INFO] [stderr] warning: Cargo.toml: only one of `license` or `license-file` is necessary
[INFO] [stderr] `license` should be used if the package license can be expressed with a standard SPDX expression.
[INFO] [stderr] `license-file` should be used if the package uses a non-standard license.
[INFO] [stderr] See https://doc.rust-lang.org/cargo/reference/manifest.html#the-license-and-license-file-fields for more information.
[INFO] [stderr] warning: `skuld` (manifest) generated 1 warning
[INFO] [stderr]    Compiling syn v2.0.119
[INFO] [stderr]    Compiling tempfile v3.27.0
[INFO] [stderr]    Compiling winnow v1.0.1
[INFO] [stderr]    Compiling serde_spanned v1.1.1
[INFO] [stderr]    Compiling toml_datetime v1.1.1+spec-1.1.0
[INFO] [stderr]    Compiling wait-timeout v0.2.1
[INFO] [stderr]    Compiling getrandom v0.3.4
[INFO] [stderr]    Compiling ppv-lite86 v0.2.21
[INFO] [stderr]    Compiling socket2 v0.6.3
[INFO] [stderr]    Compiling mio v1.2.0
[INFO] [stderr]    Compiling thread_local v1.1.9
[INFO] [stderr]    Compiling tracing-log v0.2.0
[INFO] [stderr]    Compiling rand_core v0.9.5
[INFO] [stderr]    Compiling tracing-subscriber v0.3.23
[INFO] [stderr]    Compiling rand_xorshift v0.4.0
[INFO] [stderr]    Compiling rand v0.9.4
[INFO] [stderr]    Compiling toml_parser v1.1.2+spec-1.1.0
[INFO] [stderr]    Compiling rusty-fork v0.3.1
[INFO] [stderr]    Compiling tokio v1.51.1
[INFO] [stderr]    Compiling rand_chacha v0.9.0
[INFO] [stderr]    Compiling proptest v1.11.0
[INFO] [stderr]    Compiling toml v1.1.2+spec-1.1.0
[INFO] [stderr]    Compiling pest_generator v2.8.6
[INFO] [stderr]    Compiling serde_derive v1.0.228
[INFO] [stderr]    Compiling clap_derive v4.6.1
[INFO] [stderr]    Compiling skuld-macros v0.6.0
[INFO] [stderr]    Compiling tracing-attributes v0.1.31
[INFO] [stderr]    Compiling pest_derive v2.8.6
[INFO] [stderr]    Compiling tracing v0.1.44
[INFO] [stderr]    Compiling clap v4.6.2
[INFO] [stderr]    Compiling libtest-mimic v0.8.2
[INFO] [stderr]    Compiling serde v1.0.228
[INFO] [stderr]    Compiling noyalib v0.0.5
[INFO] [stderr]    Compiling trybuild v1.0.116
[INFO] [stderr]    Compiling serde_yml v0.0.13
[INFO] [stderr]    Compiling skuld v0.6.0 (/opt/rustwide/workdir)
[INFO] [stdout] error: `#[skuld::test(runtime = ...)]` requires skuld's `tokio` feature
[INFO] [stdout]    --> tests/integration_support/async_tests.rs:126:1
[INFO] [stdout]     |
[INFO] [stdout] 126 | #[skuld::test(runtime = paused_runtime)]
[INFO] [stdout]     | ^^^^^^^^^^^^^^^^^^^^^^^^^^^^^^^^^^^^^^^^
[INFO] [stdout]     |
[INFO] [stdout]     = note: this error originates in the macro `::skuld::__build_runtime_with` which comes from the expansion of the attribute macro `skuld::test` (in Nightly builds, run with -Z macro-backtrace for more info)
[INFO] [stdout] 
[INFO] [stdout] 
[INFO] [stdout] error: `#[skuld::test(runtime = ...)]` requires skuld's `tokio` feature
[INFO] [stdout]    --> tests/integration_support/async_tests.rs:131:1
[INFO] [stdout]     |
[INFO] [stdout] 131 | #[skuld::test(runtime = builders::paused)]
[INFO] [stdout]     | ^^^^^^^^^^^^^^^^^^^^^^^^^^^^^^^^^^^^^^^^^^
[INFO] [stdout]     |
[INFO] [stdout]     = note: this error originates in the macro `::skuld::__build_runtime_with` which comes from the expansion of the attribute macro `skuld::test` (in Nightly builds, run with -Z macro-backtrace for more info)
[INFO] [stdout] 
[INFO] [stdout] 
[INFO] [stdout] error: `#[skuld::test(runtime = ...)]` requires skuld's `tokio` feature
[INFO] [stdout]    --> tests/integration_support/async_tests.rs:136:1
[INFO] [stdout]     |
[INFO] [stdout] 136 | #[skuld::test(runtime = self::builders::paused, should_panic)]
[INFO] [stdout]     | ^^^^^^^^^^^^^^^^^^^^^^^^^^^^^^^^^^^^^^^^^^^^^^^^^^^^^^^^^^^^^^
[INFO] [stdout]     |
[INFO] [stdout]     = note: this error originates in the macro `::skuld::__build_runtime_with` which comes from the expansion of the attribute macro `skuld::test` (in Nightly builds, run with -Z macro-backtrace for more info)
[INFO] [stdout] 
[INFO] [stdout] 
[INFO] [stdout] error: `#[skuld::test(runtime = ...)]` requires skuld's `tokio` feature
[INFO] [stdout]    --> tests/integration_support/async_tests.rs:143:1
[INFO] [stdout]     |
[INFO] [stdout] 143 | #[skuld::test(runtime = builders::paused, should_panic = "boom")]
[INFO] [stdout]     | ^^^^^^^^^^^^^^^^^^^^^^^^^^^^^^^^^^^^^^^^^^^^^^^^^^^^^^^^^^^^^^^^^
[INFO] [stdout]     |
[INFO] [stdout]     = note: this error originates in the macro `::skuld::__build_runtime_with` which comes from the expansion of the attribute macro `skuld::test` (in Nightly builds, run with -Z macro-backtrace for more info)
[INFO] [stdout] 
[INFO] [stdout] 
[INFO] [stdout] error: `#[skuld::test(runtime = ...)]` requires skuld's `tokio` feature
[INFO] [stdout]    --> tests/integration_support/async_tests.rs:149:1
[INFO] [stdout]     |
[INFO] [stdout] 149 | #[skuld::test(runtime = builders::paused)]
[INFO] [stdout]     | ^^^^^^^^^^^^^^^^^^^^^^^^^^^^^^^^^^^^^^^^^^
[INFO] [stdout]     |
[INFO] [stdout]     = note: this error originates in the macro `::skuld::__build_runtime_with` which comes from the expansion of the attribute macro `skuld::test` (in Nightly builds, run with -Z macro-backtrace for more info)
[INFO] [stdout] 
[INFO] [stdout] 
[INFO] [stdout] error: `#[skuld::test(runtime = ...)]` requires skuld's `tokio` feature
[INFO] [stdout]    --> tests/integration_support/async_tests.rs:155:1
[INFO] [stdout]     |
[INFO] [stdout] 155 | #[skuld::test(runtime = builders::paused)]
[INFO] [stdout]     | ^^^^^^^^^^^^^^^^^^^^^^^^^^^^^^^^^^^^^^^^^^
[INFO] [stdout]     |
[INFO] [stdout]     = note: this error originates in the macro `::skuld::__build_runtime_with` which comes from the expansion of the attribute macro `skuld::test` (in Nightly builds, run with -Z macro-backtrace for more info)
[INFO] [stdout] 
[INFO] [stdout] 
[INFO] [stdout] error: `#[skuld::test(runtime = ...)]` requires skuld's `tokio` feature
[INFO] [stdout]    --> tests/integration_support/async_tests.rs:168:1
[INFO] [stdout]     |
[INFO] [stdout] 168 | #[skuld::test(runtime = builders::paused)]
[INFO] [stdout]     | ^^^^^^^^^^^^^^^^^^^^^^^^^^^^^^^^^^^^^^^^^^
[INFO] [stdout]     |
[INFO] [stdout]     = note: this error originates in the macro `::skuld::__build_runtime_with` which comes from the expansion of the attribute macro `skuld::test` (in Nightly builds, run with -Z macro-backtrace for more info)
[INFO] [stdout] 
[INFO] [stdout] 
[INFO] [stdout] error[E0425]: cannot find function `build_async_runtime` in module `::skuld::__private`
[INFO] [stdout]    --> tests/integration_support/async_tests.rs:14:1
[INFO] [stdout]     |
[INFO] [stdout]  14 | #[skuld::test]
[INFO] [stdout]     | ^^^^^^^^^^^^^^ not found in `::skuld::__private`
[INFO] [stdout]     |
[INFO] [stdout] note: found an item that was configured out
[INFO] [stdout]    --> src/lib.rs:175:12
[INFO] [stdout]     |
[INFO] [stdout] 174 |     #[cfg(feature = "tokio")]
[INFO] [stdout]     |           ----------------- the item is gated behind the `tokio` feature
[INFO] [stdout] 175 |     pub fn build_async_runtime() -> ::tokio::runtime::Runtime {
[INFO] [stdout]     |            ^^^^^^^^^^^^^^^^^^^
[INFO] [stdout]     = note: this error originates in the attribute macro `skuld::test` (in Nightly builds, run with -Z macro-backtrace for more info)
[INFO] [stdout] 
[INFO] [stdout] 
[INFO] [stdout] error[E0425]: cannot find function `build_async_runtime` in module `::skuld::__private`
[INFO] [stdout]    --> tests/integration_support/async_tests.rs:20:1
[INFO] [stdout]     |
[INFO] [stdout]  20 | #[skuld::test]
[INFO] [stdout]     | ^^^^^^^^^^^^^^ not found in `::skuld::__private`
[INFO] [stdout]     |
[INFO] [stdout] note: found an item that was configured out
[INFO] [stdout]    --> src/lib.rs:175:12
[INFO] [stdout]     |
[INFO] [stdout] 174 |     #[cfg(feature = "tokio")]
[INFO] [stdout]     |           ----------------- the item is gated behind the `tokio` feature
[INFO] [stdout] 175 |     pub fn build_async_runtime() -> ::tokio::runtime::Runtime {
[INFO] [stdout]     |            ^^^^^^^^^^^^^^^^^^^
[INFO] [stdout]     = note: this error originates in the attribute macro `skuld::test` (in Nightly builds, run with -Z macro-backtrace for more info)
[INFO] [stdout] 
[INFO] [stdout] 
[INFO] [stdout] error[E0425]: cannot find function `build_async_runtime` in module `::skuld::__private`
[INFO] [stdout]    --> tests/integration_support/async_tests.rs:27:1
[INFO] [stdout]     |
[INFO] [stdout]  27 | #[skuld::test(should_panic)]
[INFO] [stdout]     | ^^^^^^^^^^^^^^^^^^^^^^^^^^^^ not found in `::skuld::__private`
[INFO] [stdout]     |
[INFO] [stdout] note: found an item that was configured out
[INFO] [stdout]    --> src/lib.rs:175:12
[INFO] [stdout]     |
[INFO] [stdout] 174 |     #[cfg(feature = "tokio")]
[INFO] [stdout]     |           ----------------- the item is gated behind the `tokio` feature
[INFO] [stdout] 175 |     pub fn build_async_runtime() -> ::tokio::runtime::Runtime {
[INFO] [stdout]     |            ^^^^^^^^^^^^^^^^^^^
[INFO] [stdout]     = note: this error originates in the attribute macro `skuld::test` (in Nightly builds, run with -Z macro-backtrace for more info)
[INFO] [stdout] 
[INFO] [stdout] 
[INFO] [stdout] error[E0425]: cannot find function `build_async_runtime` in module `::skuld::__private`
[INFO] [stdout]    --> tests/integration_support/async_tests.rs:34:1
[INFO] [stdout]     |
[INFO] [stdout]  34 | #[skuld::test(should_panic = "expected message")]
[INFO] [stdout]     | ^^^^^^^^^^^^^^^^^^^^^^^^^^^^^^^^^^^^^^^^^^^^^^^^^ not found in `::skuld::__private`
[INFO] [stdout]     |
[INFO] [stdout] note: found an item that was configured out
[INFO] [stdout]    --> src/lib.rs:175:12
[INFO] [stdout]     |
[INFO] [stdout] 174 |     #[cfg(feature = "tokio")]
[INFO] [stdout]     |           ----------------- the item is gated behind the `tokio` feature
[INFO] [stdout] 175 |     pub fn build_async_runtime() -> ::tokio::runtime::Runtime {
[INFO] [stdout]     |            ^^^^^^^^^^^^^^^^^^^
[INFO] [stdout]     = note: this error originates in the attribute macro `skuld::test` (in Nightly builds, run with -Z macro-backtrace for more info)
[INFO] [stdout] 
[INFO] [stdout] 
[INFO] [stdout] error[E0425]: cannot find function `build_async_runtime` in module `::skuld::__private`
[INFO] [stdout]    --> tests/integration_support/async_tests.rs:41:1
[INFO] [stdout]     |
[INFO] [stdout]  41 | #[skuld::test]
[INFO] [stdout]     | ^^^^^^^^^^^^^^ not found in `::skuld::__private`
[INFO] [stdout]     |
[INFO] [stdout] note: found an item that was configured out
[INFO] [stdout]    --> src/lib.rs:175:12
[INFO] [stdout]     |
[INFO] [stdout] 174 |     #[cfg(feature = "tokio")]
[INFO] [stdout]     |           ----------------- the item is gated behind the `tokio` feature
[INFO] [stdout] 175 |     pub fn build_async_runtime() -> ::tokio::runtime::Runtime {
[INFO] [stdout]     |            ^^^^^^^^^^^^^^^^^^^
[INFO] [stdout]     = note: this error originates in the attribute macro `skuld::test` (in Nightly builds, run with -Z macro-backtrace for more info)
[INFO] [stdout] 
[INFO] [stdout] 
[INFO] [stdout] error[E0425]: cannot find function `build_async_runtime` in module `::skuld::__private`
[INFO] [stdout]    --> tests/integration_support/async_tests.rs:49:1
[INFO] [stdout]     |
[INFO] [stdout]  49 | #[skuld::test(should_panic = "test returned an error")]
[INFO] [stdout]     | ^^^^^^^^^^^^^^^^^^^^^^^^^^^^^^^^^^^^^^^^^^^^^^^^^^^^^^^ not found in `::skuld::__private`
[INFO] [stdout]     |
[INFO] [stdout] note: found an item that was configured out
[INFO] [stdout]    --> src/lib.rs:175:12
[INFO] [stdout]     |
[INFO] [stdout] 174 |     #[cfg(feature = "tokio")]
[INFO] [stdout]     |           ----------------- the item is gated behind the `tokio` feature
[INFO] [stdout] 175 |     pub fn build_async_runtime() -> ::tokio::runtime::Runtime {
[INFO] [stdout]     |            ^^^^^^^^^^^^^^^^^^^
[INFO] [stdout]     = note: this error originates in the attribute macro `skuld::test` (in Nightly builds, run with -Z macro-backtrace for more info)
[INFO] [stdout] 
[INFO] [stdout] 
[INFO] [stdout] error[E0425]: cannot find function `build_async_runtime` in module `::skuld::__private`
[INFO] [stdout]    --> tests/integration_support/async_tests.rs:82:1
[INFO] [stdout]     |
[INFO] [stdout]  82 | #[skuld::test]
[INFO] [stdout]     | ^^^^^^^^^^^^^^ not found in `::skuld::__private`
[INFO] [stdout]     |
[INFO] [stdout] note: found an item that was configured out
[INFO] [stdout]    --> src/lib.rs:175:12
[INFO] [stdout]     |
[INFO] [stdout] 174 |     #[cfg(feature = "tokio")]
[INFO] [stdout]     |           ----------------- the item is gated behind the `tokio` feature
[INFO] [stdout] 175 |     pub fn build_async_runtime() -> ::tokio::runtime::Runtime {
[INFO] [stdout]     |            ^^^^^^^^^^^^^^^^^^^
[INFO] [stdout]     = note: this error originates in the attribute macro `skuld::test` (in Nightly builds, run with -Z macro-backtrace for more info)
[INFO] [stdout] 
[INFO] [stdout] 
[INFO] [stdout] error[E0425]: cannot find function `build_async_runtime` in module `::skuld::__private`
[INFO] [stdout]    --> tests/integration_support/async_tests.rs:182:1
[INFO] [stdout]     |
[INFO] [stdout] 182 | #[skuld::test]
[INFO] [stdout]     | ^^^^^^^^^^^^^^ not found in `::skuld::__private`
[INFO] [stdout]     |
[INFO] [stdout] note: found an item that was configured out
[INFO] [stdout]    --> src/lib.rs:175:12
[INFO] [stdout]     |
[INFO] [stdout] 174 |     #[cfg(feature = "tokio")]
[INFO] [stdout]     |           ----------------- the item is gated behind the `tokio` feature
[INFO] [stdout] 175 |     pub fn build_async_runtime() -> ::tokio::runtime::Runtime {
[INFO] [stdout]     |            ^^^^^^^^^^^^^^^^^^^
[INFO] [stdout]     = note: this error originates in the attribute macro `skuld::test` (in Nightly builds, run with -Z macro-backtrace for more info)
[INFO] [stdout] 
[INFO] [stdout] 
[INFO] [stdout] error[E0425]: cannot find function `build_async_runtime` in module `::skuld::__private`
[INFO] [stdout]    --> tests/integration_support/capture_tests.rs:246:1
[INFO] [stdout]     |
[INFO] [stdout] 246 | #[skuld::test(should_panic = "expected-10f")]
[INFO] [stdout]     | ^^^^^^^^^^^^^^^^^^^^^^^^^^^^^^^^^^^^^^^^^^^^^ not found in `::skuld::__private`
[INFO] [stdout]     |
[INFO] [stdout] note: found an item that was configured out
[INFO] [stdout]    --> src/lib.rs:175:12
[INFO] [stdout]     |
[INFO] [stdout] 174 |     #[cfg(feature = "tokio")]
[INFO] [stdout]     |           ----------------- the item is gated behind the `tokio` feature
[INFO] [stdout] 175 |     pub fn build_async_runtime() -> ::tokio::runtime::Runtime {
[INFO] [stdout]     |            ^^^^^^^^^^^^^^^^^^^
[INFO] [stdout]     = note: this error originates in the attribute macro `skuld::test` (in Nightly builds, run with -Z macro-backtrace for more info)
[INFO] [stdout] 
[INFO] [stdout] 
[INFO] [stdout] error[E0425]: cannot find function `build_async_runtime` in module `::skuld::__private`
[INFO] [stdout]    --> tests/integration_support/capture_tests.rs:262:1
[INFO] [stdout]     |
[INFO] [stdout] 262 | #[skuld::test(should_panic = "expected-11f")]
[INFO] [stdout]     | ^^^^^^^^^^^^^^^^^^^^^^^^^^^^^^^^^^^^^^^^^^^^^ not found in `::skuld::__private`
[INFO] [stdout]     |
[INFO] [stdout] note: found an item that was configured out
[INFO] [stdout]    --> src/lib.rs:175:12
[INFO] [stdout]     |
[INFO] [stdout] 174 |     #[cfg(feature = "tokio")]
[INFO] [stdout]     |           ----------------- the item is gated behind the `tokio` feature
[INFO] [stdout] 175 |     pub fn build_async_runtime() -> ::tokio::runtime::Runtime {
[INFO] [stdout]     |            ^^^^^^^^^^^^^^^^^^^
[INFO] [stdout]     = note: this error originates in the attribute macro `skuld::test` (in Nightly builds, run with -Z macro-backtrace for more info)
[INFO] [stdout] 
[INFO] [stdout] 
[INFO] [stdout] For more information about this error, try `rustc --explain E0425`.
[INFO] [stdout] 
[INFO] [stderr] error: could not compile `skuld` (test "integration") due to 17 previous errors
[INFO] [stderr] warning: build failed, waiting for other jobs to finish...
[INFO] running `Command { std: "docker" "inspect" "da54d44212f215c4219a12ccfa6b92384a470d2c344bd3e09aca0573c73eb2cd", kill_on_drop: false }`
[INFO] running `Command { std: "docker" "rm" "-f" "da54d44212f215c4219a12ccfa6b92384a470d2c344bd3e09aca0573c73eb2cd", kill_on_drop: false }`
[INFO] [stdout] da54d44212f215c4219a12ccfa6b92384a470d2c344bd3e09aca0573c73eb2cd
