[INFO] fetching crate skrills-validate 0.8.2...
[INFO] testing skrills-validate-0.8.2 against 1.100.0-beta.1+cargoflags=--release for beta-release-1.100-2
[INFO] extracting crate skrills-validate 0.8.2 into /workspace/builds/worker-4-tc2/source
[INFO] started tweaking crates.io crate skrills-validate 0.8.2
[INFO] finished tweaking crates.io crate skrills-validate 0.8.2
[INFO] tweaked toml for crates.io crate skrills-validate 0.8.2 written to /workspace/builds/worker-4-tc2/source/Cargo.toml
[INFO] validating manifest of crates.io crate skrills-validate 0.8.2 on toolchain 1.100.0-beta.1
[INFO] running `Command { std: CARGO_HOME="/workspace/cargo-home" RUSTUP_HOME="/workspace/rustup-home" "/workspace/cargo-home/bin/cargo" "+1.100.0-beta.1" "metadata" "--manifest-path" "Cargo.toml" "--no-deps", kill_on_drop: false }`
[INFO] crate crates.io crate skrills-validate 0.8.2 already has a lockfile, it will not be regenerated
[INFO] running `Command { std: CARGO_HOME="/workspace/cargo-home" RUSTUP_HOME="/workspace/rustup-home" "/workspace/cargo-home/bin/cargo" "+1.100.0-beta.1" "fetch" "--manifest-path" "Cargo.toml", kill_on_drop: false }`
[INFO] [stderr] warning: `package.homepage` is redundant with `package.repository`
[INFO] [stderr]   --> Cargo.toml:56:12
[INFO] [stderr]    |
[INFO] [stderr] 56 | homepage = "https://github.com/athola/skrills"
[INFO] [stderr]    |            ^^^^^^^^^^^^^^^^^^^^^^^^^^^^^^^^^^^
[INFO] [stderr] ...
[INFO] [stderr] 61 | repository = "https://github.com/athola/skrills"
[INFO] [stderr]    |              -----------------------------------
[INFO] [stderr]    |
[INFO] [stderr]    = note: `cargo::redundant_homepage` is set to `warn` by default
[INFO] [stderr] help: consider removing `package.homepage`
[INFO] [stderr] warning: `skrills-validate` (manifest) generated 1 warning
[INFO] running `Command { std: "docker" "create" "-v" "/var/lib/crater-agent-workspace/builds/worker-4-tc2/source:/opt/rustwide/workdir:ro,Z" "-v" "/var/lib/crater-agent-workspace/builds/worker-4-tc2/target:/opt/rustwide/target:rw,Z" "-v" "/var/lib/crater-agent-workspace/cargo-home:/opt/rustwide/cargo-home:ro,Z" "-v" "/var/lib/crater-agent-workspace/rustup-home:/opt/rustwide/rustup-home:ro,Z" "-m" "1610612736" "--network" "none" "ghcr.io/rust-lang/crates-build-env/linux@sha256:77db811e55d90add9212f6832c23229e3de5f1c1f9905e8cb07319ea15df73ac" "sleep" "infinity", kill_on_drop: false }`
[INFO] [stdout] 8b85f7c981e99ca9aa07e1cd4f9f8ec7b6be3cffa5297118f569a4b919baca08
[INFO] running `Command { std: "docker" "start" "8b85f7c981e99ca9aa07e1cd4f9f8ec7b6be3cffa5297118f569a4b919baca08", kill_on_drop: false }`
[INFO] running `Command { std: "docker" "inspect" "8b85f7c981e99ca9aa07e1cd4f9f8ec7b6be3cffa5297118f569a4b919baca08", kill_on_drop: false }`
[INFO] running `Command { std: "docker" "exec" "-e" "SOURCE_DIR=/opt/rustwide/workdir" "-e" "CARGO_HOME=/opt/rustwide/cargo-home" "-e" "RUSTUP_HOME=/opt/rustwide/rustup-home" "-e" "CARGO_TARGET_DIR=/opt/rustwide/target" "-w" "/opt/rustwide/workdir" "--user" "0:0" "8b85f7c981e99ca9aa07e1cd4f9f8ec7b6be3cffa5297118f569a4b919baca08" "/opt/rustwide/cargo-home/bin/cargo" "+1.100.0-beta.1" "metadata" "--no-deps" "--format-version=1", kill_on_drop: false }`
[INFO] running `Command { std: "docker" "inspect" "8b85f7c981e99ca9aa07e1cd4f9f8ec7b6be3cffa5297118f569a4b919baca08", kill_on_drop: false }`
[INFO] running `Command { std: "docker" "exec" "-e" "SOURCE_DIR=/opt/rustwide/workdir" "-e" "CARGO_HOME=/opt/rustwide/cargo-home" "-e" "RUSTUP_HOME=/opt/rustwide/rustup-home" "-e" "CARGO_TARGET_DIR=/opt/rustwide/target" "-e" "CARGO_INCREMENTAL=0" "-e" "RUST_BACKTRACE=full" "-e" "RUSTFLAGS=--cap-lints=warn" "-e" "RUSTDOCFLAGS=--cap-lints=warn" "-w" "/opt/rustwide/workdir" "--user" "0:0" "8b85f7c981e99ca9aa07e1cd4f9f8ec7b6be3cffa5297118f569a4b919baca08" "/opt/rustwide/cargo-home/bin/cargo" "+1.100.0-beta.1" "build" "--frozen" "--message-format=json" "--release", kill_on_drop: false }`
[INFO] [stderr] warning: `package.homepage` is redundant with `package.repository`
[INFO] [stderr]   --> Cargo.toml:56:12
[INFO] [stderr]    |
[INFO] [stderr] 56 | homepage = "https://github.com/athola/skrills"
[INFO] [stderr]    |            ^^^^^^^^^^^^^^^^^^^^^^^^^^^^^^^^^^^
[INFO] [stderr] ...
[INFO] [stderr] 61 | repository = "https://github.com/athola/skrills"
[INFO] [stderr]    |              -----------------------------------
[INFO] [stderr]    |
[INFO] [stderr]    = note: `cargo::redundant_homepage` is set to `warn` by default
[INFO] [stderr] help: consider removing `package.homepage`
[INFO] [stderr] warning: `skrills-validate` (manifest) generated 1 warning
[INFO] [stderr]    Compiling bitflags v2.11.1
[INFO] [stderr]    Compiling aho-corasick v1.1.4
[INFO] [stderr]    Compiling syn v2.0.117
[INFO] [stderr]    Compiling inotify-sys v0.1.5
[INFO] [stderr]    Compiling regex-syntax v0.8.10
[INFO] [stderr]    Compiling mio v1.2.0
[INFO] [stderr]    Compiling semver v1.0.28
[INFO] [stderr]    Compiling inotify v0.11.1
[INFO] [stderr]    Compiling notify-types v2.1.0
[INFO] [stderr]    Compiling notify v8.2.0
[INFO] [stderr]    Compiling regex-automata v0.4.14
[INFO] [stderr]    Compiling serde_derive v1.0.228
[INFO] [stderr]    Compiling tracing-attributes v0.1.31
[INFO] [stderr]    Compiling tracing v0.1.44
[INFO] [stderr]    Compiling regex v1.12.3
[INFO] [stderr]    Compiling serde v1.0.228
[INFO] [stderr]    Compiling serde_yaml v0.9.34+deprecated
[INFO] [stderr]    Compiling skrills-validate v0.8.2 (/opt/rustwide/workdir)
[INFO] [stderr]     Finished `release` profile [optimized] target(s) in 59.25s
[INFO] running `Command { std: "docker" "inspect" "8b85f7c981e99ca9aa07e1cd4f9f8ec7b6be3cffa5297118f569a4b919baca08", kill_on_drop: false }`
[INFO] running `Command { std: "docker" "exec" "-e" "SOURCE_DIR=/opt/rustwide/workdir" "-e" "CARGO_HOME=/opt/rustwide/cargo-home" "-e" "RUSTUP_HOME=/opt/rustwide/rustup-home" "-e" "CARGO_TARGET_DIR=/opt/rustwide/target" "-e" "CARGO_INCREMENTAL=0" "-e" "RUST_BACKTRACE=full" "-e" "RUSTFLAGS=--cap-lints=warn" "-e" "RUSTDOCFLAGS=--cap-lints=warn" "-w" "/opt/rustwide/workdir" "--user" "0:0" "8b85f7c981e99ca9aa07e1cd4f9f8ec7b6be3cffa5297118f569a4b919baca08" "/opt/rustwide/cargo-home/bin/cargo" "+1.100.0-beta.1" "test" "--frozen" "--no-run" "--message-format=json" "--release", kill_on_drop: false }`
[INFO] [stderr] warning: `package.homepage` is redundant with `package.repository`
[INFO] [stderr]   --> Cargo.toml:56:12
[INFO] [stderr]    |
[INFO] [stderr] 56 | homepage = "https://github.com/athola/skrills"
[INFO] [stderr]    |            ^^^^^^^^^^^^^^^^^^^^^^^^^^^^^^^^^^^
[INFO] [stderr] ...
[INFO] [stderr] 61 | repository = "https://github.com/athola/skrills"
[INFO] [stderr]    |              -----------------------------------
[INFO] [stderr]    |
[INFO] [stderr]    = note: `cargo::redundant_homepage` is set to `warn` by default
[INFO] [stderr] help: consider removing `package.homepage`
[INFO] [stderr] warning: `skrills-validate` (manifest) generated 1 warning
[INFO] [stderr]    Compiling getrandom v0.4.2
[INFO] [stderr]    Compiling rustix v1.1.4
[INFO] [stderr]    Compiling inotify v0.11.1
[INFO] [stderr]    Compiling num-traits v0.2.19
[INFO] [stderr]    Compiling ppv-lite86 v0.2.21
[INFO] [stderr]    Compiling wait-timeout v0.2.1
[INFO] [stderr]    Compiling notify-types v2.1.0
[INFO] [stderr]    Compiling rand v0.9.4
[INFO] [stderr]    Compiling rand_xorshift v0.4.0
[INFO] [stderr]    Compiling notify v8.2.0
[INFO] [stderr]    Compiling rand_chacha v0.9.0
[INFO] [stderr]    Compiling skrills-validate v0.8.2 (/opt/rustwide/workdir)
[INFO] [stderr]    Compiling tempfile v3.27.0
[INFO] [stderr]    Compiling rusty-fork v0.3.1
[INFO] [stderr]    Compiling proptest v1.11.0
[INFO] [stdout] error[E0433]: cannot find module or crate `skrills_test_utils` in this scope
[INFO] [stdout]    --> src/codex.rs:254:23
[INFO] [stdout]     |
[INFO] [stdout] 254 |         let content = skrills_test_utils::skill_md(&long_name, "Test", "# Content");
[INFO] [stdout]     |                       ^^^^^^^^^^^^^^^^^^ use of unresolved module or unlinked crate `skrills_test_utils`
[INFO] [stdout]     |
[INFO] [stdout]     = help: if you wanted to use a crate named `skrills_test_utils`, use `cargo add skrills_test_utils` to add it to your `Cargo.toml`
[INFO] [stdout] 
[INFO] [stdout] 
[INFO] [stdout] error[E0433]: cannot find module or crate `skrills_test_utils` in this scope
[INFO] [stdout]    --> src/codex.rs:267:23
[INFO] [stdout]     |
[INFO] [stdout] 267 |         let content = skrills_test_utils::skill_md("test", &long_desc, "# Content");
[INFO] [stdout]     |                       ^^^^^^^^^^^^^^^^^^ use of unresolved module or unlinked crate `skrills_test_utils`
[INFO] [stdout]     |
[INFO] [stdout]     = help: if you wanted to use a crate named `skrills_test_utils`, use `cargo add skrills_test_utils` to add it to your `Cargo.toml`
[INFO] [stdout] 
[INFO] [stdout] 
[INFO] [stdout] error[E0433]: cannot find module or crate `skrills_test_utils` in this scope
[INFO] [stdout]    --> src/copilot.rs:340:23
[INFO] [stdout]     |
[INFO] [stdout] 340 |         let content = skrills_test_utils::skill_md(&long_name, "Test", "# Content");
[INFO] [stdout]     |                       ^^^^^^^^^^^^^^^^^^ use of unresolved module or unlinked crate `skrills_test_utils`
[INFO] [stdout]     |
[INFO] [stdout]     = help: if you wanted to use a crate named `skrills_test_utils`, use `cargo add skrills_test_utils` to add it to your `Cargo.toml`
[INFO] [stdout] 
[INFO] [stdout] 
[INFO] [stdout] error[E0433]: cannot find module or crate `skrills_test_utils` in this scope
[INFO] [stdout]    --> src/copilot.rs:353:23
[INFO] [stdout]     |
[INFO] [stdout] 353 |         let content = skrills_test_utils::skill_md("test", &long_desc, "# Content");
[INFO] [stdout]     |                       ^^^^^^^^^^^^^^^^^^ use of unresolved module or unlinked crate `skrills_test_utils`
[INFO] [stdout]     |
[INFO] [stdout]     = help: if you wanted to use a crate named `skrills_test_utils`, use `cargo add skrills_test_utils` to add it to your `Cargo.toml`
[INFO] [stdout] 
[INFO] [stdout] 
[INFO] [stdout] error[E0433]: cannot find module or crate `skrills_test_utils` in this scope
[INFO] [stdout]    --> src/copilot.rs:403:23
[INFO] [stdout]     |
[INFO] [stdout] 403 |         let content = skrills_test_utils::skill_md(&name, "Test", "# Content");
[INFO] [stdout]     |                       ^^^^^^^^^^^^^^^^^^ use of unresolved module or unlinked crate `skrills_test_utils`
[INFO] [stdout]     |
[INFO] [stdout]     = help: if you wanted to use a crate named `skrills_test_utils`, use `cargo add skrills_test_utils` to add it to your `Cargo.toml`
[INFO] [stdout] 
[INFO] [stdout] 
[INFO] [stdout] error[E0433]: cannot find module or crate `skrills_test_utils` in this scope
[INFO] [stdout]    --> src/copilot.rs:412:23
[INFO] [stdout]     |
[INFO] [stdout] 412 |         let content = skrills_test_utils::skill_md("test", &desc, "# Content");
[INFO] [stdout]     |                       ^^^^^^^^^^^^^^^^^^ use of unresolved module or unlinked crate `skrills_test_utils`
[INFO] [stdout]     |
[INFO] [stdout]     = help: if you wanted to use a crate named `skrills_test_utils`, use `cargo add skrills_test_utils` to add it to your `Cargo.toml`
[INFO] [stdout] 
[INFO] [stdout] 
[INFO] [stdout] error[E0433]: cannot find module or crate `skrills_test_utils` in this scope
[INFO] [stdout]    --> src/frontmatter.rs:940:27
[INFO] [stdout]     |
[INFO] [stdout] 940 |             let content = skrills_test_utils::skill_md(&name, &desc, "# Content\nBody.");
[INFO] [stdout]     |                           ^^^^^^^^^^^^^^^^^^ use of unresolved module or unlinked crate `skrills_test_utils`
[INFO] [stdout]     |
[INFO] [stdout]     = help: if you wanted to use a crate named `skrills_test_utils`, use `cargo add skrills_test_utils` to add it to your `Cargo.toml`
[INFO] [stdout] 
[INFO] [stdout] 
[INFO] [stdout] error[E0433]: cannot find module or crate `skrills_test_utils` in this scope
[INFO] [stdout]    --> src/frontmatter.rs:952:27
[INFO] [stdout]     |
[INFO] [stdout] 952 |             let content = skrills_test_utils::skill_md(&name, &desc, "# Content\nBody.");
[INFO] [stdout]     |                           ^^^^^^^^^^^^^^^^^^ use of unresolved module or unlinked crate `skrills_test_utils`
[INFO] [stdout]     |
[INFO] [stdout]     = help: if you wanted to use a crate named `skrills_test_utils`, use `cargo add skrills_test_utils` to add it to your `Cargo.toml`
[INFO] [stdout] 
[INFO] [stdout] 
[INFO] [stdout] error[E0433]: cannot find module or crate `skrills_test_utils` in this scope
[INFO] [stdout]    --> src/frontmatter.rs:968:27
[INFO] [stdout]     |
[INFO] [stdout] 968 |             let content = skrills_test_utils::skill_md("test-skill", &desc, "# Content\nBody.");
[INFO] [stdout]     |                           ^^^^^^^^^^^^^^^^^^ use of unresolved module or unlinked crate `skrills_test_utils`
[INFO] [stdout]     |
[INFO] [stdout]     = help: if you wanted to use a crate named `skrills_test_utils`, use `cargo add skrills_test_utils` to add it to your `Cargo.toml`
[INFO] [stdout] 
[INFO] [stdout] 
[INFO] [stdout] For more information about this error, try `rustc --explain E0433`.
[INFO] [stdout] 
[INFO] [stderr] error: could not compile `skrills-validate` (lib test) due to 9 previous errors
[INFO] running `Command { std: "docker" "inspect" "8b85f7c981e99ca9aa07e1cd4f9f8ec7b6be3cffa5297118f569a4b919baca08", kill_on_drop: false }`
[INFO] running `Command { std: "docker" "rm" "-f" "8b85f7c981e99ca9aa07e1cd4f9f8ec7b6be3cffa5297118f569a4b919baca08", kill_on_drop: false }`
[INFO] [stdout] 8b85f7c981e99ca9aa07e1cd4f9f8ec7b6be3cffa5297118f569a4b919baca08
