[INFO] fetching crate skg-context-engine 0.4.1...
[INFO] testing skg-context-engine-0.4.1 against 1.99.0-beta.8+cargoflags=--release for beta-release-1.100-2
[INFO] extracting crate skg-context-engine 0.4.1 into /workspace/builds/worker-3-tc1/source
[INFO] started tweaking crates.io crate skg-context-engine 0.4.1
[INFO] removed 0 missing tests
[INFO] finished tweaking crates.io crate skg-context-engine 0.4.1
[INFO] tweaked toml for crates.io crate skg-context-engine 0.4.1 written to /workspace/builds/worker-3-tc1/source/Cargo.toml
[INFO] validating manifest of crates.io crate skg-context-engine 0.4.1 on toolchain 1.99.0-beta.8
[INFO] running `Command { std: CARGO_HOME="/workspace/cargo-home" RUSTUP_HOME="/workspace/rustup-home" "/workspace/cargo-home/bin/cargo" "+1.99.0-beta.8" "metadata" "--manifest-path" "Cargo.toml" "--no-deps", kill_on_drop: false }`
[INFO] crate crates.io crate skg-context-engine 0.4.1 already has a lockfile, it will not be regenerated
[INFO] running `Command { std: CARGO_HOME="/workspace/cargo-home" RUSTUP_HOME="/workspace/rustup-home" "/workspace/cargo-home/bin/cargo" "+1.99.0-beta.8" "fetch" "--manifest-path" "Cargo.toml", kill_on_drop: false }`
[INFO] [stderr]     Updating crates.io index
[INFO] [stderr]  Downloading crates ...
[INFO] [stderr]   Downloaded skg-turn v0.4.1
[INFO] [stderr]   Downloaded skg-context v0.4.1
[INFO] [stderr]   Downloaded skg-tool v0.4.1
[INFO] [stderr]   Downloaded layer0 v0.4.1
[INFO] running `Command { std: "docker" "create" "-v" "/var/lib/crater-agent-workspace/builds/worker-3-tc1/source:/opt/rustwide/workdir:ro,Z" "-v" "/var/lib/crater-agent-workspace/builds/worker-3-tc1/target:/opt/rustwide/target:rw,Z" "-v" "/var/lib/crater-agent-workspace/cargo-home:/opt/rustwide/cargo-home:ro,Z" "-v" "/var/lib/crater-agent-workspace/rustup-home:/opt/rustwide/rustup-home:ro,Z" "-m" "1610612736" "--network" "none" "ghcr.io/rust-lang/crates-build-env/linux@sha256:77db811e55d90add9212f6832c23229e3de5f1c1f9905e8cb07319ea15df73ac" "sleep" "infinity", kill_on_drop: false }`
[INFO] [stdout] bc37845b5adb3337cc02723520be4bd3993c89e8c1eaed41e2d89273486c445d
[INFO] running `Command { std: "docker" "start" "bc37845b5adb3337cc02723520be4bd3993c89e8c1eaed41e2d89273486c445d", kill_on_drop: false }`
[INFO] running `Command { std: "docker" "inspect" "bc37845b5adb3337cc02723520be4bd3993c89e8c1eaed41e2d89273486c445d", kill_on_drop: false }`
[INFO] running `Command { std: "docker" "exec" "-e" "SOURCE_DIR=/opt/rustwide/workdir" "-e" "CARGO_HOME=/opt/rustwide/cargo-home" "-e" "RUSTUP_HOME=/opt/rustwide/rustup-home" "-e" "CARGO_TARGET_DIR=/opt/rustwide/target" "-w" "/opt/rustwide/workdir" "--user" "0:0" "bc37845b5adb3337cc02723520be4bd3993c89e8c1eaed41e2d89273486c445d" "/opt/rustwide/cargo-home/bin/cargo" "+1.99.0-beta.8" "metadata" "--no-deps" "--format-version=1", kill_on_drop: false }`
[INFO] running `Command { std: "docker" "inspect" "bc37845b5adb3337cc02723520be4bd3993c89e8c1eaed41e2d89273486c445d", kill_on_drop: false }`
[INFO] running `Command { std: "docker" "exec" "-e" "SOURCE_DIR=/opt/rustwide/workdir" "-e" "CARGO_HOME=/opt/rustwide/cargo-home" "-e" "RUSTUP_HOME=/opt/rustwide/rustup-home" "-e" "CARGO_TARGET_DIR=/opt/rustwide/target" "-e" "CARGO_INCREMENTAL=0" "-e" "RUST_BACKTRACE=full" "-e" "RUSTFLAGS=--cap-lints=warn" "-e" "RUSTDOCFLAGS=--cap-lints=warn" "-w" "/opt/rustwide/workdir" "--user" "0:0" "bc37845b5adb3337cc02723520be4bd3993c89e8c1eaed41e2d89273486c445d" "/opt/rustwide/cargo-home/bin/cargo" "+1.99.0-beta.8" "build" "--frozen" "--message-format=json" "--release", kill_on_drop: false }`
[INFO] [stderr]    Compiling rust_decimal v1.40.0
[INFO] [stderr]    Compiling serde v1.0.228
[INFO] [stderr]    Compiling arrayvec v0.7.6
[INFO] [stderr]    Compiling async-trait v0.1.89
[INFO] [stderr]    Compiling tokio v1.49.0
[INFO] [stderr]    Compiling tracing v0.1.44
[INFO] [stderr]    Compiling layer0 v0.4.1
[INFO] [stderr]    Compiling skg-turn v0.4.1
[INFO] [stderr]    Compiling skg-tool v0.4.1
[INFO] [stderr]    Compiling skg-context v0.4.1
[INFO] [stderr]    Compiling skg-context-engine v0.4.1 (/opt/rustwide/workdir)
[INFO] [stderr]     Finished `release` profile [optimized] target(s) in 18.70s
[INFO] running `Command { std: "docker" "inspect" "bc37845b5adb3337cc02723520be4bd3993c89e8c1eaed41e2d89273486c445d", kill_on_drop: false }`
[INFO] running `Command { std: "docker" "exec" "-e" "SOURCE_DIR=/opt/rustwide/workdir" "-e" "CARGO_HOME=/opt/rustwide/cargo-home" "-e" "RUSTUP_HOME=/opt/rustwide/rustup-home" "-e" "CARGO_TARGET_DIR=/opt/rustwide/target" "-e" "CARGO_INCREMENTAL=0" "-e" "RUST_BACKTRACE=full" "-e" "RUSTFLAGS=--cap-lints=warn" "-e" "RUSTDOCFLAGS=--cap-lints=warn" "-w" "/opt/rustwide/workdir" "--user" "0:0" "bc37845b5adb3337cc02723520be4bd3993c89e8c1eaed41e2d89273486c445d" "/opt/rustwide/cargo-home/bin/cargo" "+1.99.0-beta.8" "test" "--frozen" "--no-run" "--message-format=json" "--release", kill_on_drop: false }`
[INFO] [stderr]    Compiling tokio-macros v2.6.0
[INFO] [stderr]    Compiling serde_derive_internals v0.29.1
[INFO] [stderr]    Compiling schemars v0.8.22
[INFO] [stderr]    Compiling tokio v1.49.0
[INFO] [stderr]    Compiling schemars_derive v0.8.22
[INFO] [stderr]    Compiling layer0 v0.4.1
[INFO] [stderr]    Compiling skg-turn v0.4.1
[INFO] [stderr]    Compiling skg-tool v0.4.1
[INFO] [stderr]    Compiling skg-context v0.4.1
[INFO] [stderr]    Compiling skg-context-engine v0.4.1 (/opt/rustwide/workdir)
[INFO] [stdout] error[E0432]: unresolved import `skg_state_memory`
[INFO] [stdout]    --> src/ops/cognitive.rs:397:13
[INFO] [stdout]     |
[INFO] [stdout] 397 |         use skg_state_memory::MemoryStore;
[INFO] [stdout]     |             ^^^^^^^^^^^^^^^^ use of unresolved module or unlinked crate `skg_state_memory`
[INFO] [stdout]     |
[INFO] [stdout]     = help: if you wanted to use a crate named `skg_state_memory`, use `cargo add skg_state_memory` to add it to your `Cargo.toml`
[INFO] [stdout] 
[INFO] [stdout] 
[INFO] [stdout] error[E0432]: unresolved import `skg_state_memory`
[INFO] [stdout]    --> src/ops/cognitive.rs:409:13
[INFO] [stdout]     |
[INFO] [stdout] 409 |         use skg_state_memory::MemoryStore;
[INFO] [stdout]     |             ^^^^^^^^^^^^^^^^ use of unresolved module or unlinked crate `skg_state_memory`
[INFO] [stdout]     |
[INFO] [stdout]     = help: if you wanted to use a crate named `skg_state_memory`, use `cargo add skg_state_memory` to add it to your `Cargo.toml`
[INFO] [stdout] 
[INFO] [stdout] 
[INFO] [stdout] error[E0432]: unresolved import `skg_state_memory`
[INFO] [stdout]    --> src/ops/cognitive.rs:425:13
[INFO] [stdout]     |
[INFO] [stdout] 425 |         use skg_state_memory::MemoryStore;
[INFO] [stdout]     |             ^^^^^^^^^^^^^^^^ use of unresolved module or unlinked crate `skg_state_memory`
[INFO] [stdout]     |
[INFO] [stdout]     = help: if you wanted to use a crate named `skg_state_memory`, use `cargo add skg_state_memory` to add it to your `Cargo.toml`
[INFO] [stdout] 
[INFO] [stdout] 
[INFO] [stdout] For more information about this error, try `rustc --explain E0432`.
[INFO] [stdout] 
[INFO] [stderr] error: could not compile `skg-context-engine` (lib test) due to 3 previous errors
[INFO] [stderr] warning: build failed, waiting for other jobs to finish...
[INFO] running `Command { std: "docker" "inspect" "bc37845b5adb3337cc02723520be4bd3993c89e8c1eaed41e2d89273486c445d", kill_on_drop: false }`
[INFO] running `Command { std: "docker" "rm" "-f" "bc37845b5adb3337cc02723520be4bd3993c89e8c1eaed41e2d89273486c445d", kill_on_drop: false }`
[INFO] [stdout] bc37845b5adb3337cc02723520be4bd3993c89e8c1eaed41e2d89273486c445d
