[INFO] fetching crate skera 0.8.0...
[INFO] testing skera-0.8.0 against 1.100.0-beta.1+cargoflags=--release for beta-release-1.100-2
[INFO] extracting crate skera 0.8.0 into /workspace/builds/worker-2-tc2/source
[INFO] started tweaking crates.io crate skera 0.8.0
[INFO] removed 0 missing tests
[INFO] finished tweaking crates.io crate skera 0.8.0
[INFO] tweaked toml for crates.io crate skera 0.8.0 written to /workspace/builds/worker-2-tc2/source/Cargo.toml
[INFO] validating manifest of crates.io crate skera 0.8.0 on toolchain 1.100.0-beta.1
[INFO] running `Command { std: CARGO_HOME="/workspace/cargo-home" RUSTUP_HOME="/workspace/rustup-home" "/workspace/cargo-home/bin/cargo" "+1.100.0-beta.1" "metadata" "--manifest-path" "Cargo.toml" "--no-deps", kill_on_drop: false }`
[INFO] crate crates.io crate skera 0.8.0 already has a lockfile, it will not be regenerated
[INFO] running `Command { std: CARGO_HOME="/workspace/cargo-home" RUSTUP_HOME="/workspace/rustup-home" "/workspace/cargo-home/bin/cargo" "+1.100.0-beta.1" "fetch" "--manifest-path" "Cargo.toml", kill_on_drop: false }`
[INFO] running `Command { std: "docker" "create" "-v" "/var/lib/crater-agent-workspace/builds/worker-2-tc2/source:/opt/rustwide/workdir:ro,Z" "-v" "/var/lib/crater-agent-workspace/builds/worker-2-tc2/target:/opt/rustwide/target:rw,Z" "-v" "/var/lib/crater-agent-workspace/cargo-home:/opt/rustwide/cargo-home:ro,Z" "-v" "/var/lib/crater-agent-workspace/rustup-home:/opt/rustwide/rustup-home:ro,Z" "-m" "1610612736" "--network" "none" "ghcr.io/rust-lang/crates-build-env/linux@sha256:77db811e55d90add9212f6832c23229e3de5f1c1f9905e8cb07319ea15df73ac" "sleep" "infinity", kill_on_drop: false }`
[INFO] [stdout] 7ec3ccc83e06389017a961d81b4c3f5f8dcc164876cbad442a541357cfb3b56a
[INFO] running `Command { std: "docker" "start" "7ec3ccc83e06389017a961d81b4c3f5f8dcc164876cbad442a541357cfb3b56a", kill_on_drop: false }`
[INFO] running `Command { std: "docker" "inspect" "7ec3ccc83e06389017a961d81b4c3f5f8dcc164876cbad442a541357cfb3b56a", kill_on_drop: false }`
[INFO] running `Command { std: "docker" "exec" "-e" "SOURCE_DIR=/opt/rustwide/workdir" "-e" "CARGO_HOME=/opt/rustwide/cargo-home" "-e" "RUSTUP_HOME=/opt/rustwide/rustup-home" "-e" "CARGO_TARGET_DIR=/opt/rustwide/target" "-w" "/opt/rustwide/workdir" "--user" "0:0" "7ec3ccc83e06389017a961d81b4c3f5f8dcc164876cbad442a541357cfb3b56a" "/opt/rustwide/cargo-home/bin/cargo" "+1.100.0-beta.1" "metadata" "--no-deps" "--format-version=1", kill_on_drop: false }`
[INFO] running `Command { std: "docker" "inspect" "7ec3ccc83e06389017a961d81b4c3f5f8dcc164876cbad442a541357cfb3b56a", kill_on_drop: false }`
[INFO] running `Command { std: "docker" "exec" "-e" "SOURCE_DIR=/opt/rustwide/workdir" "-e" "CARGO_HOME=/opt/rustwide/cargo-home" "-e" "RUSTUP_HOME=/opt/rustwide/rustup-home" "-e" "CARGO_TARGET_DIR=/opt/rustwide/target" "-e" "CARGO_INCREMENTAL=0" "-e" "RUST_BACKTRACE=full" "-e" "RUSTFLAGS=--cap-lints=warn" "-e" "RUSTDOCFLAGS=--cap-lints=warn" "-w" "/opt/rustwide/workdir" "--user" "0:0" "7ec3ccc83e06389017a961d81b4c3f5f8dcc164876cbad442a541357cfb3b56a" "/opt/rustwide/cargo-home/bin/cargo" "+1.100.0-beta.1" "build" "--frozen" "--message-format=json" "--release", kill_on_drop: false }`
[INFO] [stderr]    Compiling once_cell v1.21.4
[INFO] [stderr]    Compiling hashbrown v0.17.1
[INFO] [stderr]    Compiling syn v3.0.3
[INFO] [stderr]    Compiling synstructure v0.14.0
[INFO] [stderr]    Compiling bytemuck_derive v1.12.0
[INFO] [stderr]    Compiling thiserror-impl v2.0.20
[INFO] [stderr]    Compiling zerofrom-derive v0.1.8
[INFO] [stderr]    Compiling yoke-derive v0.8.4
[INFO] [stderr]    Compiling zerofrom v0.1.8
[INFO] [stderr]    Compiling thiserror v2.0.20
[INFO] [stderr]    Compiling yoke v0.8.3
[INFO] [stderr]    Compiling bytemuck v1.25.2
[INFO] [stderr]    Compiling font-types v0.12.6
[INFO] [stderr]    Compiling read-fonts v0.45.0
[INFO] [stderr]    Compiling skrifa v0.48.0
[INFO] [stderr]    Compiling write-fonts v0.54.0
[INFO] [stderr]    Compiling skera v0.8.0 (/opt/rustwide/workdir)
[INFO] [stderr]     Finished `release` profile [optimized] target(s) in 55.06s
[INFO] running `Command { std: "docker" "inspect" "7ec3ccc83e06389017a961d81b4c3f5f8dcc164876cbad442a541357cfb3b56a", kill_on_drop: false }`
[INFO] running `Command { std: "docker" "exec" "-e" "SOURCE_DIR=/opt/rustwide/workdir" "-e" "CARGO_HOME=/opt/rustwide/cargo-home" "-e" "RUSTUP_HOME=/opt/rustwide/rustup-home" "-e" "CARGO_TARGET_DIR=/opt/rustwide/target" "-e" "CARGO_INCREMENTAL=0" "-e" "RUST_BACKTRACE=full" "-e" "RUSTFLAGS=--cap-lints=warn" "-e" "RUSTDOCFLAGS=--cap-lints=warn" "-w" "/opt/rustwide/workdir" "--user" "0:0" "7ec3ccc83e06389017a961d81b4c3f5f8dcc164876cbad442a541357cfb3b56a" "/opt/rustwide/cargo-home/bin/cargo" "+1.100.0-beta.1" "test" "--frozen" "--no-run" "--message-format=json" "--release", kill_on_drop: false }`
[INFO] [stderr]    Compiling syn v3.0.3
[INFO] [stderr]    Compiling syn v2.0.119
[INFO] [stderr]    Compiling libc v0.2.189
[INFO] [stderr]    Compiling either v1.18.0
[INFO] [stderr]    Compiling rstest_macros v0.26.1
[INFO] [stderr]    Compiling toml_edit v0.25.13+spec-1.1.0
[INFO] [stderr]    Compiling regex-automata v0.4.18
[INFO] [stderr]    Compiling clap_builder v4.6.6
[INFO] [stderr]    Compiling relative-path v1.9.3
[INFO] [stderr]    Compiling plotters v0.3.7
[INFO] [stderr]    Compiling futures-timer v3.0.4
[INFO] [stderr]    Compiling diff v0.1.13
[INFO] [stderr]    Compiling itertools v0.13.0
[INFO] [stderr]    Compiling rayon v1.12.0
[INFO] [stderr]    Compiling proc-macro-crate v3.5.0
[INFO] [stderr]    Compiling getrandom v0.4.3
[INFO] [stderr]    Compiling tempfile v3.27.0
[INFO] [stderr]    Compiling criterion-plot v0.6.0
[INFO] [stderr]    Compiling regex v1.13.1
[INFO] [stderr]    Compiling clap v4.6.6
[INFO] [stderr]    Compiling zerocopy-derive v0.8.56
[INFO] [stderr]    Compiling synstructure v0.14.0
[INFO] [stderr]    Compiling bytemuck_derive v1.12.0
[INFO] [stderr]    Compiling zerofrom-derive v0.1.8
[INFO] [stderr]    Compiling yoke-derive v0.8.4
[INFO] [stderr]    Compiling serde_derive v1.0.229
[INFO] [stderr]    Compiling thiserror-impl v2.0.20
[INFO] [stderr]    Compiling futures-macro v0.3.34
[INFO] [stderr]    Compiling zerocopy v0.8.56
[INFO] [stderr]    Compiling futures-util v0.3.34
[INFO] [stderr]    Compiling zerofrom v0.1.8
[INFO] [stderr]    Compiling thiserror v2.0.20
[INFO] [stderr]    Compiling yoke v0.8.3
[INFO] [stderr]    Compiling bytemuck v1.25.2
[INFO] [stderr]    Compiling font-types v0.12.6
[INFO] [stderr]    Compiling read-fonts v0.45.0
[INFO] [stderr]    Compiling serde v1.0.229
[INFO] [stderr]    Compiling rstest v0.26.1
[INFO] [stderr]    Compiling tinytemplate v1.2.1
[INFO] [stderr]    Compiling half v2.7.1
[INFO] [stderr]    Compiling ciborium-ll v0.2.2
[INFO] [stderr]    Compiling ciborium v0.2.2
[INFO] [stderr]    Compiling criterion v0.7.0
[INFO] [stderr]    Compiling skrifa v0.48.0
[INFO] [stderr]    Compiling write-fonts v0.54.0
[INFO] [stderr]    Compiling skera v0.8.0 (/opt/rustwide/workdir)
[INFO] [stdout] error: couldn't read `src/../test-data/fonts/NotoColorEmoji.subset.ttf`: No such file or directory (os error 2)
[INFO] [stdout]    --> src/cblc.rs:643:33
[INFO] [stdout]     |
[INFO] [stdout] 643 |           let font = FontRef::new(include_bytes!(
[INFO] [stdout]     |  _________________________________^
[INFO] [stdout] 644 | |             "../test-data/fonts/NotoColorEmoji.subset.ttf"
[INFO] [stdout] 645 | |         ))
[INFO] [stdout]     | |_________^
[INFO] [stdout] 
[INFO] [stdout] 
[INFO] [stdout] error: couldn't read `src/../test-data/fonts/NotoColorEmoji.subset.ttf`: No such file or directory (os error 2)
[INFO] [stdout]    --> src/cblc.rs:704:33
[INFO] [stdout]     |
[INFO] [stdout] 704 |           let font = FontRef::new(include_bytes!(
[INFO] [stdout]     |  _________________________________^
[INFO] [stdout] 705 | |             "../test-data/fonts/NotoColorEmoji.subset.ttf"
[INFO] [stdout] 706 | |         ))
[INFO] [stdout]     | |_________^
[INFO] [stdout] 
[INFO] [stdout] 
[INFO] [stdout] error: couldn't read `src/../test-data/fonts/NotoColorEmoji.subset.ttf`: No such file or directory (os error 2)
[INFO] [stdout]    --> src/cblc.rs:746:33
[INFO] [stdout]     |
[INFO] [stdout] 746 |           let font = FontRef::new(include_bytes!(
[INFO] [stdout]     |  _________________________________^
[INFO] [stdout] 747 | |             "../test-data/fonts/NotoColorEmoji.subset.ttf"
[INFO] [stdout] 748 | |         ))
[INFO] [stdout]     | |_________^
[INFO] [stdout] 
[INFO] [stdout] 
[INFO] [stdout] error: couldn't read `src/../test-data/fonts/NotoColorEmoji.subset.multiple_size_tables.ttf`: No such file or directory (os error 2)
[INFO] [stdout]    --> src/cblc.rs:788:33
[INFO] [stdout]     |
[INFO] [stdout] 788 |           let font = FontRef::new(include_bytes!(
[INFO] [stdout]     |  _________________________________^
[INFO] [stdout] 789 | |             "../test-data/fonts/NotoColorEmoji.subset.multiple_size_tables.ttf"
[INFO] [stdout] 790 | |         ))
[INFO] [stdout]     | |_________^
[INFO] [stdout] 
[INFO] [stdout] 
[INFO] [stdout] error: couldn't read `src/../test-data/fonts/NotoColorEmoji.subset.index_format3.ttf`: No such file or directory (os error 2)
[INFO] [stdout]    --> src/cblc.rs:849:33
[INFO] [stdout]     |
[INFO] [stdout] 849 |           let font = FontRef::new(include_bytes!(
[INFO] [stdout]     |  _________________________________^
[INFO] [stdout] 850 | |             "../test-data/fonts/NotoColorEmoji.subset.index_format3.ttf"
[INFO] [stdout] 851 | |         ))
[INFO] [stdout]     | |_________^
[INFO] [stdout] 
[INFO] [stdout] 
[INFO] [stdout] error: couldn't read `src/../test-data/fonts/TwemojiMozilla.subset.ttf`: No such file or directory (os error 2)
[INFO] [stdout]     --> src/colr.rs:1670:26
[INFO] [stdout]      |
[INFO] [stdout] 1670 |         let ttf: &[u8] = include_bytes!("../test-data/fonts/TwemojiMozilla.subset.ttf");
[INFO] [stdout]      |                          ^^^^^^^^^^^^^^^^^^^^^^^^^^^^^^^^^^^^^^^^^^^^^^^^^^^^^^^^^^^^^^
[INFO] [stdout] 
[INFO] [stdout] 
[INFO] [stdout] error: couldn't read `src/../test-data/fonts/TwemojiMozilla.subset.ttf`: No such file or directory (os error 2)
[INFO] [stdout]     --> src/colr.rs:1716:26
[INFO] [stdout]      |
[INFO] [stdout] 1716 |         let ttf: &[u8] = include_bytes!("../test-data/fonts/TwemojiMozilla.subset.ttf");
[INFO] [stdout]      |                          ^^^^^^^^^^^^^^^^^^^^^^^^^^^^^^^^^^^^^^^^^^^^^^^^^^^^^^^^^^^^^^
[INFO] [stdout] 
[INFO] [stdout] 
[INFO] [stdout] error: couldn't read `src/../test-data/fonts/TwemojiMozilla.subset.ttf`: No such file or directory (os error 2)
[INFO] [stdout]     --> src/colr.rs:1757:26
[INFO] [stdout]      |
[INFO] [stdout] 1757 |         let ttf: &[u8] = include_bytes!("../test-data/fonts/TwemojiMozilla.subset.ttf");
[INFO] [stdout]      |                          ^^^^^^^^^^^^^^^^^^^^^^^^^^^^^^^^^^^^^^^^^^^^^^^^^^^^^^^^^^^^^^
[INFO] [stdout] 
[INFO] [stdout] 
[INFO] [stdout] error: couldn't read `src/../test-data/fonts/TwemojiMozilla.subset.ttf`: No such file or directory (os error 2)
[INFO] [stdout]     --> src/colr.rs:1801:26
[INFO] [stdout]      |
[INFO] [stdout] 1801 |         let ttf: &[u8] = include_bytes!("../test-data/fonts/TwemojiMozilla.subset.ttf");
[INFO] [stdout]      |                          ^^^^^^^^^^^^^^^^^^^^^^^^^^^^^^^^^^^^^^^^^^^^^^^^^^^^^^^^^^^^^^
[INFO] [stdout] 
[INFO] [stdout] 
[INFO] [stdout] error: couldn't read `src/../test-data/fonts/TwemojiMozilla.subset.ttf`: No such file or directory (os error 2)
[INFO] [stdout]    --> src/cpal.rs:232:26
[INFO] [stdout]     |
[INFO] [stdout] 232 |         let ttf: &[u8] = include_bytes!("../test-data/fonts/TwemojiMozilla.subset.ttf");
[INFO] [stdout]     |                          ^^^^^^^^^^^^^^^^^^^^^^^^^^^^^^^^^^^^^^^^^^^^^^^^^^^^^^^^^^^^^^
[INFO] [stdout] 
[INFO] [stdout] 
[INFO] [stdout] error: couldn't read `src/../test-data/fonts/AnekBangla-subset.ttf`: No such file or directory (os error 2)
[INFO] [stdout]    --> src/gdef.rs:618:26
[INFO] [stdout]     |
[INFO] [stdout] 618 |             FontRef::new(include_bytes!("../test-data/fonts/AnekBangla-subset.ttf")).unwrap();
[INFO] [stdout]     |                          ^^^^^^^^^^^^^^^^^^^^^^^^^^^^^^^^^^^^^^^^^^^^^^^^^^^^^^^^^^
[INFO] [stdout] 
[INFO] [stdout] 
[INFO] [stdout] error: couldn't read `src/../test-data/fonts/Roboto-Regular.ttf`: No such file or directory (os error 2)
[INFO] [stdout]    --> src/gdef.rs:634:33
[INFO] [stdout]     |
[INFO] [stdout] 634 |         let font = FontRef::new(include_bytes!("../test-data/fonts/Roboto-Regular.ttf")).unwrap();
[INFO] [stdout]     |                                 ^^^^^^^^^^^^^^^^^^^^^^^^^^^^^^^^^^^^^^^^^^^^^^^^^^^^^^^
[INFO] [stdout] 
[INFO] [stdout] 
[INFO] [stdout] error: couldn't read `src/gpos/../../test-data/fonts/Amiri-Regular.ttf`: No such file or directory (os error 2)
[INFO] [stdout]    --> src/gpos/cursive_pos.rs:138:33
[INFO] [stdout]     |
[INFO] [stdout] 138 |         let font = FontRef::new(include_bytes!("../../test-data/fonts/Amiri-Regular.ttf")).unwrap();
[INFO] [stdout]     |                                 ^^^^^^^^^^^^^^^^^^^^^^^^^^^^^^^^^^^^^^^^^^^^^^^^^^^^^^^^^
[INFO] [stdout] 
[INFO] [stdout] 
[INFO] [stdout] error: couldn't read `src/gpos/../../test-data/fonts/RobotoFlex-Variable.ttf`: No such file or directory (os error 2)
[INFO] [stdout]    --> src/gpos/mark_base_pos.rs:240:33
[INFO] [stdout]     |
[INFO] [stdout] 240 |           let font = FontRef::new(include_bytes!(
[INFO] [stdout]     |  _________________________________^
[INFO] [stdout] 241 | |             "../../test-data/fonts/RobotoFlex-Variable.ttf"
[INFO] [stdout] 242 | |         ))
[INFO] [stdout]     | |_________^
[INFO] [stdout] 
[INFO] [stdout] 
[INFO] [stdout] error: couldn't read `src/gpos/../../test-data/fonts/RobotoFlex-Variable.ttf`: No such file or directory (os error 2)
[INFO] [stdout]    --> src/gpos/mark_base_pos.rs:271:33
[INFO] [stdout]     |
[INFO] [stdout] 271 |           let font = FontRef::new(include_bytes!(
[INFO] [stdout]     |  _________________________________^
[INFO] [stdout] 272 | |             "../../test-data/fonts/RobotoFlex-Variable.ttf"
[INFO] [stdout] 273 | |         ))
[INFO] [stdout]     | |_________^
[INFO] [stdout] 
[INFO] [stdout] 
[INFO] [stdout] error: couldn't read `src/gpos/../../test-data/fonts/RobotoFlex-Variable.ttf`: No such file or directory (os error 2)
[INFO] [stdout]    --> src/gpos/mark_base_pos.rs:334:33
[INFO] [stdout]     |
[INFO] [stdout] 334 |           let font = FontRef::new(include_bytes!(
[INFO] [stdout]     |  _________________________________^
[INFO] [stdout] 335 | |             "../../test-data/fonts/RobotoFlex-Variable.ttf"
[INFO] [stdout] 336 | |         ))
[INFO] [stdout]     | |_________^
[INFO] [stdout] 
[INFO] [stdout] 
[INFO] [stdout] error: couldn't read `src/gpos/../../test-data/fonts/Comfortaa-Regular-new.ttf`: No such file or directory (os error 2)
[INFO] [stdout]    --> src/gpos/mark_lig_pos.rs:280:33
[INFO] [stdout]     |
[INFO] [stdout] 280 |           let font = FontRef::new(include_bytes!(
[INFO] [stdout]     |  _________________________________^
[INFO] [stdout] 281 | |             "../../test-data/fonts/Comfortaa-Regular-new.ttf"
[INFO] [stdout] 282 | |         ))
[INFO] [stdout]     | |_________^
[INFO] [stdout] 
[INFO] [stdout] 
[INFO] [stdout] error: couldn't read `src/gpos/../../test-data/fonts/gpos5_font1.otf`: No such file or directory (os error 2)
[INFO] [stdout]    --> src/gpos/mark_lig_pos.rs:308:33
[INFO] [stdout]     |
[INFO] [stdout] 308 |         let font = FontRef::new(include_bytes!("../../test-data/fonts/gpos5_font1.otf")).unwrap();
[INFO] [stdout]     |                                 ^^^^^^^^^^^^^^^^^^^^^^^^^^^^^^^^^^^^^^^^^^^^^^^^^^^^^^^
[INFO] [stdout] 
[INFO] [stdout] 
[INFO] [stdout] error: couldn't read `src/gpos/../../test-data/fonts/NotoNastaliqUrdu-Regular.ttf`: No such file or directory (os error 2)
[INFO] [stdout]    --> src/gpos/mark_lig_pos.rs:353:33
[INFO] [stdout]     |
[INFO] [stdout] 353 |           let font = FontRef::new(include_bytes!(
[INFO] [stdout]     |  _________________________________^
[INFO] [stdout] 354 | |             "../../test-data/fonts/NotoNastaliqUrdu-Regular.ttf"
[INFO] [stdout] 355 | |         ))
[INFO] [stdout]     | |_________^
[INFO] [stdout] 
[INFO] [stdout] 
[INFO] [stdout] error: couldn't read `src/gpos/../../test-data/fonts/RobotoFlex-Variable.ttf`: No such file or directory (os error 2)
[INFO] [stdout]    --> src/gpos/mark_mark_pos.rs:237:33
[INFO] [stdout]     |
[INFO] [stdout] 237 |           let font = FontRef::new(include_bytes!(
[INFO] [stdout]     |  _________________________________^
[INFO] [stdout] 238 | |             "../../test-data/fonts/RobotoFlex-Variable.ttf"
[INFO] [stdout] 239 | |         ))
[INFO] [stdout]     | |_________^
[INFO] [stdout] 
[INFO] [stdout] 
[INFO] [stdout] error: couldn't read `src/gpos/../../test-data/fonts/NotoNastaliqUrdu-Regular.ttf`: No such file or directory (os error 2)
[INFO] [stdout]    --> src/gpos/mark_mark_pos.rs:267:33
[INFO] [stdout]     |
[INFO] [stdout] 267 |           let font = FontRef::new(include_bytes!(
[INFO] [stdout]     |  _________________________________^
[INFO] [stdout] 268 | |             "../../test-data/fonts/NotoNastaliqUrdu-Regular.ttf"
[INFO] [stdout] 269 | |         ))
[INFO] [stdout]     | |_________^
[INFO] [stdout] 
[INFO] [stdout] 
[INFO] [stdout] error: couldn't read `src/gpos/../../test-data/fonts/Amiri-Regular.ttf`: No such file or directory (os error 2)
[INFO] [stdout]    --> src/gpos/pair_pos.rs:802:33
[INFO] [stdout]     |
[INFO] [stdout] 802 |         let font = FontRef::new(include_bytes!("../../test-data/fonts/Amiri-Regular.ttf")).unwrap();
[INFO] [stdout]     |                                 ^^^^^^^^^^^^^^^^^^^^^^^^^^^^^^^^^^^^^^^^^^^^^^^^^^^^^^^^^
[INFO] [stdout] 
[INFO] [stdout] 
[INFO] [stdout] error: couldn't read `src/gpos/../../test-data/fonts/Amiri-Regular.ttf`: No such file or directory (os error 2)
[INFO] [stdout]    --> src/gpos/pair_pos.rs:846:33
[INFO] [stdout]     |
[INFO] [stdout] 846 |         let font = FontRef::new(include_bytes!("../../test-data/fonts/Amiri-Regular.ttf")).unwrap();
[INFO] [stdout]     |                                 ^^^^^^^^^^^^^^^^^^^^^^^^^^^^^^^^^^^^^^^^^^^^^^^^^^^^^^^^^
[INFO] [stdout] 
[INFO] [stdout] 
[INFO] [stdout] error: couldn't read `src/gpos/../../test-data/fonts/RobotoFlex-Variable.ttf`: No such file or directory (os error 2)
[INFO] [stdout]    --> src/gpos/pair_pos.rs:930:33
[INFO] [stdout]     |
[INFO] [stdout] 930 |           let font = FontRef::new(include_bytes!(
[INFO] [stdout]     |  _________________________________^
[INFO] [stdout] 931 | |             "../../test-data/fonts/RobotoFlex-Variable.ttf"
[INFO] [stdout] 932 | |         ))
[INFO] [stdout]     | |_________^
[INFO] [stdout] 
[INFO] [stdout] 
[INFO] [stdout] error: couldn't read `src/gpos/../../test-data/fonts/RobotoFlex-Variable.ttf`: No such file or directory (os error 2)
[INFO] [stdout]    --> src/gpos/pair_pos.rs:962:33
[INFO] [stdout]     |
[INFO] [stdout] 962 |           let font = FontRef::new(include_bytes!(
[INFO] [stdout]     |  _________________________________^
[INFO] [stdout] 963 | |             "../../test-data/fonts/RobotoFlex-Variable.ttf"
[INFO] [stdout] 964 | |         ))
[INFO] [stdout]     | |_________^
[INFO] [stdout] 
[INFO] [stdout] 
[INFO] [stdout] error: couldn't read `src/gpos/../../test-data/fonts/Amiri-Regular.ttf`: No such file or directory (os error 2)
[INFO] [stdout]    --> src/gpos/single_pos.rs:349:33
[INFO] [stdout]     |
[INFO] [stdout] 349 |         let font = FontRef::new(include_bytes!("../../test-data/fonts/Amiri-Regular.ttf")).unwrap();
[INFO] [stdout]     |                                 ^^^^^^^^^^^^^^^^^^^^^^^^^^^^^^^^^^^^^^^^^^^^^^^^^^^^^^^^^
[INFO] [stdout] 
[INFO] [stdout] 
[INFO] [stdout] error: couldn't read `src/gpos/../../test-data/fonts/Amiri-Regular.ttf`: No such file or directory (os error 2)
[INFO] [stdout]    --> src/gpos/single_pos.rs:389:33
[INFO] [stdout]     |
[INFO] [stdout] 389 |         let font = FontRef::new(include_bytes!("../../test-data/fonts/Amiri-Regular.ttf")).unwrap();
[INFO] [stdout]     |                                 ^^^^^^^^^^^^^^^^^^^^^^^^^^^^^^^^^^^^^^^^^^^^^^^^^^^^^^^^^
[INFO] [stdout] 
[INFO] [stdout] 
[INFO] [stdout] error: couldn't read `src/gpos/../../test-data/fonts/Amiri-Regular.ttf`: No such file or directory (os error 2)
[INFO] [stdout]    --> src/gpos/single_pos.rs:496:33
[INFO] [stdout]     |
[INFO] [stdout] 496 |         let font = FontRef::new(include_bytes!("../../test-data/fonts/Amiri-Regular.ttf")).unwrap();
[INFO] [stdout]     |                                 ^^^^^^^^^^^^^^^^^^^^^^^^^^^^^^^^^^^^^^^^^^^^^^^^^^^^^^^^^
[INFO] [stdout] 
[INFO] [stdout] 
[INFO] [stdout] error: couldn't read `src/../test-data/fonts/Amiri-Regular.ttf`: No such file or directory (os error 2)
[INFO] [stdout]    --> src/gpos.rs:400:33
[INFO] [stdout]     |
[INFO] [stdout] 400 |         let font = FontRef::new(include_bytes!("../test-data/fonts/Amiri-Regular.ttf")).unwrap();
[INFO] [stdout]     |                                 ^^^^^^^^^^^^^^^^^^^^^^^^^^^^^^^^^^^^^^^^^^^^^^^^^^^^^^
[INFO] [stdout] 
[INFO] [stdout] 
[INFO] [stdout] error: couldn't read `src/../test-data/fonts/Amiri-Regular.ttf`: No such file or directory (os error 2)
[INFO] [stdout]    --> src/gpos.rs:431:33
[INFO] [stdout]     |
[INFO] [stdout] 431 |         let font = FontRef::new(include_bytes!("../test-data/fonts/Amiri-Regular.ttf")).unwrap();
[INFO] [stdout]     |                                 ^^^^^^^^^^^^^^^^^^^^^^^^^^^^^^^^^^^^^^^^^^^^^^^^^^^^^^
[INFO] [stdout] 
[INFO] [stdout] 
[INFO] [stdout] error: couldn't read `src/gsub/../../test-data/fonts/gsub_alternate_substitution.otf`: No such file or directory (os error 2)
[INFO] [stdout]    --> src/gsub/alternate_subst.rs:114:33
[INFO] [stdout]     |
[INFO] [stdout] 114 |           let font = FontRef::new(include_bytes!(
[INFO] [stdout]     |  _________________________________^
[INFO] [stdout] 115 | |             "../../test-data/fonts/gsub_alternate_substitution.otf"
[INFO] [stdout] 116 | |         ))
[INFO] [stdout]     | |_________^
[INFO] [stdout] 
[INFO] [stdout] 
[INFO] [stdout] error: couldn't read `src/gsub/../../test-data/fonts/Roboto-Regular.ttf`: No such file or directory (os error 2)
[INFO] [stdout]    --> src/gsub/ligature_subst.rs:194:26
[INFO] [stdout]     |
[INFO] [stdout] 194 |             FontRef::new(include_bytes!("../../test-data/fonts/Roboto-Regular.ttf")).unwrap();
[INFO] [stdout]     |                          ^^^^^^^^^^^^^^^^^^^^^^^^^^^^^^^^^^^^^^^^^^^^^^^^^^^^^^^^^^
[INFO] [stdout] 
[INFO] [stdout] 
[INFO] [stdout] error: couldn't read `src/gsub/../../test-data/fonts/NotoNastaliqUrdu-Regular.ttf`: No such file or directory (os error 2)
[INFO] [stdout]    --> src/gsub/multiple_subst.rs:112:33
[INFO] [stdout]     |
[INFO] [stdout] 112 |           let font = FontRef::new(include_bytes!(
[INFO] [stdout]     |  _________________________________^
[INFO] [stdout] 113 | |             "../../test-data/fonts/NotoNastaliqUrdu-Regular.ttf"
[INFO] [stdout] 114 | |         ))
[INFO] [stdout]     | |_________^
[INFO] [stdout] 
[INFO] [stdout] 
[INFO] [stdout] error: couldn't read `src/gsub/../../test-data/fonts/gsub8_manually_created.otf`: No such file or directory (os error 2)
[INFO] [stdout]   --> src/gsub/reverse_chain_single_subst.rs:80:33
[INFO] [stdout]    |
[INFO] [stdout] 80 |           let font = FontRef::new(include_bytes!(
[INFO] [stdout]    |  _________________________________^
[INFO] [stdout] 81 | |             "../../test-data/fonts/gsub8_manually_created.otf"
[INFO] [stdout] 82 | |         ))
[INFO] [stdout]    | |_________^
[INFO] [stdout] 
[INFO] [stdout] 
[INFO] [stdout] error: couldn't read `src/gsub/../../test-data/fonts/Roboto-Regular.ttf`: No such file or directory (os error 2)
[INFO] [stdout]    --> src/gsub/single_subst.rs:208:26
[INFO] [stdout]     |
[INFO] [stdout] 208 |             FontRef::new(include_bytes!("../../test-data/fonts/Roboto-Regular.ttf")).unwrap();
[INFO] [stdout]     |                          ^^^^^^^^^^^^^^^^^^^^^^^^^^^^^^^^^^^^^^^^^^^^^^^^^^^^^^^^^^
[INFO] [stdout] 
[INFO] [stdout] 
[INFO] [stdout] error: couldn't read `src/gsub/../../test-data/fonts/Roboto-Regular.ttf`: No such file or directory (os error 2)
[INFO] [stdout]    --> src/gsub/single_subst.rs:250:26
[INFO] [stdout]     |
[INFO] [stdout] 250 |             FontRef::new(include_bytes!("../../test-data/fonts/Roboto-Regular.ttf")).unwrap();
[INFO] [stdout]     |                          ^^^^^^^^^^^^^^^^^^^^^^^^^^^^^^^^^^^^^^^^^^^^^^^^^^^^^^^^^^
[INFO] [stdout] 
[INFO] [stdout] 
[INFO] [stdout] error: couldn't read `src/../test-data/fonts/NotoSansOriya-subset.ttf`: No such file or directory (os error 2)
[INFO] [stdout]    --> src/gsub.rs:329:33
[INFO] [stdout]     |
[INFO] [stdout] 329 |           let font = FontRef::new(include_bytes!(
[INFO] [stdout]     |  _________________________________^
[INFO] [stdout] 330 | |             "../test-data/fonts/NotoSansOriya-subset.ttf"
[INFO] [stdout] 331 | |         ))
[INFO] [stdout]     | |_________^
[INFO] [stdout] 
[INFO] [stdout] 
[INFO] [stdout] error: couldn't read `src/../test-data/fonts/NotoNastaliqUrdu-Regular.ttf`: No such file or directory (os error 2)
[INFO] [stdout]    --> src/gsubgpos.rs:872:33
[INFO] [stdout]     |
[INFO] [stdout] 872 |           let font = FontRef::new(include_bytes!(
[INFO] [stdout]     |  _________________________________^
[INFO] [stdout] 873 | |             "../test-data/fonts/NotoNastaliqUrdu-Regular.ttf"
[INFO] [stdout] 874 | |         ))
[INFO] [stdout]     | |_________^
[INFO] [stdout] 
[INFO] [stdout] 
[INFO] [stdout] error: couldn't read `src/../test-data/fonts/gpos_chaining1_multiple_subrules_f1.otf`: No such file or directory (os error 2)
[INFO] [stdout]    --> src/gsubgpos.rs:923:33
[INFO] [stdout]     |
[INFO] [stdout] 923 |           let font = FontRef::new(include_bytes!(
[INFO] [stdout]     |  _________________________________^
[INFO] [stdout] 924 | |             "../test-data/fonts/gpos_chaining1_multiple_subrules_f1.otf"
[INFO] [stdout] 925 | |         ))
[INFO] [stdout]     | |_________^
[INFO] [stdout] 
[INFO] [stdout] 
[INFO] [stdout] error: couldn't read `src/../test-data/fonts/NotoNastaliqUrdu-Regular.ttf`: No such file or directory (os error 2)
[INFO] [stdout]    --> src/gsubgpos.rs:976:33
[INFO] [stdout]     |
[INFO] [stdout] 976 |           let font = FontRef::new(include_bytes!(
[INFO] [stdout]     |  _________________________________^
[INFO] [stdout] 977 | |             "../test-data/fonts/NotoNastaliqUrdu-Regular.ttf"
[INFO] [stdout] 978 | |         ))
[INFO] [stdout]     | |_________^
[INFO] [stdout] 
[INFO] [stdout] 
[INFO] [stdout] error: couldn't read `src/../test-data/fonts/NotoNastaliqUrdu-Regular.ttf`: No such file or directory (os error 2)
[INFO] [stdout]     --> src/gsubgpos.rs:1037:33
[INFO] [stdout]      |
[INFO] [stdout] 1037 |           let font = FontRef::new(include_bytes!(
[INFO] [stdout]      |  _________________________________^
[INFO] [stdout] 1038 | |             "../test-data/fonts/NotoNastaliqUrdu-Regular.ttf"
[INFO] [stdout] 1039 | |         ))
[INFO] [stdout]      | |_________^
[INFO] [stdout] 
[INFO] [stdout] 
[INFO] [stdout] error: couldn't read `src/../test-data/fonts/NotoNastaliqUrdu-Regular.ttf`: No such file or directory (os error 2)
[INFO] [stdout]     --> src/gsubgpos.rs:1105:33
[INFO] [stdout]      |
[INFO] [stdout] 1105 |           let font = FontRef::new(include_bytes!(
[INFO] [stdout]      |  _________________________________^
[INFO] [stdout] 1106 | |             "../test-data/fonts/NotoNastaliqUrdu-Regular.ttf"
[INFO] [stdout] 1107 | |         ))
[INFO] [stdout]      | |_________^
[INFO] [stdout] 
[INFO] [stdout] 
[INFO] [stdout] error: couldn't read `src/../test-data/fonts/NotoNastaliqUrdu-Regular.ttf`: No such file or directory (os error 2)
[INFO] [stdout]     --> src/gsubgpos.rs:1159:33
[INFO] [stdout]      |
[INFO] [stdout] 1159 |           let font = FontRef::new(include_bytes!(
[INFO] [stdout]      |  _________________________________^
[INFO] [stdout] 1160 | |             "../test-data/fonts/NotoNastaliqUrdu-Regular.ttf"
[INFO] [stdout] 1161 | |         ))
[INFO] [stdout]      | |_________^
[INFO] [stdout] 
[INFO] [stdout] 
[INFO] [stdout] error: couldn't read `src/../test-data/fonts/AdobeVFPrototype.otf`: No such file or directory (os error 2)
[INFO] [stdout]     --> src/layout.rs:1838:33
[INFO] [stdout]      |
[INFO] [stdout] 1838 |         let font = FontRef::new(include_bytes!("../test-data/fonts/AdobeVFPrototype.otf")).unwrap();
[INFO] [stdout]      |                                 ^^^^^^^^^^^^^^^^^^^^^^^^^^^^^^^^^^^^^^^^^^^^^^^^^^^^^^^^^
[INFO] [stdout] 
[INFO] [stdout] 
[INFO] [stdout] error: couldn't read `src/../test-data/fonts/IndicTestHowrah-Regular.ttf`: No such file or directory (os error 2)
[INFO] [stdout]     --> src/layout.rs:1982:33
[INFO] [stdout]      |
[INFO] [stdout] 1982 |           let font = FontRef::new(include_bytes!(
[INFO] [stdout]      |  _________________________________^
[INFO] [stdout] 1983 | |             "../test-data/fonts/IndicTestHowrah-Regular.ttf"
[INFO] [stdout] 1984 | |         ))
[INFO] [stdout]      | |_________^
[INFO] [stdout] 
[INFO] [stdout] 
[INFO] [stdout] error: couldn't read `src/../test-data/fonts/IndicTestHowrah-Regular.ttf`: No such file or directory (os error 2)
[INFO] [stdout]     --> src/layout.rs:2023:33
[INFO] [stdout]      |
[INFO] [stdout] 2023 |           let font = FontRef::new(include_bytes!(
[INFO] [stdout]      |  _________________________________^
[INFO] [stdout] 2024 | |             "../test-data/fonts/IndicTestHowrah-Regular.ttf"
[INFO] [stdout] 2025 | |         ))
[INFO] [stdout]      | |_________^
[INFO] [stdout] 
[INFO] [stdout] 
[INFO] [stdout] error: couldn't read `src/../test-data/fonts/AdobeVFPrototype.otf`: No such file or directory (os error 2)
[INFO] [stdout]     --> src/layout.rs:2057:33
[INFO] [stdout]      |
[INFO] [stdout] 2057 |         let font = FontRef::new(include_bytes!("../test-data/fonts/AdobeVFPrototype.otf")).unwrap();
[INFO] [stdout]      |                                 ^^^^^^^^^^^^^^^^^^^^^^^^^^^^^^^^^^^^^^^^^^^^^^^^^^^^^^^^^
[INFO] [stdout] 
[INFO] [stdout] 
[INFO] [stdout] error: couldn't read `src/../test-data/fonts/gpos_chaining1_multiple_subrules_f1.otf`: No such file or directory (os error 2)
[INFO] [stdout]     --> src/layout.rs:2101:33
[INFO] [stdout]      |
[INFO] [stdout] 2101 |           let font = FontRef::new(include_bytes!(
[INFO] [stdout]      |  _________________________________^
[INFO] [stdout] 2102 | |             "../test-data/fonts/gpos_chaining1_multiple_subrules_f1.otf"
[INFO] [stdout] 2103 | |         ))
[INFO] [stdout]      | |_________^
[INFO] [stdout] 
[INFO] [stdout] 
[INFO] [stdout] error: couldn't read `src/../test-data/fonts/gpos_chaining1_multiple_subrules_f1.otf`: No such file or directory (os error 2)
[INFO] [stdout]     --> src/layout.rs:2134:33
[INFO] [stdout]      |
[INFO] [stdout] 2134 |           let font = FontRef::new(include_bytes!(
[INFO] [stdout]      |  _________________________________^
[INFO] [stdout] 2135 | |             "../test-data/fonts/gpos_chaining1_multiple_subrules_f1.otf"
[INFO] [stdout] 2136 | |         ))
[INFO] [stdout]      | |_________^
[INFO] [stdout] 
[INFO] [stdout] 
[INFO] [stdout] error: couldn't read `src/../test-data/fonts/gpos_chaining2_multiple_subrules_f1.otf`: No such file or directory (os error 2)
[INFO] [stdout]     --> src/layout.rs:2174:33
[INFO] [stdout]      |
[INFO] [stdout] 2174 |           let font = FontRef::new(include_bytes!(
[INFO] [stdout]      |  _________________________________^
[INFO] [stdout] 2175 | |             "../test-data/fonts/gpos_chaining2_multiple_subrules_f1.otf"
[INFO] [stdout] 2176 | |         ))
[INFO] [stdout]      | |_________^
[INFO] [stdout] 
[INFO] [stdout] 
[INFO] [stdout] error: couldn't read `src/../test-data/fonts/Amiri-Regular.ttf`: No such file or directory (os error 2)
[INFO] [stdout]     --> src/layout.rs:2214:33
[INFO] [stdout]      |
[INFO] [stdout] 2214 |         let font = FontRef::new(include_bytes!("../test-data/fonts/Amiri-Regular.ttf")).unwrap();
[INFO] [stdout]      |                                 ^^^^^^^^^^^^^^^^^^^^^^^^^^^^^^^^^^^^^^^^^^^^^^^^^^^^^^
[INFO] [stdout] 
[INFO] [stdout] 
[INFO] [stdout] error: couldn't read `src/../test-data/fonts/Amiri-Regular.ttf`: No such file or directory (os error 2)
[INFO] [stdout]     --> src/layout.rs:2254:33
[INFO] [stdout]      |
[INFO] [stdout] 2254 |         let font = FontRef::new(include_bytes!("../test-data/fonts/Amiri-Regular.ttf")).unwrap();
[INFO] [stdout]      |                                 ^^^^^^^^^^^^^^^^^^^^^^^^^^^^^^^^^^^^^^^^^^^^^^^^^^^^^^
[INFO] [stdout] 
[INFO] [stdout] 
[INFO] [stdout] error: couldn't read `src/../test-data/fonts/Amiri-Regular.ttf`: No such file or directory (os error 2)
[INFO] [stdout]     --> src/layout.rs:2286:33
[INFO] [stdout]      |
[INFO] [stdout] 2286 |         let font = FontRef::new(include_bytes!("../test-data/fonts/Amiri-Regular.ttf")).unwrap();
[INFO] [stdout]      |                                 ^^^^^^^^^^^^^^^^^^^^^^^^^^^^^^^^^^^^^^^^^^^^^^^^^^^^^^
[INFO] [stdout] 
[INFO] [stdout] 
[INFO] [stdout] error: couldn't read `src/../test-data/fonts/Roboto-Regular.abc.ttf`: No such file or directory (os error 2)
[INFO] [stdout]    --> src/name.rs:161:26
[INFO] [stdout]     |
[INFO] [stdout] 161 |         let ttf: &[u8] = include_bytes!("../test-data/fonts/Roboto-Regular.abc.ttf");
[INFO] [stdout]     |                          ^^^^^^^^^^^^^^^^^^^^^^^^^^^^^^^^^^^^^^^^^^^^^^^^^^^^^^^^^^^
[INFO] [stdout] 
[INFO] [stdout] 
[INFO] [stdout] error: couldn't read `src/../test-data/fonts/Roboto-Regular.abc.ttf`: No such file or directory (os error 2)
[INFO] [stdout]    --> src/name.rs:184:26
[INFO] [stdout]     |
[INFO] [stdout] 184 |         let ttf: &[u8] = include_bytes!("../test-data/fonts/Roboto-Regular.abc.ttf");
[INFO] [stdout]     |                          ^^^^^^^^^^^^^^^^^^^^^^^^^^^^^^^^^^^^^^^^^^^^^^^^^^^^^^^^^^^
[INFO] [stdout] 
[INFO] [stdout] 
[INFO] [stdout] error: couldn't read `src/../test-data/fonts/sbix.ttf`: No such file or directory (os error 2)
[INFO] [stdout]    --> src/sbix.rs:170:26
[INFO] [stdout]     |
[INFO] [stdout] 170 |         let ttf: &[u8] = include_bytes!("../test-data/fonts/sbix.ttf");
[INFO] [stdout]     |                          ^^^^^^^^^^^^^^^^^^^^^^^^^^^^^^^^^^^^^^^^^^^^^
[INFO] [stdout] 
[INFO] [stdout] 
[INFO] [stdout] error[E0433]: cannot find module or crate `font_test_data` in this scope
[INFO] [stdout]   --> src/vorg.rs:56:9
[INFO] [stdout]    |
[INFO] [stdout] 56 |     use font_test_data::bebuffer::BeBuffer;
[INFO] [stdout]    |         ^^^^^^^^^^^^^^ use of unresolved module or unlinked crate `font_test_data`
[INFO] [stdout]    |
[INFO] [stdout]    = help: if you wanted to use a crate named `font_test_data`, use `cargo add font_test_data` to add it to your `Cargo.toml`
[INFO] [stdout] 
[INFO] [stdout] 
[INFO] [stdout] error[E0432]: unresolved import `font_test_data`
[INFO] [stdout]    --> src/gsub.rs:323:9
[INFO] [stdout]     |
[INFO] [stdout] 323 |     use font_test_data::closure as test_data;
[INFO] [stdout]     |         ^^^^^^^^^^^^^^ use of unresolved module or unlinked crate `font_test_data`
[INFO] [stdout]     |
[INFO] [stdout]     = help: if you wanted to use a crate named `font_test_data`, use `cargo add font_test_data` to add it to your `Cargo.toml`
[INFO] [stdout] 
[INFO] [stdout] 
[INFO] [stdout] error[E0433]: cannot find module or crate `font_test_data` in this scope
[INFO] [stdout]   --> src/fvar.rs:35:33
[INFO] [stdout]    |
[INFO] [stdout] 35 |         let font = FontRef::new(font_test_data::MATERIAL_SYMBOLS_SUBSET).unwrap();
[INFO] [stdout]    |                                 ^^^^^^^^^^^^^^ use of unresolved module or unlinked crate `font_test_data`
[INFO] [stdout]    |
[INFO] [stdout]    = help: if you wanted to use a crate named `font_test_data`, use `cargo add font_test_data` to add it to your `Cargo.toml`
[INFO] [stdout] 
[INFO] [stdout] 
[INFO] [stdout] error[E0433]: cannot find module or crate `font_test_data` in this scope
[INFO] [stdout]    --> src/glyf_loca.rs:492:33
[INFO] [stdout]     |
[INFO] [stdout] 492 |         let font = FontRef::new(font_test_data::GLYF_COMPONENTS).unwrap();
[INFO] [stdout]     |                                 ^^^^^^^^^^^^^^ use of unresolved module or unlinked crate `font_test_data`
[INFO] [stdout]     |
[INFO] [stdout]     = help: if you wanted to use a crate named `font_test_data`, use `cargo add font_test_data` to add it to your `Cargo.toml`
[INFO] [stdout] 
[INFO] [stdout] 
[INFO] [stdout] error[E0433]: cannot find module or crate `font_test_data` in this scope
[INFO] [stdout]    --> src/glyf_loca.rs:517:33
[INFO] [stdout]     |
[INFO] [stdout] 517 |         let font = FontRef::new(font_test_data::GLYF_COMPONENTS).unwrap();
[INFO] [stdout]     |                                 ^^^^^^^^^^^^^^ use of unresolved module or unlinked crate `font_test_data`
[INFO] [stdout]     |
[INFO] [stdout]     = help: if you wanted to use a crate named `font_test_data`, use `cargo add font_test_data` to add it to your `Cargo.toml`
[INFO] [stdout] 
[INFO] [stdout] 
[INFO] [stdout] error[E0433]: cannot find module or crate `font_test_data` in this scope
[INFO] [stdout]    --> src/glyf_loca.rs:547:33
[INFO] [stdout]     |
[INFO] [stdout] 547 |         let font = FontRef::new(font_test_data::GLYF_COMPONENTS).unwrap();
[INFO] [stdout]     |                                 ^^^^^^^^^^^^^^ use of unresolved module or unlinked crate `font_test_data`
[INFO] [stdout]     |
[INFO] [stdout]     = help: if you wanted to use a crate named `font_test_data`, use `cargo add font_test_data` to add it to your `Cargo.toml`
[INFO] [stdout] 
[INFO] [stdout] 
[INFO] [stdout] error[E0433]: cannot find module or crate `font_test_data` in this scope
[INFO] [stdout]   --> src/stat.rs:34:33
[INFO] [stdout]    |
[INFO] [stdout] 34 |         let font = FontRef::new(font_test_data::MATERIAL_SYMBOLS_SUBSET).unwrap();
[INFO] [stdout]    |                                 ^^^^^^^^^^^^^^ use of unresolved module or unlinked crate `font_test_data`
[INFO] [stdout]    |
[INFO] [stdout]    = help: if you wanted to use a crate named `font_test_data`, use `cargo add font_test_data` to add it to your `Cargo.toml`
[INFO] [stdout] 
[INFO] [stdout] 
[INFO] [stdout] error[E0433]: cannot find module or crate `font_test_data` in this scope
[INFO] [stdout]   --> src/vorg.rs:96:33
[INFO] [stdout]    |
[INFO] [stdout] 96 |         let font = FontRef::new(font_test_data::GLYF_COMPONENTS).unwrap();
[INFO] [stdout]    |                                 ^^^^^^^^^^^^^^ use of unresolved module or unlinked crate `font_test_data`
[INFO] [stdout]    |
[INFO] [stdout]    = help: if you wanted to use a crate named `font_test_data`, use `cargo add font_test_data` to add it to your `Cargo.toml`
[INFO] [stdout] 
[INFO] [stdout] 
[INFO] [stdout] error[E0433]: cannot find module or crate `font_test_data` in this scope
[INFO] [stdout]     --> src/lib.rs:1478:33
[INFO] [stdout]      |
[INFO] [stdout] 1478 |         let font = FontRef::new(font_test_data::GLYF_COMPONENTS).unwrap();
[INFO] [stdout]      |                                 ^^^^^^^^^^^^^^ use of unresolved module or unlinked crate `font_test_data`
[INFO] [stdout]      |
[INFO] [stdout]      = help: if you wanted to use a crate named `font_test_data`, use `cargo add font_test_data` to add it to your `Cargo.toml`
[INFO] [stdout] 
[INFO] [stdout] 
[INFO] [stdout] error[E0433]: cannot find module or crate `font_test_data` in this scope
[INFO] [stdout]     --> src/lib.rs:1504:33
[INFO] [stdout]      |
[INFO] [stdout] 1504 |         let font = FontRef::new(font_test_data::GLYF_COMPONENTS).unwrap();
[INFO] [stdout]      |                                 ^^^^^^^^^^^^^^ use of unresolved module or unlinked crate `font_test_data`
[INFO] [stdout]      |
[INFO] [stdout]      = help: if you wanted to use a crate named `font_test_data`, use `cargo add font_test_data` to add it to your `Cargo.toml`
[INFO] [stdout] 
[INFO] [stdout] 
[INFO] [stdout] error[E0433]: cannot find module or crate `font_test_data` in this scope
[INFO] [stdout]     --> src/lib.rs:1528:33
[INFO] [stdout]      |
[INFO] [stdout] 1528 |         let font = FontRef::new(font_test_data::GLYF_COMPONENTS).unwrap();
[INFO] [stdout]      |                                 ^^^^^^^^^^^^^^ use of unresolved module or unlinked crate `font_test_data`
[INFO] [stdout]      |
[INFO] [stdout]      = help: if you wanted to use a crate named `font_test_data`, use `cargo add font_test_data` to add it to your `Cargo.toml`
[INFO] [stdout] 
[INFO] [stdout] 
[INFO] [stdout] error[E0433]: cannot find module or crate `font_test_data` in this scope
[INFO] [stdout]     --> src/lib.rs:1542:33
[INFO] [stdout]      |
[INFO] [stdout] 1542 |         let font = FontRef::new(font_test_data::GLYF_COMPONENTS).unwrap();
[INFO] [stdout]      |                                 ^^^^^^^^^^^^^^ use of unresolved module or unlinked crate `font_test_data`
[INFO] [stdout]      |
[INFO] [stdout]      = help: if you wanted to use a crate named `font_test_data`, use `cargo add font_test_data` to add it to your `Cargo.toml`
[INFO] [stdout] 
[INFO] [stdout] 
[INFO] [stdout] error: No file found
[INFO] [stdout]    --> tests/repacker_test.rs:100:23
[INFO] [stdout]     |
[INFO] [stdout] 100 | fn test_repacker_case(#[files("test-data/repacker_tests/*.tests")] path: PathBuf) {
[INFO] [stdout]     |                       ^^^^^^^^^^^^^^^^^^^^^^^^^^^^^^^^^^^^^^^^^^^^
[INFO] [stdout] 
[INFO] [stdout] 
[INFO] [stdout] Some errors have detailed explanations: E0432, E0433.
[INFO] [stdout] 
[INFO] [stdout] For more information about an error, try `rustc --explain E0432`.
[INFO] [stdout] 
[INFO] [stdout] error: No file found
[INFO] [stdout]    --> tests/integration_test.rs:682:21
[INFO] [stdout]     |
[INFO] [stdout] 682 | fn test_subset_case(#[files("test-data/tests/*.tests")] path: PathBuf) {
[INFO] [stdout]     |                     ^^^^^^^^^^^^^^^^^^^^^^^^^^^^^^^^^^^
[INFO] [stdout] 
[INFO] [stdout] 
[INFO] [stderr] error: could not compile `skera` (test "repacker_test") due to 1 previous error
[INFO] [stderr] warning: build failed, waiting for other jobs to finish...
[INFO] [stderr] error: could not compile `skera` (lib test) due to 68 previous errors
[INFO] [stderr] error: could not compile `skera` (test "integration_test") due to 1 previous error
[INFO] running `Command { std: "docker" "inspect" "7ec3ccc83e06389017a961d81b4c3f5f8dcc164876cbad442a541357cfb3b56a", kill_on_drop: false }`
[INFO] running `Command { std: "docker" "rm" "-f" "7ec3ccc83e06389017a961d81b4c3f5f8dcc164876cbad442a541357cfb3b56a", kill_on_drop: false }`
[INFO] [stdout] 7ec3ccc83e06389017a961d81b4c3f5f8dcc164876cbad442a541357cfb3b56a
