[INFO] fetching crate sitk-registration-sys 0.2.0...
[INFO] testing sitk-registration-sys-0.2.0 against 1.99.0-beta.8+cargoflags=--release for beta-release-1.100-2
[INFO] extracting crate sitk-registration-sys 0.2.0 into /workspace/builds/worker-5-tc1/source
[INFO] started tweaking crates.io crate sitk-registration-sys 0.2.0
[INFO] finished tweaking crates.io crate sitk-registration-sys 0.2.0
[INFO] tweaked toml for crates.io crate sitk-registration-sys 0.2.0 written to /workspace/builds/worker-5-tc1/source/Cargo.toml
[INFO] validating manifest of crates.io crate sitk-registration-sys 0.2.0 on toolchain 1.99.0-beta.8
[INFO] running `Command { std: CARGO_HOME="/workspace/cargo-home" RUSTUP_HOME="/workspace/rustup-home" "/workspace/cargo-home/bin/cargo" "+1.99.0-beta.8" "metadata" "--manifest-path" "Cargo.toml" "--no-deps", kill_on_drop: false }`
[INFO] crate crates.io crate sitk-registration-sys 0.2.0 already has a lockfile, it will not be regenerated
[INFO] running `Command { std: CARGO_HOME="/workspace/cargo-home" RUSTUP_HOME="/workspace/rustup-home" "/workspace/cargo-home/bin/cargo" "+1.99.0-beta.8" "fetch" "--manifest-path" "Cargo.toml", kill_on_drop: false }`
[INFO] [stderr]     Updating crates.io index
[INFO] [stderr]  Downloading crates ...
[INFO] [stderr]   Downloaded indoc v1.0.9
[INFO] [stderr]   Downloaded link-cplusplus v1.0.12
[INFO] [stderr]   Downloaded scratch v1.0.9
[INFO] [stderr]   Downloaded regex_static v0.1.1
[INFO] [stderr]   Downloaded proc-macro2 v1.0.97
[INFO] [stderr]   Downloaded cmake v0.1.54
[INFO] [stderr]   Downloaded regex_static_impl v0.1.0
[INFO] [stderr]   Downloaded autocxx-macro v0.30.0
[INFO] [stderr]   Downloaded regex v1.11.2
[INFO] [stderr]   Downloaded cxxbridge-macro v1.0.183
[INFO] [stderr]   Downloaded regex_static_macro v0.1.0
[INFO] [stderr]   Downloaded cc v1.2.36
[INFO] [stderr]   Downloaded find-msvc-tools v0.1.1
[INFO] [stderr]   Downloaded humantime v2.3.0
[INFO] [stderr]   Downloaded cxx-build v1.0.183
[INFO] [stderr]   Downloaded clap v4.5.47
[INFO] [stderr]   Downloaded miette v5.10.0
[INFO] [stderr]   Downloaded autocxx-engine v0.30.0
[INFO] [stderr]   Downloaded tempfile v3.22.0
[INFO] [stderr]   Downloaded codespan-reporting v0.12.0
[INFO] [stderr]   Downloaded regex-syntax v0.6.29
[INFO] [stderr]   Downloaded regex-automata v0.4.10
[INFO] [stderr]   Downloaded autocxx v0.30.0
[INFO] [stderr]   Downloaded aquamarine v0.1.12
[INFO] [stderr]   Downloaded cxxbridge-cmd v1.0.183
[INFO] [stderr]   Downloaded autocxx-build v0.30.0
[INFO] [stderr]   Downloaded moveit v0.6.0
[INFO] [stderr]   Downloaded clap_builder v4.5.47
[INFO] [stderr]   Downloaded autocxx-bindgen v0.73.0
[INFO] [stderr]   Downloaded cxx-gen v0.7.183
[INFO] [stderr]   Downloaded anyhow v1.0.99
[INFO] [stderr]   Downloaded autocxx-parser v0.30.0
[INFO] [stderr]   Downloaded cxx v1.0.183
[INFO] [stderr]   Downloaded libloading v0.8.8
[INFO] [stderr]   Downloaded itertools v0.9.0
[INFO] [stderr]   Downloaded miette-derive v5.10.0
[INFO] [stderr]   Downloaded cxxbridge-flags v1.0.183
[INFO] [stderr]   Downloaded regex-syntax v0.8.6
[INFO] running `Command { std: "docker" "create" "-v" "/var/lib/crater-agent-workspace/builds/worker-5-tc1/source:/opt/rustwide/workdir:ro,Z" "-v" "/var/lib/crater-agent-workspace/builds/worker-5-tc1/target:/opt/rustwide/target:rw,Z" "-v" "/var/lib/crater-agent-workspace/cargo-home:/opt/rustwide/cargo-home:ro,Z" "-v" "/var/lib/crater-agent-workspace/rustup-home:/opt/rustwide/rustup-home:ro,Z" "-m" "1610612736" "--network" "none" "ghcr.io/rust-lang/crates-build-env/linux@sha256:77db811e55d90add9212f6832c23229e3de5f1c1f9905e8cb07319ea15df73ac" "sleep" "infinity", kill_on_drop: false }`
[INFO] [stdout] 01bb7cadb8f6f6579fe218c897815abe1c49a392f2f08d5ee34e1ff454d07fad
[INFO] running `Command { std: "docker" "start" "01bb7cadb8f6f6579fe218c897815abe1c49a392f2f08d5ee34e1ff454d07fad", kill_on_drop: false }`
[INFO] running `Command { std: "docker" "inspect" "01bb7cadb8f6f6579fe218c897815abe1c49a392f2f08d5ee34e1ff454d07fad", kill_on_drop: false }`
[INFO] running `Command { std: "docker" "exec" "-e" "SOURCE_DIR=/opt/rustwide/workdir" "-e" "CARGO_HOME=/opt/rustwide/cargo-home" "-e" "RUSTUP_HOME=/opt/rustwide/rustup-home" "-e" "CARGO_TARGET_DIR=/opt/rustwide/target" "-w" "/opt/rustwide/workdir" "--user" "0:0" "01bb7cadb8f6f6579fe218c897815abe1c49a392f2f08d5ee34e1ff454d07fad" "/opt/rustwide/cargo-home/bin/cargo" "+1.99.0-beta.8" "metadata" "--no-deps" "--format-version=1", kill_on_drop: false }`
[INFO] running `Command { std: "docker" "inspect" "01bb7cadb8f6f6579fe218c897815abe1c49a392f2f08d5ee34e1ff454d07fad", kill_on_drop: false }`
[INFO] running `Command { std: "docker" "exec" "-e" "SOURCE_DIR=/opt/rustwide/workdir" "-e" "CARGO_HOME=/opt/rustwide/cargo-home" "-e" "RUSTUP_HOME=/opt/rustwide/rustup-home" "-e" "CARGO_TARGET_DIR=/opt/rustwide/target" "-e" "CARGO_INCREMENTAL=0" "-e" "RUST_BACKTRACE=full" "-e" "RUSTFLAGS=--cap-lints=warn" "-e" "RUSTDOCFLAGS=--cap-lints=warn" "-w" "/opt/rustwide/workdir" "--user" "0:0" "01bb7cadb8f6f6579fe218c897815abe1c49a392f2f08d5ee34e1ff454d07fad" "/opt/rustwide/cargo-home/bin/cargo" "+1.99.0-beta.8" "build" "--frozen" "--message-format=json" "--release", kill_on_drop: false }`
[INFO] [stderr]    Compiling proc-macro2 v1.0.97
[INFO] [stderr]    Compiling unicode-ident v1.0.18
[INFO] [stderr]    Compiling memchr v2.7.5
[INFO] [stderr]    Compiling libc v0.2.175
[INFO] [stderr]    Compiling shlex v1.3.0
[INFO] [stderr]    Compiling find-msvc-tools v0.1.1
[INFO] [stderr]    Compiling serde v1.0.219
[INFO] [stderr]    Compiling version_check v0.9.5
[INFO] [stderr]    Compiling syn v1.0.109
[INFO] [stderr]    Compiling getrandom v0.3.3
[INFO] [stderr]    Compiling hashbrown v0.15.5
[INFO] [stderr]    Compiling rustix v1.0.8
[INFO] [stderr]    Compiling once_cell v1.21.3
[INFO] [stderr]    Compiling num-traits v0.2.19
[INFO] [stderr]    Compiling thiserror v1.0.69
[INFO] [stderr]    Compiling indexmap v1.9.3
[INFO] [stderr]    Compiling log v0.4.27
[INFO] [stderr]    Compiling glob v0.3.3
[INFO] [stderr]    Compiling cfg-if v1.0.1
[INFO] [stderr]    Compiling regex-syntax v0.8.6
[INFO] [stderr]    Compiling serde_json v1.0.143
[INFO] [stderr]    Compiling cc v1.2.36
[INFO] [stderr]    Compiling proc-macro-error-attr v1.0.4
[INFO] [stderr]    Compiling proc-macro-error v1.0.4
[INFO] [stderr]    Compiling itoa v1.0.15
[INFO] [stderr]    Compiling ryu v1.0.20
[INFO] [stderr]    Compiling hashbrown v0.12.3
[INFO] [stderr]    Compiling itertools v0.10.5
[INFO] [stderr]    Compiling cxxbridge-flags v1.0.183
[INFO] [stderr]    Compiling termcolor v1.4.1
[INFO] [stderr]    Compiling bitflags v2.9.1
[INFO] [stderr]    Compiling minimal-lexical v0.2.1
[INFO] [stderr]    Compiling regex-syntax v0.6.29
[INFO] [stderr]    Compiling libloading v0.8.8
[INFO] [stderr]    Compiling clang-sys v1.8.1
[INFO] [stderr]    Compiling itertools v0.9.0
[INFO] [stderr]    Compiling prettyplease v0.2.37
[INFO] [stderr]    Compiling unicode-width v0.2.1
[INFO] [stderr]    Compiling autocxx-bindgen v0.73.0
[INFO] [stderr]    Compiling linux-raw-sys v0.9.4
[INFO] [stderr]    Compiling itertools v0.13.0
[INFO] [stderr]    Compiling codespan-reporting v0.12.0
[INFO] [stderr]    Compiling fastrand v2.3.0
[INFO] [stderr]    Compiling rustc-hash v2.1.1
[INFO] [stderr]    Compiling unicode-width v0.1.14
[INFO] [stderr]    Compiling aho-corasick v1.1.3
[INFO] [stderr]    Compiling indexmap v2.10.0
[INFO] [stderr]    Compiling nom v7.1.3
[INFO] [stderr]    Compiling atty v0.2.14
[INFO] [stderr]    Compiling humantime v2.3.0
[INFO] [stderr]    Compiling quote v1.0.40
[INFO] [stderr]    Compiling syn v2.0.106
[INFO] [stderr]    Compiling num-integer v0.1.46
[INFO] [stderr]    Compiling indoc v1.0.9
[INFO] [stderr]    Compiling matrixmultiply v0.3.10
[INFO] [stderr]    Compiling foldhash v0.2.0
[INFO] [stderr]    Compiling num-bigint v0.4.6
[INFO] [stderr]    Compiling link-cplusplus v1.0.12
[INFO] [stderr]    Compiling cxx v1.0.183
[INFO] [stderr]    Compiling num-complex v0.4.6
[INFO] [stderr]    Compiling cmake v0.1.54
[INFO] [stderr]    Compiling rawpointer v0.2.1
[INFO] [stderr]    Compiling autocxx v0.30.0
[INFO] [stderr]    Compiling anyhow v1.0.99
[INFO] [stderr]    Compiling num-iter v0.1.45
[INFO] [stderr]    Compiling unsafe-libyaml v0.2.11
[INFO] [stderr]    Compiling regex-automata v0.4.10
[INFO] [stderr]    Compiling cexpr v0.6.0
[INFO] [stderr]    Compiling tempfile v3.22.0
[INFO] [stderr]    Compiling num-rational v0.4.2
[INFO] [stderr]    Compiling num v0.4.3
[INFO] [stderr]    Compiling ndarray v0.16.1
[INFO] [stderr]    Compiling regex v1.11.2
[INFO] [stderr]    Compiling regex_static_impl v0.1.0
[INFO] [stderr]    Compiling cxx-gen v0.7.183
[INFO] [stderr]    Compiling env_logger v0.9.3
[INFO] [stderr]    Compiling aquamarine v0.1.12
[INFO] [stderr]    Compiling regex_static_macro v0.1.0
[INFO] [stderr]    Compiling serde_derive v1.0.219
[INFO] [stderr]    Compiling thiserror-impl v1.0.69
[INFO] [stderr]    Compiling miette-derive v5.10.0
[INFO] [stderr]    Compiling cxxbridge-macro v1.0.183
[INFO] [stderr]    Compiling regex_static v0.1.1
[INFO] [stderr]    Compiling miette v5.10.0
[INFO] [stderr]    Compiling moveit v0.6.0
[INFO] [stderr]    Compiling serde_yaml v0.9.34+deprecated
[INFO] [stderr]    Compiling autocxx-parser v0.30.0
[INFO] [stderr]    Compiling autocxx-engine v0.30.0
[INFO] [stderr]    Compiling autocxx-macro v0.30.0
[INFO] [stderr]    Compiling autocxx-build v0.30.0
[INFO] [stderr]    Compiling sitk-registration-sys v0.2.0 (/opt/rustwide/workdir)
[INFO] [stderr] error: failed to run custom build command for `sitk-registration-sys v0.2.0 (/opt/rustwide/workdir)`
[INFO] [stderr] note: To improve backtraces for build dependencies, set the CARGO_PROFILE_RELEASE_BUILD_OVERRIDE_DEBUG=true environment variable to enable debug information generation.
[INFO] [stderr] 
[INFO] [stderr] Caused by:
[INFO] [stderr]   process didn't exit successfully: `/opt/rustwide/target/release/build/sitk-registration-sys-63dae989f05821f6/build-script-build` (exit status: 101)
[INFO] [stderr]   --- stdout
[INFO] [stderr]   CMAKE_TOOLCHAIN_FILE_x86_64-unknown-linux-gnu = None
[INFO] [stderr]   CMAKE_TOOLCHAIN_FILE_x86_64_unknown_linux_gnu = None
[INFO] [stderr]   HOST_CMAKE_TOOLCHAIN_FILE = None
[INFO] [stderr]   CMAKE_TOOLCHAIN_FILE = None
[INFO] [stderr]   CMAKE_GENERATOR_x86_64-unknown-linux-gnu = None
[INFO] [stderr]   CMAKE_GENERATOR_x86_64_unknown_linux_gnu = None
[INFO] [stderr]   HOST_CMAKE_GENERATOR = None
[INFO] [stderr]   CMAKE_GENERATOR = None
[INFO] [stderr]   CMAKE_PREFIX_PATH_x86_64-unknown-linux-gnu = None
[INFO] [stderr]   CMAKE_PREFIX_PATH_x86_64_unknown_linux_gnu = None
[INFO] [stderr]   HOST_CMAKE_PREFIX_PATH = None
[INFO] [stderr]   CMAKE_PREFIX_PATH = None
[INFO] [stderr]   CMAKE_x86_64-unknown-linux-gnu = None
[INFO] [stderr]   CMAKE_x86_64_unknown_linux_gnu = None
[INFO] [stderr]   HOST_CMAKE = None
[INFO] [stderr]   CMAKE = None
[INFO] [stderr]   running: cd "/opt/rustwide/target/release/build/sitk-registration-sys-f5a560cf72d1a458/out/build" && CMAKE_PREFIX_PATH="" LC_ALL="C" "cmake" "/opt/rustwide/workdir/SimpleITK/SuperBuild" "-DITK_SKIP_PATH_LENGTH_CHECKS=ON" "-DBUILD_EXAMPLES=OFF" "-DBUILD_TESTING=OFF" "-DWRAP_CSHARP=OFF" "-DWRAP_JAVA=OFF" "-DWRAP_LUA=OFF" "-DWRAP_R=OFF" "-DWRAP_RUBY=OFF" "-DWRAP_TCL=OFF" "-DWRAP_PYTHON=OFF" "-DWRAP_DEFAULT=OFF" "-DSimpleITK_USE_ELASTIX=ON" "-DCMAKE_INSTALL_PREFIX=/opt/rustwide/target/release/build/sitk-registration-sys-f5a560cf72d1a458/out" "-DCMAKE_C_FLAGS= -ffunction-sections -fdata-sections -fPIC -m64" "-DCMAKE_C_COMPILER=/usr/bin/cc" "-DCMAKE_CXX_FLAGS= -ffunction-sections -fdata-sections -fPIC -m64" "-DCMAKE_CXX_COMPILER=/usr/bin/c++" "-DCMAKE_ASM_FLAGS= -ffunction-sections -fdata-sections -fPIC -m64" "-DCMAKE_ASM_COMPILER=/usr/bin/cc" "-DCMAKE_BUILD_TYPE=Release"
[INFO] [stderr]   -- The C compiler identification is GNU 15.2.0
[INFO] [stderr]   -- The CXX compiler identification is GNU 15.2.0
[INFO] [stderr]   -- Detecting C compiler ABI info
[INFO] [stderr]   -- Detecting C compiler ABI info - done
[INFO] [stderr]   -- Check for working C compiler: /usr/bin/cc - skipped
[INFO] [stderr]   -- Detecting C compile features
[INFO] [stderr]   -- Detecting C compile features - done
[INFO] [stderr]   -- Detecting CXX compiler ABI info
[INFO] [stderr]   -- Detecting CXX compiler ABI info - done
[INFO] [stderr]   -- Check for working CXX compiler: /usr/bin/c++ - skipped
[INFO] [stderr]   -- Detecting CXX compile features
[INFO] [stderr]   -- Detecting CXX compile features - done
[INFO] [stderr]   -- Performing Test have_gold
[INFO] [stderr]   -- Performing Test have_gold - Failed
[INFO] [stderr]   -- Found Git: /usr/bin/git (found version "2.53.0")
[INFO] [stderr]   -- Performing Test Weak Link MODULE -> SHARED (gnu_ld_ignore) - Success
[INFO] [stderr]   -- Found BISON: /usr/bin/bison (found version "3.8.2")
[INFO] [stderr]   -- Passing variable "ITK_BUILD_DEFAULT_MODULES=ON" to ITK external project.
[INFO] [stderr]   -- Passing variable "ITK_DEFAULT_THREADER=Pool" to ITK external project.
[INFO] [stderr]   -- Passing variable "ITK_SKIP_PATH_LENGTH_CHECKS=ON" to ITK external project.
[INFO] [stderr]   -- Passing variable "ITK_USE_BUILD_DIR=OFF" to ITK external project.
[INFO] [stderr]   -- Passing variable "Module_GenericLabelInterpolator=ON" to ITK external project.
[INFO] [stderr]   -- Passing variable "Module_ITKIOTransformMINC=ON" to ITK external project.
[INFO] [stderr]   -- Passing variable "Module_ITKReview=ON" to ITK external project.
[INFO] [stderr]   -- Passing variable "Module_LabelErodeDilate=ON" to ITK external project.
[INFO] [stderr]   -- Passing variable "Module_SimpleITKFilters=ON" to ITK external project.
[INFO] [stderr]   -- Passing variable "SITK_CMAKE_MINIMUM_REQUIRED_VERSION=3.16.3" to SimpleITK external project.
[INFO] [stderr]   -- Passing variable "SITK_CMAKE_POLICY_VERSION=3.20" to SimpleITK external project.
[INFO] [stderr]   -- Passing variable "SimpleITK_GIT_PROTOCOL=https" to SimpleITK external project.
[INFO] [stderr]   -- Passing variable "SimpleITK_MAX_DIMENSION=5" to SimpleITK external project.
[INFO] [stderr]   -- Passing variable "SimpleITK_Python_EXECUTABLE=/opt/rustwide/target/release/build/sitk-registration-sys-f5a560cf72d1a458/out/build/venv/bin/python" to SimpleITK external project.
[INFO] [stderr]   -- Passing variable "SimpleITK_USE_ELASTIX=ON" to SimpleITK external project.
[INFO] [stderr]   -- Configuring done (2.3s)
[INFO] [stderr]   -- Generating done (0.0s)
[INFO] [stderr]   -- Build files have been written to: /opt/rustwide/target/release/build/sitk-registration-sys-f5a560cf72d1a458/out/build
[INFO] [stderr]   running: cd "/opt/rustwide/target/release/build/sitk-registration-sys-f5a560cf72d1a458/out/build" && LC_ALL="C" MAKEFLAGS="-j --jobserver-fds=4,5 --jobserver-auth=4,5" "cmake" "--build" "/opt/rustwide/target/release/build/sitk-registration-sys-f5a560cf72d1a458/out/build" "--config" "Release"
[INFO] [stderr]   [  2%] Creating directories for 'ITK'
[INFO] [stderr]   [  4%] Generating /opt/rustwide/target/release/build/sitk-registration-sys-f5a560cf72d1a458/out/build/ExternalData/ExternalSource/uv_install.sh
[INFO] [stderr]   [  6%] Generating /opt/rustwide/target/release/build/sitk-registration-sys-f5a560cf72d1a458/out/build/ExternalData/ExternalSource/pcre2-10.44.tar.gz
[INFO] [stderr]   -- Fetching "https://simpleitk.s3.amazonaws.com/public/SHA512/b97b423682fc2ce7e565d80d140406f488c9b278fb2bd16f103b1affed27c4eb09a2cd15d19aaa6cd60bce44a648ea34ac2d05b6f9fd6eff7cc667d350fefebb"
[INFO] [stderr]   [  8%] Generating /opt/rustwide/target/release/build/sitk-registration-sys-f5a560cf72d1a458/out/build/ExternalData/ExternalSource/swig-4.3.1.tar.gz
[INFO] [stderr]   [ 13%] Performing download step (git clone) for 'ITK'
[INFO] [stderr]   [ 13%] Generating /opt/rustwide/target/release/build/sitk-registration-sys-f5a560cf72d1a458/out/build/ExternalData/ExternalSource/uv_install.sh
[INFO] [stderr]   -- Fetching "https://simpleitk.org/SimpleITKExternalData/SHA512/b97b423682fc2ce7e565d80d140406f488c9b278fb2bd16f103b1affed27c4eb09a2cd15d19aaa6cd60bce44a648ea34ac2d05b6f9fd6eff7cc667d350fefebb"
[INFO] [stderr]   -- Fetching "https://simpleitk.s3.amazonaws.com/public/SHA512/c43bbe2235993cd703e887bc48cf76d6a6d2f8377accfee3620eff5a4681a36e1f9c147d9e99c6674d5648a54af1d5d174018d9a102abbea7e8d38337bbbd17e"
[INFO] [stderr]   -- Fetching "https://data.kitware.com:443/api/v1/file/hashsum/SHA512/b97b423682fc2ce7e565d80d140406f488c9b278fb2bd16f103b1affed27c4eb09a2cd15d19aaa6cd60bce44a648ea34ac2d05b6f9fd6eff7cc667d350fefebb/download"
[INFO] [stderr]   -- Fetching "https://insightsoftwareconsortium.github.io/ITKTestingData/SHA512/b97b423682fc2ce7e565d80d140406f488c9b278fb2bd16f103b1affed27c4eb09a2cd15d19aaa6cd60bce44a648ea34ac2d05b6f9fd6eff7cc667d350fefebb"
[INFO] [stderr]   -- Fetching "https://itk.org/files/ExternalData/SHA512/b97b423682fc2ce7e565d80d140406f488c9b278fb2bd16f103b1affed27c4eb09a2cd15d19aaa6cd60bce44a648ea34ac2d05b6f9fd6eff7cc667d350fefebb"
[INFO] [stderr]   -- Fetching "https://simpleitk.org/SimpleITKExternalData/SHA512/c43bbe2235993cd703e887bc48cf76d6a6d2f8377accfee3620eff5a4681a36e1f9c147d9e99c6674d5648a54af1d5d174018d9a102abbea7e8d38337bbbd17e"
[INFO] [stderr]   -- Fetching "https://data.kitware.com:443/api/v1/file/hashsum/SHA512/c43bbe2235993cd703e887bc48cf76d6a6d2f8377accfee3620eff5a4681a36e1f9c147d9e99c6674d5648a54af1d5d174018d9a102abbea7e8d38337bbbd17e/download"
[INFO] [stderr]   -- Fetching "https://simpleitk.s3.amazonaws.com/public/SHA512/b97b423682fc2ce7e565d80d140406f488c9b278fb2bd16f103b1affed27c4eb09a2cd15d19aaa6cd60bce44a648ea34ac2d05b6f9fd6eff7cc667d350fefebb"
[INFO] [stderr]   -- Fetching "https://insightsoftwareconsortium.github.io/ITKTestingData/SHA512/c43bbe2235993cd703e887bc48cf76d6a6d2f8377accfee3620eff5a4681a36e1f9c147d9e99c6674d5648a54af1d5d174018d9a102abbea7e8d38337bbbd17e"
[INFO] [stderr]   -- Fetching "https://itk.org/files/ExternalData/SHA512/c43bbe2235993cd703e887bc48cf76d6a6d2f8377accfee3620eff5a4681a36e1f9c147d9e99c6674d5648a54af1d5d174018d9a102abbea7e8d38337bbbd17e"
[INFO] [stderr]   -- Fetching "https://simpleitk.s3.amazonaws.com/public/SHA512/8958f7bc3345549a9bc4e00aa8d40a99f6c4bb92b95d627c8796cf8f8d1ba0041a89cab542f171778c2b26aa2a877767181ae9bd2c05fd055f373a32a463399c"
[INFO] [stderr]   -- Fetching "https://simpleitk.org/SimpleITKExternalData/SHA512/8958f7bc3345549a9bc4e00aa8d40a99f6c4bb92b95d627c8796cf8f8d1ba0041a89cab542f171778c2b26aa2a877767181ae9bd2c05fd055f373a32a463399c"
[INFO] [stderr]   -- Fetching "https://data.kitware.com:443/api/v1/file/hashsum/SHA512/8958f7bc3345549a9bc4e00aa8d40a99f6c4bb92b95d627c8796cf8f8d1ba0041a89cab542f171778c2b26aa2a877767181ae9bd2c05fd055f373a32a463399c/download"
[INFO] [stderr]   -- Fetching "https://insightsoftwareconsortium.github.io/ITKTestingData/SHA512/8958f7bc3345549a9bc4e00aa8d40a99f6c4bb92b95d627c8796cf8f8d1ba0041a89cab542f171778c2b26aa2a877767181ae9bd2c05fd055f373a32a463399c"
[INFO] [stderr]   -- Fetching "https://simpleitk.org/SimpleITKExternalData/SHA512/b97b423682fc2ce7e565d80d140406f488c9b278fb2bd16f103b1affed27c4eb09a2cd15d19aaa6cd60bce44a648ea34ac2d05b6f9fd6eff7cc667d350fefebb"
[INFO] [stderr]   -- Fetching "https://data.kitware.com:443/api/v1/file/hashsum/SHA512/b97b423682fc2ce7e565d80d140406f488c9b278fb2bd16f103b1affed27c4eb09a2cd15d19aaa6cd60bce44a648ea34ac2d05b6f9fd6eff7cc667d350fefebb/download"
[INFO] [stderr]   -- Fetching "https://itk.org/files/ExternalData/SHA512/8958f7bc3345549a9bc4e00aa8d40a99f6c4bb92b95d627c8796cf8f8d1ba0041a89cab542f171778c2b26aa2a877767181ae9bd2c05fd055f373a32a463399c"
[INFO] [stderr]   -- Fetching "https://insightsoftwareconsortium.github.io/ITKTestingData/SHA512/b97b423682fc2ce7e565d80d140406f488c9b278fb2bd16f103b1affed27c4eb09a2cd15d19aaa6cd60bce44a648ea34ac2d05b6f9fd6eff7cc667d350fefebb"
[INFO] [stderr]   -- Fetching "https://itk.org/files/ExternalData/SHA512/b97b423682fc2ce7e565d80d140406f488c9b278fb2bd16f103b1affed27c4eb09a2cd15d19aaa6cd60bce44a648ea34ac2d05b6f9fd6eff7cc667d350fefebb"
[INFO] [stderr] 
[INFO] [stderr]   --- stderr
[INFO] [stderr]   CMake Warning at /opt/rustwide/workdir/SimpleITK/CMake/sitkSourceVersion.cmake:40 (message):
[INFO] [stderr]     Unable to determine source version!
[INFO] [stderr] 
[INFO] [stderr] 
[INFO] [stderr] 
[INFO] [stderr]     Please use the git repository or an official source distribution.
[INFO] [stderr] 
[INFO] [stderr]   Call Stack (most recent call first):
[INFO] [stderr]     /opt/rustwide/workdir/SimpleITK/Version.cmake:16 (include)
[INFO] [stderr]     SuperBuild.cmake:633 (include)
[INFO] [stderr]     SuperBuild.cmake:644 (_set_simpleitk_install_path)
[INFO] [stderr]     CMakeLists.txt:52 (include)
[INFO] [stderr] 
[INFO] [stderr] 
[INFO] [stderr]   CMake Warning:
[INFO] [stderr]     Manually-specified variables were not used by the project:
[INFO] [stderr] 
[INFO] [stderr]       CMAKE_ASM_COMPILER
[INFO] [stderr]       CMAKE_ASM_FLAGS
[INFO] [stderr] 
[INFO] [stderr] 
[INFO] [stderr]   CMake Error at /usr/share/cmake-4.2/Modules/ExternalData.cmake:1235 (message):
[INFO] [stderr] 
[INFO] [stderr] 
[INFO] [stderr]     Object
[INFO] [stderr]     SHA512=b97b423682fc2ce7e565d80d140406f488c9b278fb2bd16f103b1affed27c4eb09a2cd15d19aaa6cd60bce44a648ea34ac2d05b6f9fd6eff7cc667d350fefebb
[INFO] [stderr]     not found at:
[INFO] [stderr] 
[INFO] [stderr]       https://simpleitk.s3.amazonaws.com/public/SHA512/b97b423682fc2ce7e565d80d140406f488c9b278fb2bd16f103b1affed27c4eb09a2cd15d19aaa6cd60bce44a648ea34ac2d05b6f9fd6eff7cc667d350fefebb ("Could not resolve hostname")
[INFO] [stderr]       https://simpleitk.org/SimpleITKExternalData/SHA512/b97b423682fc2ce7e565d80d140406f488c9b278fb2bd16f103b1affed27c4eb09a2cd15d19aaa6cd60bce44a648ea34ac2d05b6f9fd6eff7cc667d350fefebb ("Could not resolve hostname")
[INFO] [stderr]       https://data.kitware.com:443/api/v1/file/hashsum/SHA512/b97b423682fc2ce7e565d80d140406f488c9b278fb2bd16f103b1affed27c4eb09a2cd15d19aaa6cd60bce44a648ea34ac2d05b6f9fd6eff7cc667d350fefebb/download ("Could not resolve hostname")
[INFO] [stderr]       https://insightsoftwareconsortium.github.io/ITKTestingData/SHA512/b97b423682fc2ce7e565d80d140406f488c9b278fb2bd16f103b1affed27c4eb09a2cd15d19aaa6cd60bce44a648ea34ac2d05b6f9fd6eff7cc667d350fefebb ("Could not resolve hostname")
[INFO] [stderr]       https://itk.org/files/ExternalData/SHA512/b97b423682fc2ce7e565d80d140406f488c9b278fb2bd16f103b1affed27c4eb09a2cd15d19aaa6cd60bce44a648ea34ac2d05b6f9fd6eff7cc667d350fefebb ("Could not resolve hostname")
[INFO] [stderr] 
[INFO] [stderr] 
[INFO] [stderr]   gmake[2]: *** [CMakeFiles/SuperBuildSimpleITKSourceReal.dir/build.make:89: ExternalData/ExternalSource/uv_install.sh-hash-stamp] Error 1
[INFO] [stderr]   gmake[2]: *** Waiting for unfinished jobs....
[INFO] [stderr]   CMake Error at /usr/share/cmake-4.2/Modules/ExternalData.cmake:1235 (message):
[INFO] [stderr] 
[INFO] [stderr] 
[INFO] [stderr]     Object
[INFO] [stderr]     SHA512=c43bbe2235993cd703e887bc48cf76d6a6d2f8377accfee3620eff5a4681a36e1f9c147d9e99c6674d5648a54af1d5d174018d9a102abbea7e8d38337bbbd17e
[INFO] [stderr]     not found at:
[INFO] [stderr] 
[INFO] [stderr]       https://simpleitk.s3.amazonaws.com/public/SHA512/c43bbe2235993cd703e887bc48cf76d6a6d2f8377accfee3620eff5a4681a36e1f9c147d9e99c6674d5648a54af1d5d174018d9a102abbea7e8d38337bbbd17e ("Could not resolve hostname")
[INFO] [stderr]       https://simpleitk.org/SimpleITKExternalData/SHA512/c43bbe2235993cd703e887bc48cf76d6a6d2f8377accfee3620eff5a4681a36e1f9c147d9e99c6674d5648a54af1d5d174018d9a102abbea7e8d38337bbbd17e ("Could not resolve hostname")
[INFO] [stderr]       https://data.kitware.com:443/api/v1/file/hashsum/SHA512/c43bbe2235993cd703e887bc48cf76d6a6d2f8377accfee3620eff5a4681a36e1f9c147d9e99c6674d5648a54af1d5d174018d9a102abbea7e8d38337bbbd17e/download ("Could not resolve hostname")
[INFO] [stderr]       https://insightsoftwareconsortium.github.io/ITKTestingData/SHA512/c43bbe2235993cd703e887bc48cf76d6a6d2f8377accfee3620eff5a4681a36e1f9c147d9e99c6674d5648a54af1d5d174018d9a102abbea7e8d38337bbbd17e ("Could not resolve hostname")
[INFO] [stderr]       https://itk.org/files/ExternalData/SHA512/c43bbe2235993cd703e887bc48cf76d6a6d2f8377accfee3620eff5a4681a36e1f9c147d9e99c6674d5648a54af1d5d174018d9a102abbea7e8d38337bbbd17e ("Could not resolve hostname")
[INFO] [stderr] 
[INFO] [stderr] 
[INFO] [stderr]   gmake[2]: *** [CMakeFiles/SuperBuildSimpleITKSourceReal.dir/build.make:75: ExternalData/ExternalSource/pcre2-10.44.tar.gz-hash-stamp] Error 1
[INFO] [stderr]   CMake Error at /usr/share/cmake-4.2/Modules/ExternalData.cmake:1235 (message):
[INFO] [stderr] 
[INFO] [stderr] 
[INFO] [stderr]     Object
[INFO] [stderr]     SHA512=8958f7bc3345549a9bc4e00aa8d40a99f6c4bb92b95d627c8796cf8f8d1ba0041a89cab542f171778c2b26aa2a877767181ae9bd2c05fd055f373a32a463399c
[INFO] [stderr]     not found at:
[INFO] [stderr] 
[INFO] [stderr]       https://simpleitk.s3.amazonaws.com/public/SHA512/8958f7bc3345549a9bc4e00aa8d40a99f6c4bb92b95d627c8796cf8f8d1ba0041a89cab542f171778c2b26aa2a877767181ae9bd2c05fd055f373a32a463399c ("Could not resolve hostname")
[INFO] [stderr]       https://simpleitk.org/SimpleITKExternalData/SHA512/8958f7bc3345549a9bc4e00aa8d40a99f6c4bb92b95d627c8796cf8f8d1ba0041a89cab542f171778c2b26aa2a877767181ae9bd2c05fd055f373a32a463399c ("Could not resolve hostname")
[INFO] [stderr]       https://data.kitware.com:443/api/v1/file/hashsum/SHA512/8958f7bc3345549a9bc4e00aa8d40a99f6c4bb92b95d627c8796cf8f8d1ba0041a89cab542f171778c2b26aa2a877767181ae9bd2c05fd055f373a32a463399c/download ("Could not resolve hostname")
[INFO] [stderr]       https://insightsoftwareconsortium.github.io/ITKTestingData/SHA512/8958f7bc3345549a9bc4e00aa8d40a99f6c4bb92b95d627c8796cf8f8d1ba0041a89cab542f171778c2b26aa2a877767181ae9bd2c05fd055f373a32a463399c ("Could not resolve hostname")
[INFO] [stderr]       https://itk.org/files/ExternalData/SHA512/8958f7bc3345549a9bc4e00aa8d40a99f6c4bb92b95d627c8796cf8f8d1ba0041a89cab542f171778c2b26aa2a877767181ae9bd2c05fd055f373a32a463399c ("Could not resolve hostname")
[INFO] [stderr] 
[INFO] [stderr] 
[INFO] [stderr]   gmake[2]: *** [CMakeFiles/SuperBuildSimpleITKSourceReal.dir/build.make:82: ExternalData/ExternalSource/swig-4.3.1.tar.gz-hash-stamp] Error 1
[INFO] [stderr]   gmake[1]: *** [CMakeFiles/Makefile2:461: CMakeFiles/SuperBuildSimpleITKSourceReal.dir/all] Error 2
[INFO] [stderr]   gmake[1]: *** Waiting for unfinished jobs....
[INFO] [stderr]   Cloning into 'ITK'...
[INFO] [stderr]   CMake Error at /usr/share/cmake-4.2/Modules/ExternalData.cmake:1235 (message):
[INFO] [stderr] 
[INFO] [stderr] 
[INFO] [stderr]     Object
[INFO] [stderr]     SHA512=b97b423682fc2ce7e565d80d140406f488c9b278fb2bd16f103b1affed27c4eb09a2cd15d19aaa6cd60bce44a648ea34ac2d05b6f9fd6eff7cc667d350fefebb
[INFO] [stderr]     not found at:
[INFO] [stderr] 
[INFO] [stderr]       https://simpleitk.s3.amazonaws.com/public/SHA512/b97b423682fc2ce7e565d80d140406f488c9b278fb2bd16f103b1affed27c4eb09a2cd15d19aaa6cd60bce44a648ea34ac2d05b6f9fd6eff7cc667d350fefebb ("Could not resolve hostname")
[INFO] [stderr]       https://simpleitk.org/SimpleITKExternalData/SHA512/b97b423682fc2ce7e565d80d140406f488c9b278fb2bd16f103b1affed27c4eb09a2cd15d19aaa6cd60bce44a648ea34ac2d05b6f9fd6eff7cc667d350fefebb ("Could not resolve hostname")
[INFO] [stderr]       https://data.kitware.com:443/api/v1/file/hashsum/SHA512/b97b423682fc2ce7e565d80d140406f488c9b278fb2bd16f103b1affed27c4eb09a2cd15d19aaa6cd60bce44a648ea34ac2d05b6f9fd6eff7cc667d350fefebb/download ("Could not resolve hostname")
[INFO] [stderr]       https://insightsoftwareconsortium.github.io/ITKTestingData/SHA512/b97b423682fc2ce7e565d80d140406f488c9b278fb2bd16f103b1affed27c4eb09a2cd15d19aaa6cd60bce44a648ea34ac2d05b6f9fd6eff7cc667d350fefebb ("Could not resolve hostname")
[INFO] [stderr]       https://itk.org/files/ExternalData/SHA512/b97b423682fc2ce7e565d80d140406f488c9b278fb2bd16f103b1affed27c4eb09a2cd15d19aaa6cd60bce44a648ea34ac2d05b6f9fd6eff7cc667d350fefebb ("Could not resolve hostname")
[INFO] [stderr] 
[INFO] [stderr] 
[INFO] [stderr]   gmake[2]: *** [CMakeFiles/SimpleITK_VENV.dir/build.make:82: ExternalData/ExternalSource/uv_install.sh-hash-stamp] Error 1
[INFO] [stderr]   gmake[1]: *** [CMakeFiles/Makefile2:269: CMakeFiles/SimpleITK_VENV.dir/all] Error 2
[INFO] [stderr]   fatal: unable to access 'https://github.com/InsightSoftwareConsortium/ITK.git/': Could not resolve host: github.com
[INFO] [stderr]   Cloning into 'ITK'...
[INFO] [stderr]   fatal: unable to access 'https://github.com/InsightSoftwareConsortium/ITK.git/': Could not resolve host: github.com
[INFO] [stderr]   Cloning into 'ITK'...
[INFO] [stderr]   fatal: unable to access 'https://github.com/InsightSoftwareConsortium/ITK.git/': Could not resolve host: github.com
[INFO] [stderr]   Had to git clone more than once: 3 times.
[INFO] [stderr]   CMake Error at ITK-prefix/tmp/ITK-gitclone.cmake:50 (message):
[INFO] [stderr]     Failed to clone repository:
[INFO] [stderr]     'https://github.com/InsightSoftwareConsortium/ITK.git'
[INFO] [stderr] 
[INFO] [stderr] 
[INFO] [stderr]   gmake[2]: *** [CMakeFiles/ITK.dir/build.make:98: ITK-prefix/src/ITK-stamp/ITK-download] Error 1
[INFO] [stderr]   gmake[1]: *** [CMakeFiles/Makefile2:205: CMakeFiles/ITK.dir/all] Error 2
[INFO] [stderr]   gmake: *** [Makefile:91: all] Error 2
[INFO] [stderr] 
[INFO] [stderr]   thread 'main' (1976) panicked at /opt/rustwide/cargo-home/registry/src/index.crates.io-1949cf8c6b5b557f/cmake-0.1.54/src/lib.rs:1119:5:
[INFO] [stderr] 
[INFO] [stderr]   command did not execute successfully, got: exit status: 2
[INFO] [stderr] 
[INFO] [stderr]   build script failed, must exit now
[INFO] [stderr]   stack backtrace:
[INFO] [stderr]      0:     0x64b815bbc411 - <<std[70759c8f55707aa4]::sys::backtrace::BacktraceLock>::print::DisplayBacktrace as core[df12db4294e9bfd3]::fmt::Display>::fmt
[INFO] [stderr]      1:     0x64b815bd5a6a - core[df12db4294e9bfd3]::fmt::write
[INFO] [stderr]      2:     0x64b815bc2f3c - <std[70759c8f55707aa4]::sys::stdio::unix::Stderr as core[df12db4294e9bfd3]::io::write::Write>::write_fmt
[INFO] [stderr]      3:     0x64b815b97d96 - std[70759c8f55707aa4]::panicking::default_hook::{closure#0}
[INFO] [stderr]      4:     0x64b815bb4f31 - std[70759c8f55707aa4]::panicking::default_hook
[INFO] [stderr]      5:     0x64b815bb525b - std[70759c8f55707aa4]::panicking::panic_with_hook
[INFO] [stderr]      6:     0x64b815b97e42 - std[70759c8f55707aa4]::panicking::panic_handler::{closure#0}
[INFO] [stderr]      7:     0x64b815b907d9 - std[70759c8f55707aa4]::sys::backtrace::__rust_end_short_backtrace::<std[70759c8f55707aa4]::panicking::panic_handler::{closure#0}, !>
[INFO] [stderr]      8:     0x64b815b9874d - __rustc[8fa7c3cbc660c2b3]::rust_begin_unwind
[INFO] [stderr]      9:     0x64b815bd628c - core[df12db4294e9bfd3]::panicking::panic_fmt
[INFO] [stderr]     10:     0x64b815b15f77 - cmake[6fe608b4c7656932]::fail
[INFO] [stderr]     11:     0x64b815b15c03 - cmake[6fe608b4c7656932]::run
[INFO] [stderr]     12:     0x64b815b1ba64 - <cmake[6fe608b4c7656932]::Config>::build
[INFO] [stderr]     13:     0x64b8151e42bf - build_script_build[57a4f8748e5cb8fb]::main
[INFO] [stderr]     14:     0x64b8151f45e3 - <fn() -> core[df12db4294e9bfd3]::result::Result<(), alloc[2182bb758b4b3781]::boxed::Box<dyn core[df12db4294e9bfd3]::error::Error>> as core[df12db4294e9bfd3]::ops::function::FnOnce<()>>::call_once
[INFO] [stderr]     15:     0x64b8151ef946 - std[70759c8f55707aa4]::sys::backtrace::__rust_begin_short_backtrace::<fn() -> core[df12db4294e9bfd3]::result::Result<(), alloc[2182bb758b4b3781]::boxed::Box<dyn core[df12db4294e9bfd3]::error::Error>>, core[df12db4294e9bfd3]::result::Result<(), alloc[2182bb758b4b3781]::boxed::Box<dyn core[df12db4294e9bfd3]::error::Error>>>
[INFO] [stderr]     16:     0x64b8151e3629 - std[70759c8f55707aa4]::rt::lang_start::<core[df12db4294e9bfd3]::result::Result<(), alloc[2182bb758b4b3781]::boxed::Box<dyn core[df12db4294e9bfd3]::error::Error>>>::{closure#0}
[INFO] [stderr]     17:     0x64b815bb41e9 - std[70759c8f55707aa4]::rt::lang_start_internal
[INFO] [stderr]     18:     0x64b8151e2121 - std[70759c8f55707aa4]::rt::lang_start::<core[df12db4294e9bfd3]::result::Result<(), alloc[2182bb758b4b3781]::boxed::Box<dyn core[df12db4294e9bfd3]::error::Error>>>
[INFO] [stderr]     19:     0x64b8151ebef5 - main
[INFO] [stderr]     20:     0x749d0be67601 - <unknown>
[INFO] [stderr]     21:     0x749d0be67718 - __libc_start_main
[INFO] [stderr]     22:     0x64b8151df7c5 - _start
[INFO] [stderr]     23:                0x0 - <unknown>
[INFO] running `Command { std: "docker" "inspect" "01bb7cadb8f6f6579fe218c897815abe1c49a392f2f08d5ee34e1ff454d07fad", kill_on_drop: false }`
[INFO] running `Command { std: "docker" "rm" "-f" "01bb7cadb8f6f6579fe218c897815abe1c49a392f2f08d5ee34e1ff454d07fad", kill_on_drop: false }`
[INFO] [stdout] 01bb7cadb8f6f6579fe218c897815abe1c49a392f2f08d5ee34e1ff454d07fad
