[INFO] fetching crate sipx-sip 1.0.1...
[INFO] testing sipx-sip-1.0.1 against 1.99.0-beta.8+cargoflags=--release for beta-release-1.100-2
[INFO] extracting crate sipx-sip 1.0.1 into /workspace/builds/worker-7-tc1/source
[INFO] started tweaking crates.io crate sipx-sip 1.0.1
[INFO] removed 0 missing examples
[INFO] removed 0 missing tests
[INFO] finished tweaking crates.io crate sipx-sip 1.0.1
[INFO] tweaked toml for crates.io crate sipx-sip 1.0.1 written to /workspace/builds/worker-7-tc1/source/Cargo.toml
[INFO] validating manifest of crates.io crate sipx-sip 1.0.1 on toolchain 1.99.0-beta.8
[INFO] running `Command { std: CARGO_HOME="/workspace/cargo-home" RUSTUP_HOME="/workspace/rustup-home" "/workspace/cargo-home/bin/cargo" "+1.99.0-beta.8" "metadata" "--manifest-path" "Cargo.toml" "--no-deps", kill_on_drop: false }`
[INFO] crate crates.io crate sipx-sip 1.0.1 already has a lockfile, it will not be regenerated
[INFO] running `Command { std: CARGO_HOME="/workspace/cargo-home" RUSTUP_HOME="/workspace/rustup-home" "/workspace/cargo-home/bin/cargo" "+1.99.0-beta.8" "fetch" "--manifest-path" "Cargo.toml", kill_on_drop: false }`
[INFO] running `Command { std: "docker" "create" "-v" "/var/lib/crater-agent-workspace/builds/worker-7-tc1/source:/opt/rustwide/workdir:ro,Z" "-v" "/var/lib/crater-agent-workspace/builds/worker-7-tc1/target:/opt/rustwide/target:rw,Z" "-v" "/var/lib/crater-agent-workspace/cargo-home:/opt/rustwide/cargo-home:ro,Z" "-v" "/var/lib/crater-agent-workspace/rustup-home:/opt/rustwide/rustup-home:ro,Z" "-m" "1610612736" "--network" "none" "ghcr.io/rust-lang/crates-build-env/linux@sha256:77db811e55d90add9212f6832c23229e3de5f1c1f9905e8cb07319ea15df73ac" "sleep" "infinity", kill_on_drop: false }`
[INFO] [stdout] b230e86a49fc6783997535ff104bce4ea361a01d8d59b3fa60b604498c478c2a
[INFO] running `Command { std: "docker" "start" "b230e86a49fc6783997535ff104bce4ea361a01d8d59b3fa60b604498c478c2a", kill_on_drop: false }`
[INFO] running `Command { std: "docker" "inspect" "b230e86a49fc6783997535ff104bce4ea361a01d8d59b3fa60b604498c478c2a", kill_on_drop: false }`
[INFO] running `Command { std: "docker" "exec" "-e" "SOURCE_DIR=/opt/rustwide/workdir" "-e" "CARGO_HOME=/opt/rustwide/cargo-home" "-e" "RUSTUP_HOME=/opt/rustwide/rustup-home" "-e" "CARGO_TARGET_DIR=/opt/rustwide/target" "-w" "/opt/rustwide/workdir" "--user" "0:0" "b230e86a49fc6783997535ff104bce4ea361a01d8d59b3fa60b604498c478c2a" "/opt/rustwide/cargo-home/bin/cargo" "+1.99.0-beta.8" "metadata" "--no-deps" "--format-version=1", kill_on_drop: false }`
[INFO] running `Command { std: "docker" "inspect" "b230e86a49fc6783997535ff104bce4ea361a01d8d59b3fa60b604498c478c2a", kill_on_drop: false }`
[INFO] running `Command { std: "docker" "exec" "-e" "SOURCE_DIR=/opt/rustwide/workdir" "-e" "CARGO_HOME=/opt/rustwide/cargo-home" "-e" "RUSTUP_HOME=/opt/rustwide/rustup-home" "-e" "CARGO_TARGET_DIR=/opt/rustwide/target" "-e" "CARGO_INCREMENTAL=0" "-e" "RUST_BACKTRACE=full" "-e" "RUSTFLAGS=--cap-lints=warn" "-e" "RUSTDOCFLAGS=--cap-lints=warn" "-w" "/opt/rustwide/workdir" "--user" "0:0" "b230e86a49fc6783997535ff104bce4ea361a01d8d59b3fa60b604498c478c2a" "/opt/rustwide/cargo-home/bin/cargo" "+1.99.0-beta.8" "build" "--frozen" "--message-format=json" "--release", kill_on_drop: false }`
[INFO] [stderr]    Compiling generic-array v0.14.7
[INFO] [stderr]    Compiling subtle v2.6.1
[INFO] [stderr]    Compiling const-oid v0.9.6
[INFO] [stderr]    Compiling base64ct v1.8.3
[INFO] [stderr]    Compiling base16ct v0.2.0
[INFO] [stderr]    Compiling serde_core v1.0.229
[INFO] [stderr]    Compiling getrandom v0.2.17
[INFO] [stderr]    Compiling syn v2.0.119
[INFO] [stderr]    Compiling thiserror-impl v2.0.19
[INFO] [stderr]    Compiling rand_core v0.6.4
[INFO] [stderr]    Compiling pem-rfc7468 v0.7.0
[INFO] [stderr]    Compiling der v0.7.10
[INFO] [stderr]    Compiling ff v0.13.1
[INFO] [stderr]    Compiling group v0.13.0
[INFO] [stderr]    Compiling crypto-common v0.1.7
[INFO] [stderr]    Compiling block-buffer v0.10.4
[INFO] [stderr]    Compiling crypto-bigint v0.5.5
[INFO] [stderr]    Compiling digest v0.10.7
[INFO] [stderr]    Compiling thiserror v2.0.19
[INFO] [stderr]    Compiling hmac v0.12.1
[INFO] [stderr]    Compiling signature v2.2.0
[INFO] [stderr]    Compiling sha2 v0.10.9
[INFO] [stderr]    Compiling md-5 v0.10.6
[INFO] [stderr]    Compiling rfc6979 v0.4.0
[INFO] [stderr]    Compiling spki v0.7.3
[INFO] [stderr]    Compiling pkcs8 v0.10.2
[INFO] [stderr]    Compiling serde_json v1.0.151
[INFO] [stderr]    Compiling sec1 v0.7.3
[INFO] [stderr]    Compiling elliptic-curve v0.13.8
[INFO] [stderr]    Compiling primeorder v0.13.6
[INFO] [stderr]    Compiling ecdsa v0.16.9
[INFO] [stderr]    Compiling p256 v0.13.2
[INFO] [stderr]    Compiling tracing-attributes v0.1.31
[INFO] [stderr]    Compiling tracing v0.1.44
[INFO] [stderr]    Compiling sipx-sip v1.0.1 (/opt/rustwide/workdir)
[INFO] [stderr]     Finished `release` profile [optimized] target(s) in 22.96s
[INFO] running `Command { std: "docker" "inspect" "b230e86a49fc6783997535ff104bce4ea361a01d8d59b3fa60b604498c478c2a", kill_on_drop: false }`
[INFO] running `Command { std: "docker" "exec" "-e" "SOURCE_DIR=/opt/rustwide/workdir" "-e" "CARGO_HOME=/opt/rustwide/cargo-home" "-e" "RUSTUP_HOME=/opt/rustwide/rustup-home" "-e" "CARGO_TARGET_DIR=/opt/rustwide/target" "-e" "CARGO_INCREMENTAL=0" "-e" "RUST_BACKTRACE=full" "-e" "RUSTFLAGS=--cap-lints=warn" "-e" "RUSTDOCFLAGS=--cap-lints=warn" "-w" "/opt/rustwide/workdir" "--user" "0:0" "b230e86a49fc6783997535ff104bce4ea361a01d8d59b3fa60b604498c478c2a" "/opt/rustwide/cargo-home/bin/cargo" "+1.99.0-beta.8" "test" "--frozen" "--no-run" "--message-format=json" "--release", kill_on_drop: false }`
[INFO] [stderr]    Compiling getrandom v0.2.17
[INFO] [stderr]    Compiling zerocopy v0.8.55
[INFO] [stderr]    Compiling rusty-fork v0.3.1
[INFO] [stderr]    Compiling rand v0.9.5
[INFO] [stderr]    Compiling rand_core v0.6.4
[INFO] [stderr]    Compiling ff v0.13.1
[INFO] [stderr]    Compiling crypto-bigint v0.5.5
[INFO] [stderr]    Compiling signature v2.2.0
[INFO] [stderr]    Compiling group v0.13.0
[INFO] [stderr]    Compiling elliptic-curve v0.13.8
[INFO] [stderr]    Compiling primeorder v0.13.6
[INFO] [stderr]    Compiling ecdsa v0.16.9
[INFO] [stderr]    Compiling p256 v0.13.2
[INFO] [stderr]    Compiling sipx-sip v1.0.1 (/opt/rustwide/workdir)
[INFO] [stderr]    Compiling ppv-lite86 v0.2.21
[INFO] [stderr]    Compiling rand_chacha v0.9.0
[INFO] [stderr]    Compiling proptest v1.11.0
[INFO] [stdout] error[E0433]: cannot find module or crate `sipx_testkit` in this scope
[INFO] [stdout]   --> tests/passthrough.rs:18:5
[INFO] [stdout]    |
[INFO] [stdout] 18 | use sipx_testkit::rfc4475::{self, Expect};
[INFO] [stdout]    |     ^^^^^^^^^^^^ use of unresolved module or unlinked crate `sipx_testkit`
[INFO] [stdout]    |
[INFO] [stdout]    = help: if you wanted to use a crate named `sipx_testkit`, use `cargo add sipx_testkit` to add it to your `Cargo.toml`
[INFO] [stdout] 
[INFO] [stdout] 
[INFO] [stdout] error[E0433]: cannot find module or crate `sipx_testkit` in this scope
[INFO] [stdout]   --> tests/transaction_sequences.rs:22:5
[INFO] [stdout]    |
[INFO] [stdout] 22 | use sipx_testkit::transaction_sequence::{self as sequence, Event, Invariant, Program};
[INFO] [stdout]    |     ^^^^^^^^^^^^ use of unresolved module or unlinked crate `sipx_testkit`
[INFO] [stdout]    |
[INFO] [stdout]    = help: if you wanted to use a crate named `sipx_testkit`, use `cargo add sipx_testkit` to add it to your `Cargo.toml`
[INFO] [stdout] 
[INFO] [stdout] 
[INFO] [stdout] For more information about this error, try `rustc --explain E0433`.
[INFO] [stdout] 
[INFO] [stderr] error: could not compile `sipx-sip` (test "passthrough") due to 1 previous error
[INFO] [stderr] warning: build failed, waiting for other jobs to finish...
[INFO] [stdout] error[E0433]: cannot find module or crate `sipx_testkit` in this scope
[INFO] [stdout]   --> tests/rfc5118_corpus.rs:27:5
[INFO] [stdout]    |
[INFO] [stdout] 27 | use sipx_testkit::rfc5118::{self, Case, Expect, Fault};
[INFO] [stdout]    |     ^^^^^^^^^^^^ use of unresolved module or unlinked crate `sipx_testkit`
[INFO] [stdout]    |
[INFO] [stdout]    = help: if you wanted to use a crate named `sipx_testkit`, use `cargo add sipx_testkit` to add it to your `Cargo.toml`
[INFO] [stdout] 
[INFO] [stdout] 
[INFO] [stdout] error[E0433]: cannot find module or crate `sipx_testkit` in this scope
[INFO] [stdout]   --> tests/rfc4475_corpus.rs:20:5
[INFO] [stdout]    |
[INFO] [stdout] 20 | use sipx_testkit::rfc4475::{self, Expect, Fault};
[INFO] [stdout]    |     ^^^^^^^^^^^^ use of unresolved module or unlinked crate `sipx_testkit`
[INFO] [stdout]    |
[INFO] [stdout]    = help: if you wanted to use a crate named `sipx_testkit`, use `cargo add sipx_testkit` to add it to your `Cargo.toml`
[INFO] [stdout] 
[INFO] [stdout] 
[INFO] [stdout] For more information about this error, try `rustc --explain E0433`.
[INFO] [stdout] 
[INFO] [stdout] For more information about this error, try `rustc --explain E0433`.
[INFO] [stdout] 
[INFO] [stderr] error: could not compile `sipx-sip` (test "transaction_sequences") due to 1 previous error
[INFO] [stderr] error: could not compile `sipx-sip` (test "rfc5118_corpus") due to 1 previous error
[INFO] [stdout] For more information about this error, try `rustc --explain E0433`.
[INFO] [stdout] 
[INFO] [stderr] error: could not compile `sipx-sip` (test "rfc4475_corpus") due to 1 previous error
[INFO] [stdout] error[E0432]: unresolved import `sipx_testkit`
[INFO] [stdout]   --> tests/parser_properties.rs:12:5
[INFO] [stdout]    |
[INFO] [stdout] 12 | use sipx_testkit::rfc4475;
[INFO] [stdout]    |     ^^^^^^^^^^^^ use of unresolved module or unlinked crate `sipx_testkit`
[INFO] [stdout]    |
[INFO] [stdout]    = help: if you wanted to use a crate named `sipx_testkit`, use `cargo add sipx_testkit` to add it to your `Cargo.toml`
[INFO] [stdout] 
[INFO] [stdout] 
[INFO] [stdout] For more information about this error, try `rustc --explain E0432`.
[INFO] [stdout] 
[INFO] [stderr] error: could not compile `sipx-sip` (test "parser_properties") due to 1 previous error
[INFO] running `Command { std: "docker" "inspect" "b230e86a49fc6783997535ff104bce4ea361a01d8d59b3fa60b604498c478c2a", kill_on_drop: false }`
[INFO] running `Command { std: "docker" "rm" "-f" "b230e86a49fc6783997535ff104bce4ea361a01d8d59b3fa60b604498c478c2a", kill_on_drop: false }`
[INFO] [stdout] b230e86a49fc6783997535ff104bce4ea361a01d8d59b3fa60b604498c478c2a
