[INFO] fetching crate sipp-sys 0.1.4...
[INFO] testing sipp-sys-0.1.4 against 1.100.0-beta.1+cargoflags=--release for beta-release-1.100-2
[INFO] extracting crate sipp-sys 0.1.4 into /workspace/builds/worker-4-tc2/source
[INFO] started tweaking crates.io crate sipp-sys 0.1.4
[INFO] finished tweaking crates.io crate sipp-sys 0.1.4
[INFO] tweaked toml for crates.io crate sipp-sys 0.1.4 written to /workspace/builds/worker-4-tc2/source/Cargo.toml
[INFO] validating manifest of crates.io crate sipp-sys 0.1.4 on toolchain 1.100.0-beta.1
[INFO] running `Command { std: CARGO_HOME="/workspace/cargo-home" RUSTUP_HOME="/workspace/rustup-home" "/workspace/cargo-home/bin/cargo" "+1.100.0-beta.1" "metadata" "--manifest-path" "Cargo.toml" "--no-deps", kill_on_drop: false }`
[INFO] crate crates.io crate sipp-sys 0.1.4 already has a lockfile, it will not be regenerated
[INFO] running `Command { std: CARGO_HOME="/workspace/cargo-home" RUSTUP_HOME="/workspace/rustup-home" "/workspace/cargo-home/bin/cargo" "+1.100.0-beta.1" "fetch" "--manifest-path" "Cargo.toml", kill_on_drop: false }`
[INFO] running `Command { std: "docker" "create" "-v" "/var/lib/crater-agent-workspace/builds/worker-4-tc2/source:/opt/rustwide/workdir:ro,Z" "-v" "/var/lib/crater-agent-workspace/builds/worker-4-tc2/target:/opt/rustwide/target:rw,Z" "-v" "/var/lib/crater-agent-workspace/cargo-home:/opt/rustwide/cargo-home:ro,Z" "-v" "/var/lib/crater-agent-workspace/rustup-home:/opt/rustwide/rustup-home:ro,Z" "-m" "1610612736" "--network" "none" "ghcr.io/rust-lang/crates-build-env/linux@sha256:77db811e55d90add9212f6832c23229e3de5f1c1f9905e8cb07319ea15df73ac" "sleep" "infinity", kill_on_drop: false }`
[INFO] [stdout] 24b966192c9b6b6c39a4791da4e87f55621cb29436efd7cc475ec01d3c1092a6
[INFO] running `Command { std: "docker" "start" "24b966192c9b6b6c39a4791da4e87f55621cb29436efd7cc475ec01d3c1092a6", kill_on_drop: false }`
[INFO] running `Command { std: "docker" "inspect" "24b966192c9b6b6c39a4791da4e87f55621cb29436efd7cc475ec01d3c1092a6", kill_on_drop: false }`
[INFO] running `Command { std: "docker" "exec" "-e" "SOURCE_DIR=/opt/rustwide/workdir" "-e" "CARGO_HOME=/opt/rustwide/cargo-home" "-e" "RUSTUP_HOME=/opt/rustwide/rustup-home" "-e" "CARGO_TARGET_DIR=/opt/rustwide/target" "-w" "/opt/rustwide/workdir" "--user" "0:0" "24b966192c9b6b6c39a4791da4e87f55621cb29436efd7cc475ec01d3c1092a6" "/opt/rustwide/cargo-home/bin/cargo" "+1.100.0-beta.1" "metadata" "--no-deps" "--format-version=1", kill_on_drop: false }`
[INFO] running `Command { std: "docker" "inspect" "24b966192c9b6b6c39a4791da4e87f55621cb29436efd7cc475ec01d3c1092a6", kill_on_drop: false }`
[INFO] running `Command { std: "docker" "exec" "-e" "SOURCE_DIR=/opt/rustwide/workdir" "-e" "CARGO_HOME=/opt/rustwide/cargo-home" "-e" "RUSTUP_HOME=/opt/rustwide/rustup-home" "-e" "CARGO_TARGET_DIR=/opt/rustwide/target" "-e" "CARGO_INCREMENTAL=0" "-e" "RUST_BACKTRACE=full" "-e" "RUSTFLAGS=--cap-lints=warn" "-e" "RUSTDOCFLAGS=--cap-lints=warn" "-w" "/opt/rustwide/workdir" "--user" "0:0" "24b966192c9b6b6c39a4791da4e87f55621cb29436efd7cc475ec01d3c1092a6" "/opt/rustwide/cargo-home/bin/cargo" "+1.100.0-beta.1" "build" "--frozen" "--message-format=json" "--release", kill_on_drop: false }`
[INFO] [stderr]    Compiling cc v1.2.62
[INFO] [stderr]    Compiling proc-macro2 v1.0.106
[INFO] [stderr]    Compiling scratch v1.0.9
[INFO] [stderr]    Compiling termcolor v1.4.1
[INFO] [stderr]    Compiling cxxbridge-flags v1.0.194
[INFO] [stderr]    Compiling unicode-width v0.2.2
[INFO] [stderr]    Compiling foldhash v0.2.0
[INFO] [stderr]    Compiling codespan-reporting v0.13.1
[INFO] [stderr]    Compiling quote v1.0.45
[INFO] [stderr]    Compiling cmake v0.1.58
[INFO] [stderr]    Compiling syn v2.0.117
[INFO] [stderr]    Compiling link-cplusplus v1.0.12
[INFO] [stderr]    Compiling cxx v1.0.194
[INFO] [stderr]    Compiling cxx-build v1.0.194
[INFO] [stderr]    Compiling cxxbridge-macro v1.0.194
[INFO] [stderr]    Compiling sipp-sys v0.1.4 (/opt/rustwide/workdir)
[INFO] [stderr] error: failed to run custom build command for `sipp-sys v0.1.4 (/opt/rustwide/workdir)`
[INFO] [stderr] note: To improve backtraces for build dependencies, set the CARGO_PROFILE_RELEASE_BUILD_OVERRIDE_DEBUG=true environment variable to enable debug information generation.
[INFO] [stderr] 
[INFO] [stderr] Caused by:
[INFO] [stderr]   process didn't exit successfully: `/opt/rustwide/target/release/build/sipp-sys/34a4f304c544106b/out/build_script_build` (exit status: 101)
[INFO] [stderr]   --- stdout
[INFO] [stderr]   cargo:rerun-if-changed=CMakeLists.txt
[INFO] [stderr]   cargo:rerun-if-changed=cmake/llama_mtmd_sources.cmake
[INFO] [stderr]   cargo:rerun-if-changed=src/bridge.rs
[INFO] [stderr]   cargo:rerun-if-changed=native/llama_shim/sipp_shim.h
[INFO] [stderr]   cargo:rerun-if-changed=native/llama_shim/sipp_shim.cpp
[INFO] [stderr]   cargo:rerun-if-changed=native/cxx_bridge/sipp_cxx.h
[INFO] [stderr]   cargo:rerun-if-changed=native/cxx_bridge/sipp_cxx.cpp
[INFO] [stderr]   cargo:rerun-if-env-changed=CUDA_PATH
[INFO] [stderr]   cargo:rerun-if-env-changed=CUDA_HOME
[INFO] [stderr]   cargo:rerun-if-env-changed=VULKAN_SDK
[INFO] [stderr]   cargo:rerun-if-env-changed=SIPP_GLSLC
[INFO] [stderr]   cargo:rerun-if-env-changed=EMSDK
[INFO] [stderr]   cargo:rerun-if-env-changed=SIPP_SYS_CMAKE_OUT_DIR
[INFO] [stderr]   cargo:rerun-if-env-changed=SIPP_CUDA_ARCHITECTURES
[INFO] [stderr]   cargo:rerun-if-env-changed=SIPP_STATIC_CXX_RUNTIME_LIB_DIR
[INFO] [stderr]   cargo:rerun-if-env-changed=MACOSX_DEPLOYMENT_TARGET
[INFO] [stderr]   cargo:rerun-if-env-changed=IPHONEOS_DEPLOYMENT_TARGET
[INFO] [stderr]   CMAKE_TOOLCHAIN_FILE_x86_64-unknown-linux-gnu = None
[INFO] [stderr]   CMAKE_TOOLCHAIN_FILE_x86_64_unknown_linux_gnu = None
[INFO] [stderr]   HOST_CMAKE_TOOLCHAIN_FILE = None
[INFO] [stderr]   CMAKE_TOOLCHAIN_FILE = None
[INFO] [stderr]   CMAKE_PREFIX_PATH_x86_64-unknown-linux-gnu = None
[INFO] [stderr]   CMAKE_PREFIX_PATH_x86_64_unknown_linux_gnu = None
[INFO] [stderr]   HOST_CMAKE_PREFIX_PATH = None
[INFO] [stderr]   CMAKE_PREFIX_PATH = None
[INFO] [stderr]   CMAKE_x86_64-unknown-linux-gnu = None
[INFO] [stderr]   CMAKE_x86_64_unknown_linux_gnu = None
[INFO] [stderr]   HOST_CMAKE = None
[INFO] [stderr]   CMAKE = None
[INFO] [stderr]   -- The C compiler identification is GNU 15.2.0
[INFO] [stderr]   -- The CXX compiler identification is GNU 15.2.0
[INFO] [stderr]   -- Detecting C compiler ABI info
[INFO] [stderr]   -- Detecting C compiler ABI info - done
[INFO] [stderr]   -- Check for working C compiler: /usr/bin/cc - skipped
[INFO] [stderr]   -- Detecting C compile features
[INFO] [stderr]   -- Detecting C compile features - done
[INFO] [stderr]   -- Detecting CXX compiler ABI info
[INFO] [stderr]   -- Detecting CXX compiler ABI info - done
[INFO] [stderr]   -- Check for working CXX compiler: /usr/bin/c++ - skipped
[INFO] [stderr]   -- Detecting CXX compile features
[INFO] [stderr]   -- Detecting CXX compile features - done
[INFO] [stderr]   -- llama.cpp version: 0.4.1-dev
[INFO] [stderr]   -- Found Git: /usr/bin/git (found version "2.53.0")
[INFO] [stderr]   -- The ASM compiler identification is GNU
[INFO] [stderr]   -- Found assembler: /usr/bin/cc
[INFO] [stderr]   -- Performing Test CMAKE_HAVE_LIBC_PTHREAD
[INFO] [stderr]   -- Performing Test CMAKE_HAVE_LIBC_PTHREAD - Success
[INFO] [stderr]   -- Found Threads: TRUE
[INFO] [stderr]   -- Warning: ccache not found - consider installing it for faster compilation or disable this warning with GGML_CCACHE=OFF
[INFO] [stderr]   -- CMAKE_SYSTEM_PROCESSOR: x86_64
[INFO] [stderr]   -- GGML_SYSTEM_ARCH: x86
[INFO] [stderr]   -- Including CPU backend
[INFO] [stderr]   -- x86 detected
[INFO] [stderr]   -- Adding CPU backend variant ggml-cpu: -msse4.2;-mf16c;-mfma;-mbmi2;-mavx;-mavx2 GGML_SSE42;GGML_F16C;GGML_FMA;GGML_BMI2;GGML_AVX;GGML_AVX2
[INFO] [stderr]   -- ggml version: 0.24.0
[INFO] [stderr]   -- ggml commit:  unknown
[INFO] [stderr]   -- Configuring done (1.6s)
[INFO] [stderr]   -- Generating done (0.1s)
[INFO] [stderr]   -- Build files have been written to: /opt/.build/cmake/sys/x86_64-unknown-linux-gnu/c/build
[INFO] [stderr]   [1/187] Building CXX object llama.cpp/ggml/src/CMakeFiles/ggml-cpu.dir/ggml-cpu/hbm.cpp.o
[INFO] [stderr]   [2/187] Building CXX object llama.cpp/ggml/src/CMakeFiles/ggml-base.dir/ggml-threading.cpp.o
[INFO] [stderr]   [3/187] Building CXX object llama.cpp/ggml/src/CMakeFiles/ggml-base.dir/ggml.cpp.o
[INFO] [stderr]   [4/187] Building C object llama.cpp/ggml/src/CMakeFiles/ggml-base.dir/ggml-alloc.c.o
[INFO] [stderr]   [5/187] Building CXX object llama.cpp/ggml/src/CMakeFiles/ggml-cpu.dir/ggml-cpu/traits.cpp.o
[INFO] [stderr]   FAILED: [code=1] llama.cpp/ggml/src/CMakeFiles/ggml-cpu.dir/ggml-cpu/traits.cpp.o 
[INFO] [stderr]   /usr/bin/c++ -DGGML_AVX -DGGML_AVX2 -DGGML_BMI2 -DGGML_F16C -DGGML_FMA -DGGML_SCHED_MAX_COPIES=4 -DGGML_SSE42 -DGGML_USE_CPU_REPACK -DGGML_USE_LLAMAFILE -D_GNU_SOURCE -D_XOPEN_SOURCE=600 -I/opt/rustwide/workdir/llama.cpp/ggml/src/.. -I/opt/rustwide/workdir/llama.cpp/ggml/src/. -I/opt/rustwide/workdir/llama.cpp/ggml/src/ggml-cpu -I/opt/rustwide/workdir/llama.cpp/ggml/src/../include -ffunction-sections -fdata-sections -fPIC -m64 -w -O3 -DNDEBUG -std=gnu++17 -fPIC -Wmissing-declarations -Wmissing-noreturn -Wall -Wextra -Wpedantic -Wcast-qual -Wno-unused-function -Wno-array-bounds -Wextra-semi -msse4.2 -mf16c -mfma -mbmi2 -mavx -mavx2 -MD -MT llama.cpp/ggml/src/CMakeFiles/ggml-cpu.dir/ggml-cpu/traits.cpp.o -MF llama.cpp/ggml/src/CMakeFiles/ggml-cpu.dir/ggml-cpu/traits.cpp.o.d -o llama.cpp/ggml/src/CMakeFiles/ggml-cpu.dir/ggml-cpu/traits.cpp.o -c /opt/rustwide/workdir/llama.cpp/ggml/src/ggml-cpu/traits.cpp
[INFO] [stderr]   c++: fatal error: Killed signal terminated program cc1plus
[INFO] [stderr]   compilation terminated.
[INFO] [stderr]   [6/187] Building CXX object llama.cpp/ggml/src/CMakeFiles/ggml-cpu.dir/ggml-cpu/iqp.cpp.o
[INFO] [stderr]   FAILED: [code=1] llama.cpp/ggml/src/CMakeFiles/ggml-cpu.dir/ggml-cpu/iqp.cpp.o 
[INFO] [stderr]   /usr/bin/c++ -DGGML_AVX -DGGML_AVX2 -DGGML_BMI2 -DGGML_F16C -DGGML_FMA -DGGML_SCHED_MAX_COPIES=4 -DGGML_SSE42 -DGGML_USE_CPU_REPACK -DGGML_USE_LLAMAFILE -D_GNU_SOURCE -D_XOPEN_SOURCE=600 -I/opt/rustwide/workdir/llama.cpp/ggml/src/.. -I/opt/rustwide/workdir/llama.cpp/ggml/src/. -I/opt/rustwide/workdir/llama.cpp/ggml/src/ggml-cpu -I/opt/rustwide/workdir/llama.cpp/ggml/src/../include -ffunction-sections -fdata-sections -fPIC -m64 -w -O3 -DNDEBUG -std=gnu++17 -fPIC -Wmissing-declarations -Wmissing-noreturn -Wall -Wextra -Wpedantic -Wcast-qual -Wno-unused-function -Wno-array-bounds -Wextra-semi -msse4.2 -mf16c -mfma -mbmi2 -mavx -mavx2 -MD -MT llama.cpp/ggml/src/CMakeFiles/ggml-cpu.dir/ggml-cpu/iqp.cpp.o -MF llama.cpp/ggml/src/CMakeFiles/ggml-cpu.dir/ggml-cpu/iqp.cpp.o.d -o llama.cpp/ggml/src/CMakeFiles/ggml-cpu.dir/ggml-cpu/iqp.cpp.o -c /opt/rustwide/workdir/llama.cpp/ggml/src/ggml-cpu/iqp.cpp
[INFO] [stderr]   c++: fatal error: Killed signal terminated program cc1plus
[INFO] [stderr]   compilation terminated.
[INFO] [stderr]   [7/187] Building CXX object llama.cpp/ggml/src/CMakeFiles/ggml-cpu.dir/ggml-cpu/repack.cpp.o
[INFO] [stderr]   FAILED: [code=1] llama.cpp/ggml/src/CMakeFiles/ggml-cpu.dir/ggml-cpu/repack.cpp.o 
[INFO] [stderr]   /usr/bin/c++ -DGGML_AVX -DGGML_AVX2 -DGGML_BMI2 -DGGML_F16C -DGGML_FMA -DGGML_SCHED_MAX_COPIES=4 -DGGML_SSE42 -DGGML_USE_CPU_REPACK -DGGML_USE_LLAMAFILE -D_GNU_SOURCE -D_XOPEN_SOURCE=600 -I/opt/rustwide/workdir/llama.cpp/ggml/src/.. -I/opt/rustwide/workdir/llama.cpp/ggml/src/. -I/opt/rustwide/workdir/llama.cpp/ggml/src/ggml-cpu -I/opt/rustwide/workdir/llama.cpp/ggml/src/../include -ffunction-sections -fdata-sections -fPIC -m64 -w -O3 -DNDEBUG -std=gnu++17 -fPIC -Wmissing-declarations -Wmissing-noreturn -Wall -Wextra -Wpedantic -Wcast-qual -Wno-unused-function -Wno-array-bounds -Wextra-semi -msse4.2 -mf16c -mfma -mbmi2 -mavx -mavx2 -MD -MT llama.cpp/ggml/src/CMakeFiles/ggml-cpu.dir/ggml-cpu/repack.cpp.o -MF llama.cpp/ggml/src/CMakeFiles/ggml-cpu.dir/ggml-cpu/repack.cpp.o.d -o llama.cpp/ggml/src/CMakeFiles/ggml-cpu.dir/ggml-cpu/repack.cpp.o -c /opt/rustwide/workdir/llama.cpp/ggml/src/ggml-cpu/repack.cpp
[INFO] [stderr]   c++: fatal error: Killed signal terminated program cc1plus
[INFO] [stderr]   compilation terminated.
[INFO] [stderr]   [8/187] Building CXX object llama.cpp/ggml/src/CMakeFiles/ggml-cpu.dir/ggml-cpu/amx/mmq.cpp.o
[INFO] [stderr]   FAILED: [code=1] llama.cpp/ggml/src/CMakeFiles/ggml-cpu.dir/ggml-cpu/amx/mmq.cpp.o 
[INFO] [stderr]   /usr/bin/c++ -DGGML_AVX -DGGML_AVX2 -DGGML_BMI2 -DGGML_F16C -DGGML_FMA -DGGML_SCHED_MAX_COPIES=4 -DGGML_SSE42 -DGGML_USE_CPU_REPACK -DGGML_USE_LLAMAFILE -D_GNU_SOURCE -D_XOPEN_SOURCE=600 -I/opt/rustwide/workdir/llama.cpp/ggml/src/.. -I/opt/rustwide/workdir/llama.cpp/ggml/src/. -I/opt/rustwide/workdir/llama.cpp/ggml/src/ggml-cpu -I/opt/rustwide/workdir/llama.cpp/ggml/src/../include -ffunction-sections -fdata-sections -fPIC -m64 -w -O3 -DNDEBUG -std=gnu++17 -fPIC -Wmissing-declarations -Wmissing-noreturn -Wall -Wextra -Wpedantic -Wcast-qual -Wno-unused-function -Wno-array-bounds -Wextra-semi -msse4.2 -mf16c -mfma -mbmi2 -mavx -mavx2 -MD -MT llama.cpp/ggml/src/CMakeFiles/ggml-cpu.dir/ggml-cpu/amx/mmq.cpp.o -MF llama.cpp/ggml/src/CMakeFiles/ggml-cpu.dir/ggml-cpu/amx/mmq.cpp.o.d -o llama.cpp/ggml/src/CMakeFiles/ggml-cpu.dir/ggml-cpu/amx/mmq.cpp.o -c /opt/rustwide/workdir/llama.cpp/ggml/src/ggml-cpu/amx/mmq.cpp
[INFO] [stderr]   c++: fatal error: Killed signal terminated program cc1plus
[INFO] [stderr]   compilation terminated.
[INFO] [stderr]   [9/187] Building CXX object llama.cpp/ggml/src/CMakeFiles/ggml-cpu.dir/ggml-cpu/ggml-cpu.cpp.o
[INFO] [stderr]   FAILED: [code=1] llama.cpp/ggml/src/CMakeFiles/ggml-cpu.dir/ggml-cpu/ggml-cpu.cpp.o 
[INFO] [stderr]   /usr/bin/c++ -DGGML_AVX -DGGML_AVX2 -DGGML_BMI2 -DGGML_F16C -DGGML_FMA -DGGML_SCHED_MAX_COPIES=4 -DGGML_SSE42 -DGGML_USE_CPU_REPACK -DGGML_USE_LLAMAFILE -D_GNU_SOURCE -D_XOPEN_SOURCE=600 -I/opt/rustwide/workdir/llama.cpp/ggml/src/.. -I/opt/rustwide/workdir/llama.cpp/ggml/src/. -I/opt/rustwide/workdir/llama.cpp/ggml/src/ggml-cpu -I/opt/rustwide/workdir/llama.cpp/ggml/src/../include -ffunction-sections -fdata-sections -fPIC -m64 -w -O3 -DNDEBUG -std=gnu++17 -fPIC -Wmissing-declarations -Wmissing-noreturn -Wall -Wextra -Wpedantic -Wcast-qual -Wno-unused-function -Wno-array-bounds -Wextra-semi -msse4.2 -mf16c -mfma -mbmi2 -mavx -mavx2 -MD -MT llama.cpp/ggml/src/CMakeFiles/ggml-cpu.dir/ggml-cpu/ggml-cpu.cpp.o -MF llama.cpp/ggml/src/CMakeFiles/ggml-cpu.dir/ggml-cpu/ggml-cpu.cpp.o.d -o llama.cpp/ggml/src/CMakeFiles/ggml-cpu.dir/ggml-cpu/ggml-cpu.cpp.o -c /opt/rustwide/workdir/llama.cpp/ggml/src/ggml-cpu/ggml-cpu.cpp
[INFO] [stderr]   c++: fatal error: Killed signal terminated program cc1plus
[INFO] [stderr]   compilation terminated.
[INFO] [stderr]   [10/187] Building CXX object llama.cpp/ggml/src/CMakeFiles/ggml-base.dir/ggml-opt.cpp.o
[INFO] [stderr]   [11/187] Building CXX object llama.cpp/ggml/src/CMakeFiles/ggml-cpu.dir/ggml-cpu/amx/amx.cpp.o
[INFO] [stderr]   [12/187] Building CXX object llama.cpp/ggml/src/CMakeFiles/ggml-base.dir/ggml-backend.cpp.o
[INFO] [stderr]   [13/187] Building C object llama.cpp/ggml/src/CMakeFiles/ggml-cpu.dir/ggml-cpu/quants.c.o
[INFO] [stderr]   [14/187] Building C object llama.cpp/ggml/src/CMakeFiles/ggml-cpu.dir/ggml-cpu/ggml-cpu.c.o
[INFO] [stderr]   [15/187] Building C object llama.cpp/ggml/src/CMakeFiles/ggml-base.dir/ggml.c.o
[INFO] [stderr]   [16/187] Building CXX object llama.cpp/ggml/src/CMakeFiles/ggml-cpu.dir/ggml-cpu/binary-ops.cpp.o
[INFO] [stderr]   [17/187] Building CXX object llama.cpp/ggml/src/CMakeFiles/ggml-cpu.dir/ggml-cpu/unary-ops.cpp.o
[INFO] [stderr]   [18/187] Building CXX object llama.cpp/ggml/src/CMakeFiles/ggml-base.dir/gguf.cpp.o
[INFO] [stderr]   [19/187] Building CXX object llama.cpp/ggml/src/CMakeFiles/ggml-base.dir/ggml-backend-meta.cpp.o
[INFO] [stderr]   [20/187] Building C object llama.cpp/ggml/src/CMakeFiles/ggml-base.dir/ggml-quants.c.o
[INFO] [stderr]   ninja: build stopped: subcommand failed.
[INFO] [stderr] 
[INFO] [stderr]   --- stderr
[INFO] [stderr]   running: cd "/opt/rustwide/workdir/../../.build/cmake/sys/x86_64-unknown-linux-gnu/c/build" && CMAKE_PREFIX_PATH="" LC_ALL="C" "cmake" "/opt/rustwide/workdir" "-B" "/opt/rustwide/workdir/../../.build/cmake/sys/x86_64-unknown-linux-gnu/c/build" "-G" "Ninja" "-DSIPP_LLAMA_CPP_DIR=/opt/rustwide/workdir/llama.cpp" "-DCMAKE_INSTALL_LIBDIR=lib" "-DCMAKE_POSITION_INDEPENDENT_CODE=ON" "-DBUILD_SHARED_LIBS=OFF" "-DGGML_BACKEND_DL=OFF" "-DGGML_NATIVE=OFF" "-DLLAMA_BUILD_EXAMPLES=OFF" "-DLLAMA_BUILD_SERVER=OFF" "-DLLAMA_BUILD_TESTS=OFF" "-DGGML_CUDA=OFF" "-DGGML_METAL=OFF" "-DGGML_VULKAN=OFF" "-DGGML_OPENMP=OFF" "-DCMAKE_INSTALL_PREFIX=/opt/rustwide/workdir/../../.build/cmake/sys/x86_64-unknown-linux-gnu/c" "-DCMAKE_C_FLAGS= -ffunction-sections -fdata-sections -fPIC -m64 -w" "-DCMAKE_C_COMPILER=/usr/bin/cc" "-DCMAKE_CXX_FLAGS= -ffunction-sections -fdata-sections -fPIC -m64 -w" "-DCMAKE_CXX_COMPILER=/usr/bin/c++" "-DCMAKE_ASM_FLAGS= -ffunction-sections -fdata-sections -fPIC -m64 -w" "-DCMAKE_ASM_COMPILER=/usr/bin/cc" "-DCMAKE_BUILD_TYPE=Release"
[INFO] [stderr]   CMAKE_BUILD_TYPE=Release
[INFO] [stderr]   fatal: not a git repository (or any parent up to mount point /opt/rustwide)
[INFO] [stderr]   Stopping at filesystem boundary (GIT_DISCOVERY_ACROSS_FILESYSTEM not set).
[INFO] [stderr]   fatal: not a git repository (or any parent up to mount point /opt/rustwide)
[INFO] [stderr]   Stopping at filesystem boundary (GIT_DISCOVERY_ACROSS_FILESYSTEM not set).
[INFO] [stderr]   CMake Warning at llama.cpp/common/CMakeLists.txt:33 (message):
[INFO] [stderr]     Git repository not found; to enable automatic generation of build info,
[INFO] [stderr]     make sure Git is installed and the project is a Git repository.
[INFO] [stderr] 
[INFO] [stderr] 
[INFO] [stderr]   CMake Warning (dev) at CMakeLists.txt:34 (install):
[INFO] [stderr]     Target mtmd has PRIVATE_HEADER files but no PRIVATE_HEADER DESTINATION.
[INFO] [stderr]   This warning is for project developers.  Use -Wno-dev to suppress it.
[INFO] [stderr] 
[INFO] [stderr]   CMake Warning (dev) at CMakeLists.txt:34 (install):
[INFO] [stderr]     Target mtmd has PUBLIC_HEADER files but no PUBLIC_HEADER DESTINATION.
[INFO] [stderr]   This warning is for project developers.  Use -Wno-dev to suppress it.
[INFO] [stderr] 
[INFO] [stderr]   running: cd "/opt/rustwide/workdir/../../.build/cmake/sys/x86_64-unknown-linux-gnu/c/build" && LC_ALL="C" "cmake" "--build" "/opt/rustwide/workdir/../../.build/cmake/sys/x86_64-unknown-linux-gnu/c/build" "--target" "install" "--config" "Release" "--parallel" "16"
[INFO] [stderr] 
[INFO] [stderr]   thread 'main' (372) panicked at /opt/rustwide/cargo-home/registry/src/index.crates.io-1949cf8c6b5b557f/cmake-0.1.58/src/lib.rs:1132:5:
[INFO] [stderr] 
[INFO] [stderr]   command did not execute successfully, got: exit status: 1
[INFO] [stderr] 
[INFO] [stderr]   build script failed, must exit now
[INFO] [stderr]   stack backtrace:
[INFO] [stderr]      0:     0x6037bbb52511 - <<std[617be2ca0a6fd877]::sys::backtrace::BacktraceLock>::print::DisplayBacktrace as core[a373ad73a504971]::fmt::Display>::fmt
[INFO] [stderr]      1:     0x6037bbb6828a - core[a373ad73a504971]::fmt::write
[INFO] [stderr]      2:     0x6037bbb587cc - <std[617be2ca0a6fd877]::sys::stdio::unix::Stderr as core[a373ad73a504971]::io::write::Write>::write_fmt
[INFO] [stderr]      3:     0x6037bbb2ef86 - std[617be2ca0a6fd877]::panicking::default_hook::{closure#0}
[INFO] [stderr]      4:     0x6037bbb4b6a1 - std[617be2ca0a6fd877]::panicking::default_hook
[INFO] [stderr]      5:     0x6037bbb4b9cb - std[617be2ca0a6fd877]::panicking::panic_with_hook
[INFO] [stderr]      6:     0x6037bbb2f032 - std[617be2ca0a6fd877]::panicking::panic_handler::{closure#0}
[INFO] [stderr]      7:     0x6037bbb27659 - std[617be2ca0a6fd877]::sys::backtrace::__rust_end_short_backtrace::<std[617be2ca0a6fd877]::panicking::panic_handler::{closure#0}, !>
[INFO] [stderr]      8:     0x6037bbb2fb6d - __rustc[ea4f61d10b84890b]::rust_begin_unwind
[INFO] [stderr]      9:     0x6037bbb68aac - core[a373ad73a504971]::panicking::panic_fmt
[INFO] [stderr]     10:     0x6037bbaad137 - cmake[911a70c5cfba276b]::fail
[INFO] [stderr]     11:     0x6037bbaacdc3 - cmake[911a70c5cfba276b]::run
[INFO] [stderr]     12:     0x6037bbab2d95 - <cmake[911a70c5cfba276b]::Config>::build
[INFO] [stderr]     13:     0x6037bb861808 - build_script_build[2f2617d3e82cf]::build_support::cmake::build_native
[INFO] [stderr]     14:     0x6037bb861f12 - build_script_build[2f2617d3e82cf]::build_support::pipeline::run
[INFO] [stderr]     15:     0x6037bb8666fe - build_script_build[2f2617d3e82cf]::build_support::run
[INFO] [stderr]     16:     0x6037bb865fce - build_script_build[2f2617d3e82cf]::main
[INFO] [stderr]     17:     0x6037bb863883 - <fn() as core[a373ad73a504971]::ops::function::FnOnce<()>>::call_once
[INFO] [stderr]     18:     0x6037bb8657f6 - std[617be2ca0a6fd877]::sys::backtrace::__rust_begin_short_backtrace::<fn(), ()>
[INFO] [stderr]     19:     0x6037bb85dce9 - std[617be2ca0a6fd877]::rt::lang_start::<()>::{closure#0}
[INFO] [stderr]     20:     0x6037bbb4a998 - std[617be2ca0a6fd877]::rt::lang_start_internal
[INFO] [stderr]     21:     0x6037bb85cf91 - std[617be2ca0a6fd877]::rt::lang_start::<()>
[INFO] [stderr]     22:     0x6037bb86a565 - main
[INFO] [stderr]     23:     0x780aff0b9601 - <unknown>
[INFO] [stderr]     24:     0x780aff0b9718 - __libc_start_main
[INFO] [stderr]     25:     0x6037bb85c485 - _start
[INFO] [stderr]     26:                0x0 - <unknown>
[INFO] running `Command { std: "docker" "inspect" "24b966192c9b6b6c39a4791da4e87f55621cb29436efd7cc475ec01d3c1092a6", kill_on_drop: false }`
[INFO] running `Command { std: "docker" "rm" "-f" "24b966192c9b6b6c39a4791da4e87f55621cb29436efd7cc475ec01d3c1092a6", kill_on_drop: false }`
[INFO] [stdout] 24b966192c9b6b6c39a4791da4e87f55621cb29436efd7cc475ec01d3c1092a6
